11-01 17:27:47.986  2525  2542 I System.out: 40 0,35746,341400165459,341400165459,0,341400342835,341400343145,341400600985,341400621675,341433498791,341400340515,16666666,341400753435,341401850105,341401887795,341402290075,341418123300,14983494,113850,341403089866,341418123300,341434299034,341402290075,
11-01 17:27:47.986  2525  2542 I System.out: 41 0,35754,341416832125,341416832125,0,341416958370,341416958660,341417135850,341417145010,341450165457,341416957350,16666666,341417236260,341418162160,341418202210,341418606290,341434685364,15176874,116070,341433588904,341434685364,341450926169,341418606290,
11-01 17:27:47.986  2525  2542 I System.out: 42 0,35762,341433498791,341433498791,0,341433634534,341433634844,341433808454,341433817424,341466832123,341433633474,16666666,341433881264,341434733844,341434776544,341435185445,341451199059,15154354,114350,341450250849,341451199059,341467847224,341435185445,
11-01 17:27:47.986  2525  2542 I System.out: 43 0,35770,341450165457,341450165457,0,341450399039,341450399529,341450663289,341450685049,341483498789,341450396219,16666666,341450799139,341451228369,341451268249,341451730379,341468414854,15802125,92680,341452563839,341468414854,341484532838,341451730379,
11-01 17:27:47.986  2525  2542 I System.out: 44 0,35778,341466832123,341466832123,0,341467016623,341467016993,341467290203,341467311583,341500165455,341467014883,16666666,341467458904,341468445234,341468484894,341468941924,341484908338,15148434,108900,341483600338,341484908338,341501526173,341468941924,
11-01 17:27:47.986  2525  2542 I System.out: 45 0,35786,341483498789,341483498789,0,341483652008,341483652488,341483920568,341483940888,341516832121,341483650518,16666666,341484078178,341484939318,341484976568,341485381259,341501768403,15585244,107650,341500259913,341501768403,341517701437,341485381259,
11-01 17:27:47.986  2525  2542 I System.out: 46 0,35794,341500165455,341500165455,0,341500362283,341500362823,341500625953,341500647923,341533498787,341500359683,16666666,341500783543,341501802413,341501836683,341502226933,341518067608,15039445,108030,341516911097,341518067608,341534242862,341502226933,
11-01 17:27:47.986  2525  2542 I System.out: 47 0,35802,341516832121,341516832121,0,341516973497,341516973787,341517142087,341517152177,341550165453,341516972397,16666666,341517246117,341518101788,341518138648,341518514288,341534482642,15125144,107060,341533580442,341534482642,341551400627,341518514288,
11-01 17:27:47.986  2525  2542 I System.out: 48 0,35810,341533498787,341533498787,0,341533802182,341533803462,341534102962,341534126652,341566832119,341533799342,16666666,341534253902,341534515502,341534552342,341534994242,341551594817,15710544,105141,341550288677,341551594817,341568120071,341534994242,
11-01 17:27:47.986  2525  2542 I System.out: 49 0,35818,341550165453,341550165453,0,341550335067,341550335457,341550592307,341550612807,341583498785,341550332987,16666666,341550726507,341551625987,341551666927,341552136007,341568167132,15063464,111980,341566946921,341568167132,341585007916,341552136007,
11-01 17:27:47.986  2525  2542 I System.out: 50 0,35826,341566832119,341566832119,0,341567025661,341567026091,341567396211,341567423531,341600165451,341567023471,16666666,341567574501,341568198102,341568240412,341568658522,341585246776,15714094,119090,341583598746,341585246776,341601029621,341568658522,
11-01 17:27:47.986  2525  2542 I System.out: 51 0,35834,341583498785,341583498785,0,341583632806,341583633026,341583842436,341583860646,341616832117,341583631446,16666666,341583954696,341585276126,341585312276,341585740526,341601454711,14936884,110130,341600249190,341601454711,341617730625,341585740526,
11-01 17:27:47.986  2525  2542 I System.out: 52 0,35842,341600165451,341600165451,0,341600290840,341600291140,341600460350,341600475800,341633498783,341600289650,16666666,341600560301,341601481861,341601517231,341601897891,341618069025,15388504,104840,341616900595,341618069025,341634268530,341601897891,
11-01 17:27:47.986  2525  2542 I System.out: 53 0,35850,341616832117,341616832117,0,341616944185,341616944515,341617136495,341617151755,341650165449,341616943175,16666666,341617254985,341618097435,341618133805,341618523105,341634695540,15428804,112740,341619222146,341634695540,341651092355,341618523105,
11-01 17:27:47.986  2525  2542 I System.out: 54 0,35858,341633498783,341633498783,0,341633642370,341633642690,341633829800,341633845600,341666832115,341633640740,16666666,341633935090,341634719120,341634751170,341635076570,341651370505,15385385,101420,341635926040,341651370505,341668200609,341635076570,
11-01 17:27:47.986  2525  2542 I System.out: 55 0,35866,341650165449,341650165449,0,341650323074,341650323394,341650532244,341650550424,341683498781,341650321594,16666666,341650649294,341651404525,341651457695,341651882425,341668473129,15714074,102790,341666915119,341668473129,341684871094,341651882425,
11-01 17:27:47.986  2525  2542 I System.out: 56 0,35874,341666832115,341666832115,0,341666998799,341666999219,341667248489,341667268239,341700165447,341666996939,16666666,341667380379,341668504909,341668546809,341668990850,341685119824,15131294,112200,341669943130,341685119824,341701079978,341668990850,
11-01 17:27:47.986  2525  2542 I System.out: 57 0,35882,341683498781,341683498781,0,341683653094,341683653574,341683908564,341683929454,341716832113,341683650954,16666666,341684057834,341685154854,341685208544,341685689934,341701369329,14735614,115140,341686585084,341701369329,341717875573,341685689934,
11-01 17:27:47.986  2525  2542 I System.out: 58 0,35890,341700165447,341700165447,0,341700386988,341700387378,341700667198,341700689808,341733498779,341700383968,16666666,341700829768,341701421539,341701464009,341701943779,341718266913,15374564,122850,341716919163,341718266913,341734311098,341701943779,
11-01 17:27:47.986  2525  2542 I System.out: 59 0,35898,341716832113,341716832113,0,341717070203,341717070893,341717386473,341717437633,341750165445,341717067123,16666666,341717582043,341718301013,341718347893,341718838483,341734858488,15062864,118690,341733594067,341734858488,341751304762,341718838483,
11-01 17:27:47.986  2525  2542 I System.out: 60 0,35906,341733498779,341733498779,0,341733681617,341733682277,341733961658,341733984548,341766832111,341733678897,16666666,341734103958,341734889758,341734930218,341735310628,341751673012,15462924,106660,341736086318,341751673012,341767685117,341735310628,
11-01 17:27:47.986  2525  2542 I System.out: 61 0,35914,341750165445,341750165445,0,341750420312,341750421232,341750824002,341750851272,341783498777,341750416912,16666666,341751020502,341751709332,341751762903,341752208003,341768080447,15032184,109820,341766904197,341768080447,341784640822,341752208003,
11-01 17:27:47.986  2525  2542 I System.out: 62 0,35922,341766832111,341766832111,0,341767000237,341767000657,341767190907,341767209937,341800165443,341766998677,16666666,341767322577,341768116217,341768152287,341768455467,341784964052,15706805,127490,341783615221,341784964052,341801524756,341768455467,
11-01 17:27:47.986  2525  2542 I System.out: 63 0,35930,341783498777,341783498777,0,341783701691,341783702151,341783881621,341783898751,341816832109,341783700221,16666666,341783990761,341785014982,341785062422,341785560102,341801711166,15170594,188780,341786496572,341801711166,341818408581,341785560102,
11-01 17:27:47.986  2525  2542 I System.out: 64 0,35938,341800165443,341800165443,0,341800416406,341800417336,341800717656,341800744386,341833498775,341800413016,16666666,341800905436,341801738476,341801779646,341802125306,341818664201,15809974,73950,341816916141,341818664201,341834715636,341802125306,
11-01 17:27:47.986  2525  2542 I System.out: 65 0,35946,341816832109,341816832109,0,341817008161,341817008691,341817292341,341817313721,341850165441,341817005441,16666666,341817456241,341818707571,341818742491,341819062721,341834889226,14945805,98480,341819901611,341834889226,341851695010,341819062721,
11-01 17:27:47.986  2525  2542 I System.out: 66 0,35954,341833498775,341833498775,0,341833707075,341833707665,341833997585,341834023835,341866832107,341833704515,16666666,341834155185,341834915146,341834952106,341835263206,341851906650,15879204,82620,341835990186,341851906650,341868057215,341835263206,
11-01 17:27:47.986  2525  2542 I System.out: 67 0,35962,341850165441,341850165441,0,341850329920,341850330560,341850601670,341850621150,341883498773,341850327500,16666666,341850735660,341851930960,341851964190,341852299440,341868393275,15077694,243510,341853262351,341868393275,341884573449,341852299440,
11-01 17:27:47.986  2525  2542 I System.out: 68 0,35970,341866832107,341866832107,0,341867104635,341867105455,341867420915,341867444495,341900165439,341867101725,16666666,341867600095,341868432405,341868477785,341868984345,341884821049,14859974,112720,341883581759,341884821049,341901516204,341868984345,
11-01 17:27:47.986  2525  2542 I System.out: 69 0,35978,341883498773,341883498773,0,341883627569,341883627819,341883810079,341883825909,341916832105,341883626579,16666666,341883913719,341884863029,341884910529,341885360780,341901764464,15496524,142710,341900293704,341901764464,341917949509,341885360780,
11-01 17:27:47.986  2525  2542 I System.out: 70 0,35986,341900165439,341900165439,0,341901654944,341901655294,341901881174,341901900554,341933498771,341901653154,16666666,341902006294,341902036774,341902063214,341902384664,341918041649,14842884,94770,341916910508,341918041649,341934542123,341902384664,
11-01 17:27:47.987  2525  2542 I System.out: 71 0,35994,341916832105,341916832105,0,341917027648,341917028008,341917265798,341917283818,341950165437,341917025708,16666666,341917427679,341918065389,341918097559,341918469369,341934819353,15574054,89180,341933616353,341934819353,341951629568,341918469369,
11-01 17:27:47.987  2525  2542 I System.out: 72 0,36002,341933498771,341933498771,0,341933644783,341933645083,341933820773,341933831003,341966832103,341933643713,16666666,341933899613,341934846773,341934880523,341935256843,341951864358,15774244,92630,341950266278,341951864358,341968122673,341935256843,
11-01 17:27:47.987  2525  2542 I System.out: 73 0,36010,341950165437,341950165437,0,341950304248,341950304618,341950508568,341950521988,341983498769,341950303178,16666666,341950615748,341951886608,341951911808,341952225638,341968443063,15478465,94630,341966922602,341968443063,341984320007,341952225638,
11-01 17:27:47.987  2525  2542 I System.out: 74 0,36018,341966832103,341966832103,0,341967023352,341967023622,341967205742,341967216222,342000165435,341967022122,16666666,341967290052,341968466713,341968493533,341968852523,341984646407,14971104,93060,341983568247,341984646407,342001144782,341968852523,
11-01 17:27:47.987  2525  2542 I System.out: 75 0,36026,341983498769,341983498769,0,341983660617,341983660937,341983822897,341983832477,342016832101,341983659617,16666666,341983907767,341984673647,341984706757,341985065997,342001349092,15459734,110871,342000266432,342001349092,342017944926,341985065997,
11-01 17:27:47.987  2525  2542 I System.out: 76 0,36034,342000165435,342000165435,0,342000370292,342000371062,342000622182,342000643682,342033498767,342000368272,16666666,342000770522,342001376532,342001432492,342001737222,342018254217,15744275,147690,342002458062,342018254217,342035070351,342001737222,
11-01 17:27:47.987  2525  2542 I System.out: 77 0,36042,342016832101,342016832101,0,342017017896,342017018486,342017331276,342017351876,342050165433,342017016016,16666666,342017536806,342018282797,342018317577,342018689297,342035334311,15889084,104180,342033585471,342035334311,342051585236,342018689297,
11-01 17:27:47.987  2525  2542 I System.out: 78 0,36050,342033498767,342033498767,0,342033694451,342033694701,342033835151,342033844191,342066832099,342033693561,16666666,342033903321,342035358311,342035386481,342035695141,342051806366,15321894,92810,342050258405,342051806366,342067949410,342035695141,
11-01 17:27:47.987  2525  2542 I System.out: 79 0,36058,342050165433,342050165433,0,342050344985,342050345305,342050517085,342050528195,342083498765,342050343935,16666666,342050600116,342051828246,342051853336,342052177856,342068227360,15187354,101830,342066912280,342068227360,342085107915,342052177856,
11-01 17:27:47.987  2525  2542 I System.out: 80 0,36066,342066832099,342066832099,0,342067039500,342067039720,342067165640,342067175250,342100165431,342067038400,16666666,342067236890,342068253810,342068286330,342068683371,342085096585,15621534,130750,342083643815,342085096585,342101508070,342068683371,
11-01 17:27:47.987  2525  2542 I System.out: 81 0,36074,342083498765,342083498765,0,342083739945,342083740405,342084049615,342084073105,342116832097,342083737765,16666666,342084210815,342085124035,342085167975,342085494625,342101545220,15317555,82390,342100275289,342101545220,342118113394,342085494625,
11-01 17:27:47.987  2525  2542 I System.out: 82 0,36082,342100165431,342100165431,0,342100353079,342100353379,342100548889,342100562889,342133498763,342100351539,16666666,342100640669,342101572510,342101606560,342101945780,342118150004,15457554,96380,342116913604,342118150004,342134729949,342101945780,
11-01 17:27:47.987  2525  2542 I System.out: 83 0,36090,342116832097,342116832097,0,342116989104,342116989344,342117128524,342117136424,342150165429,342116988064,16666666,342117213694,342118192024,342118240954,342118690924,342134937699,15527174,113860,342133614569,342134937699,342151303083,342118690924,
11-01 17:27:47.987  2525  2542 I System.out: 84 0,36098,342133498763,342133498763,0,342133725049,342133725429,342133976529,342133998229,342166832095,342133723379,16666666,342134163799,342134963569,342134995889,342135376859,342151410824,15283465,105130,342150261593,342151410824,342168123128,342135376859,
11-01 17:27:47.987  2525  2542 I System.out: 85 0,36106,342150165429,342150165429,0,342151253583,342151254053,342151506014,342151527164,342183498761,342151251323,16666666,342151637984,342151672644,342151708464,342152119514,342168231078,15153894,216000,342153034334,342168231078,342184488323,342152119514,
11-01 17:27:47.987  2525  2542 I System.out: 86 0,36114,342166832095,342166832095,0,342167048688,342167049238,342167320408,342167342558,342200165427,342167045708,16666666,342167450558,342168260258,342168297718,342168608188,342184736813,15454595,94450,342183601432,342184736813,342201458067,342168608188,
11-01 17:27:47.987  2525  2542 I System.out: 87 0,36122,342183498761,342183498761,0,342183677842,342183678252,342183882213,342183898913,342216832093,342183676432,16666666,342183997023,342184756493,342184783293,342185077273,342201678937,15890194,70320,342200245597,342201678937,342217983372,342185077273,
11-01 17:27:47.987  2525  2542 I System.out: 88 0,36130,342200165427,342200165427,0,342200308287,342200308557,342200452787,342200464847,342233498759,342200307387,16666666,342200534957,342201711747,342201742587,342202097028,342218050152,15195504,100650,342216922382,342218050152,342234250887,342202097028,
11-01 17:27:47.987  2525  2542 I System.out: 89 0,36138,342216832093,342216832093,0,342217644122,342217644312,342217794672,342217808532,342250165425,342217642842,16666666,342217888302,342218076562,342218107772,342218482602,342234751577,15522205,103730,342233588436,342234751577,342251428121,342218482602,
11-01 17:27:47.987  2525  2542 I System.out: 90 0,36146,342233498759,342233498759,0,342233682136,342233682536,342233846526,342233860096,342266832091,342233680836,16666666,342233933326,342234789277,342234825867,342235187687,342251575511,15604674,110820,342250269931,342251575511,342267686236,342235187687,
11-01 17:27:47.987  2525  2542 I System.out: 91 0,36154,342250165425,342250165425,0,342251007111,342251007781,342251135801,342251149451,342283498757,342251006061,16666666,342251225011,342251603591,342251646041,342252013611,342267986246,15092904,86820,342266940576,342267986246,342284378070,342252013611,
11-01 17:27:47.987  2525  2542 I System.out: 92 0,36162,342266832091,342266832091,0,342267036346,342267037106,342267247386,342267266896,342300165423,342267015306,16666666,342267376466,342268020176,342268054636,342268420596,342284727431,15547445,88080,342283586340,342284727431,342301045765,342268420596,
11-01 17:27:47.987  2525  2542 I System.out: 93 0,36170,342283498757,342283498757,0,342283642560,342283642850,342283816400,342283827200,342316832089,342283641590,16666666,342283895330,342284760161,342284797061,342285194441,342301366935,15368604,107990,342300284315,342301366935,342318003780,342285194441,
11-01 17:27:47.987  2525  2542 I System.out: 94 0,36178,342300165423,342300165423,0,342300342915,342300343215,342300521625,342300531185,342333498755,342300341945,16666666,342300594795,342301390865,342301433365,342301706165,342318062910,15672935,64940,342316909939,342318062910,342334699734,342301706165,
11-01 17:27:47.987  2525  2542 I System.out: 95 0,36186,342316832089,342316832089,0,342317026880,342317027280,342317315920,342317340090,342350165421,342317025090,16666666,342317523180,342318090480,342318127580,342318485300,342334906294,15582884,99010,342333582954,342334906294,342351577699,342318485300,
11-01 17:27:47.987  2525  2542 I System.out: 96 0,36194,342333498755,342333498755,0,342333642754,342333643164,342333852944,342333870864,342366832087,342333641524,16666666,342333968604,342334933114,342334966915,342335346615,342351777249,15636044,117500,342350280599,342351777249,342367893314,342335346615,
11-01 17:27:47.987  2525  2542 I System.out: 97 0,36202,342350165421,342350165421,0,342350361379,342350361999,342350624709,342350646509,342383498753,342350358049,16666666,342350763549,342351817369,342351863899,342352359349,342368255314,15122464,112001,342366939563,342368255314,342384389928,342352359349,
11-01 17:27:47.987  2525  2542 I System.out: 98 0,36210,342366832087,342366832087,0,342366991793,342366992233,342367203043,342367221853,342400165419,342366989373,16666666,342367314663,342368289414,342368334574,342368902364,342384571968,14879944,107610,342383589798,342384571968,342401514973,342368902364,
11-01 17:27:47.987  2525  2542 I System.out: 99 0,36218,342383498753,342383498753,0,342383666538,342383666918,342383885028,342383901388,342416832085,342383665278,16666666,342384011888,342384595718,342384627948,342384963548,342401810083,16059344,81850,342400295933,342401810083,342418229158,342384963548,
11-01 17:27:47.987  2525  2542 I System.out: 100 0,36226,342400165419,342400165419,0,342400366463,342400366833,342400675393,342400693923,342433498751,342400364743,16666666,342400837983,342401837163,342401871153,342402251593,342418484588,15448975,104330,342416919757,342418484588,342434663432,342402251593,
11-01 17:27:47.987  2525  2542 I System.out: 101 0,36234,342416832085,342416832085,0,342416989107,342416989377,342417148837,342417172577,342450165417,342416988307,16666666,342417247037,342418510098,342418539938,342418971508,342434699652,14952504,92010,342433605962,342434699652,342451605417,342418971508,
11-01 17:27:47.987  2525  2542 I System.out: 102 0,36242,342433498751,342433498751,0,342433739952,342433740282,342433924882,342433940682,342466832083,342433738762,16666666,342434029752,342434728092,342434772332,342435165862,342451852187,15879554,99010,342450278247,342451852187,342468134011,342435165862,
11-01 17:27:47.987  2525  2542 I System.out: 103 0,36250,342450165417,342450165417,0,342450434797,342450435237,342450673507,342450691287,342483498749,342450433357,16666666,342450807257,342451878457,342451911287,342452320257,342468479762,15287355,100880,342466967501,342468479762,342484473426,342452320257,
11-01 17:27:47.987  2525  2542 I System.out: 104 0,36258,342466832083,342466832083,0,342467015701,342467016211,342467259551,342467280191,342500165415,342467013831,16666666,342467395621,342468513262,342468573432,342468995202,342484732266,14642884,371680,342483597796,342484732266,342501452551,342468995202,
11-01 17:27:47.987  2525  2542 I System.out: 105 0,36266,342483498749,342483498749,0,342483674086,342483674586,342483973016,342483996016,342516832081,342483671986,16666666,342484130066,342484763256,342484814806,342485233826,342501635321,15627405,148130,342500256830,342501635321,342517514965,342485233826,
11-01 17:27:47.987  2525  2542 I System.out: 106 0,36274,342500165415,342500165415,0,342500367070,342500367340,342500580241,342500597151,342533498747,342500365980,16666666,342500710561,342501662531,342501697431,342502128731,342517656575,14687464,172550,342516904615,342517656575,342534639520,342502128731,
11-01 17:27:47.987  2525  2542 I System.out: 107 0,36282,342516832081,342516832081,0,342517017935,342517018195,342517189825,342517203575,342550165413,342517016785,16666666,342517282475,342517684535,342517719935,342518273215,342534884160,15540984,178850,342533588310,342534884160,342551255455,342518273215,
11-01 17:27:47.987  2525  2542 I System.out: 108 0,36290,342533498747,342533498747,0,342533684960,342533685290,342533861610,342533877240,342566832079,342533683610,16666666,342533981620,342534911550,342534950170,342535396030,342551550495,15213275,220040,342536280850,342551550495,342568247009,342535396030,
11-01 17:27:47.987  2525  2542 I System.out: 109 0,36298,342550165413,342550165413,0,342550356644,342550356984,342550546354,342550562054,342583498745,342550355424,16666666,342550646774,342551578515,342551615425,342552008855,342568490089,15554804,220580,342552868475,342568490089,342584767014,342552008855,
11-01 17:27:47.987  2525  2542 I System.out: 110 0,36306,342566832079,342566832079,0,342567023109,342567023459,342567256259,342567272849,342600165411,342567021489,16666666,342567372459,342568537419,342568587459,342569022690,342584996774,14938354,261950,342569994020,342584996774,342601299418,342569022690,
11-01 17:27:47.987  2525  2542 I System.out: 111 0,36314,342583498745,342583498745,0,342583749314,342583749944,342584011114,342584032074,342616832077,342583746934,16666666,342584138504,342585033924,342585079244,342585634274,342601565239,15015285,196130,342600271258,342601565239,342618210423,342585634274,
11-01 17:27:47.987  2525  2542 I System.out: 112 0,36322,342600165411,342600165411,0,342600397128,342600397708,342600644678,342600668158,342633498743,342600394838,16666666,342600771738,342601591479,342601620779,342601902079,342618463383,15743634,141880,342602660359,342618463383,342634897688,342601902079,
11-01 17:27:47.987  2525  2542 I System.out: 113 0,36330,342616832077,342616832077,0,342616987683,342616987893,342617131583,342617139133,342650165409,342616986813,16666666,342617200093,342618495233,342618540153,342618964423,342635024188,15127104,115560,342633627647,342635024188,342651149782,342618964423,
11-01 17:27:47.987  2525  2542 I System.out: 114 0,36338,342633498743,342633498743,0,342633693237,342633693547,342633892368,342633902958,342666832075,342633691867,16666666,342633975528,342635061318,342635104978,342635454718,342651381592,15146774,92680,342650263212,342651381592,342668166657,342635454718,
11-01 17:27:47.988  2525  2542 I System.out: 115 0,36346,342650165409,342650165409,0,342650380642,342650381272,342650635522,342650656822,342683498741,342650378472,16666666,342650775622,342651401132,342651429222,342651706372,342668008057,15487934,79630,342666915297,342668008057,342684959452,342651706372,
11-01 17:27:47.988  2525  2542 I System.out: 116 0,36354,342666832075,342666832075,0,342666987887,342666988127,342667196077,342667213067,342700165407,342666986297,16666666,342667306557,342668039117,342668085397,342668477337,342684991062,15631805,110550,342669309337,342684991062,342701633386,342668477337,
11-01 17:27:47.988  2525  2542 I System.out: 117 0,36362,342683498741,342683498741,0,342683700681,342683701021,342683931561,342683953211,342716832073,342683699111,16666666,342684093411,342685020492,342685063202,342685519722,342701906266,15531904,94330,342700283946,342701906266,340717915875,342685519722,
11-01 17:27:47.988  2525  2542 I System.out: 118 0,36391,342700165407,342700165407,0,342700355846,342700356256,342700602106,342700622336,342733498739,342700353466,16666666,342700768116,342701940866,342701991866,342702463517,342724345683,21051896,119870,342703250977,342724345683,340734675010,342702463517,
11-01 17:27:47.988  2525  2542 I System.out: 119 0,36420,342716832073,342716832073,0,342717023651,342717024001,342718079491,342718103721,342750165405,342717021511,16666666,342718233881,342724379703,342724432043,342724877143,342738217307,11782793,127880,342733606135,342738217307,340751276335,342724877143,
11-01 17:27:47.988  2525  2542 I System.out: 120 0,36449,342733498739,342733498739,0,342733682365,342733682935,342733898755,342733916315,342750165405,342733679895,16666666,342734052235,342738252137,342738298987,342738760927,340751417485,14114304,141060,340750294724,342753876161,340767866189,342738760927,
11-01 17:27:47.989  2525  2542 D Benchmark: Starting activity with command: am start  -W "intent:#Intent;action=android.intent.action.MAIN;category=android.intent.category.LAUNCHER;launchFlags=0x10008000;package=org.street_child.edubridge;component=org.street_child.edubridge/com.ustadmobile.port.android.view.AppActivity;end"
11-01 17:27:47.996  1510  1761 W MediaProvider: isAppCloneUserPair for user 0: false
11-01 17:27:47.996  1510  1761 V MediaProvider: Inserted id:1000000041 less than next row id backup:1000001000.
11-01 17:27:48.023   867   924 D SplashScreenView: Build android.window.SplashScreenView{7e7c81a V.E...... ......ID 0,0-0,0}
11-01 17:27:48.023   867   924 D SplashScreenView: Icon: view: null drawable: null size: 0
11-01 17:27:48.023   867   924 D SplashScreenView: Branding: view: android.view.View{ac44f4b G.ED..... ......I. 0,0-0,0 #10204db android:id/splashscreen_branding_view} drawable: null size w: 0 h: 0
11-01 17:27:48.031  2617  2617 D AppActivity$onDestroy: AppActivity#onDestroy
11-01 17:27:48.033   575  1132 W InputManager-JNI: Input channel object 'def1982 org.street_child.edubridge/com.ustadmobile.port.android.view.AppActivity (client)' was disposed without first being removed with the input manager!
11-01 17:27:48.044  2617  2617 W CustomTabsClient: Unable to find any Custom Tabs packages, you may need to add a <queries> element to your manifest. See the docs for CustomTabsClient#getPackageName.
11-01 17:27:48.044  2617  2617 W AppActivity$bindCustomTabsService: CustomTabs: Service NOT supported
11-01 17:27:48.048   867   995 W Parcel  : Expecting binder but got null!
11-01 17:27:48.049  2617  2617 D AutofillManager: Fill dialog is enabled:false, hints=[]
11-01 17:27:48.055  2617  2617 W OnBackInvokedCallback: OnBackInvokedCallback is not enabled for the application.
11-01 17:27:48.055  2617  2617 W OnBackInvokedCallback: Set 'android:enableOnBackInvokedCallback="true"' in the application manifest.
11-01 17:27:48.061   575   922 D ConnectivityService: requestNetwork for uid/pid:10126/2617 activeRequest: null callbackRequest: 52 [NetworkRequest [ REQUEST id=53, [ Capabilities: INTERNET&NOT_RESTRICTED&TRUSTED&NOT_VCN_MANAGED Uid: 10126 RequestorUid: 10126 RequestorPkg: org.street_child.edubridge UnderlyingNetworks: Null] ]] callback flags: 0 order: 2147483647
11-01 17:27:48.061   575   808 D ConnectivityService: NetReassign [53 : null → 100]
11-01 17:27:48.062   575   801 D WifiNetworkFactory: got request NetworkRequest [ REQUEST id=53, [ Capabilities: INTERNET&NOT_RESTRICTED&TRUSTED&NOT_VCN_MANAGED Uid: 10126 RequestorUid: 10126 RequestorPkg: org.street_child.edubridge UnderlyingNetworks: Null] ]
11-01 17:27:48.062   575   801 D UntrustedWifiNetworkFactory: got request NetworkRequest [ REQUEST id=53, [ Capabilities: INTERNET&NOT_RESTRICTED&TRUSTED&NOT_VCN_MANAGED Uid: 10126 RequestorUid: 10126 RequestorPkg: org.street_child.edubridge UnderlyingNetworks: Null] ]
11-01 17:27:48.062   575   801 D OemPaidWifiNetworkFactory: got request NetworkRequest [ REQUEST id=53, [ Capabilities: INTERNET&NOT_RESTRICTED&TRUSTED&NOT_VCN_MANAGED Uid: 10126 RequestorUid: 10126 RequestorPkg: org.street_child.edubridge UnderlyingNetworks: Null] ]
11-01 17:27:48.062   575   801 D MultiInternetWifiNetworkFactory: got request NetworkRequest [ REQUEST id=53, [ Capabilities: INTERNET&NOT_RESTRICTED&TRUSTED&NOT_VCN_MANAGED Uid: 10126 RequestorUid: 10126 RequestorPkg: org.street_child.edubridge UnderlyingNetworks: Null] ]
11-01 17:27:48.069  2617  2674 W Parcel  : Expecting binder but got null!
11-01 17:27:48.071   575   596 I ActivityTaskManager: Displayed org.street_child.edubridge/com.ustadmobile.port.android.view.AppActivity: +49ms
11-01 17:27:48.074   425   459 W TransactionTracing: Could not find layer handle 0x7b1d62764170
11-01 17:27:48.077  2617  2617 D UstadViewModelFunKt$ustadViewModel$viewModel$invoke: ustadViewModel(): create viewmodel for: com.ustadmobile.core.viewmodel.redirect.RedirectViewModel
11-01 17:27:48.078  2617  2617 I System.out: com.ustadmobile.core.db.UmAppDatabase_DoorWrapper@8bf4c3e
11-01 17:27:48.082  2617  2617 D UstadNavControllerPreCompose$onCollectNavCommand: NavCommandEffect: Navigate: Go to Login
11-01 17:27:48.092  2525  2542 D Benchmark: Result: Starting: Intent { act=android.intent.action.MAIN cat=[android.intent.category.LAUNCHER] flg=0x10008000 pkg=org.street_child.edubridge cmp=org.street_child.edubridge/com.ustadmobile.port.android.view.AppActivity }
11-01 17:27:48.092  2525  2542 D Benchmark: Status: ok
11-01 17:27:48.092  2525  2542 D Benchmark: LaunchState: WARM
11-01 17:27:48.092  2525  2542 D Benchmark: Activity: org.street_child.edubridge/com.ustadmobile.port.android.view.AppActivity
11-01 17:27:48.092  2525  2542 D Benchmark: TotalTime: 49
11-01 17:27:48.092  2525  2542 D Benchmark: WaitTime: 50
11-01 17:27:48.092  2525  2542 D Benchmark: Complete
11-01 17:27:48.101  2617  2617 D UstadViewModelFunKt$ustadViewModel$viewModel$invoke: ustadViewModel(): create viewmodel for: com.ustadmobile.core.viewmodel.login.LoginViewModel
11-01 17:27:48.105  2617  2726 V UstadCache: OKHttp-CacheInterceptor:  intercept: GET https://edubridge-afghanistan.app/Site/verify
11-01 17:27:48.106  2617  2726 I UstadCache: UstadCache(): Retrieve https://edubridge-afghanistan.app/Site/verify
11-01 17:27:48.107  1510  1859 W MediaProvider: isAppCloneUserPair for user 0: false
11-01 17:27:48.109  1510  1859 V MediaProvider: Inserted id:1000000042 less than next row id backup:1000001000.
11-01 17:27:48.110  2617  2726 D UstadCache: UstadCache(): MISS https://edubridge-afghanistan.app/Site/verify
11-01 17:27:48.117  2617  2726 D TrafficStats: tagSocket(102) with statsTag=0xffffffff, statsUid=-1
11-01 17:27:48.180  2617  2617 W LoginViewModel$invokeSuspend: Could not load site object for https://edubridge-afghanistan.app/
11-01 17:27:48.180  2617  2617 W LoginViewModel$invokeSuspend: java.net.ConnectException: Failed to connect to edubridge-afghanistan.app/65.21.146.62:443
11-01 17:27:48.180  2617  2617 W LoginViewModel$invokeSuspend: 	at okhttp3.internal.connection.RealConnection.connectSocket(RealConnection.kt:297)
11-01 17:27:48.180  2617  2617 W LoginViewModel$invokeSuspend: 	at okhttp3.internal.connection.RealConnection.connect(RealConnection.kt:207)
11-01 17:27:48.180  2617  2617 W LoginViewModel$invokeSuspend: 	at okhttp3.internal.connection.ExchangeFinder.findConnection(ExchangeFinder.kt:226)
11-01 17:27:48.180  2617  2617 W LoginViewModel$invokeSuspend: 	at okhttp3.internal.connection.ExchangeFinder.findHealthyConnection(ExchangeFinder.kt:106)
11-01 17:27:48.180  2617  2617 W LoginViewModel$invokeSuspend: 	at okhttp3.internal.connection.ExchangeFinder.find(ExchangeFinder.kt:74)
11-01 17:27:48.180  2617  2617 W LoginViewModel$invokeSuspend: 	at okhttp3.internal.connection.RealCall.initExchange$okhttp(RealCall.kt:255)
11-01 17:27:48.180  2617  2617 W LoginViewModel$invokeSuspend: 	at okhttp3.internal.connection.ConnectInterceptor.intercept(ConnectInterceptor.kt:32)
11-01 17:27:48.180  2617  2617 W LoginViewModel$invokeSuspend: 	at okhttp3.internal.http.RealInterceptorChain.proceed(RealInterceptorChain.kt:109)
11-01 17:27:48.180  2617  2617 W LoginViewModel$invokeSuspend: 	at okhttp3.internal.cache.CacheInterceptor.intercept(CacheInterceptor.kt:95)
11-01 17:27:48.180  2617  2617 W LoginViewModel$invokeSuspend: 	at okhttp3.internal.http.RealInterceptorChain.proceed(RealInterceptorChain.kt:109)
11-01 17:27:48.180  2617  2617 W LoginViewModel$invokeSuspend: 	at okhttp3.internal.http.BridgeInterceptor.intercept(BridgeInterceptor.kt:83)
11-01 17:27:48.180  2617  2617 W LoginViewModel$invokeSuspend: 	at okhttp3.internal.http.RealInterceptorChain.proceed(RealInterceptorChain.kt:109)
11-01 17:27:48.180  2617  2617 W LoginViewModel$invokeSuspend: 	at okhttp3.internal.http.RetryAndFollowUpInterceptor.intercept(RetryAndFollowUpInterceptor.kt:76)
11-01 17:27:48.180  2617  2617 W LoginViewModel$invokeSuspend: 	at okhttp3.internal.http.RealInterceptorChain.proceed(RealInterceptorChain.kt:109)
11-01 17:27:48.180  2617  2617 W LoginViewModel$invokeSuspend: 	at com.ustadmobile.libcache.okhttp.UstadCacheInterceptor.intercept(UstadCacheInterceptor.kt:407)
11-01 17:27:48.180  2617  2617 W LoginViewModel$invokeSuspend: 	at okhttp3.internal.http.RealInterceptorChain.proceed(RealInterceptorChain.kt:109)
11-01 17:27:48.180  2617  2617 W LoginViewModel$invokeSuspend: 	at okhttp3.internal.connection.RealCall.getResponseWithInterceptorChain$okhttp(RealCall.kt:201)
11-01 17:27:48.180  2617  2617 W LoginViewModel$invokeSuspend: 	at okhttp3.internal.connection.RealCall$AsyncCall.run(RealCall.kt:517)
11-01 17:27:48.180  2617  2617 W LoginViewModel$invokeSuspend: 	at java.util.concurrent.ThreadPoolExecutor.runWorker(ThreadPoolExecutor.java:1137)
11-01 17:27:48.180  2617  2617 W LoginViewModel$invokeSuspend: 	at java.util.concurrent.ThreadPoolExecutor$Worker.run(ThreadPoolExecutor.java:637)
11-01 17:27:48.180  2617  2617 W LoginViewModel$invokeSuspend: 	at java.lang.Thread.run(Thread.java:1012)
11-01 17:27:48.180  2617  2617 W LoginViewModel$invokeSuspend: Caused by: java.net.ConnectException: failed to connect to edubridge-afghanistan.app/65.21.146.62 (port 443) from /10.0.2.16 (port 58770) after 10000ms: isConnected failed: ECONNREFUSED (Connection refused)
11-01 17:27:48.180  2617  2617 W LoginViewModel$invokeSuspend: 	at libcore.io.IoBridge.isConnected(IoBridge.java:347)
11-01 17:27:48.180  2617  2617 W LoginViewModel$invokeSuspend: 	at libcore.io.IoBridge.connectErrno(IoBridge.java:237)
11-01 17:27:48.180  2617  2617 W LoginViewModel$invokeSuspend: 	at libcore.io.IoBridge.connect(IoBridge.java:179)
11-01 17:27:48.180  2617  2617 W LoginViewModel$invokeSuspend: 	at java.net.PlainSocketImpl.socketConnect(PlainSocketImpl.java:142)
11-01 17:27:48.180  2617  2617 W LoginViewModel$invokeSuspend: 	at java.net.AbstractPlainSocketImpl.doConnect(AbstractPlainSocketImpl.java:390)
11-01 17:27:48.180  2617  2617 W LoginViewModel$invokeSuspend: 	at java.net.AbstractPlainSocketImpl.connectToAddress(AbstractPlainSocketImpl.java:230)
11-01 17:27:48.180  2617  2617 W LoginViewModel$invokeSuspend: 	at java.net.AbstractPlainSocketImpl.connect(AbstractPlainSocketImpl.java:212)
11-01 17:27:48.180  2617  2617 W LoginViewModel$invokeSuspend: 	at java.net.SocksSocketImpl.connect(SocksSocketImpl.java:436)
11-01 17:27:48.180  2617  2617 W LoginViewModel$invokeSuspend: 	at java.net.Socket.connect(Socket.java:646)
11-01 17:27:48.180  2617  2617 W LoginViewModel$invokeSuspend: 	at okhttp3.internal.platform.Platform.connectSocket(Platform.kt:128)
11-01 17:27:48.180  2617  2617 W LoginViewModel$invokeSuspend: 	at okhttp3.internal.connection.RealConnection.connectSocket(RealConnection.kt:295)
11-01 17:27:48.180  2617  2617 W LoginViewModel$invokeSuspend: 	... 20 more
11-01 17:27:48.180  2617  2617 W LoginViewModel$invokeSuspend: Caused by: android.system.ErrnoException: isConnected failed: ECONNREFUSED (Connection refused)
11-01 17:27:48.180  2617  2617 W LoginViewModel$invokeSuspend: 	at libcore.io.IoBridge.isConnected(IoBridge.java:334)
11-01 17:27:48.180  2617  2617 W LoginViewModel$invokeSuspend: 	... 30 more
11-01 17:27:48.193  2525  2542 I System.out: 0 Flags,FrameTimelineVsyncId,IntendedVsync,Vsync,InputEventId,HandleInputStart,AnimationStart,PerformTraversalsStart,DrawStart,FrameDeadline,FrameInterval,FrameStartTime,SyncQueued,SyncStart,IssueDrawCommandsStart,SwapBuffers,FrameCompleted,DequeueBufferDuration,QueueBufferDuration,GpuCompleted,SwapBuffersCompleted,DisplayPresentTime,CommandSubmissionCompleted,
11-01 17:27:48.193  2525  2542 I System.out: 1 1,36616,342833498735,342833498735,0,342842550965,342842551245,342842551395,342861963751,342850165401,342842549635,16666666,342862188951,342862321331,342862355221,342862440331,342863044001,2000,238930,342863024531,342863044001,317034231277,342862440331,
11-01 17:27:48.193  2525  2542 I System.out: 2 0,36659,342850165401,342866832067,0,342867542732,342867543042,342874310204,342874332084,342883498733,342867541002,16666666,342874959634,342874986635,342875020385,342875089085,342875622145,2620,111710,342875584895,342875622145,317051378512,342875089085,
11-01 17:27:48.193  2525  2542 I System.out: 3 0,36731,342883498733,342883498733,0,342888317608,342888317968,342921042037,342921066527,342900165399,342888315328,16666666,342930696710,342930721760,342930770520,342930813690,342931346850,2250,114530,342931287640,342931346850,317067937586,342930813690,
11-01 17:27:48.193  2525  2542 I System.out: 4 0,36774,342900165399,342916832065,0,342932444820,342932445090,342949106065,342949130315,342916832065,342932443900,16666666,342960067538,342960119078,342960179588,342960388698,317067978186,2290,90790,317066942806,342961023978,317084378331,342960388698,
11-01 17:27:48.194  2525  2542 D UiDevice: Waiting 10000ms for SearchCondition[hasObject=BySelector [TEXT='\QGet Started\E']].
11-01 17:27:48.194  2525  2542 D UiDevice: Searching for node with selector: BySelector [TEXT='\QGet Started\E'].
11-01 17:27:48.277  1129  1129 W FrameTracker: Missed SF frame:PREDICTION_ERROR, 36724, 4698495, CUJ=J<LAUNCHER_APP_CLOSE_TO_HOME>
11-01 17:27:48.277  1129  1129 W FrameTracker: Missed SF frame:PREDICTION_ERROR, 36760, 4240304, CUJ=J<LAUNCHER_APP_CLOSE_TO_HOME>
11-01 17:27:48.277  1129  1129 W FrameTracker: Missed SF frame:PREDICTION_ERROR, 36875, 3189349, CUJ=J<LAUNCHER_APP_CLOSE_TO_HOME>
11-01 17:27:48.277  1129  1826 V PerfettoTrigger: Not triggering com.android.telemetry.interaction-jank-monitor-9 - not enough time since last trigger
11-01 17:27:48.306   425   459 W TransactionTracing: Could not find layer handle 0x7b1d62764290
11-01 17:27:48.342   425   459 W TransactionTracing: Could not find layer handle 0x7b1d627639f0
11-01 17:27:48.342   425   459 W TransactionTracing: Could not find layer handle 0x7b1d62760cf0
11-01 17:27:48.342   425   459 W TransactionTracing: Could not find layer handle 0x7b1d627663f0
11-01 17:27:48.342   425   459 W TransactionTracing: Could not find layer handle 0x7b1d627647d0
11-01 17:27:48.342   425   459 W TransactionTracing: Could not find layer handle 0x7b1d62762af0
11-01 17:27:48.356   425   459 W TransactionTracing: Could not find layer handle 0x7b1d62765130
11-01 17:27:48.361   575  1132 W InputManager-JNI: Input channel object '70af00c Splash Screen org.street_child.edubridge (client)' was disposed without first being removed with the input manager!
11-01 17:27:48.410   867   923 W FrameTracker: Missed SF frame:PREDICTION_ERROR, 36717, 0, CUJ=J<SPLASHSCREEN_EXIT_ANIM>
11-01 17:27:48.410   867   923 W FrameTracker: Missing HWUI jank callback for vsyncId: 36717, CUJ=J<SPLASHSCREEN_EXIT_ANIM>
11-01 17:27:48.410   867   923 W FrameTracker: Missed SF frame:PREDICTION_ERROR, 36796, 5087583, CUJ=J<SPLASHSCREEN_EXIT_ANIM>
11-01 17:27:48.410   867   923 W FrameTracker: Missed App frame:UNKNOWN: 24, 37005, 22363779, CUJ=J<SPLASHSCREEN_EXIT_ANIM>
11-01 17:27:48.410   867   923 W FrameTracker: Missed SF frame:UNKNOWN: 24, 37005, 22363779, CUJ=J<SPLASHSCREEN_EXIT_ANIM>
11-01 17:27:48.410   867   923 W FrameTracker: Missed SF frame:UNKNOWN: 80, 37036, 23622038, CUJ=J<SPLASHSCREEN_EXIT_ANIM>
11-01 17:27:48.410   867   923 W FrameTracker: Missed SF frame:UNKNOWN: 80, 37077, 21758316, CUJ=J<SPLASHSCREEN_EXIT_ANIM>
11-01 17:27:48.410   867   923 W FrameTracker: Missed SF frame:UNKNOWN: 80, 37100, 18263534, CUJ=J<SPLASHSCREEN_EXIT_ANIM>
11-01 17:27:48.410   867   923 W FrameTracker: Missed SF frame:UNKNOWN: 80, 37136, 19067883, CUJ=J<SPLASHSCREEN_EXIT_ANIM>
11-01 17:27:48.410   867   923 W FrameTracker: Missed SF frame:UNKNOWN: 80, 37171, 19892762, CUJ=J<SPLASHSCREEN_EXIT_ANIM>
11-01 17:27:48.410   867   923 W FrameTracker: Missed SF frame:UNKNOWN: 80, 37199, 19401530, CUJ=J<SPLASHSCREEN_EXIT_ANIM>
11-01 17:27:48.410   867   911 V PerfettoTrigger: Not triggering com.android.telemetry.interaction-jank-monitor-39 - not enough time since last trigger
11-01 17:27:48.684  2525  2542 D UiDevice: Searching for node with selector: BySelector [TEXT='\QGet Started\E'].
11-01 17:27:49.092  2617  2674 D EGL_emulation: app_time_stats: avg=4.19ms min=1.22ms max=55.70ms count=60
11-01 17:27:49.277  2525  2542 D UiDevice: Searching for node with selector: BySelector [TEXT='\QGet Started\E'].
11-01 17:27:49.381  2525  2542 D UiDevice: Searching for node with selector: BySelector [TEXT='\QGet Started\E'].
11-01 17:27:49.485  2525  2542 D UiDevice: Searching for node with selector: BySelector [TEXT='\QGet Started\E'].
11-01 17:27:49.588  2525  2542 D UiDevice: Searching for node with selector: BySelector [TEXT='\QGet Started\E'].
11-01 17:27:49.694  2525  2542 D UiDevice: Searching for node with selector: BySelector [TEXT='\QGet Started\E'].
11-01 17:27:49.798  2525  2542 D UiDevice: Searching for node with selector: BySelector [TEXT='\QGet Started\E'].
11-01 17:27:49.901  2525  2542 D UiDevice: Searching for node with selector: BySelector [TEXT='\QGet Started\E'].
11-01 17:27:50.005  2525  2542 D UiDevice: Searching for node with selector: BySelector [TEXT='\QGet Started\E'].
11-01 17:27:50.108  2617  2674 D EGL_emulation: app_time_stats: avg=1.23ms min=1.06ms max=1.49ms count=61
11-01 17:27:50.111  2525  2542 D UiDevice: Searching for node with selector: BySelector [TEXT='\QGet Started\E'].
11-01 17:27:50.214  2525  2542 D UiDevice: Searching for node with selector: BySelector [TEXT='\QGet Started\E'].
11-01 17:27:50.317  2525  2542 D UiDevice: Searching for node with selector: BySelector [TEXT='\QGet Started\E'].
11-01 17:27:50.422  2525  2542 D UiDevice: Searching for node with selector: BySelector [TEXT='\QGet Started\E'].
11-01 17:27:50.541  2525  2542 D UiDevice: Searching for node with selector: BySelector [TEXT='\QGet Started\E'].
11-01 17:27:50.658  2525  2542 D UiDevice: Searching for node with selector: BySelector [TEXT='\QGet Started\E'].
11-01 17:27:50.779  2525  2542 D UiDevice: Searching for node with selector: BySelector [TEXT='\QGet Started\E'].
11-01 17:27:50.901  2525  2542 D UiDevice: Searching for node with selector: BySelector [TEXT='\QGet Started\E'].
11-01 17:27:51.023  2525  2542 D UiDevice: Searching for node with selector: BySelector [TEXT='\QGet Started\E'].
11-01 17:27:51.113  2617  2674 D EGL_emulation: app_time_stats: avg=2.87ms min=1.09ms max=7.11ms count=60
11-01 17:27:51.142  2525  2542 D UiDevice: Searching for node with selector: BySelector [TEXT='\QGet Started\E'].
11-01 17:27:51.264  2525  2542 D UiDevice: Searching for node with selector: BySelector [TEXT='\QGet Started\E'].
11-01 17:27:51.368  2525  2542 D UiDevice: Searching for node with selector: BySelector [TEXT='\QGet Started\E'].
11-01 17:27:51.472  2525  2542 D UiDevice: Searching for node with selector: BySelector [TEXT='\QGet Started\E'].
11-01 17:27:51.578  2525  2542 D UiDevice: Searching for node with selector: BySelector [TEXT='\QGet Started\E'].
11-01 17:27:51.683  2525  2542 D UiDevice: Searching for node with selector: BySelector [TEXT='\QGet Started\E'].
11-01 17:27:51.787  2525  2542 D UiDevice: Searching for node with selector: BySelector [TEXT='\QGet Started\E'].
11-01 17:27:51.893  2525  2542 D UiDevice: Searching for node with selector: BySelector [TEXT='\QGet Started\E'].
11-01 17:27:51.998  2525  2542 D UiDevice: Searching for node with selector: BySelector [TEXT='\QGet Started\E'].
11-01 17:27:52.102  2525  2542 D UiDevice: Searching for node with selector: BySelector [TEXT='\QGet Started\E'].
11-01 17:27:52.125  2617  2674 D EGL_emulation: app_time_stats: avg=1.48ms min=1.02ms max=9.48ms count=61
11-01 17:27:52.209  2525  2542 D UiDevice: Searching for node with selector: BySelector [TEXT='\QGet Started\E'].
11-01 17:27:52.315  2525  2542 D UiDevice: Searching for node with selector: BySelector [TEXT='\QGet Started\E'].
11-01 17:27:52.420  2525  2542 D UiDevice: Searching for node with selector: BySelector [TEXT='\QGet Started\E'].
11-01 17:27:52.524  2525  2542 D UiDevice: Searching for node with selector: BySelector [TEXT='\QGet Started\E'].
11-01 17:27:52.629  2525  2542 D UiDevice: Searching for node with selector: BySelector [TEXT='\QGet Started\E'].
11-01 17:27:52.734  2525  2542 D UiDevice: Searching for node with selector: BySelector [TEXT='\QGet Started\E'].
11-01 17:27:52.839  2525  2542 D UiDevice: Searching for node with selector: BySelector [TEXT='\QGet Started\E'].
11-01 17:27:52.945  2525  2542 D UiDevice: Searching for node with selector: BySelector [TEXT='\QGet Started\E'].
11-01 17:27:53.050  2525  2542 D UiDevice: Searching for node with selector: BySelector [TEXT='\QGet Started\E'].
11-01 17:27:53.141  2617  2674 D EGL_emulation: app_time_stats: avg=1.21ms min=1.05ms max=1.42ms count=61
11-01 17:27:53.154  2525  2542 D UiDevice: Searching for node with selector: BySelector [TEXT='\QGet Started\E'].
11-01 17:27:53.260  2525  2542 D UiDevice: Searching for node with selector: BySelector [TEXT='\QGet Started\E'].
11-01 17:27:53.365  2525  2542 D UiDevice: Searching for node with selector: BySelector [TEXT='\QGet Started\E'].
11-01 17:27:53.470  2525  2542 D UiDevice: Searching for node with selector: BySelector [TEXT='\QGet Started\E'].
11-01 17:27:53.576  2525  2542 D UiDevice: Searching for node with selector: BySelector [TEXT='\QGet Started\E'].
11-01 17:27:53.681  2525  2542 D UiDevice: Searching for node with selector: BySelector [TEXT='\QGet Started\E'].
11-01 17:27:53.785  2525  2542 D UiDevice: Searching for node with selector: BySelector [TEXT='\QGet Started\E'].
11-01 17:27:53.890  2525  2542 D UiDevice: Searching for node with selector: BySelector [TEXT='\QGet Started\E'].
11-01 17:27:53.996  2525  2542 D UiDevice: Searching for node with selector: BySelector [TEXT='\QGet Started\E'].
11-01 17:27:54.101  2525  2542 D UiDevice: Searching for node with selector: BySelector [TEXT='\QGet Started\E'].
11-01 17:27:54.158  2617  2674 D EGL_emulation: app_time_stats: avg=1.30ms min=1.03ms max=2.43ms count=61
11-01 17:27:54.205  2525  2542 D UiDevice: Searching for node with selector: BySelector [TEXT='\QGet Started\E'].
11-01 17:27:54.311  2525  2542 D UiDevice: Searching for node with selector: BySelector [TEXT='\QGet Started\E'].
11-01 17:27:54.416  2525  2542 D UiDevice: Searching for node with selector: BySelector [TEXT='\QGet Started\E'].
11-01 17:27:54.475   575  1132 D WifiNl80211Manager: Scan result ready event
11-01 17:27:54.475   575  1132 D WifiNative: Scan result ready event
11-01 17:27:54.520  2525  2542 D UiDevice: Searching for node with selector: BySelector [TEXT='\QGet Started\E'].
11-01 17:27:54.627  2525  2542 D UiDevice: Searching for node with selector: BySelector [TEXT='\QGet Started\E'].
11-01 17:27:54.731  2525  2542 D UiDevice: Searching for node with selector: BySelector [TEXT='\QGet Started\E'].
11-01 17:27:54.834  2525  2542 D UiDevice: Searching for node with selector: BySelector [TEXT='\QGet Started\E'].
11-01 17:27:54.939  2525  2542 D UiDevice: Searching for node with selector: BySelector [TEXT='\QGet Started\E'].
11-01 17:27:55.045  2525  2542 D UiDevice: Searching for node with selector: BySelector [TEXT='\QGet Started\E'].
11-01 17:27:55.149  2525  2542 D UiDevice: Searching for node with selector: BySelector [TEXT='\QGet Started\E'].
11-01 17:27:55.158  2617  2674 D EGL_emulation: app_time_stats: avg=1.29ms min=1.06ms max=2.12ms count=60
11-01 17:27:55.254  2525  2542 D UiDevice: Searching for node with selector: BySelector [TEXT='\QGet Started\E'].
11-01 17:27:55.359  2525  2542 D UiDevice: Searching for node with selector: BySelector [TEXT='\QGet Started\E'].
11-01 17:27:55.463  2525  2542 D UiDevice: Searching for node with selector: BySelector [TEXT='\QGet Started\E'].
11-01 17:27:55.567  2525  2542 D UiDevice: Searching for node with selector: BySelector [TEXT='\QGet Started\E'].
11-01 17:27:55.671  2525  2542 D UiDevice: Searching for node with selector: BySelector [TEXT='\QGet Started\E'].
11-01 17:27:55.776  2525  2542 D UiDevice: Searching for node with selector: BySelector [TEXT='\QGet Started\E'].
11-01 17:27:55.880  2525  2542 D UiDevice: Searching for node with selector: BySelector [TEXT='\QGet Started\E'].
11-01 17:27:55.984  2525  2542 D UiDevice: Searching for node with selector: BySelector [TEXT='\QGet Started\E'].
11-01 17:27:56.088  2525  2542 D UiDevice: Searching for node with selector: BySelector [TEXT='\QGet Started\E'].
11-01 17:27:56.175  2617  2674 D EGL_emulation: app_time_stats: avg=1.27ms min=1.09ms max=2.67ms count=61
11-01 17:27:56.193  2525  2542 D UiDevice: Searching for node with selector: BySelector [TEXT='\QGet Started\E'].
11-01 17:27:56.297  2525  2542 D UiDevice: Searching for node with selector: BySelector [TEXT='\QGet Started\E'].
11-01 17:27:56.401  2525  2542 D UiDevice: Searching for node with selector: BySelector [TEXT='\QGet Started\E'].
11-01 17:27:56.506  2525  2542 D UiDevice: Searching for node with selector: BySelector [TEXT='\QGet Started\E'].
11-01 17:27:56.611  2525  2542 D UiDevice: Searching for node with selector: BySelector [TEXT='\QGet Started\E'].
11-01 17:27:56.715  2525  2542 D UiDevice: Searching for node with selector: BySelector [TEXT='\QGet Started\E'].
11-01 17:27:56.819  2525  2542 D UiDevice: Searching for node with selector: BySelector [TEXT='\QGet Started\E'].
