11-01 17:27:56.924  2525  2542 D UiDevice: Searching for node with selector: BySelector [TEXT='\QGet Started\E'].
11-01 17:27:57.028  2525  2542 D UiDevice: Searching for node with selector: BySelector [TEXT='\QGet Started\E'].
11-01 17:27:57.133  2525  2542 D UiDevice: Searching for node with selector: BySelector [TEXT='\QGet Started\E'].
11-01 17:27:57.191  2617  2674 D EGL_emulation: app_time_stats: avg=1.26ms min=1.07ms max=1.76ms count=61
11-01 17:27:57.238  2525  2542 D UiDevice: Searching for node with selector: BySelector [TEXT='\QGet Started\E'].
11-01 17:27:57.343  2525  2542 D UiDevice: Searching for node with selector: BySelector [TEXT='\QGet Started\E'].
11-01 17:27:57.447  2525  2542 D UiDevice: Searching for node with selector: BySelector [TEXT='\QGet Started\E'].
11-01 17:27:57.551  2525  2542 D UiDevice: Searching for node with selector: BySelector [TEXT='\QGet Started\E'].
11-01 17:27:57.657  2525  2542 D UiDevice: Searching for node with selector: BySelector [TEXT='\QGet Started\E'].
11-01 17:27:57.762  2525  2542 D UiDevice: Searching for node with selector: BySelector [TEXT='\QGet Started\E'].
11-01 17:27:57.865  2525  2542 D UiDevice: Searching for node with selector: BySelector [TEXT='\QGet Started\E'].
11-01 17:27:57.969  2525  2542 D UiDevice: Searching for node with selector: BySelector [TEXT='\QGet Started\E'].
11-01 17:27:58.074  2525  2542 D UiDevice: Searching for node with selector: BySelector [TEXT='\QGet Started\E'].
11-01 17:27:58.179  2525  2542 D UiDevice: Searching for node with selector: BySelector [TEXT='\QGet Started\E'].
11-01 17:27:58.186  2617  2726 V UstadCache: OKHttp-CacheInterceptor:  intercept: GET https://edubridge-afghanistan.app/Site/verify
11-01 17:27:58.186  2617  2726 I UstadCache: UstadCache(): Retrieve https://edubridge-afghanistan.app/Site/verify
11-01 17:27:58.186  2617  2726 D UstadCache: UstadCache(): MISS https://edubridge-afghanistan.app/Site/verify
11-01 17:27:58.191  2617  2726 D TrafficStats: tagSocket(102) with statsTag=0xffffffff, statsUid=-1
11-01 17:27:58.191  2617  2674 D EGL_emulation: app_time_stats: avg=1.21ms min=1.07ms max=2.03ms count=60
11-01 17:27:58.220  2617  2617 W LoginViewModel$invokeSuspend: Could not load site object for https://edubridge-afghanistan.app/
11-01 17:27:58.220  2617  2617 W LoginViewModel$invokeSuspend: java.net.ConnectException: Failed to connect to edubridge-afghanistan.app/65.21.146.62:443
11-01 17:27:58.220  2617  2617 W LoginViewModel$invokeSuspend: 	at okhttp3.internal.connection.RealConnection.connectSocket(RealConnection.kt:297)
11-01 17:27:58.220  2617  2617 W LoginViewModel$invokeSuspend: 	at okhttp3.internal.connection.RealConnection.connect(RealConnection.kt:207)
11-01 17:27:58.220  2617  2617 W LoginViewModel$invokeSuspend: 	at okhttp3.internal.connection.ExchangeFinder.findConnection(ExchangeFinder.kt:226)
11-01 17:27:58.220  2617  2617 W LoginViewModel$invokeSuspend: 	at okhttp3.internal.connection.ExchangeFinder.findHealthyConnection(ExchangeFinder.kt:106)
11-01 17:27:58.220  2617  2617 W LoginViewModel$invokeSuspend: 	at okhttp3.internal.connection.ExchangeFinder.find(ExchangeFinder.kt:74)
11-01 17:27:58.220  2617  2617 W LoginViewModel$invokeSuspend: 	at okhttp3.internal.connection.RealCall.initExchange$okhttp(RealCall.kt:255)
11-01 17:27:58.220  2617  2617 W LoginViewModel$invokeSuspend: 	at okhttp3.internal.connection.ConnectInterceptor.intercept(ConnectInterceptor.kt:32)
11-01 17:27:58.220  2617  2617 W LoginViewModel$invokeSuspend: 	at okhttp3.internal.http.RealInterceptorChain.proceed(RealInterceptorChain.kt:109)
11-01 17:27:58.220  2617  2617 W LoginViewModel$invokeSuspend: 	at okhttp3.internal.cache.CacheInterceptor.intercept(CacheInterceptor.kt:95)
11-01 17:27:58.220  2617  2617 W LoginViewModel$invokeSuspend: 	at okhttp3.internal.http.RealInterceptorChain.proceed(RealInterceptorChain.kt:109)
11-01 17:27:58.220  2617  2617 W LoginViewModel$invokeSuspend: 	at okhttp3.internal.http.BridgeInterceptor.intercept(BridgeInterceptor.kt:83)
11-01 17:27:58.220  2617  2617 W LoginViewModel$invokeSuspend: 	at okhttp3.internal.http.RealInterceptorChain.proceed(RealInterceptorChain.kt:109)
11-01 17:27:58.220  2617  2617 W LoginViewModel$invokeSuspend: 	at okhttp3.internal.http.RetryAndFollowUpInterceptor.intercept(RetryAndFollowUpInterceptor.kt:76)
11-01 17:27:58.220  2617  2617 W LoginViewModel$invokeSuspend: 	at okhttp3.internal.http.RealInterceptorChain.proceed(RealInterceptorChain.kt:109)
11-01 17:27:58.220  2617  2617 W LoginViewModel$invokeSuspend: 	at com.ustadmobile.libcache.okhttp.UstadCacheInterceptor.intercept(UstadCacheInterceptor.kt:407)
11-01 17:27:58.220  2617  2617 W LoginViewModel$invokeSuspend: 	at okhttp3.internal.http.RealInterceptorChain.proceed(RealInterceptorChain.kt:109)
11-01 17:27:58.220  2617  2617 W LoginViewModel$invokeSuspend: 	at okhttp3.internal.connection.RealCall.getResponseWithInterceptorChain$okhttp(RealCall.kt:201)
11-01 17:27:58.220  2617  2617 W LoginViewModel$invokeSuspend: 	at okhttp3.internal.connection.RealCall$AsyncCall.run(RealCall.kt:517)
11-01 17:27:58.220  2617  2617 W LoginViewModel$invokeSuspend: 	at java.util.concurrent.ThreadPoolExecutor.runWorker(ThreadPoolExecutor.java:1137)
11-01 17:27:58.220  2617  2617 W LoginViewModel$invokeSuspend: 	at java.util.concurrent.ThreadPoolExecutor$Worker.run(ThreadPoolExecutor.java:637)
11-01 17:27:58.220  2617  2617 W LoginViewModel$invokeSuspend: 	at java.lang.Thread.run(Thread.java:1012)
11-01 17:27:58.220  2617  2617 W LoginViewModel$invokeSuspend: Caused by: java.net.ConnectException: failed to connect to edubridge-afghanistan.app/65.21.146.62 (port 443) from /10.0.2.16 (port 33298) after 10000ms: isConnected failed: ECONNREFUSED (Connection refused)
11-01 17:27:58.220  2617  2617 W LoginViewModel$invokeSuspend: 	at libcore.io.IoBridge.isConnected(IoBridge.java:347)
11-01 17:27:58.220  2617  2617 W LoginViewModel$invokeSuspend: 	at libcore.io.IoBridge.connectErrno(IoBridge.java:237)
11-01 17:27:58.220  2617  2617 W LoginViewModel$invokeSuspend: 	at libcore.io.IoBridge.connect(IoBridge.java:179)
11-01 17:27:58.220  2617  2617 W LoginViewModel$invokeSuspend: 	at java.net.PlainSocketImpl.socketConnect(PlainSocketImpl.java:142)
11-01 17:27:58.220  2617  2617 W LoginViewModel$invokeSuspend: 	at java.net.AbstractPlainSocketImpl.doConnect(AbstractPlainSocketImpl.java:390)
11-01 17:27:58.220  2617  2617 W LoginViewModel$invokeSuspend: 	at java.net.AbstractPlainSocketImpl.connectToAddress(AbstractPlainSocketImpl.java:230)
11-01 17:27:58.220  2617  2617 W LoginViewModel$invokeSuspend: 	at java.net.AbstractPlainSocketImpl.connect(AbstractPlainSocketImpl.java:212)
11-01 17:27:58.220  2617  2617 W LoginViewModel$invokeSuspend: 	at java.net.SocksSocketImpl.connect(SocksSocketImpl.java:436)
11-01 17:27:58.220  2617  2617 W LoginViewModel$invokeSuspend: 	at java.net.Socket.connect(Socket.java:646)
11-01 17:27:58.220  2617  2617 W LoginViewModel$invokeSuspend: 	at okhttp3.internal.platform.Platform.connectSocket(Platform.kt:128)
11-01 17:27:58.220  2617  2617 W LoginViewModel$invokeSuspend: 	at okhttp3.internal.connection.RealConnection.connectSocket(RealConnection.kt:295)
11-01 17:27:58.220  2617  2617 W LoginViewModel$invokeSuspend: 	... 20 more
11-01 17:27:58.220  2617  2617 W LoginViewModel$invokeSuspend: Caused by: android.system.ErrnoException: isConnected failed: ECONNREFUSED (Connection refused)
11-01 17:27:58.220  2617  2617 W LoginViewModel$invokeSuspend: 	at libcore.io.IoBridge.isConnected(IoBridge.java:334)
11-01 17:27:58.220  2617  2617 W LoginViewModel$invokeSuspend: 	... 30 more
11-01 17:27:58.283  2525  2542 D UiDevice: Searching for node with selector: BySelector [TEXT='\QGet Started\E'].
11-01 17:27:59.192  2617  2674 D EGL_emulation: app_time_stats: avg=1.28ms min=1.03ms max=2.96ms count=60
11-01 17:27:59.286  2525  2542 D UiDevice: Retrieving node with selector: BySelector [TEXT='\QGet Started\E'].
11-01 17:27:59.291  2525  2542 D UiDevice: Node not found with selector: BySelector [TEXT='\QGet Started\E'].
11-01 17:27:59.875  1405  2091 I Dialer  : OmtpVvmCarrierCfgHlpr - OmtpEvent:CONFIG_STATUS_SMS_TIME_OUT
11-01 17:27:59.878  1405  1405 I Dialer  : RetryPolicy - Retry limit for com.android.voicemail.impl.ActivationTask@31038c5 reached
11-01 17:27:59.879  1405  1405 I Dialer  : RetryPolicy - committing deferred status: configuration_state=4
11-01 17:27:59.892  1782  2349 I VoicemailNotifier: receivers for android.intent.action.PROVIDER_CHANGED :[]
11-01 17:27:59.893  1405  1405 I Dialer  : VvmTaskExecutor - no more tasks, stopping service if no task are added in 5000 millis
11-01 17:28:00.018   867   995 D EGL_emulation: app_time_stats: avg=413.44ms min=3.51ms max=11340.76ms count=29
11-01 17:28:00.208  2617  2674 D EGL_emulation: app_time_stats: avg=1.22ms min=1.09ms max=1.48ms count=61
11-01 17:28:01.208  2617  2674 D EGL_emulation: app_time_stats: avg=1.18ms min=1.06ms max=1.46ms count=60
11-01 17:28:01.239   425   459 W TransactionTracing: Could not find layer id -1
11-01 17:28:01.239   425   459 W TransactionTracing: Could not find layer id -1
11-01 17:28:01.273   425   459 W TransactionTracing: Could not find layer id -1
11-01 17:28:02.208  2617  2674 D EGL_emulation: app_time_stats: avg=1.15ms min=1.01ms max=1.51ms count=60
11-01 17:28:02.239   425   459 W TransactionTracing: Could not find layer id -1
11-01 17:28:02.789   425   459 W TransactionTracing: Could not find layer id -1
11-01 17:28:03.006   425   459 W TransactionTracing: Could not find layer id -1
11-01 17:28:03.225  2617  2674 D EGL_emulation: app_time_stats: avg=1.17ms min=1.01ms max=1.46ms count=61
11-01 17:28:03.589   425   459 W TransactionTracing: Could not find layer id -1
11-01 17:28:03.589   425   459 W TransactionTracing: Could not find layer id -1
11-01 17:28:04.123   425   459 W TransactionTracing: Could not find layer id -1
11-01 17:28:04.242  2617  2674 D EGL_emulation: app_time_stats: avg=1.21ms min=1.08ms max=1.41ms count=61
11-01 17:28:04.291  2525  2542 D Benchmark: Profile Installer - Save Profile
11-01 17:28:04.318  2617  2617 I Process : Sending signal. PID: 2617 SIG: 10
11-01 17:28:04.318  2617  2617 D ProfileInstaller:
11-01 17:28:04.319  2617  2622 I child.edubridge: Thread[3,tid=2622,WaitingInMainSignalCatcherLoop,Thread*=0x7c11db9e5b20,peer=0x12f816b0,"Signal Catcher"]: reacting to signal 10
11-01 17:28:04.319  2617  2622 I child.edubridge:
11-01 17:28:04.319  2617  2622 I child.edubridge: SIGUSR1 forcing GC (no HPROF) and profile save
11-01 17:28:04.355  2617  2622 I child.edubridge: Explicit concurrent copying GC freed 106600(3661KB) AllocSpace objects, 1(56KB) LOS objects, 49% free, 7238KB/14MB, paused 20us,8us total 35.969ms
11-01 17:28:04.821  2525  2542 D Benchmark: Killing process org.street_child.edubridge
11-01 17:28:04.821  2525  2542 D UiDevice: Executing shell command: killall org.street_child.edubridge
11-01 17:28:04.852  1510  1758 W MediaProvider: isAppCloneUserPair for user 0: false
11-01 17:28:04.854  1510  1758 V MediaProvider: Inserted id:1000000043 less than next row id backup:1000001000.
11-01 17:28:04.898  1405  1405 I Dialer  : VvmTaskExecutor - Stopping service
11-01 17:28:04.898  1405  1405 I Dialer  : VvmTaskExecutor - finishing Job
11-01 17:28:04.898  1405  1405 I Dialer  : TaskSchedulerJobService - finishing job
11-01 17:28:04.900   575  2327 I PackageDexOptimizer: Running dexopt (dexoptNeeded=-3) on: /data/app/~~BwgQtX5CYUpjiTMOEzzJJw==/org.street_child.edubridge-_HKotTTaiFD4n6vJUuyHvA==/base.apk pkg=org.street_child.edubridge isa=x86_64 dexoptFlags=boot_complete,profile_guided,force,enable_hidden_api_checks targetFilter=speed-profile oatDir=/data/app/~~BwgQtX5CYUpjiTMOEzzJJw==/org.street_child.edubridge-_HKotTTaiFD4n6vJUuyHvA==/oat classLoaderContext=PCL[]{PCL[/system_ext/framework/androidx.window.extensions.jar]#PCL[/system_ext/framework/androidx.window.sidecar.jar]}
11-01 17:28:04.902   496   496 V installd: DexInv: --- BEGIN '/data/app/~~BwgQtX5CYUpjiTMOEzzJJw==/org.street_child.edubridge-_HKotTTaiFD4n6vJUuyHvA==/base.apk' ---
11-01 17:28:04.902   496   496 V installd: Running /apex/com.android.art/bin/dex2oat64 in=base.apk out=/data/app/~~BwgQtX5CYUpjiTMOEzzJJw==/org.street_child.edubridge-_HKotTTaiFD4n6vJUuyHvA==/oat/x86_64/base.odex
11-01 17:28:04.903  1405  1405 I Dialer  : JobFinishedPoller.run - Job finished
11-01 17:28:04.903  1405  1405 I Dialer  : VvmTaskExecutor - terminated
11-01 17:28:04.915  3116  3116 W dex2oat64: Unexpected CPU variant for x86: x86_64.
11-01 17:28:04.915  3116  3116 W dex2oat64: Known variants: atom, sandybridge, silvermont, kabylake, default
11-01 17:28:04.916  3116  3116 W dex2oat64: Mismatch between dex2oat instruction set features to use (ISA: X86_64 Feature string: -ssse3,-sse4.1,-sse4.2,-avx,-avx2,-popcnt) and those from CPP defines (ISA: X86_64 Feature string: ssse3,sse4.1,sse4.2,-avx,-avx2,popcnt) for the command line:
11-01 17:28:04.916  3116  3116 W dex2oat64: /apex/com.android.art/bin/dex2oat64 --zip-fd=8 --zip-location=base.apk --oat-fd=9 --oat-location=/data/app/~~BwgQtX5CYUpjiTMOEzzJJw==/org.street_child.edubridge-_HKotTTaiFD4n6vJUuyHvA==/oat/x86_64/base.odex --input-vdex-fd=11 --output-vdex-fd=10 --app-image-fd=14 --image-format=lz4 --profile-file-fd=13 --swap-fd=12 --classpath-dir=/data/app/~~BwgQtX5CYUpjiTMOEzzJJw==/org.street_child.edubridge-_HKotTTaiFD4n6vJUuyHvA== --class-loader-context=PCL[]{PCL[/system_ext/framework/androidx.window.extensions.jar]#PCL[/system_ext/framework/androidx.window.sidecar.jar]} --instruction-set=x86_64 --instruction-set-features=default --instruction-set-variant=x86_64 --compiler-filter=speed-profile --compilation-reason=cmdline --max-image-block-size=524288 --resolve-startup-const-strings=true --generate-mini-debug-info --runtime-arg -Xtarget-sdk-version:34 --runtime-arg -Xhidden-api-policy:enabled --runtime-arg -Xms64m --runtime-arg -Xmx512m
11-01 17:28:04.920  3116  3116 I dex2oat64: /apex/com.android.art/bin/dex2oat64 --input-vdex-fd=11 --output-vdex-fd=10 --profile-file-fd=13 --classpath-dir=/data/app/~~BwgQtX5CYUpjiTMOEzzJJw==/org.street_child.edubridge-_HKotTTaiFD4n6vJUuyHvA== --class-loader-context=PCL[]{PCL[/system_ext/framework/androidx.window.extensions.jar]#PCL[/system_ext/framework/androidx.window.sidecar.jar]} --compiler-filter=speed-profile --compilation-reason=cmdline --max-image-block-size=524288 --resolve-startup-const-strings=true --generate-mini-debug-info
11-01 17:28:05.242  2617  2674 D EGL_emulation: app_time_stats: avg=1.26ms min=1.05ms max=1.71ms count=60
11-01 17:28:06.039   425   459 W TransactionTracing: Could not find layer id -1
11-01 17:28:06.242  2617  2674 D EGL_emulation: app_time_stats: avg=1.23ms min=1.03ms max=1.66ms count=60
11-01 17:28:06.839   425   459 W TransactionTracing: Could not find layer id -1
11-01 17:28:06.922   425   459 W TransactionTracing: Could not find layer id -1
11-01 17:28:06.922   425   459 W TransactionTracing: Could not find layer id -1
11-01 17:28:06.922   425   459 W TransactionTracing: Could not find layer id -1
11-01 17:28:07.258  2617  2674 D EGL_emulation: app_time_stats: avg=1.29ms min=1.08ms max=1.57ms count=61
11-01 17:28:07.285  2617  2687 D UstadCache: CacheTrimmer:  Trim cache run: max (evictable) size = 100000000 bytes
11-01 17:28:07.286  2617  2687 V UstadCache: CacheTrimmer:  deleting
11-01 17:28:08.224  2617  2726 V UstadCache: OKHttp-CacheInterceptor:  intercept: GET https://edubridge-afghanistan.app/Site/verify
11-01 17:28:08.224  2617  2726 I UstadCache: UstadCache(): Retrieve https://edubridge-afghanistan.app/Site/verify
11-01 17:28:08.224  2617  2726 D UstadCache: UstadCache(): MISS https://edubridge-afghanistan.app/Site/verify
11-01 17:28:08.227  2617  2726 D TrafficStats: tagSocket(112) with statsTag=0xffffffff, statsUid=-1
11-01 17:28:08.255  2617  2617 W LoginViewModel$invokeSuspend: Could not load site object for https://edubridge-afghanistan.app/
11-01 17:28:08.255  2617  2617 W LoginViewModel$invokeSuspend: java.net.ConnectException: Failed to connect to edubridge-afghanistan.app/65.21.146.62:443
11-01 17:28:08.255  2617  2617 W LoginViewModel$invokeSuspend: 	at okhttp3.internal.connection.RealConnection.connectSocket(RealConnection.kt:297)
11-01 17:28:08.255  2617  2617 W LoginViewModel$invokeSuspend: 	at okhttp3.internal.connection.RealConnection.connect(RealConnection.kt:207)
11-01 17:28:08.255  2617  2617 W LoginViewModel$invokeSuspend: 	at okhttp3.internal.connection.ExchangeFinder.findConnection(ExchangeFinder.kt:226)
11-01 17:28:08.255  2617  2617 W LoginViewModel$invokeSuspend: 	at okhttp3.internal.connection.ExchangeFinder.findHealthyConnection(ExchangeFinder.kt:106)
11-01 17:28:08.255  2617  2617 W LoginViewModel$invokeSuspend: 	at okhttp3.internal.connection.ExchangeFinder.find(ExchangeFinder.kt:74)
11-01 17:28:08.255  2617  2617 W LoginViewModel$invokeSuspend: 	at okhttp3.internal.connection.RealCall.initExchange$okhttp(RealCall.kt:255)
11-01 17:28:08.255  2617  2617 W LoginViewModel$invokeSuspend: 	at okhttp3.internal.connection.ConnectInterceptor.intercept(ConnectInterceptor.kt:32)
11-01 17:28:08.255  2617  2617 W LoginViewModel$invokeSuspend: 	at okhttp3.internal.http.RealInterceptorChain.proceed(RealInterceptorChain.kt:109)
11-01 17:28:08.255  2617  2617 W LoginViewModel$invokeSuspend: 	at okhttp3.internal.cache.CacheInterceptor.intercept(CacheInterceptor.kt:95)
11-01 17:28:08.255  2617  2617 W LoginViewModel$invokeSuspend: 	at okhttp3.internal.http.RealInterceptorChain.proceed(RealInterceptorChain.kt:109)
11-01 17:28:08.255  2617  2617 W LoginViewModel$invokeSuspend: 	at okhttp3.internal.http.BridgeInterceptor.intercept(BridgeInterceptor.kt:83)
11-01 17:28:08.255  2617  2617 W LoginViewModel$invokeSuspend: 	at okhttp3.internal.http.RealInterceptorChain.proceed(RealInterceptorChain.kt:109)
11-01 17:28:08.255  2617  2617 W LoginViewModel$invokeSuspend: 	at okhttp3.internal.http.RetryAndFollowUpInterceptor.intercept(RetryAndFollowUpInterceptor.kt:76)
11-01 17:28:08.255  2617  2617 W LoginViewModel$invokeSuspend: 	at okhttp3.internal.http.RealInterceptorChain.proceed(RealInterceptorChain.kt:109)
11-01 17:28:08.255  2617  2617 W LoginViewModel$invokeSuspend: 	at com.ustadmobile.libcache.okhttp.UstadCacheInterceptor.intercept(UstadCacheInterceptor.kt:407)
11-01 17:28:08.255  2617  2617 W LoginViewModel$invokeSuspend: 	at okhttp3.internal.http.RealInterceptorChain.proceed(RealInterceptorChain.kt:109)
11-01 17:28:08.255  2617  2617 W LoginViewModel$invokeSuspend: 	at okhttp3.internal.connection.RealCall.getResponseWithInterceptorChain$okhttp(RealCall.kt:201)
11-01 17:28:08.255  2617  2617 W LoginViewModel$invokeSuspend: 	at okhttp3.internal.connection.RealCall$AsyncCall.run(RealCall.kt:517)
11-01 17:28:08.255  2617  2617 W LoginViewModel$invokeSuspend: 	at java.util.concurrent.ThreadPoolExecutor.runWorker(ThreadPoolExecutor.java:1137)
11-01 17:28:08.255  2617  2617 W LoginViewModel$invokeSuspend: 	at java.util.concurrent.ThreadPoolExecutor$Worker.run(ThreadPoolExecutor.java:637)
11-01 17:28:08.255  2617  2617 W LoginViewModel$invokeSuspend: 	at java.lang.Thread.run(Thread.java:1012)
11-01 17:28:08.255  2617  2617 W LoginViewModel$invokeSuspend: Caused by: java.net.ConnectException: failed to connect to edubridge-afghanistan.app/65.21.146.62 (port 443) from /10.0.2.16 (port 55770) after 10000ms: isConnected failed: ECONNREFUSED (Connection refused)
11-01 17:28:08.255  2617  2617 W LoginViewModel$invokeSuspend: 	at libcore.io.IoBridge.isConnected(IoBridge.java:347)
11-01 17:28:08.255  2617  2617 W LoginViewModel$invokeSuspend: 	at libcore.io.IoBridge.connectErrno(IoBridge.java:237)
11-01 17:28:08.255  2617  2617 W LoginViewModel$invokeSuspend: 	at libcore.io.IoBridge.connect(IoBridge.java:179)
11-01 17:28:08.255  2617  2617 W LoginViewModel$invokeSuspend: 	at java.net.PlainSocketImpl.socketConnect(PlainSocketImpl.java:142)
11-01 17:28:08.255  2617  2617 W LoginViewModel$invokeSuspend: 	at java.net.AbstractPlainSocketImpl.doConnect(AbstractPlainSocketImpl.java:390)
11-01 17:28:08.255  2617  2617 W LoginViewModel$invokeSuspend: 	at java.net.AbstractPlainSocketImpl.connectToAddress(AbstractPlainSocketImpl.java:230)
11-01 17:28:08.255  2617  2617 W LoginViewModel$invokeSuspend: 	at java.net.AbstractPlainSocketImpl.connect(AbstractPlainSocketImpl.java:212)
11-01 17:28:08.255  2617  2617 W LoginViewModel$invokeSuspend: 	at java.net.SocksSocketImpl.connect(SocksSocketImpl.java:436)
11-01 17:28:08.255  2617  2617 W LoginViewModel$invokeSuspend: 	at java.net.Socket.connect(Socket.java:646)
11-01 17:28:08.255  2617  2617 W LoginViewModel$invokeSuspend: 	at okhttp3.internal.platform.Platform.connectSocket(Platform.kt:128)
11-01 17:28:08.255  2617  2617 W LoginViewModel$invokeSuspend: 	at okhttp3.internal.connection.RealConnection.connectSocket(RealConnection.kt:295)
11-01 17:28:08.255  2617  2617 W LoginViewModel$invokeSuspend: 	... 20 more
11-01 17:28:08.255  2617  2617 W LoginViewModel$invokeSuspend: Caused by: android.system.ErrnoException: isConnected failed: ECONNREFUSED (Connection refused)
11-01 17:28:08.255  2617  2617 W LoginViewModel$invokeSuspend: 	at libcore.io.IoBridge.isConnected(IoBridge.java:334)
11-01 17:28:08.255  2617  2617 W LoginViewModel$invokeSuspend: 	... 30 more
11-01 17:28:08.259  2617  2674 D EGL_emulation: app_time_stats: avg=1.34ms min=1.08ms max=1.75ms count=60
11-01 17:28:09.168  3116  3116 W dex2oat64: Accessing hidden method Landroid/window/BackEvent;->getProgress()F (blocked, linking, denied)
11-01 17:28:09.169  3116  3116 W dex2oat64: Accessing hidden method Landroid/window/BackEvent;->getSwipeEdge()I (blocked, linking, denied)
11-01 17:28:09.169  3116  3116 W dex2oat64: Accessing hidden method Landroid/window/BackEvent;->getTouchX()F (blocked, linking, denied)
11-01 17:28:09.169  3116  3116 W dex2oat64: Accessing hidden method Landroid/window/BackEvent;->getTouchY()F (blocked, linking, denied)
11-01 17:28:09.274  2617  2674 D EGL_emulation: app_time_stats: avg=1.18ms min=0.93ms max=1.56ms count=61
11-01 17:28:09.417  3116  3116 W dex2oat64: Method java.lang.Object androidx.compose.runtime.snapshots.SnapshotStateMap.mutate(kotlin.jvm.functions.Function1) failed lock verification and will run slower.
11-01 17:28:09.417  3116  3116 W dex2oat64: Common causes for lock verification issues are non-optimized dex code
11-01 17:28:09.417  3116  3116 W dex2oat64: and incorrect proguard optimizations.
11-01 17:28:09.418  3116  3116 W dex2oat64: Method void androidx.compose.runtime.snapshots.SnapshotStateMap.update(kotlin.jvm.functions.Function1) failed lock verification and will run slower.
11-01 17:28:09.418  3116  3116 W dex2oat64: Method boolean androidx.compose.runtime.snapshots.SnapshotStateMap.removeIf$runtime_release(kotlin.jvm.functions.Function1) failed lock verification and will run slower.
11-01 17:28:09.436  3116  3123 W dex2oat64: Method boolean androidx.compose.runtime.snapshots.SnapshotStateList.conditionalUpdate(boolean, kotlin.jvm.functions.Function1) failed lock verification and will run slower.
11-01 17:28:09.437  3116  3123 W dex2oat64: Method boolean androidx.compose.runtime.snapshots.SnapshotStateList.conditionalUpdate$default(androidx.compose.runtime.snapshots.SnapshotStateList, boolean, kotlin.jvm.functions.Function1, int, java.lang.Object) failed lock verification and will run slower.
11-01 17:28:09.437  3116  3123 W dex2oat64: Method java.lang.Object androidx.compose.runtime.snapshots.SnapshotStateList.mutate(kotlin.jvm.functions.Function1) failed lock verification and will run slower.
11-01 17:28:09.437  3116  3123 W dex2oat64: Method void androidx.compose.runtime.snapshots.SnapshotStateList.update(boolean, kotlin.jvm.functions.Function1) failed lock verification and will run slower.
11-01 17:28:09.437  3116  3123 W dex2oat64: Method void androidx.compose.runtime.snapshots.SnapshotStateList.update$default(androidx.compose.runtime.snapshots.SnapshotStateList, boolean, kotlin.jvm.functions.Function1, int, java.lang.Object) failed lock verification and will run slower.
11-01 17:28:10.275  2617  2674 D EGL_emulation: app_time_stats: avg=1.26ms min=1.03ms max=1.65ms count=60
11-01 17:28:10.776  3116  3116 I dex2oat64: Explicit concurrent copying GC freed 197306(32MB) AllocSpace objects, 0(0B) LOS objects, 49% free, 2112KB/4224KB, paused 15us,3us total 7.871ms
11-01 17:28:11.100  3116  3116 I dex2oat64: dex2oat took 6.186s (9.699s cpu) (threads: 4) arena alloc=10MB (11013560B) java alloc=2112KB (2162944B) native alloc=21MB (22741040B) free=146MB (153217600B)
11-01 17:28:11.129   496   496 V installd: DexInv: --- END '/data/app/~~BwgQtX5CYUpjiTMOEzzJJw==/org.street_child.edubridge-_HKotTTaiFD4n6vJUuyHvA==/base.apk' (success) ---
11-01 17:28:11.189  1510  2837 W MediaProvider: isAppCloneUserPair for user 0: false
11-01 17:28:11.190  1510  2837 V MediaProvider: Inserted id:1000000044 less than next row id backup:1000001000.
11-01 17:28:11.275  2617  2674 D EGL_emulation: app_time_stats: avg=1.35ms min=1.06ms max=1.86ms count=60
11-01 17:28:11.624  3139  3139 W profman : profman took 405.298ms
11-01 17:28:11.647  1510  1859 W MediaProvider: isAppCloneUserPair for user 0: false
11-01 17:28:11.648  1510  1859 V MediaProvider: Inserted id:1000000045 less than next row id backup:1000001000.
11-01 17:28:11.745  1510  1761 I MediaProvider: Deleted 0 0 0 0 0 0 0 items on external_primary due to com.ustadmobile.app_android_baselineprofile
11-01 17:28:12.292  2617  2674 D EGL_emulation: app_time_stats: avg=1.28ms min=1.07ms max=1.67ms count=61
11-01 17:28:12.590  2525  2542 D Benchmark: Unstable profiles during iteration 4
11-01 17:28:12.590  2525  2542 D Benchmark: Killing package org.street_child.edubridge
11-01 17:28:12.590  2525  2542 D Benchmark: Killing process org.street_child.edubridge
11-01 17:28:12.590  2525  2542 D UiDevice: Executing shell command: killall org.street_child.edubridge
11-01 17:28:12.603  2525  2542 D Benchmark: Compile iteration (5) for org.street_child.edubridge
11-01 17:28:12.604  2525  2542 D UiDevice: Pressing home button.
11-01 17:28:12.610   867   867 V ShadeControllerImpl: NotificationShadeWindow: com.android.systemui.shade.NotificationShadeWindowView{f025071 I.E...... ......ID 0,0-320,640} canPanelBeCollapsed(): false
11-01 17:28:12.616  1129  1129 D TaplTarget: Launcher.onNewIntent: Intent { act=android.intent.action.MAIN cat=[android.intent.category.HOME] flg=0x10400100 cmp=com.android.launcher3/.uioverrides.QuickstepLauncher (has extras) }
11-01 17:28:12.621   867   867 V ShadeControllerImpl: NotificationShadeWindow: com.android.systemui.shade.NotificationShadeWindowView{f025071 I.E...... ......ID 0,0-320,640} canPanelBeCollapsed(): false
11-01 17:28:12.639   425   425 I BpBinder: onLastStrongRef automatically unlinking death recipients: <uncached descriptor>
11-01 17:28:12.643   425   459 W TransactionTracing: Could not find layer handle 0x7b1d62765310
11-01 17:28:12.644   867   995 D EGL_emulation: app_time_stats: avg=12625.84ms min=12625.84ms max=12625.84ms count=1
11-01 17:28:12.650  1510  2837 W MediaProvider: isAppCloneUserPair for user 0: false
11-01 17:28:12.651  1510  2837 V MediaProvider: Inserted id:1000000046 less than next row id backup:1000001000.
11-01 17:28:12.673   425   459 W TransactionTracing: Could not find layer handle 0x7b1d627672f0
11-01 17:28:12.704  2525  2542 I System.out: 0 Flags,FrameTimelineVsyncId,IntendedVsync,Vsync,InputEventId,HandleInputStart,AnimationStart,PerformTraversalsStart,DrawStart,FrameDeadline,FrameInterval,FrameStartTime,SyncQueued,SyncStart,IssueDrawCommandsStart,SwapBuffers,FrameCompleted,DequeueBufferDuration,QueueBufferDuration,GpuCompleted,SwapBuffersCompleted,DisplayPresentTime,CommandSubmissionCompleted,
11-01 17:28:12.704  2525  2542 I System.out: 1 0,48215,365466831163,365466831163,0,365467031950,365467032270,365467183940,365467196890,365516831161,365467030650,16666666,365467276330,365468229290,365468255110,365468577530,365484971145,15552505,80600,365483591324,365484971145,365501087829,365468577530,
11-01 17:28:12.704  2525  2542 I System.out: 2 0,48223,365483497829,365483497829,0,365483655104,365483655514,365483833454,365483848784,365533497827,365483652814,16666666,365483931215,365485028625,365485079695,365485582985,365501620449,15088924,134370,365500266649,365501620449,365518393134,365485582985,
11-01 17:28:12.704  2525  2542 I System.out: 3 0,48231,365500164495,365500164495,0,365500396659,365500397299,365500641899,365500668599,365550164493,365500393969,16666666,365500792719,365501659999,365501709799,365502196870,365518631974,15639634,105060,365502951180,365518631974,365535089789,365502196870,
11-01 17:28:12.704  2525  2542 I System.out: 4 0,48239,365516831161,365516831161,0,365517037944,365517038284,365517230164,365517248224,365566831159,365517036444,16666666,365517365354,365518656814,365518685694,365519085304,365535310129,15420165,87190,365533608428,365535310129,365551573213,365519085304,
11-01 17:28:12.704  2525  2542 I System.out: 5 0,48247,365533497827,365533497827,0,365533674698,365533675028,365533874528,365533888098,365583497825,365533673078,16666666,365533970158,365535334099,365535363799,365535730239,365551754773,15241264,107310,365550295993,365551754773,365568517138,365535730239,
11-01 17:28:12.704  2525  2542 I System.out: 6 0,48255,365550164493,365550164493,0,365550297873,365550298093,365550434673,365550445403,365600164491,365550297113,16666666,365550502163,365551806893,365551856413,365552257793,365568709948,15659754,95350,365567039588,365568709948,365584520982,365552257793,
11-01 17:28:12.704  2525  2542 I System.out: 7 0,48263,365566831159,365566831159,0,365567140508,365567141138,365567436128,365567459798,365616831157,365567137358,16666666,365567581718,365568744418,365568792798,365569237768,365585089243,15017225,114860,365583623682,365585089243,365601590757,365569237768,
11-01 17:28:12.704  2525  2542 I System.out: 8 0,48271,365583497825,365583497825,0,365583716032,365583716972,365583980832,365584000812,365633497823,365583713122,16666666,365584115982,365585121833,365585170873,365585542863,365601845647,15559824,76970,365600299747,365601845647,365618157792,365585542863,
11-01 17:28:12.704  2525  2542 I System.out: 9 0,48279,365600164491,365600164491,0,365600368387,365600368787,365600593487,365600613947,365650164489,365600366307,16666666,365600728057,365601878857,365601921637,365602345247,365618381532,15189744,115190,365616918961,365618381532,365634864776,365602345247,
11-01 17:28:12.704  2525  2542 I System.out: 10 0,48287,365616831157,365616831157,0,365617055821,365617056411,365617352232,365617377092,365666831155,365617053151,16666666,365617514042,365618416562,365618465972,365618969932,365634751696,14929224,119810,365633618056,365634751696,365651128891,365618969932,
11-01 17:28:12.704  2525  2542 I System.out: 11 0,48295,365633497823,365633497823,0,365633753656,365633754186,365634033036,365634059866,365683497821,365633750856,16666666,365634206556,365634788416,365634840696,365635294407,365651799351,15721574,111440,365650278771,365651799351,365668297786,365635294407,
11-01 17:28:12.704  2525  2542 I System.out: 12 0,48303,365650164489,365650164489,0,365650410601,365650411151,365650653331,365650675801,365700164487,365650408501,16666666,365650801651,365651838741,365651880361,365652255981,365668515606,15421295,147550,365666976095,365668515606,365685057200,365652255981,
11-01 17:28:12.704  2525  2542 I System.out: 13 0,48311,365666831155,365666831155,0,365666993665,365666993985,365667211565,365667227235,365716831153,365666991045,16666666,365667314595,365668544516,365668577636,365668942486,365685064880,15293674,113490,365683657220,365685064880,365701242195,365668942486,
11-01 17:28:12.704  2525  2542 I System.out: 14 0,48319,365683497821,365683497821,0,365683657720,365683658000,365683830340,365683841660,365733497819,365683656310,16666666,365683914200,365685120600,365685192620,365685679321,365701467115,14860634,127190,365700295715,365701467115,365717946670,365685679321,
11-01 17:28:12.704  2525  2542 I System.out: 15 0,48327,365700164487,365700164487,0,365700438955,365700439615,365700721285,365700748705,365750164485,365700435685,16666666,365700895805,365701503575,365701555755,365702003785,365718214110,15299535,119080,365716984919,365718214110,365734923594,365702003785,
11-01 17:28:12.704  2525  2542 I System.out: 16 0,48335,365716831153,365716831153,0,365717191799,365717192569,365717526649,365717553229,365766831151,365717188889,16666666,365717699789,365718252920,365718304550,365718770650,365735065064,15423914,115300,365733652734,365735065064,365751187179,365718770650,
11-01 17:28:12.704  2525  2542 I System.out: 17 0,48343,365733497819,365733497819,0,365733808874,365733809534,365734066114,365734089604,365783497817,365733805854,16666666,365734214424,365735101474,365735147274,365735606814,365751705239,15121444,117220,365750286709,365751705239,365768721704,365735606814,
11-01 17:28:12.704  2525  2542 I System.out: 18 0,48351,365750164485,365750164485,0,365750412879,365750413379,365750643369,365750666929,365800164483,365750410039,16666666,365750794039,365751739819,365751781769,365752176229,365768998884,15859945,125170,365766948513,365768998884,365784518928,365752176229,
11-01 17:28:12.704  2525  2542 I System.out: 19 0,48359,365766831151,365766831151,0,365767079203,365767079803,365767407933,365767435563,365816831149,365767076203,16666666,365767597513,365769032044,365769077364,365769486224,365784788618,14467424,106530,365783600198,365784788618,365801520333,365769486224,
11-01 17:28:12.704  2525  2542 I System.out: 20 0,48367,365783497817,365783497817,0,365783719948,365783720528,365783988748,365784012058,365833497815,365783717598,16666666,365784132558,365784828048,365784881398,365785382648,365801739863,15436305,130880,365786252618,365801739863,365818128047,365785382648,
11-01 17:28:12.704  2525  2542 I System.out: 21 0,48375,365800164483,365800164483,0,365800355732,365800356452,365800617462,365800640372,365850164481,365800353042,16666666,365800756993,365801771383,365801811443,365802218133,365818337027,15194094,115420,365816929537,365818337027,365834702382,365802218133,
11-01 17:28:12.704  2525  2542 I System.out: 22 0,48383,365816831149,365816831149,0,365818200387,365818201017,365818429527,365818449917,365866831147,365818197917,16666666,365818555117,365818582427,365818624537,365819030238,365834960332,15129104,100720,365833587812,365834960332,365851363307,365819030238,
11-01 17:28:12.704  2525  2542 I System.out: 23 0,48391,365833497815,365833497815,0,365833667112,365833667412,365833862712,365833881062,365883497813,365833665352,16666666,365833979782,365834985422,365835022912,365835374852,365851522057,15377885,75400,365850269876,365851522057,365868181111,365835374852,
11-01 17:28:12.704  2525  2542 I System.out: 24 0,48399,365850164481,365850164481,0,365850410046,365850410756,365850659856,365850680016,365900164479,365850407526,16666666,365850799806,365851554717,365851597547,365852094677,365868336081,15336644,118350,365866953581,365868336081,365884831706,365852094677,
11-01 17:28:12.704  2525  2542 I System.out: 25 0,48407,365866831147,365866831147,0,365867119541,365867120201,365867406911,365867432471,365916831145,365867116511,16666666,365867571971,365868368751,365868409751,365868789471,365885048996,15331524,108540,365883630406,365885048996,365901113180,365868789471,
11-01 17:28:12.704  2525  2542 I System.out: 26 0,48415,365883497813,365883497813,0,365883783806,365883784586,365884080356,365884104936,365933497811,365883780886,16666666,365884227886,365885083526,365885126496,365885618686,365901433460,14943724,109160,365900252960,365901433460,365917966045,365885618686,
11-01 17:28:12.704  2525  2542 I System.out: 27 0,48423,365900164479,365900164479,0,365900369550,365900370020,365900593970,365900615740,365950164477,365900367240,16666666,365900732540,365901466580,365901506271,365901936651,365918373155,15564904,94560,365916925455,365918373155,365934558200,365901936651,
11-01 17:28:12.704  2525  2542 I System.out: 28 0,48431,365916831145,365916831145,0,365917094395,365917095185,365917440015,365917467215,365966831143,365917091515,16666666,365917601355,365918412825,365918462145,365918953625,365934856740,14948024,121050,365919846486,365934856740,365951041834,365918953625,
11-01 17:28:12.704  2525  2542 I System.out: 29 0,48439,365933497811,365933497811,0,365933694949,365933695359,365933916770,365933936730,365983497809,365933692479,16666666,365934036170,365934894310,365934948690,365935424970,365951317384,14987554,113290,365936271120,365951317384,365967992139,365935424970,
11-01 17:28:12.704  2525  2542 I System.out: 30 0,48447,365950164477,365950164477,0,365950306954,365950307824,365950482744,365950499264,366000164475,365950304694,16666666,365950587964,365951348254,365951392804,365951849304,365968318879,15629664,110500,365966945049,365968318879,365984745744,365951849304,
11-01 17:28:12.704  2525  2542 I System.out: 31 0,48455,365966831143,365966831143,0,365967052159,365967052869,365967357659,365967383619,366016831141,365967049109,16666666,365967571329,365968350759,365968389729,365968770839,365984922404,15255475,133530,365983586743,365984922404,366001607498,365968770839,
11-01 17:28:12.704  2525  2542 I System.out: 32 0,48463,365983497809,365983497809,0,365983674363,365983674823,365983924403,365983944973,366033497807,365983672133,16666666,365984061863,365984961644,365985003004,365985465174,366001875278,15375984,122640,366000268688,366001875278,366017738963,365985465174,
11-01 17:28:12.704  2525  2542 I System.out: 33 0,48471,366000164475,366000164475,0,366000341678,366000342078,366000573938,366000591738,366050164473,366000339158,16666666,366000697778,366001904958,366001940638,366002360749,366018016903,14792784,113940,366016942463,366018016903,366034857318,366002360749,
11-01 17:28:12.704  2525  2542 I System.out: 34 0,48479,366016831141,366016831141,0,366017878403,366017879003,366018187803,366018210023,366066831139,366017875453,16666666,366018326993,366018362943,366018415493,366018866163,366035084098,15402735,109820,366033604827,366035084098,366051427862,366018866163,
11-01 17:28:12.705  2525  2542 I System.out: 35 0,48487,366033497807,366033497807,0,366033640267,366033640487,366033747477,366033757297,366083497805,366033639227,16666666,366033813937,366035108978,366035142958,366035504918,366051363602,15085264,100940,366050283492,366051363602,366068093147,366035504918,
11-01 17:28:12.705  2525  2542 I System.out: 36 0,48495,366050164473,366050164473,0,366050350512,366050350832,366050490902,366050502482,366100164471,366050349212,16666666,366050574512,366051389942,366051521602,366051862832,366068300777,15618275,97410,366066913026,366068300777,366084854131,366051862832,
11-01 17:28:12.705  2525  2542 I System.out: 37 0,48503,366066831139,366066831139,0,366066974576,366066974856,366067112097,366067122867,366116831137,366066973266,16666666,366067188797,366068321127,366068347597,366068672717,366085068571,15492814,119210,366083573681,366085068571,366101511346,366068672717,
11-01 17:28:12.705  2525  2542 I System.out: 38 0,48511,366083497805,366083497805,0,366083638471,366083638791,366083798111,366083811721,366133497803,366083636871,16666666,366083912161,366085090661,366085119482,366085486192,366101717846,15404564,97570,366100229106,366101717846,366118132661,366085486192,
11-01 17:28:12.705  2525  2542 I System.out: 39 0,48519,366100164471,366100164471,0,366100302136,366100302446,366100462836,366100475886,366150164469,366100300796,16666666,366100568406,366101740226,366101767796,366102099356,366118368241,15467025,97600,366116916930,366118368241,366134774375,366102099356,
11-01 17:28:12.705  2525  2542 I System.out: 40 0,48527,366116831137,366116831137,0,366116959800,366116960020,366117061860,366117069980,366166831135,366116958830,16666666,366117120810,366118389831,366118415301,366118749341,366134994545,15403874,96850,366133553275,366134994545,366151498830,366118749341,
11-01 17:28:12.705  2525  2542 I System.out: 41 0,48535,366133497803,366133497803,0,366133665325,366133665635,366133809905,366133821665,366183497801,366133663985,16666666,366133905495,366135016645,366135041775,366135373515,366151703820,15508174,112880,366150249330,366151703820,366167744644,366135373515,
11-01 17:28:12.705  2525  2542 I System.out: 42 0,48543,366150164469,366150164469,0,366150315320,366150315590,366150455010,366150465860,366200164467,366150314100,16666666,366150530600,366151724170,366151750950,366152067570,366167968795,15105095,99670,366166909334,366167968795,366184712939,366152067570,
11-01 17:28:12.705  2525  2542 I System.out: 43 0,48551,366166831135,366166831135,0,366166956734,366166957014,366167083864,366167093844,366216831133,366166955684,16666666,366167157144,366167993155,366168024165,366168472645,366184900729,15599564,127180,366183583649,366184900729,366201023224,366168472645,
11-01 17:28:12.705  2525  2542 I System.out: 44 0,48559,366183497801,366183497801,0,366183621149,366183621369,366183726369,366183734949,366233497799,366183620199,16666666,366183786079,366184920709,366184946869,366185278879,366201240404,15146184,89230,366200232563,366201240404,366218106058,366185278879,
11-01 17:28:12.705  2525  2542 I System.out: 45 0,48567,366200164467,366200164467,0,366200293393,366200293703,366200429894,366200441234,366250164465,366200292203,16666666,366200513154,366201265194,366201295594,366201689144,366218325109,15851484,90900,366216902918,366218325109,366234756703,366201689144,
11-01 17:28:12.705  2525  2542 I System.out: 46 0,48575,366216831133,366216831133,0,366216948608,366216948828,366217049558,366217057908,366266831131,366216947628,16666666,366217119348,366218348499,366218380099,366218703409,366234717333,15160454,100050,366233576423,366234717333,366251107718,366218703409,
11-01 17:28:12.705  2525  2542 I System.out: 47 0,48583,366233497799,366233497799,0,366233649243,366233649453,366233760423,366233769343,366283497797,366233648293,16666666,366233823073,366234746093,366234781633,366235107333,366251289568,15408875,89870,366250257207,366251289568,366267851632,366235107333,
11-01 17:28:12.705  2525  2542 I System.out: 48 0,48591,366250164465,366250164465,0,366250359147,366250359457,366250510737,366250521667,366300164463,366250358127,16666666,366250589677,366251314348,366251346328,366251693758,366268071192,15541814,95990,366266923382,366268071192,366284596157,366251693758,
11-01 17:28:12.705  2525  2542 I System.out: 49 0,48599,366266831131,366266831131,0,366267010982,366267011292,366267134532,366267143262,366316831129,366267009952,16666666,366267196802,366268126242,366268179532,366268638632,366284722507,15057924,131940,366283579297,366284722507,366301244162,366268638632,
11-01 17:28:12.705  2525  2542 I System.out: 50 0,48607,366283497797,366283497797,0,366283660907,366283661537,366283892827,366283914407,366333497795,366283658167,16666666,366284021887,366284749747,366284785777,366285193177,366301492192,15466145,124630,366300245491,366301492192,366317672756,366285193177,
11-01 17:28:12.705  2525  2542 I System.out: 51 0,48615,366300164463,366300164463,0,366300335391,366300335731,366300575871,366300598951,366350164461,366300333301,16666666,366300910711,366301522522,366301561782,366301971202,366317991876,15230434,123640,366316919376,366317991876,366334623301,366301971202,
11-01 17:28:12.705  2525  2542 I System.out: 52 0,48623,366316831129,366316831129,0,366317044056,366317044436,366317261656,366317280776,366366831127,366317041616,16666666,366317383226,366318023016,366318068766,366318467146,366334547761,15240224,106281,366333572421,366334547761,366351175275,366318467146,
11-01 17:28:12.705  2525  2542 I System.out: 53 0,48631,366333497795,366333497795,0,366333665061,366333665481,366333907721,366333929021,366383497793,366333662281,16666666,366334044981,366334579351,366334626051,366335053341,366351148295,15101964,119080,366350250105,366351148295,366367736940,366335053341,
11-01 17:28:12.705  2525  2542 I System.out: 54 0,48639,366350164461,366350164461,0,366350341005,366350341295,366350560305,366350581515,366400164459,366350338025,16666666,366350708465,366351180615,366351230095,366351677566,366367949330,15418664,118460,366366929180,366367949330,366384512275,366351677566,
11-01 17:28:12.705  2525  2542 I System.out: 55 0,48647,366366831127,366366831127,0,366366990820,366366991130,366367209970,366367229080,366416831125,366366988890,16666666,366367337020,366367977600,366368020780,366368444990,366384644735,15413155,116380,366383587784,366384644735,366401227979,366368444990,
11-01 17:28:12.705  2525  2542 I System.out: 56 0,48655,366383497793,366383497793,0,366383644444,366383644744,366383796664,366383814224,366433497791,366383643134,16666666,366383899244,366384674165,366384712525,366385101165,366401388299,15494484,110500,366400257169,366401388299,366418052044,366385101165,
11-01 17:28:12.705  2525  2542 I System.out: 57 0,48663,366400164459,366400164459,0,366400374329,366400374729,366400612679,366400635559,366450164457,366400371699,16666666,366400767459,366401460039,366401503079,366401940310,366418283984,15507384,116970,366416908004,366418283984,366434513559,366401940310,
11-01 17:28:12.705  2525  2542 I System.out: 58 0,48671,366416831125,366416831125,0,366417021744,366417022234,366417266614,366417289784,366466831123,366417018984,16666666,366417439514,366418317324,366418362114,366418818614,366434721849,14979635,122310,366433596858,366434721849,366451118443,366418818614,
11-01 17:28:12.705  2525  2542 I System.out: 59 0,48679,366433497791,366433497791,0,366433765018,366433765608,366434006358,366434034078,366483497789,366433762578,16666666,366434167958,366434752779,366434795459,366435228969,366451360043,15322554,111500,366450293643,366451360043,366468191928,366435228969,
11-01 17:28:12.705  2525  2542 I System.out: 60 0,48687,366450164457,366450164457,0,366450363143,366450363963,366450633123,366450655163,366500164455,366450360623,16666666,366450775033,366451386823,366451423693,366452037573,366468422838,15618304,74450,366466935288,366468422838,366484366402,366452037573,
11-01 17:28:12.705  2525  2542 I System.out: 61 0,48695,366466831123,366466831123,0,366467045638,366467045988,366467248078,366467270198,366516831121,366467043838,16666666,366467384818,366468453648,366468494398,366468935018,366484743863,15013594,83290,366483589802,366484743863,366501479307,366468935018,
11-01 17:28:12.705  2525  2542 I System.out: 62 0,48703,366483497789,366483497789,0,366483725132,366483725502,366483957172,366483980732,366533497787,366483722952,16666666,366484104532,366484771893,366484808893,366485167253,366501564977,15456614,93560,366500256517,366501564977,366518111482,366485167253,
11-01 17:28:12.705  2525  2542 I System.out: 63 0,48711,366500164455,366500164455,0,366500380157,366500380367,366500566777,366500586597,366550164453,366500377887,16666666,366500691127,366501598937,366501644237,366502099887,366518244752,15249194,120050,366516911431,366518244752,366535046276,366502099887,
11-01 17:28:12.705  2525  2542 I System.out: 64 0,48719,366516831121,366516831121,0,366516991811,366516992041,366517122472,366517133762,366566831119,366516990271,16666666,366517224832,366518267602,366518299752,366518676692,366535228897,15779345,103050,366533603736,366535228897,366551116231,366518676692,
11-01 17:28:12.705  2525  2542 I System.out: 65 0,48727,366533497787,366533497787,0,366533704146,366533704466,366533880136,366533892556,366583497785,366533702886,16666666,366533964156,366535250867,366535282717,366535663747,366551478321,14969854,121960,366550253111,366551478321,366568209966,366535663747,
11-01 17:28:12.705  2525  2542 I System.out: 66 0,48735,366550164453,366550164453,0,366550312851,366550313131,366550512911,366550529831,366600164451,366550310681,16666666,366550635191,366551526261,366551757381,366552205821,366568417066,15263324,114880,366553109772,366568417066,366584711150,366552205821,
11-01 17:28:12.705  2525  2542 I System.out: 67 0,48743,366566831119,366566831119,0,366566991185,366566991325,366567130765,366567143825,366616831117,366566989385,16666666,366567214495,366568457306,366568496236,366568809866,366584782210,15152364,134560,366583587610,366584782210,366601120055,366568809866,
11-01 17:28:12.705  2525  2542 I System.out: 68 0,48751,366583497785,366583497785,0,366583636280,366583636540,366583751290,366583764210,366633497783,366583635370,16666666,366583833350,366584819150,366584859750,366585185250,366601531345,15491834,117550,366585994681,366601531345,366617664379,366585185250,
11-01 17:28:12.705  2525  2542 I System.out: 69 0,48759,366600164451,366600164451,0,366600381625,366600381995,366600559855,366600579245,366650164449,366600380175,16666666,366600690305,366601558365,366601587425,366601931645,366617917700,15191664,96500,366616904839,366617917700,366634703924,366601931645,
11-01 17:28:12.705  2525  2542 I System.out: 70 0,48767,366616831117,366616831117,0,366616995579,366616995859,366617134299,366617157029,366666831115,366616994329,16666666,366617227299,366617942030,366617971350,366618344490,366634915214,15751224,87410,366633554714,366634915214,366651482419,366618344490,
11-01 17:28:12.705  2525  2542 I System.out: 71 0,48775,366633497783,366633497783,0,366634805434,366634805714,366634974034,366634985444,366683497781,366634804244,16666666,366635056364,366635076694,366635104024,366635422174,366651537919,15343754,100060,366650283818,366651537919,366668154963,366635422174,
11-01 17:28:12.705  2525  2542 I System.out: 72 0,48783,366650164449,366650164449,0,366650340639,366650340999,366650513149,366650524049,366700164447,366650339449,16666666,366650596009,366651580979,366651628519,366652082819,366668321264,15398654,121320,366666948593,366668321264,366684576088,366652082819,
11-01 17:28:12.705  2525  2542 I System.out: 73 0,48791,366666831115,366666831115,0,366667021803,366667022163,366667231963,366667252703,366716831113,366667019823,16666666,366667389023,366668347434,366668379954,366668764544,366684787728,15185204,151710,366683601768,366684787728,366701270543,366668764544,
