11-01 17:29:53.618  2525  2542 I System.out: 38 0,100654,467000160435,467000160435,0,467000315172,467000315462,467000466692,467000476042,467050160433,467000314242,16666666,467000529912,467001923693,467001962383,467002361423,467018477167,15247314,163440,467003181443,467018477167,467034845962,467002361423,
11-01 17:29:53.618  2525  2542 I System.out: 39 0,100662,467016827101,467016827101,0,467017028897,467017029177,467017186627,467017196447,467066827099,467017027827,16666666,467017250977,467018513627,467018552007,467018959218,467034963452,15204154,169870,467019718798,467034963452,467051105967,467018959218,
11-01 17:29:53.618  2525  2542 I System.out: 40 0,100670,467033493767,467033493767,0,467033704282,467033704592,467033909562,467033930042,467083493765,467033702162,16666666,467034030612,467034983882,467035012012,467035325252,467051306877,15162345,119100,467036087222,467051306877,467067738891,467035325252,
11-01 17:29:53.618  2525  2542 I System.out: 41 0,100678,467050160433,467050160433,0,467050337286,467050337696,467050495286,467050511376,467100160431,467050335996,16666666,467050599446,467051337697,467051377287,467051863047,467068013541,15141654,108670,467066897021,467068013541,467084356266,467051863047,
11-01 17:29:53.618  2525  2542 I System.out: 42 0,100686,467066827099,467066827099,0,467067011721,467067012141,467067235221,467067255121,467116827097,467067009851,16666666,467067367431,467068045891,467068091791,467068545671,467084514286,15030224,164320,467069441972,467084514286,467101337030,467068545671,
11-01 17:29:53.618  2525  2542 I System.out: 43 0,100694,467083493765,467083493765,0,467083726716,467083727026,467083961146,467083985556,467133493763,467083724546,16666666,467084105756,467084541916,467084586786,467084944926,467101535251,15758825,141020,467085736236,467101535251,467118266005,467084944926,
11-01 17:29:53.618  2525  2542 I System.out: 44 0,100702,467100160431,467100160431,0,467100382350,467100382750,467100611200,467100631840,467150160429,467100380200,16666666,467100754410,467101555521,467101588301,467102018071,467118400265,15497624,151920,467102803951,467118400265,467134475650,467102018071,
11-01 17:29:53.618  2525  2542 I System.out: 45 0,100710,467116827097,467116827097,0,467117078045,467117078445,467117265565,467117283505,467166827095,467117076365,16666666,467117378125,467118428285,467118467305,467118860445,467134710340,15099344,95210,467133574749,467134710340,467151176324,467118860445,
11-01 17:29:53.618  2525  2542 I System.out: 46 0,100718,467133493763,467133493763,0,467133679029,467133679359,467133886910,467133905580,467183493761,467133677089,16666666,467134000790,467134741080,467134783960,467135173880,467151228664,15300684,136290,467135884060,467151228664,467168023219,467135173880,
11-01 17:29:53.618  2525  2542 I System.out: 47 0,100726,467150160429,467150160429,0,467150354374,467150355014,467150579384,467150599004,467200160427,467150352314,16666666,467150693624,467151259684,467151302294,467151748354,467168077179,15386824,143100,467152638765,467168077179,467184774664,467151748354,
11-01 17:29:53.618  2525  2542 I System.out: 48 0,100734,467166827095,467166827095,0,467167018439,467167018749,467167176849,467167192929,467216827093,467167016719,16666666,467167278829,467168107849,467168146589,467168553489,467184942364,15525105,157120,467169368629,467184942364,467201088298,467168553489,
11-01 17:29:53.618  2525  2542 I System.out: 49 0,100742,467183493761,467183493761,0,467183675093,467183675433,467183871513,467183890133,467233493759,467183673263,16666666,467183986533,467184971164,467185010434,467185464964,467201228348,14965554,104790,467200234408,467201228348,467218272633,467185464964,
11-01 17:29:53.618  2525  2542 I System.out: 50 0,100750,467200160427,467200160427,0,467200326568,467200327118,467200498298,467200517338,467250160425,467200325158,16666666,467200607278,467201258938,467201305538,467201751708,467218402833,15827044,106700,467216899233,467218402833,467235092898,467201751708,
11-01 17:29:53.618  2525  2542 I System.out: 51 0,100758,467216827093,467216827093,0,467216993803,467216994363,467217198693,467217217553,467266827091,467216991453,16666666,467217316753,467218435543,467218480853,467218932233,467235274638,15512725,167700,467219703233,467235274638,467251218872,467218932233,
11-01 17:29:53.618  2525  2542 I System.out: 52 0,100766,467233493759,467233493759,0,467233768097,467233768677,467234023487,467234046727,467283493757,467233765187,16666666,467234158017,467235308148,467235354198,467235787048,467251454842,14785684,114820,467250263052,467251454842,467268171167,467235787048,
11-01 17:29:53.618  2525  2542 I System.out: 53 0,100774,467250160425,467250160425,0,467250362962,467250363662,467250613452,467250636862,467300160423,467250360562,16666666,467250735162,467251482432,467251522082,467251883862,467268379717,15698035,132220,467252628192,467268379717,467284943501,467251883862,
11-01 17:29:53.618  2525  2542 I System.out: 54 0,100782,467266827091,467266827091,0,467267055766,467267056306,467267295337,467267317157,467316827089,467267053416,16666666,467267427937,467268411827,467268453127,467269090347,467285149682,15073355,263540,467270028087,467285149682,467301529716,467269090347,
11-01 17:29:53.618  2525  2542 I System.out: 55 0,100790,467283493757,467283493757,0,467283714741,467283715361,467283963071,467283987621,467333493755,467283712151,16666666,467284650981,467285177792,467285216922,467285596532,467301671816,15277284,130590,467286353952,467301671816,467318088611,467285596532,
11-01 17:29:53.618  2525  2542 I System.out: 56 0,100798,467300160423,467300160423,0,467300330636,467300330886,467300491626,467300509526,467350160421,467300329226,16666666,467300599876,467301699556,467301736816,467302109666,467318132321,15092095,163020,467302979746,467318132321,467334367735,467302109666,
11-01 17:29:53.619  2525  2542 I System.out: 57 0,100806,467316827089,467316827089,0,467317110450,467317110720,467317277020,467317292570,467366827087,467317108910,16666666,467317430170,467318164401,467318228811,467318760681,467334543365,14889134,111680,467333596925,467334543365,467351093530,467318760681,
11-01 17:29:53.619  2525  2542 I System.out: 58 0,100814,467333493755,467333493755,0,467333712765,467333713165,467333911435,467333929745,467383493753,467333711115,16666666,467334021735,467334573855,467334614235,467335057845,467351402900,15472964,106460,467350302130,467351402900,467367692654,467335057845,
11-01 17:29:53.619  2525  2542 I System.out: 59 0,100822,467350160421,467350160421,0,467350355460,467350355720,467350486220,467350497960,467400160419,467350354320,16666666,467350556110,467351429560,467351464680,467351825680,467368084505,15439015,99960,467352568660,467368084505,467384332109,467351825680,
11-01 17:29:53.619  2525  2542 I System.out: 60 0,100830,467366827087,467366827087,0,467367061274,467367061674,467367214164,467367226694,467416827085,467367059584,16666666,467367292334,467368140675,467368192835,467368642525,467384608929,15102894,163880,467369446125,467384608929,467401076344,467368642525,
11-01 17:29:53.619  2525  2542 I System.out: 61 0,100838,467383493753,467383493753,0,467383687139,467383687429,467383842429,467383853369,467433493751,467383685839,16666666,467383914119,467384639069,467384676949,467385133909,467401261314,15236274,96320,467400290444,467401261314,467417898768,467385133909,
11-01 17:29:53.619  2525  2542 I System.out: 62 0,100846,467400160419,467400160419,0,467400356074,467400356474,467400507204,467400518724,467450160417,467400354734,16666666,467400583454,467401287904,467401319084,467401706764,467418063938,15471664,103090,467416939868,467418063938,467434856493,467401706764,
11-01 17:29:53.619  2525  2542 I System.out: 63 0,100854,467416827085,467416827085,0,467417036928,467417037618,467417286138,467417310408,467466827083,467417033438,16666666,467417438508,467418117668,467418169088,467418638289,467435049353,15426564,133290,467419571129,467435049353,467451054138,467418638289,
11-01 17:29:53.619  2525  2542 I System.out: 64 0,100862,467433493751,467433493751,0,467433672873,467433673363,467433888793,467433910193,467483493749,467433670293,16666666,467434008743,467435080513,467435122683,467435549023,467451364258,14910004,110240,467436399514,467451364258,467468092672,467435549023,
11-01 17:29:53.619  2525  2542 I System.out: 65 0,100870,467450160417,467450160417,0,467450380987,467450381597,467450616527,467450638887,467500160415,467450377817,16666666,467450745828,467451396818,467451440658,467451886448,467467999862,15202314,109050,467466952782,467467999862,467484280567,467451886448,
11-01 17:29:53.619  2525  2542 I System.out: 66 0,100878,467466827083,467466827083,0,467467072962,467467073662,467467361662,467467387872,467516827081,467467068772,16666666,467467515962,467468031352,467468078362,467468494442,467484423597,15135214,98960,467483580407,467484423597,467501308112,467468494442,
11-01 17:29:53.619  2525  2542 I System.out: 67 0,100886,467483493749,467483493749,0,467483634287,467483634827,467483825577,467483844177,467533493747,467483632617,16666666,467483938397,467484450797,467484493747,467484867407,467501566942,15750605,87160,467500300691,467501566942,467518233856,467484867407,
11-01 17:29:53.619  2525  2542 I System.out: 68 0,100894,467500160415,467500160415,0,467500346091,467500346421,467500611531,467500634781,467550160413,467500343901,16666666,467500754221,467501599192,467501643832,467502086012,467518350516,15414764,113220,467516914356,467518350516,467534874281,467502086012,
11-01 17:29:53.619  2525  2542 I System.out: 69 0,100902,467516827081,467516827081,0,467516964536,467516964786,467517146666,467517161586,467566827079,467516963296,16666666,467517234906,467518377106,467518410536,467518799196,467535078011,15374254,104570,467533590501,467535078011,467551187355,467518799196,
11-01 17:29:53.619  2525  2542 I System.out: 70 0,100910,467533493747,467533493747,0,467533707421,467533707961,467533955941,467533979351,467583493745,467533704751,16666666,467534101161,467535109731,467535153271,467535589481,467551471666,14958664,117710,467550251375,467551471666,467567818020,467535589481,
11-01 17:29:53.619  2525  2542 I System.out: 71 0,100918,467550160413,467550160413,0,467550324335,467550324755,467550513595,467550530505,467600160411,467550322465,16666666,467550615375,467551505876,467551547546,467552011306,467568158370,15265284,114060,467566922680,467568158370,467584631715,467552011306,
11-01 17:29:53.619  2525  2542 I System.out: 72 0,100926,467566827079,467566827079,0,467567032430,467567032740,467567213030,467567230500,467616827077,467567030260,16666666,467567325810,467568186280,467568220680,467568582770,467584973025,15535345,108790,467583613914,467584973025,467601647749,467568582770,
11-01 17:29:53.619  2525  2542 I System.out: 73 0,100934,467583493745,467583493745,0,467583688394,467583688844,467583952755,467583973245,467633493743,467583686344,16666666,467584091425,467585004975,467585062185,467585522195,467601837549,15386474,110920,467586397005,467601837549,467617622444,467585522195,
11-01 17:29:53.619  2525  2542 I System.out: 74 0,100942,467600160411,467600160411,0,467600369279,467600369859,467600610549,467600634219,467650160409,467600366399,16666666,467600741209,467601870519,467601917460,467602362820,467618248624,14991074,108750,467603198510,467618248624,467634671849,467602362820,
11-01 17:29:53.620  2525  2542 I System.out: 75 0,100950,467616827077,467616827077,0,467617669754,467617670054,467617810794,467617826734,467666827075,467617668234,16666666,467617908314,467618286254,467618330914,467618734894,467634829889,15166665,118630,467619617394,467634829889,467651803343,467618734894,
11-01 17:29:53.620  2525  2542 I System.out: 76 0,100958,467633493743,467633493743,0,467633700318,467633700618,467633872108,467633891758,467683493741,467633698148,16666666,467633990138,467634853079,467634880859,467635219679,467651981683,15961434,104640,467650270723,467651981683,467668108718,467635219679,
11-01 17:29:53.620  2525  2542 I System.out: 77 0,100966,467650160409,467650160409,0,467650333733,467650334003,467650485463,467650495783,467700160407,467650332503,16666666,467650550473,467652003473,467652027363,467652333484,467668282358,15037964,103730,467653177744,467668282358,467684717593,467652333484,
11-01 17:29:53.620  2525  2542 I System.out: 78 0,100974,467666827075,467666827075,0,467666971918,467666972198,467667128158,467667138098,467716827073,467666970308,16666666,467667202338,467668328778,467668382118,467668893718,467684682373,14759964,117730,467683599372,467684682373,467700865667,467668893718,
11-01 17:29:53.620  2525  2542 I System.out: 79 0,100982,467683493741,467683493741,0,467683656982,467683657412,467683924822,467683948192,467733493739,467683654432,16666666,467684071142,467684713923,467684757723,467685191973,467700997667,14906854,107010,467686047593,467700997667,467717879602,467685191973,
11-01 17:29:53.620  2525  2542 I System.out: 80 0,100990,467700160407,467700160407,0,467700394207,467700394447,467700541027,467700557867,467750160405,467700393037,16666666,467700643397,467701021047,467701076347,467701464217,467718027902,15670885,103500,467716941071,467718027902,467734463526,467701464217,
11-01 17:29:53.620  2525  2542 I System.out: 81 0,100998,467716827073,467716827073,0,467717061651,467717062111,467717243662,467717261032,467766827071,467717048071,16666666,467717348222,467718049272,467718082012,467718377362,467734668756,15524004,65190,467733589106,467734668756,467751135991,467718377362,
11-01 17:29:53.620  2525  2542 I System.out: 82 0,101006,467733493739,467733493739,0,467733629626,467733629826,467733767186,467733779196,467783493737,467733628726,16666666,467733844446,467734699046,467734745116,467735193247,467751388701,15339344,107330,467750263651,467751388701,467767834466,467735193247,
11-01 17:29:53.620  2525  2542 I System.out: 83 0,101014,467750160405,467750160405,0,467750381001,467750381641,467750608021,467750627991,467800160403,467750377701,16666666,467750720101,467751418951,467751462801,467751805581,467768023456,15431865,83920,467766923035,467768023456,467784498620,467751805581,
11-01 17:29:53.620  2525  2542 I System.out: 84 0,101022,467766827071,467766827071,0,467766971225,467766971385,467767106535,467767120015,467816827069,467766969705,16666666,467767184155,467768042186,467768066356,467768304276,467784641070,15609944,72060,467783579610,467784641070,467801023645,467768304276,
11-01 17:29:53.620  2525  2542 I System.out: 85 0,101030,467783493737,467783493737,0,467783617130,467783617340,467783763750,467783774580,467833493735,467783615990,16666666,467783830300,467784657930,467784682670,467785103690,467801542835,15570184,114830,467800280865,467801542835,467818453000,467785103690,
11-01 17:29:53.620  2525  2542 I System.out: 86 0,101038,467800160403,467800160403,0,467800378785,467800379085,467800538555,467800552205,467850160401,467800377215,16666666,467800623775,467801569395,467801601235,467801965065,467818628400,15872515,110860,467816924429,467818628400,467834431874,467801965065,
11-01 17:29:53.620  2525  2542 I System.out: 87 0,101046,467816827069,467816827069,0,467817007709,467817007939,467817164279,467817175069,467866827067,467817006209,16666666,467817235509,467818653790,467818685510,467819068710,467834893254,15035634,106240,467833612004,467834893254,467851125419,467819068710,
11-01 17:29:53.620  2525  2542 I System.out: 88 0,101054,467833493735,467833493735,0,467833755264,467833755874,467834018694,467834042734,467883493733,467833752984,16666666,467834157714,467834927634,467834976164,467835469874,467851353169,15010914,130760,467850284569,467851353169,467867917373,467835469874,
11-01 17:29:53.620  2525  2542 I System.out: 89 0,101062,467850160401,467850160401,0,467850375469,467850376099,467850635759,467850657069,467900160399,467850372889,16666666,467850763569,467851387909,467851436349,467851873689,467868041213,15325714,112580,467866923113,467868041213,467884287538,467851873689,
11-01 17:29:53.620  2525  2542 I System.out: 90 0,101070,467866827067,467866827067,0,467867047523,467867047923,467867239103,467867255853,467916827065,467867046093,16666666,467867352653,467868068743,467868106873,467868488194,467884808638,15516684,110560,467883601558,467884808638,467901730673,467868488194,
11-01 17:29:53.620  2525  2542 I System.out: 91 0,101078,467883493733,467883493733,0,467883718608,467883718998,467883921798,467883941418,467933493731,467883716828,16666666,467884164898,467884836298,467884874668,467885248158,467901903363,15934245,117850,467900306672,467901903363,467917841577,467885248158,
11-01 17:29:53.620  2525  2542 I System.out: 92 0,101086,467900160399,467900160399,0,467900385622,467900385922,467900567702,467900585202,467950160397,467900384172,16666666,467900665322,467901928643,467901959863,467902335703,467917952147,14813414,107520,467916917707,467917952147,467934679522,467902335703,
11-01 17:29:53.620  2525  2542 I System.out: 93 0,101094,467916827065,467916827065,0,467917021197,467917021737,467917221377,467917241677,467966827063,467917000367,16666666,467917337497,467917973807,467918006197,467918485857,467934954612,15737844,64530,467933608382,467934954612,467952066237,467918485857,
11-01 17:29:53.621  2525  2542 I System.out: 94 0,101102,467933493731,467933493731,0,467933691042,467933691962,467933959982,467933982302,467983493729,467933687542,16666666,467934089052,467934983922,467935028382,467935403662,467952287037,16140115,67220,467950266646,467952287037,467967585991,467935403662,
11-01 17:29:53.621  2525  2542 I System.out: 95 0,101110,467950160397,467950160397,0,467950414146,467950414666,467950621736,467950641636,468000160395,467950412216,16666666,467950742946,467952317087,467952357987,467952778747,467967763971,14122374,115500,467953583177,467967763971,467984246396,467952778747,
11-01 17:29:53.621  2525  2542 I System.out: 96 0,101118,467966827063,467966827063,0,467967062511,467967062821,467967249351,467967263821,468016827061,467967061011,16666666,467967338251,467967790291,467967821111,467968240851,467984780186,15565754,117191,467969160772,467984780186,468000848660,467968240851,
11-01 17:29:53.621  2525  2542 I System.out: 97 0,101126,467983493729,467983493729,0,467983730016,467983730346,467983908636,467983924446,468033493727,467983728266,16666666,467984012306,467984807716,467984842176,467985217826,468001311040,15220654,104880,468000263070,468001311040,468017895475,467985217826,
11-01 17:29:53.621  2525  2542 I System.out: 98 0,101134,468000160395,468000160395,0,468000908190,468000908420,468001046700,468001081620,468050160393,468000907040,16666666,468001154800,468001340440,468001385580,468001776571,468018142895,15480164,170150,468002612231,468018142895,468034843680,468001776571,
11-01 17:29:53.621  2525  2542 I System.out: 99 0,101142,468016827061,468016827061,0,468016958435,468016958645,468017158715,468017172835,468066827059,468016956775,16666666,468017244475,468018171725,468018210325,468018577825,468035026200,15528485,170730,468019448035,468035026200,468051112354,468018577825,
11-01 17:29:53.621  2525  2542 I System.out: 100 0,101150,468033493727,468033493727,0,468033711089,468033711479,468033873609,468033890099,468083493725,468033688429,16666666,468033973230,468035052240,468035086480,468035476010,468051363084,14895544,100290,468050265074,468051363084,468068056479,468035476010,
11-01 17:29:53.621  2525  2542 I System.out: 101 0,101158,468050160393,468050160393,0,468050387124,468050387684,468050644644,468050668574,468100160391,468050384264,16666666,468050788514,468051399754,468051453774,468051894525,468068183609,15479694,118520,468066918259,468068183609,468084470684,468051894525,
11-01 17:29:53.621  2525  2542 I System.out: 102 0,101166,468066827059,468066827059,0,468066963409,468066963629,468067102619,468067115789,468116827057,468066961839,16666666,468067178069,468068201869,468068226189,468068486609,468084667604,15436685,65540,468083598293,468084667604,468101185818,468068486609,
11-01 17:29:53.621  2525  2542 I System.out: 103 0,101174,468083493725,468083493725,0,468083694603,468083694943,468083885203,468083901853,468133493723,468083692653,16666666,468083997213,468084695574,468084728984,468085135544,468101367288,15406104,104360,468100277008,468101367288,468117774863,468085135544,
11-01 17:29:53.621  2525  2542 I System.out: 104 0,101182,468100160391,468100160391,0,468100361918,468100362238,468100530768,468100545058,468150160389,468100359898,16666666,468100621098,468101386508,468101430488,468101714548,468118030233,15527134,65890,468116918843,468118030233,468134890758,468101714548,
11-01 17:29:53.621  2525  2542 I System.out: 105 0,101190,468116827057,468116827057,0,468117014393,468117014713,468117154303,468117165063,468166827055,468117012533,16666666,468117226763,468118047003,468118074233,468118336943,468135059618,15902245,64000,468133603187,468135059618,468150947002,468118336943,
11-01 17:29:53.621  2525  2542 I System.out: 106 0,101198,468133493723,468133493723,0,468133666527,468133666807,468133873237,468133893027,468183493721,468133665077,16666666,468133998507,468135092588,468135137328,468135550918,468151466112,15076024,114120,468150246422,468151466112,468167706947,468135550918,
11-01 17:29:53.621  2525  2542 I System.out: 107 0,101206,468150160389,468150160389,0,468150317842,468150318082,468150422542,468150433862,468200160387,468150316932,16666666,468150488252,468151493562,468151527642,468151894282,468167914557,15120394,91101,468166913236,468167914557,468184390241,468151894282,
11-01 17:29:53.621  2525  2542 I System.out: 108 0,101214,468166827055,468166827055,0,468166975016,468166975246,468167093656,468167102887,468216827053,468166974166,16666666,468167151587,468167942937,468167976827,468168380317,468184837581,15521764,171920,468183606311,468184837581,468201191276,468168380317,
11-01 17:29:53.621  2525  2542 I System.out: 109 0,101222,468183493721,468183493721,0,468183657361,468183657641,468183819631,468183831921,468233493719,468183656101,16666666,468183896091,468184860251,468184886041,468185238002,468201528186,15462144,92480,468200279816,468201528186,468217839201,468185238002,
11-01 17:29:53.621  2525  2542 I System.out: 110 0,101230,468200160387,468200160387,0,468200301666,468200301886,468200422816,468200431286,468250160385,468200300616,16666666,468200478376,468201552516,468201585036,468201914316,468218112841,15351505,94990,468216920940,468218112841,468234686175,468201914316,
11-01 17:29:53.622  2525  2542 I System.out: 111 0,101238,468216827053,468216827053,0,468216974690,468216974970,468217157120,468217169860,468266827051,468216973450,16666666,468217236320,468218138161,468218170721,468218545331,468234813695,15493084,98160,468233620895,468234813695,468251134220,468218545331,
11-01 17:29:53.622  2525  2542 I System.out: 112 0,101246,468233493719,468233493719,0,468233684175,468233684535,468233901455,468233914765,468283493717,468233682655,16666666,468233996745,468234839145,468234872575,468235203185,468251443150,15461534,93760,468250254080,468251443150,468267806654,468235203185,
11-01 17:29:53.622  2525  2542 I System.out: 113 0,101254,468250160385,468250160385,0,468250302510,468250302730,468250425420,468250433940,468300160383,468250301460,16666666,468250480410,468251467850,468251498090,468251827080,468268124055,15506885,94910,468266934374,468268124055,468284595119,468251827080,
11-01 17:29:53.622  2525  2542 I System.out: 114 0,101262,468266827051,468266827051,0,468267006084,468267006504,468267223194,468267235144,468316827049,468267004674,16666666,468267311624,468268146315,468268171805,468268495035,468284791479,15497254,96400,468283620559,468284791479,468301382544,468268495035,
11-01 17:29:53.622  2525  2542 I System.out: 115 0,101270,468283493717,468283493717,0,468283704479,468283705109,468283885369,468283905069,468333493715,468283702219,16666666,468283994509,468284827899,468284866309,468285249349,468301600064,15449484,147750,468300294223,468301600064,468318218968,468285249349,
11-01 17:29:53.622  2525  2542 I System.out: 116 0,101278,468300160383,468300160383,0,468300356274,468300356614,468300496414,468300509554,468350160381,468300354824,16666666,468300583854,468301634774,468301676294,468302109074,468318140738,14947914,179890,468303127544,468318140738,468335164173,468302109074,
11-01 17:29:53.622  2525  2542 I System.out: 117 0,101307,468316827049,468316827049,0,468317506308,468317506768,468317796598,468317812208,468366827047,468317503808,16666666,468317997758,468318189838,468318242778,468318753559,468336166423,16421864,131020,468333638853,468336166423,466350980822,468318753559,
11-01 17:29:53.622  2525  2542 I System.out: 118 0,101336,468333493715,468333493715,0,468339706074,468339706354,468339947905,468339963725,468383493713,468339704014,16666666,468340064765,468340089665,468340147395,468340637415,468356731109,15074804,130130,468341588875,468356731109,466367766367,468340637415,
11-01 17:29:53.622  2525  2542 I System.out: 119 0,101365,468350160381,468350160381,0,468350896988,468350897278,468356951729,468356972539,468400160379,468350893478,16666666,468357098689,468357136909,468357192389,468357888439,468371272333,12556763,99860,468366973372,468371272333,466384489821,468357888439,
11-01 17:29:53.622  2525  2542 I System.out: 120 0,101394,468366827047,468366827047,0,468367512832,468367513322,468368209542,468368221792,468383493713,468367511212,16666666,468368504462,468371299623,468371344933,468371723323,466384769461,12698243,69050,466383598531,468385452647,466401005706,468371723323,
11-01 17:29:53.627  2525  2542 D Benchmark: Starting activity with command: am start  -W "intent:#Intent;action=android.intent.action.MAIN;category=android.intent.category.LAUNCHER;launchFlags=0x10008000;package=org.street_child.edubridge;component=org.street_child.edubridge/com.ustadmobile.port.android.view.AppActivity;end"
11-01 17:29:53.629  1510  2837 W MediaProvider: isAppCloneUserPair for user 0: false
11-01 17:29:53.630  1510  2837 V MediaProvider: Inserted id:1000000071 less than next row id backup:1000001000.
11-01 17:29:53.655   867   924 D SplashScreenView: Build android.window.SplashScreenView{3241565 V.E...... ......ID 0,0-0,0}
11-01 17:29:53.655   867   924 D SplashScreenView: Icon: view: null drawable: null size: 0
11-01 17:29:53.655   867   924 D SplashScreenView: Branding: view: android.view.View{600123a G.ED..... ......I. 0,0-0,0 #10204db android:id/splashscreen_branding_view} drawable: null size w: 0 h: 0
11-01 17:29:53.665  2617  2617 D AppActivity$onDestroy: AppActivity#onDestroy
11-01 17:29:53.666   575  2327 W InputManager-JNI: Input channel object 'ba187d5 org.street_child.edubridge/com.ustadmobile.port.android.view.AppActivity (client)' was disposed without first being removed with the input manager!
11-01 17:29:53.672  2617  2617 W CustomTabsClient: Unable to find any Custom Tabs packages, you may need to add a <queries> element to your manifest. See the docs for CustomTabsClient#getPackageName.
11-01 17:29:53.673  2617  2617 W AppActivity$bindCustomTabsService: CustomTabs: Service NOT supported
11-01 17:29:53.678  2617  2617 D AutofillManager: Fill dialog is enabled:false, hints=[]
11-01 17:29:53.681   867   995 W Parcel  : Expecting binder but got null!
11-01 17:29:53.683  2617  2617 W OnBackInvokedCallback: OnBackInvokedCallback is not enabled for the application.
11-01 17:29:53.683  2617  2617 W OnBackInvokedCallback: Set 'android:enableOnBackInvokedCallback="true"' in the application manifest.
11-01 17:29:53.687   575  2327 D ConnectivityService: requestNetwork for uid/pid:10126/2617 activeRequest: null callbackRequest: 62 [NetworkRequest [ REQUEST id=63, [ Capabilities: INTERNET&NOT_RESTRICTED&TRUSTED&NOT_VCN_MANAGED Uid: 10126 RequestorUid: 10126 RequestorPkg: org.street_child.edubridge UnderlyingNetworks: Null] ]] callback flags: 0 order: 2147483647
11-01 17:29:53.687   575   808 D ConnectivityService: NetReassign [63 : null → 100]
11-01 17:29:53.688   575   801 D WifiNetworkFactory: got request NetworkRequest [ REQUEST id=63, [ Capabilities: INTERNET&NOT_RESTRICTED&TRUSTED&NOT_VCN_MANAGED Uid: 10126 RequestorUid: 10126 RequestorPkg: org.street_child.edubridge UnderlyingNetworks: Null] ]
11-01 17:29:53.688   575   801 D UntrustedWifiNetworkFactory: got request NetworkRequest [ REQUEST id=63, [ Capabilities: INTERNET&NOT_RESTRICTED&TRUSTED&NOT_VCN_MANAGED Uid: 10126 RequestorUid: 10126 RequestorPkg: org.street_child.edubridge UnderlyingNetworks: Null] ]
11-01 17:29:53.688   575   801 D OemPaidWifiNetworkFactory: got request NetworkRequest [ REQUEST id=63, [ Capabilities: INTERNET&NOT_RESTRICTED&TRUSTED&NOT_VCN_MANAGED Uid: 10126 RequestorUid: 10126 RequestorPkg: org.street_child.edubridge UnderlyingNetworks: Null] ]
11-01 17:29:53.688   575   801 D MultiInternetWifiNetworkFactory: got request NetworkRequest [ REQUEST id=63, [ Capabilities: INTERNET&NOT_RESTRICTED&TRUSTED&NOT_VCN_MANAGED Uid: 10126 RequestorUid: 10126 RequestorPkg: org.street_child.edubridge UnderlyingNetworks: Null] ]
11-01 17:29:53.696  2617  2674 W Parcel  : Expecting binder but got null!
11-01 17:29:53.698   575   596 I ActivityTaskManager: Displayed org.street_child.edubridge/com.ustadmobile.port.android.view.AppActivity: +44ms
11-01 17:29:53.701  2617  2617 D UstadViewModelFunKt$ustadViewModel$viewModel$invoke: ustadViewModel(): create viewmodel for: com.ustadmobile.core.viewmodel.redirect.RedirectViewModel
11-01 17:29:53.701  2617  2617 I System.out: com.ustadmobile.core.db.UmAppDatabase_DoorWrapper@8bf4c3e
11-01 17:29:53.704  2617  2617 D UstadNavControllerPreCompose$onCollectNavCommand: NavCommandEffect: Navigate: Go to Login
11-01 17:29:53.711  2617  2617 D UstadViewModelFunKt$ustadViewModel$viewModel$invoke: ustadViewModel(): create viewmodel for: com.ustadmobile.core.viewmodel.login.LoginViewModel
11-01 17:29:53.715  2617  2726 V UstadCache: OKHttp-CacheInterceptor:  intercept: GET https://edubridge-afghanistan.app/Site/verify
11-01 17:29:53.715  2617  2726 I UstadCache: UstadCache(): Retrieve https://edubridge-afghanistan.app/Site/verify
11-01 17:29:53.715  2617  2726 D UstadCache: UstadCache(): MISS https://edubridge-afghanistan.app/Site/verify
11-01 17:29:53.717  2525  2542 D Benchmark: Result: Starting: Intent { act=android.intent.action.MAIN cat=[android.intent.category.LAUNCHER] flg=0x10008000 pkg=org.street_child.edubridge cmp=org.street_child.edubridge/com.ustadmobile.port.android.view.AppActivity }
11-01 17:29:53.717  2525  2542 D Benchmark: Status: ok
11-01 17:29:53.717  2525  2542 D Benchmark: LaunchState: WARM
11-01 17:29:53.717  2525  2542 D Benchmark: Activity: org.street_child.edubridge/com.ustadmobile.port.android.view.AppActivity
11-01 17:29:53.717  2525  2542 D Benchmark: TotalTime: 44
11-01 17:29:53.717  2525  2542 D Benchmark: WaitTime: 44
11-01 17:29:53.717  2525  2542 D Benchmark: Complete
11-01 17:29:53.722  2617  2726 D TrafficStats: tagSocket(99) with statsTag=0xffffffff, statsUid=-1
11-01 17:29:53.736  1510  1758 W MediaProvider: isAppCloneUserPair for user 0: false
11-01 17:29:53.736  1510  1758 V MediaProvider: Inserted id:1000000072 less than next row id backup:1000001000.
11-01 17:29:53.769  2617  2617 W LoginViewModel$invokeSuspend: Could not load site object for https://edubridge-afghanistan.app/
11-01 17:29:53.769  2617  2617 W LoginViewModel$invokeSuspend: java.net.ConnectException: Failed to connect to edubridge-afghanistan.app/65.21.146.62:443
11-01 17:29:53.769  2617  2617 W LoginViewModel$invokeSuspend: 	at okhttp3.internal.connection.RealConnection.connectSocket(RealConnection.kt:297)
11-01 17:29:53.769  2617  2617 W LoginViewModel$invokeSuspend: 	at okhttp3.internal.connection.RealConnection.connect(RealConnection.kt:207)
11-01 17:29:53.769  2617  2617 W LoginViewModel$invokeSuspend: 	at okhttp3.internal.connection.ExchangeFinder.findConnection(ExchangeFinder.kt:226)
11-01 17:29:53.769  2617  2617 W LoginViewModel$invokeSuspend: 	at okhttp3.internal.connection.ExchangeFinder.findHealthyConnection(ExchangeFinder.kt:106)
11-01 17:29:53.769  2617  2617 W LoginViewModel$invokeSuspend: 	at okhttp3.internal.connection.ExchangeFinder.find(ExchangeFinder.kt:74)
11-01 17:29:53.769  2617  2617 W LoginViewModel$invokeSuspend: 	at okhttp3.internal.connection.RealCall.initExchange$okhttp(RealCall.kt:255)
11-01 17:29:53.769  2617  2617 W LoginViewModel$invokeSuspend: 	at okhttp3.internal.connection.ConnectInterceptor.intercept(ConnectInterceptor.kt:32)
11-01 17:29:53.769  2617  2617 W LoginViewModel$invokeSuspend: 	at okhttp3.internal.http.RealInterceptorChain.proceed(RealInterceptorChain.kt:109)
11-01 17:29:53.769  2617  2617 W LoginViewModel$invokeSuspend: 	at okhttp3.internal.cache.CacheInterceptor.intercept(CacheInterceptor.kt:95)
11-01 17:29:53.769  2617  2617 W LoginViewModel$invokeSuspend: 	at okhttp3.internal.http.RealInterceptorChain.proceed(RealInterceptorChain.kt:109)
11-01 17:29:53.769  2617  2617 W LoginViewModel$invokeSuspend: 	at okhttp3.internal.http.BridgeInterceptor.intercept(BridgeInterceptor.kt:83)
11-01 17:29:53.769  2617  2617 W LoginViewModel$invokeSuspend: 	at okhttp3.internal.http.RealInterceptorChain.proceed(RealInterceptorChain.kt:109)
11-01 17:29:53.769  2617  2617 W LoginViewModel$invokeSuspend: 	at okhttp3.internal.http.RetryAndFollowUpInterceptor.intercept(RetryAndFollowUpInterceptor.kt:76)
11-01 17:29:53.769  2617  2617 W LoginViewModel$invokeSuspend: 	at okhttp3.internal.http.RealInterceptorChain.proceed(RealInterceptorChain.kt:109)
11-01 17:29:53.769  2617  2617 W LoginViewModel$invokeSuspend: 	at com.ustadmobile.libcache.okhttp.UstadCacheInterceptor.intercept(UstadCacheInterceptor.kt:407)
11-01 17:29:53.769  2617  2617 W LoginViewModel$invokeSuspend: 	at okhttp3.internal.http.RealInterceptorChain.proceed(RealInterceptorChain.kt:109)
11-01 17:29:53.769  2617  2617 W LoginViewModel$invokeSuspend: 	at okhttp3.internal.connection.RealCall.getResponseWithInterceptorChain$okhttp(RealCall.kt:201)
11-01 17:29:53.769  2617  2617 W LoginViewModel$invokeSuspend: 	at okhttp3.internal.connection.RealCall$AsyncCall.run(RealCall.kt:517)
11-01 17:29:53.769  2617  2617 W LoginViewModel$invokeSuspend: 	at java.util.concurrent.ThreadPoolExecutor.runWorker(ThreadPoolExecutor.java:1137)
11-01 17:29:53.769  2617  2617 W LoginViewModel$invokeSuspend: 	at java.util.concurrent.ThreadPoolExecutor$Worker.run(ThreadPoolExecutor.java:637)
11-01 17:29:53.769  2617  2617 W LoginViewModel$invokeSuspend: 	at java.lang.Thread.run(Thread.java:1012)
11-01 17:29:53.769  2617  2617 W LoginViewModel$invokeSuspend: Caused by: java.net.ConnectException: failed to connect to edubridge-afghanistan.app/65.21.146.62 (port 443) from /10.0.2.16 (port 56742) after 10000ms: isConnected failed: ECONNREFUSED (Connection refused)
11-01 17:29:53.769  2617  2617 W LoginViewModel$invokeSuspend: 	at libcore.io.IoBridge.isConnected(IoBridge.java:347)
11-01 17:29:53.769  2617  2617 W LoginViewModel$invokeSuspend: 	at libcore.io.IoBridge.connectErrno(IoBridge.java:237)
11-01 17:29:53.769  2617  2617 W LoginViewModel$invokeSuspend: 	at libcore.io.IoBridge.connect(IoBridge.java:179)
11-01 17:29:53.769  2617  2617 W LoginViewModel$invokeSuspend: 	at java.net.PlainSocketImpl.socketConnect(PlainSocketImpl.java:142)
11-01 17:29:53.769  2617  2617 W LoginViewModel$invokeSuspend: 	at java.net.AbstractPlainSocketImpl.doConnect(AbstractPlainSocketImpl.java:390)
11-01 17:29:53.769  2617  2617 W LoginViewModel$invokeSuspend: 	at java.net.AbstractPlainSocketImpl.connectToAddress(AbstractPlainSocketImpl.java:230)
11-01 17:29:53.769  2617  2617 W LoginViewModel$invokeSuspend: 	at java.net.AbstractPlainSocketImpl.connect(AbstractPlainSocketImpl.java:212)
11-01 17:29:53.769  2617  2617 W LoginViewModel$invokeSuspend: 	at java.net.SocksSocketImpl.connect(SocksSocketImpl.java:436)
11-01 17:29:53.769  2617  2617 W LoginViewModel$invokeSuspend: 	at java.net.Socket.connect(Socket.java:646)
11-01 17:29:53.769  2617  2617 W LoginViewModel$invokeSuspend: 	at okhttp3.internal.platform.Platform.connectSocket(Platform.kt:128)
11-01 17:29:53.769  2617  2617 W LoginViewModel$invokeSuspend: 	at okhttp3.internal.connection.RealConnection.connectSocket(RealConnection.kt:295)
11-01 17:29:53.769  2617  2617 W LoginViewModel$invokeSuspend: 	... 20 more
11-01 17:29:53.769  2617  2617 W LoginViewModel$invokeSuspend: Caused by: android.system.ErrnoException: isConnected failed: ECONNREFUSED (Connection refused)
11-01 17:29:53.769  2617  2617 W LoginViewModel$invokeSuspend: 	at libcore.io.IoBridge.isConnected(IoBridge.java:334)
11-01 17:29:53.769  2617  2617 W LoginViewModel$invokeSuspend: 	... 30 more
11-01 17:29:53.800  2525  2542 I System.out: 0 Flags,FrameTimelineVsyncId,IntendedVsync,Vsync,InputEventId,HandleInputStart,AnimationStart,PerformTraversalsStart,DrawStart,FrameDeadline,FrameInterval,FrameStartTime,SyncQueued,SyncStart,IssueDrawCommandsStart,SwapBuffers,FrameCompleted,DequeueBufferDuration,QueueBufferDuration,GpuCompleted,SwapBuffersCompleted,DisplayPresentTime,CommandSubmissionCompleted,
11-01 17:29:53.800  2525  2542 I System.out: 1 1,101554,468466827043,468466827043,0,468470578361,468470578711,468470578971,468489448316,468483493709,468470576541,16666666,468489720026,468489833446,468489862596,468489934026,468498104358,2110,72260,468498104358,468490331386,-2,468489934026,
11-01 17:29:53.800  2525  2542 I System.out: 2 0,101597,468483493709,468483493709,0,468492768287,468492768707,468496955428,468496975868,468516827041,468492767207,16666666,468497498978,468497527568,468497554738,468497643678,468500310999,2120,80030,468500310999,468498132668,288234774265332736,468497643678,
11-01 17:29:53.800  2525  2542 I System.out: 3 0,101633,468500160375,468500160375,0,468500331729,468500331949,468522239415,468522262445,468533493707,468500330119,16666666,468528983387,468529002097,468529038697,468529113737,468533631318,2900,343410,468533631318,468529854867,288234774265332736,468529113737,
11-01 17:29:53.800  2525  2542 I System.out: 4 0,101676,468516827041,468516827041,0,468531877198,468531877538,468547979272,468548000602,468566827039,468531875468,16666666,468559574736,468559635816,468559694686,468559927506,468564278187,2480,153820,468564278187,468560698076,288234774265332736,468559927506,
11-01 17:29:53.800  2525  2542 I System.out: 5 0,101719,468533493707,468550160373,0,468560500496,468560500696,468561978426,468561993576,468550160373,468560499316,16666666,468562785176,468562832506,468562867656,468563726217,279227437569541150,6758132,125380,279509049981207552,468571096289,314131378369397760,468563726217,
11-01 17:29:53.800  2525  2542 D UiDevice: Waiting 10000ms for SearchCondition[hasObject=BySelector [TEXT='\QGet Started\E']].
11-01 17:29:53.800  2525  2542 D UiDevice: Searching for node with selector: BySelector [TEXT='\QGet Started\E'].
11-01 17:29:53.909   425   459 W TransactionTracing: Could not find layer handle 0x7b1d62761ef0
11-01 17:29:53.909   425   459 W TransactionTracing: Could not find layer handle 0x7b1d62762130
11-01 17:29:53.940   425   459 W TransactionTracing: Could not find layer handle 0x7b1d62767e90
11-01 17:29:53.973   425   459 W TransactionTracing: Could not find layer handle 0x7b1d62766db0
11-01 17:29:53.973   425   459 W TransactionTracing: Could not find layer handle 0x7b1d62767d70
11-01 17:29:53.973   425   459 W TransactionTracing: Could not find layer handle 0x7b1d627646b0
11-01 17:29:53.973   425   459 W TransactionTracing: Could not find layer handle 0x7b1d62762550
11-01 17:29:53.973   425   459 W TransactionTracing: Could not find layer handle 0x7b1d6276a110
11-01 17:29:53.973   425   459 W TransactionTracing: Could not find layer handle 0x7b1d62763c90
11-01 17:29:53.994   575  2327 W InputManager-JNI: Input channel object 'b06b74e Splash Screen org.street_child.edubridge (client)' was disposed without first being removed with the input manager!
11-01 17:29:54.025  1129  1129 W FrameTracker: Missed SF frame:PREDICTION_ERROR, 101358, 5568198, CUJ=J<LAUNCHER_APP_CLOSE_TO_HOME>
11-01 17:29:54.025  1129  1129 W FrameTracker: Missed SF frame:PREDICTION_ERROR, 101387, 4056296, CUJ=J<LAUNCHER_APP_CLOSE_TO_HOME>
11-01 17:29:54.026  1129  1129 W FrameTracker: Missed SF frame:PREDICTION_ERROR, 101416, 4408575, CUJ=J<LAUNCHER_APP_CLOSE_TO_HOME>
11-01 17:29:54.026  1129  1129 W FrameTracker: Missed SF frame:PREDICTION_ERROR, 101438, 3873143, CUJ=J<LAUNCHER_APP_CLOSE_TO_HOME>
11-01 17:29:54.026  1129  1129 W FrameTracker: Missed SF frame:PREDICTION_ERROR, 101511, 4962560, CUJ=J<LAUNCHER_APP_CLOSE_TO_HOME>
11-01 17:29:54.026  1129  1129 W FrameTracker: Missed SF frame:PREDICTION_ERROR, 101755, 3901191, CUJ=J<LAUNCHER_APP_CLOSE_TO_HOME>
11-01 17:29:54.026  1129  1129 W FrameTracker: Missed SF frame:PREDICTION_ERROR, 101964, 3715063, CUJ=J<LAUNCHER_APP_CLOSE_TO_HOME>
11-01 17:29:54.026  1129  1129 W FrameTracker: Missed SF frame:PREDICTION_ERROR, 102000, 4094721, CUJ=J<LAUNCHER_APP_CLOSE_TO_HOME>
11-01 17:29:54.026  1129  1129 W FrameTracker: Missing SF jank callback for vsyncId: 102036, CUJ=J<LAUNCHER_APP_CLOSE_TO_HOME>
11-01 17:29:54.026  1129  1826 V PerfettoTrigger: Not triggering com.android.telemetry.interaction-jank-monitor-9 - not enough time since last trigger
11-01 17:29:54.043   867   923 W FrameTracker: Missed SF frame:PREDICTION_ERROR, 101662, 0, CUJ=J<SPLASHSCREEN_EXIT_ANIM>
11-01 17:29:54.043   867   923 W FrameTracker: Missing HWUI jank callback for vsyncId: 101662, CUJ=J<SPLASHSCREEN_EXIT_ANIM>
11-01 17:29:54.043   867   923 W FrameTracker: Missing HWUI jank callback for vsyncId: 101748, CUJ=J<SPLASHSCREEN_EXIT_ANIM>
11-01 17:29:54.043   867   923 W FrameTracker: Missed SF frame:PREDICTION_ERROR, 101772, 4374670, CUJ=J<SPLASHSCREEN_EXIT_ANIM>
11-01 17:29:54.043   867   923 W FrameTracker: Missed SF frame:PREDICTION_ERROR, 101813, 6909149, CUJ=J<SPLASHSCREEN_EXIT_ANIM>
11-01 17:29:54.043   867   923 W FrameTracker: Missed SF frame:PREDICTION_ERROR, 101849, 7939218, CUJ=J<SPLASHSCREEN_EXIT_ANIM>
11-01 17:29:54.043   867   923 W FrameTracker: Missed SF frame:PREDICTION_ERROR, 101885, 0, CUJ=J<SPLASHSCREEN_EXIT_ANIM>
11-01 17:29:54.043   867   923 W FrameTracker: Missing HWUI jank callback for vsyncId: 101885, CUJ=J<SPLASHSCREEN_EXIT_ANIM>
11-01 17:29:54.043   867   923 W FrameTracker: Missed SF frame:PREDICTION_ERROR, 102029, 4666980, CUJ=J<SPLASHSCREEN_EXIT_ANIM>
11-01 17:29:54.043   867   923 W FrameTracker: Missed SF frame:PREDICTION_ERROR, 102146, 0, CUJ=J<SPLASHSCREEN_EXIT_ANIM>
11-01 17:29:54.043   867   923 W FrameTracker: Missing HWUI jank callback for vsyncId: 102146, CUJ=J<SPLASHSCREEN_EXIT_ANIM>
11-01 17:29:54.043   867   923 W FrameTracker: Missing SF jank callback for vsyncId: 102181, CUJ=J<SPLASHSCREEN_EXIT_ANIM>
11-01 17:29:54.043   867   911 V PerfettoTrigger: Not triggering com.android.telemetry.interaction-jank-monitor-39 - not enough time since last trigger
11-01 17:29:54.173   425   459 W TransactionTracing: Could not find layer handle 0x7b1d62766630
11-01 17:29:54.173   425   459 W TransactionTracing: Could not find layer handle 0x7b1d62765f70
11-01 17:29:54.173   425   459 W TransactionTracing: Could not find layer handle 0x7b1d62765f70
11-01 17:29:54.314  2525  2542 D UiDevice: Searching for node with selector: BySelector [TEXT='\QGet Started\E'].
11-01 17:29:54.708  2617  2674 D EGL_emulation: app_time_stats: avg=3.27ms min=1.07ms max=31.71ms count=61
11-01 17:29:54.901  2525  2542 D UiDevice: Searching for node with selector: BySelector [TEXT='\QGet Started\E'].
11-01 17:29:55.005  2525  2542 D UiDevice: Searching for node with selector: BySelector [TEXT='\QGet Started\E'].
11-01 17:29:55.109  2525  2542 D UiDevice: Searching for node with selector: BySelector [TEXT='\QGet Started\E'].
11-01 17:29:55.212  2525  2542 D UiDevice: Searching for node with selector: BySelector [TEXT='\QGet Started\E'].
11-01 17:29:55.316  2525  2542 D UiDevice: Searching for node with selector: BySelector [TEXT='\QGet Started\E'].
11-01 17:29:55.419  2525  2542 D UiDevice: Searching for node with selector: BySelector [TEXT='\QGet Started\E'].
11-01 17:29:55.522  2525  2542 D UiDevice: Searching for node with selector: BySelector [TEXT='\QGet Started\E'].
11-01 17:29:55.627  2525  2542 D UiDevice: Searching for node with selector: BySelector [TEXT='\QGet Started\E'].
11-01 17:29:55.725  2617  2674 D EGL_emulation: app_time_stats: avg=1.23ms min=1.06ms max=2.36ms count=61
11-01 17:29:55.730  2525  2542 D UiDevice: Searching for node with selector: BySelector [TEXT='\QGet Started\E'].
11-01 17:29:55.833  2525  2542 D UiDevice: Searching for node with selector: BySelector [TEXT='\QGet Started\E'].
11-01 17:29:55.936  2525  2542 D UiDevice: Searching for node with selector: BySelector [TEXT='\QGet Started\E'].
11-01 17:29:56.039  2525  2542 D UiDevice: Searching for node with selector: BySelector [TEXT='\QGet Started\E'].
11-01 17:29:56.144  2525  2542 D UiDevice: Searching for node with selector: BySelector [TEXT='\QGet Started\E'].
11-01 17:29:56.247  2525  2542 D UiDevice: Searching for node with selector: BySelector [TEXT='\QGet Started\E'].
11-01 17:29:56.350  2525  2542 D UiDevice: Searching for node with selector: BySelector [TEXT='\QGet Started\E'].
11-01 17:29:56.454  2525  2542 D UiDevice: Searching for node with selector: BySelector [TEXT='\QGet Started\E'].
11-01 17:29:56.559  2525  2542 D UiDevice: Searching for node with selector: BySelector [TEXT='\QGet Started\E'].
11-01 17:29:56.662  2525  2542 D UiDevice: Searching for node with selector: BySelector [TEXT='\QGet Started\E'].
11-01 17:29:56.725  2617  2674 D EGL_emulation: app_time_stats: avg=1.22ms min=1.05ms max=1.57ms count=60
11-01 17:29:56.765  2525  2542 D UiDevice: Searching for node with selector: BySelector [TEXT='\QGet Started\E'].
11-01 17:29:56.868  2525  2542 D UiDevice: Searching for node with selector: BySelector [TEXT='\QGet Started\E'].
11-01 17:29:56.972  2525  2542 D UiDevice: Searching for node with selector: BySelector [TEXT='\QGet Started\E'].
11-01 17:29:57.075  2525  2542 D UiDevice: Searching for node with selector: BySelector [TEXT='\QGet Started\E'].
11-01 17:29:57.179  2525  2542 D UiDevice: Searching for node with selector: BySelector [TEXT='\QGet Started\E'].
11-01 17:29:57.282  2525  2542 D UiDevice: Searching for node with selector: BySelector [TEXT='\QGet Started\E'].
11-01 17:29:57.385  2525  2542 D UiDevice: Searching for node with selector: BySelector [TEXT='\QGet Started\E'].
11-01 17:29:57.488  2525  2542 D UiDevice: Searching for node with selector: BySelector [TEXT='\QGet Started\E'].
11-01 17:29:57.592  2525  2542 D UiDevice: Searching for node with selector: BySelector [TEXT='\QGet Started\E'].
11-01 17:29:57.696  2525  2542 D UiDevice: Searching for node with selector: BySelector [TEXT='\QGet Started\E'].
11-01 17:29:57.741  2617  2674 D EGL_emulation: app_time_stats: avg=1.25ms min=1.07ms max=2.31ms count=61
11-01 17:29:57.799  2525  2542 D UiDevice: Searching for node with selector: BySelector [TEXT='\QGet Started\E'].
11-01 17:29:57.902  2525  2542 D UiDevice: Searching for node with selector: BySelector [TEXT='\QGet Started\E'].
11-01 17:29:58.005  2525  2542 D UiDevice: Searching for node with selector: BySelector [TEXT='\QGet Started\E'].
11-01 17:29:58.110  2525  2542 D UiDevice: Searching for node with selector: BySelector [TEXT='\QGet Started\E'].
11-01 17:29:58.173   425   459 W TransactionTracing: Could not find layer id -1
11-01 17:29:58.214  2525  2542 D UiDevice: Searching for node with selector: BySelector [TEXT='\QGet Started\E'].
11-01 17:29:58.316  2525  2542 D UiDevice: Searching for node with selector: BySelector [TEXT='\QGet Started\E'].
11-01 17:29:58.420  2525  2542 D UiDevice: Searching for node with selector: BySelector [TEXT='\QGet Started\E'].
11-01 17:29:58.524  2525  2542 D UiDevice: Searching for node with selector: BySelector [TEXT='\QGet Started\E'].
11-01 17:29:58.627  2525  2542 D UiDevice: Searching for node with selector: BySelector [TEXT='\QGet Started\E'].
11-01 17:29:58.732  2525  2542 D UiDevice: Searching for node with selector: BySelector [TEXT='\QGet Started\E'].
11-01 17:29:58.747  2617  2674 D EGL_emulation: app_time_stats: avg=1.52ms min=1.06ms max=5.31ms count=60
11-01 17:29:58.849  2525  2542 D UiDevice: Searching for node with selector: BySelector [TEXT='\QGet Started\E'].
11-01 17:29:58.970  2525  2542 D UiDevice: Searching for node with selector: BySelector [TEXT='\QGet Started\E'].
11-01 17:29:59.092  2525  2542 D UiDevice: Searching for node with selector: BySelector [TEXT='\QGet Started\E'].
11-01 17:29:59.208  2525  2542 D UiDevice: Searching for node with selector: BySelector [TEXT='\QGet Started\E'].
11-01 17:29:59.327  2525  2542 D UiDevice: Searching for node with selector: BySelector [TEXT='\QGet Started\E'].
11-01 17:29:59.440  2525  2542 D UiDevice: Searching for node with selector: BySelector [TEXT='\QGet Started\E'].
11-01 17:29:59.456   425   459 W TransactionTracing: Could not find layer id -1
11-01 17:29:59.456   425   459 W TransactionTracing: Could not find layer id -1
11-01 17:29:59.456   425   459 W TransactionTracing: Could not find layer id -1
11-01 17:29:59.545  2525  2542 D UiDevice: Searching for node with selector: BySelector [TEXT='\QGet Started\E'].
11-01 17:29:59.650  2525  2542 D UiDevice: Searching for node with selector: BySelector [TEXT='\QGet Started\E'].
11-01 17:29:59.656   425   459 W TransactionTracing: Could not find layer id -1
11-01 17:29:59.753  2525  2542 D UiDevice: Searching for node with selector: BySelector [TEXT='\QGet Started\E'].
11-01 17:29:59.759  2617  2674 D EGL_emulation: app_time_stats: avg=2.53ms min=0.93ms max=6.22ms count=61
11-01 17:29:59.858  2525  2542 D UiDevice: Searching for node with selector: BySelector [TEXT='\QGet Started\E'].
11-01 17:29:59.889   425   459 W TransactionTracing: Could not find layer id -1
11-01 17:29:59.962  2525  2542 D UiDevice: Searching for node with selector: BySelector [TEXT='\QGet Started\E'].
11-01 17:30:00.018   867   995 D EGL_emulation: app_time_stats: avg=223.10ms min=14.14ms max=5707.17ms count=29
