11-01 17:26:57.663   575   801 D WifiNetworkFactory: got request NetworkRequest [ REQUEST id=49, [ Capabilities: INTERNET&NOT_RESTRICTED&TRUSTED&NOT_VCN_MANAGED Uid: 10126 RequestorUid: 10126 RequestorPkg: org.street_child.edubridge UnderlyingNetworks: Null] ]
11-01 17:26:57.664   575   801 D UntrustedWifiNetworkFactory: got request NetworkRequest [ REQUEST id=49, [ Capabilities: INTERNET&NOT_RESTRICTED&TRUSTED&NOT_VCN_MANAGED Uid: 10126 RequestorUid: 10126 RequestorPkg: org.street_child.edubridge UnderlyingNetworks: Null] ]
11-01 17:26:57.664   575   801 D OemPaidWifiNetworkFactory: got request NetworkRequest [ REQUEST id=49, [ Capabilities: INTERNET&NOT_RESTRICTED&TRUSTED&NOT_VCN_MANAGED Uid: 10126 RequestorUid: 10126 RequestorPkg: org.street_child.edubridge UnderlyingNetworks: Null] ]
11-01 17:26:57.664   575   801 D MultiInternetWifiNetworkFactory: got request NetworkRequest [ REQUEST id=49, [ Capabilities: INTERNET&NOT_RESTRICTED&TRUSTED&NOT_VCN_MANAGED Uid: 10126 RequestorUid: 10126 RequestorPkg: org.street_child.edubridge UnderlyingNetworks: Null] ]
11-01 17:26:57.687  2617  2674 W Parcel  : Expecting binder but got null!
11-01 17:26:57.703   575   596 I ActivityTaskManager: Displayed org.street_child.edubridge/com.ustadmobile.port.android.view.AppActivity: +365ms
11-01 17:26:57.713  2617  2617 D UstadViewModelFunKt$ustadViewModel$viewModel$invoke: ustadViewModel(): create viewmodel for: com.ustadmobile.core.viewmodel.redirect.RedirectViewModel
11-01 17:26:57.717  2617  2617 I System.out: com.ustadmobile.core.db.UmAppDatabase_DoorWrapper@8bf4c3e
11-01 17:26:57.743  2617  2617 D UstadNavControllerPreCompose$onCollectNavCommand: NavCommandEffect: Navigate: Go to Login
11-01 17:26:57.806  2525  2542 D Benchmark: Result: Starting: Intent { act=android.intent.action.MAIN cat=[android.intent.category.LAUNCHER] flg=0x10008000 pkg=org.street_child.edubridge cmp=org.street_child.edubridge/com.ustadmobile.port.android.view.AppActivity }
11-01 17:26:57.806  2525  2542 D Benchmark: Status: ok
11-01 17:26:57.806  2525  2542 D Benchmark: LaunchState: WARM
11-01 17:26:57.806  2525  2542 D Benchmark: Activity: org.street_child.edubridge/com.ustadmobile.port.android.view.AppActivity
11-01 17:26:57.806  2525  2542 D Benchmark: TotalTime: 365
11-01 17:26:57.806  2525  2542 D Benchmark: WaitTime: 366
11-01 17:26:57.806  2525  2542 D Benchmark: Complete
11-01 17:26:57.818  2617  2617 D UstadViewModelFunKt$ustadViewModel$viewModel$invoke: ustadViewModel(): create viewmodel for: com.ustadmobile.core.viewmodel.login.LoginViewModel
11-01 17:26:57.830  2617  2726 V UstadCache: OKHttp-CacheInterceptor:  intercept: GET https://edubridge-afghanistan.app/Site/verify
11-01 17:26:57.831  2617  2726 I UstadCache: UstadCache(): Retrieve https://edubridge-afghanistan.app/Site/verify
11-01 17:26:57.832  2617  2726 D UstadCache: UstadCache(): MISS https://edubridge-afghanistan.app/Site/verify
11-01 17:26:57.873   425   459 W TransactionTracing: Could not find layer handle 0x7b1d62763750
11-01 17:26:57.877  2617  2726 D TrafficStats: tagSocket(102) with statsTag=0xffffffff, statsUid=-1
11-01 17:26:57.893   575  2836 D HostConnection: HostComposition ext ANDROID_EMU_CHECKSUM_HELPER_v1 ANDROID_EMU_native_sync_v2 ANDROID_EMU_dma_v1 ANDROID_EMU_direct_mem ANDROID_EMU_host_composition_v1 ANDROID_EMU_host_composition_v2 ANDROID_EMU_vulkan ANDROID_EMU_deferred_vulkan_commands ANDROID_EMU_vulkan_null_optional_strings ANDROID_EMU_vulkan_create_resources_with_requirements ANDROID_EMU_YUV_Cache ANDROID_EMU_vulkan_ignored_handles ANDROID_EMU_has_shared_slots_host_memory_allocator ANDROID_EMU_vulkan_free_memory_sync ANDROID_EMU_vulkan_shader_float16_int8 ANDROID_EMU_vulkan_async_queue_submit ANDROID_EMU_vulkan_queue_submit_with_commands ANDROID_EMU_vulkan_batched_descriptor_set_update ANDROID_EMU_sync_buffer_data ANDROID_EMU_vulkan_async_qsri ANDROID_EMU_read_color_buffer_dma ANDROID_EMU_hwc_multi_configs GL_OES_EGL_image_external_essl3 GL_OES_vertex_array_object GL_KHR_texture_compression_astc_ldr ANDROID_EMU_host_side_tracing ANDROID_EMU_gles_max_version_3_0
11-01 17:26:57.896  1510  1758 W MediaProvider: isAppCloneUserPair for user 0: false
11-01 17:26:57.897  1510  1758 V MediaProvider: Inserted id:1000000030 less than next row id backup:1000001000.
11-01 17:26:57.916   575  2836 W OpenGLRenderer: Failed to initialize 101010-2 format, error = EGL_SUCCESS
11-01 17:26:57.917   575  2836 D EGL_emulation: eglCreateContext: 0x7c10fb9f5550: maj 3 min 0 rcv 3
11-01 17:26:57.922   575  2836 D EGL_emulation: eglMakeCurrent: 0x7c10fb9f5550: ver 3 0 (tinfo 0x7c132307c100) (first time)
11-01 17:26:57.923  1129  1129 W FrameTracker: Missing SF jank callback for vsyncId: 10726, CUJ=J<LAUNCHER_APP_CLOSE_TO_HOME>
11-01 17:26:57.924  1129  1129 W FrameTracker: Missed App frame:UNKNOWN: 72, 10748, 514064890, CUJ=J<LAUNCHER_APP_CLOSE_TO_HOME>
11-01 17:26:57.924  1129  1129 W FrameTracker: Missed SF frame:UNKNOWN: 80, 10914, 0, CUJ=J<LAUNCHER_APP_CLOSE_TO_HOME>
11-01 17:26:57.924  1129  1129 W FrameTracker: Missing HWUI jank callback for vsyncId: 10914, CUJ=J<LAUNCHER_APP_CLOSE_TO_HOME>
11-01 17:26:57.925  1129  1826 V PerfettoTrigger: Not triggering com.android.telemetry.interaction-jank-monitor-9 - not enough time since last trigger
11-01 17:26:58.067  2617  2617 W LoginViewModel$invokeSuspend: Could not load site object for https://edubridge-afghanistan.app/
11-01 17:26:58.067  2617  2617 W LoginViewModel$invokeSuspend: java.net.ConnectException: Failed to connect to edubridge-afghanistan.app/65.21.146.62:443
11-01 17:26:58.067  2617  2617 W LoginViewModel$invokeSuspend: 	at okhttp3.internal.connection.RealConnection.connectSocket(RealConnection.kt:297)
11-01 17:26:58.067  2617  2617 W LoginViewModel$invokeSuspend: 	at okhttp3.internal.connection.RealConnection.connect(RealConnection.kt:207)
11-01 17:26:58.067  2617  2617 W LoginViewModel$invokeSuspend: 	at okhttp3.internal.connection.ExchangeFinder.findConnection(ExchangeFinder.kt:226)
11-01 17:26:58.067  2617  2617 W LoginViewModel$invokeSuspend: 	at okhttp3.internal.connection.ExchangeFinder.findHealthyConnection(ExchangeFinder.kt:106)
11-01 17:26:58.067  2617  2617 W LoginViewModel$invokeSuspend: 	at okhttp3.internal.connection.ExchangeFinder.find(ExchangeFinder.kt:74)
11-01 17:26:58.067  2617  2617 W LoginViewModel$invokeSuspend: 	at okhttp3.internal.connection.RealCall.initExchange$okhttp(RealCall.kt:255)
11-01 17:26:58.067  2617  2617 W LoginViewModel$invokeSuspend: 	at okhttp3.internal.connection.ConnectInterceptor.intercept(ConnectInterceptor.kt:32)
11-01 17:26:58.067  2617  2617 W LoginViewModel$invokeSuspend: 	at okhttp3.internal.http.RealInterceptorChain.proceed(RealInterceptorChain.kt:109)
11-01 17:26:58.067  2617  2617 W LoginViewModel$invokeSuspend: 	at okhttp3.internal.cache.CacheInterceptor.intercept(CacheInterceptor.kt:95)
11-01 17:26:58.067  2617  2617 W LoginViewModel$invokeSuspend: 	at okhttp3.internal.http.RealInterceptorChain.proceed(RealInterceptorChain.kt:109)
11-01 17:26:58.067  2617  2617 W LoginViewModel$invokeSuspend: 	at okhttp3.internal.http.BridgeInterceptor.intercept(BridgeInterceptor.kt:83)
11-01 17:26:58.067  2617  2617 W LoginViewModel$invokeSuspend: 	at okhttp3.internal.http.RealInterceptorChain.proceed(RealInterceptorChain.kt:109)
11-01 17:26:58.067  2617  2617 W LoginViewModel$invokeSuspend: 	at okhttp3.internal.http.RetryAndFollowUpInterceptor.intercept(RetryAndFollowUpInterceptor.kt:76)
11-01 17:26:58.067  2617  2617 W LoginViewModel$invokeSuspend: 	at okhttp3.internal.http.RealInterceptorChain.proceed(RealInterceptorChain.kt:109)
11-01 17:26:58.067  2617  2617 W LoginViewModel$invokeSuspend: 	at com.ustadmobile.libcache.okhttp.UstadCacheInterceptor.intercept(UstadCacheInterceptor.kt:407)
11-01 17:26:58.067  2617  2617 W LoginViewModel$invokeSuspend: 	at okhttp3.internal.http.RealInterceptorChain.proceed(RealInterceptorChain.kt:109)
11-01 17:26:58.067  2617  2617 W LoginViewModel$invokeSuspend: 	at okhttp3.internal.connection.RealCall.getResponseWithInterceptorChain$okhttp(RealCall.kt:201)
11-01 17:26:58.067  2617  2617 W LoginViewModel$invokeSuspend: 	at okhttp3.internal.connection.RealCall$AsyncCall.run(RealCall.kt:517)
11-01 17:26:58.067  2617  2617 W LoginViewModel$invokeSuspend: 	at java.util.concurrent.ThreadPoolExecutor.runWorker(ThreadPoolExecutor.java:1137)
11-01 17:26:58.067  2617  2617 W LoginViewModel$invokeSuspend: 	at java.util.concurrent.ThreadPoolExecutor$Worker.run(ThreadPoolExecutor.java:637)
11-01 17:26:58.067  2617  2617 W LoginViewModel$invokeSuspend: 	at java.lang.Thread.run(Thread.java:1012)
11-01 17:26:58.067  2617  2617 W LoginViewModel$invokeSuspend: Caused by: java.net.ConnectException: failed to connect to edubridge-afghanistan.app/65.21.146.62 (port 443) from /10.0.2.16 (port 49956) after 10000ms: isConnected failed: ECONNREFUSED (Connection refused)
11-01 17:26:58.067  2617  2617 W LoginViewModel$invokeSuspend: 	at libcore.io.IoBridge.isConnected(IoBridge.java:347)
11-01 17:26:58.067  2617  2617 W LoginViewModel$invokeSuspend: 	at libcore.io.IoBridge.connectErrno(IoBridge.java:237)
11-01 17:26:58.067  2617  2617 W LoginViewModel$invokeSuspend: 	at libcore.io.IoBridge.connect(IoBridge.java:179)
11-01 17:26:58.067  2617  2617 W LoginViewModel$invokeSuspend: 	at java.net.PlainSocketImpl.socketConnect(PlainSocketImpl.java:142)
11-01 17:26:58.067  2617  2617 W LoginViewModel$invokeSuspend: 	at java.net.AbstractPlainSocketImpl.doConnect(AbstractPlainSocketImpl.java:390)
11-01 17:26:58.067  2617  2617 W LoginViewModel$invokeSuspend: 	at java.net.AbstractPlainSocketImpl.connectToAddress(AbstractPlainSocketImpl.java:230)
11-01 17:26:58.067  2617  2617 W LoginViewModel$invokeSuspend: 	at java.net.AbstractPlainSocketImpl.connect(AbstractPlainSocketImpl.java:212)
11-01 17:26:58.067  2617  2617 W LoginViewModel$invokeSuspend: 	at java.net.SocksSocketImpl.connect(SocksSocketImpl.java:436)
11-01 17:26:58.067  2617  2617 W LoginViewModel$invokeSuspend: 	at java.net.Socket.connect(Socket.java:646)
11-01 17:26:58.067  2617  2617 W LoginViewModel$invokeSuspend: 	at okhttp3.internal.platform.Platform.connectSocket(Platform.kt:128)
11-01 17:26:58.067  2617  2617 W LoginViewModel$invokeSuspend: 	at okhttp3.internal.connection.RealConnection.connectSocket(RealConnection.kt:295)
11-01 17:26:58.067  2617  2617 W LoginViewModel$invokeSuspend: 	... 20 more
11-01 17:26:58.067  2617  2617 W LoginViewModel$invokeSuspend: Caused by: android.system.ErrnoException: isConnected failed: ECONNREFUSED (Connection refused)
11-01 17:26:58.067  2617  2617 W LoginViewModel$invokeSuspend: 	at libcore.io.IoBridge.isConnected(IoBridge.java:334)
11-01 17:26:58.067  2617  2617 W LoginViewModel$invokeSuspend: 	... 30 more
11-01 17:26:58.135   575  1132 W InputManager-JNI: Input channel object 'b44f913 Splash Screen org.street_child.edubridge (client)' was disposed without first being removed with the input manager!
11-01 17:26:58.183   867   923 W FrameTracker: Missed App frame:UNKNOWN: 24, 11072, 0, CUJ=J<SPLASHSCREEN_EXIT_ANIM>
11-01 17:26:58.184   867   923 W FrameTracker: Missed SF frame:UNKNOWN: 24, 11072, 0, CUJ=J<SPLASHSCREEN_EXIT_ANIM>
11-01 17:26:58.184   867   923 W FrameTracker: Missing HWUI jank callback for vsyncId: 11072, CUJ=J<SPLASHSCREEN_EXIT_ANIM>
11-01 17:26:58.184   867   923 W FrameTracker: Missed SF frame:UNKNOWN: 80, 11109, 0, CUJ=J<SPLASHSCREEN_EXIT_ANIM>
11-01 17:26:58.184   867   923 W FrameTracker: Missing HWUI jank callback for vsyncId: 11109, CUJ=J<SPLASHSCREEN_EXIT_ANIM>
11-01 17:26:58.185   867   923 W FrameTracker: Missed SF frame:UNKNOWN: 80, 11145, 42696901, CUJ=J<SPLASHSCREEN_EXIT_ANIM>
11-01 17:26:58.185   867   923 W FrameTracker: Missed SF frame:UNKNOWN: 80, 11174, 46271360, CUJ=J<SPLASHSCREEN_EXIT_ANIM>
11-01 17:26:58.185   867   923 W FrameTracker: Missed SF frame:UNKNOWN: 80, 11225, 0, CUJ=J<SPLASHSCREEN_EXIT_ANIM>
11-01 17:26:58.185   867   923 W FrameTracker: Missing HWUI jank callback for vsyncId: 11225, CUJ=J<SPLASHSCREEN_EXIT_ANIM>
11-01 17:26:58.186   867   923 W FrameTracker: Missed App frame:UNKNOWN: 88, 11247, 50486947, CUJ=J<SPLASHSCREEN_EXIT_ANIM>
11-01 17:26:58.187   867   923 W FrameTracker: Missed SF frame:UNKNOWN: 88, 11247, 50486947, CUJ=J<SPLASHSCREEN_EXIT_ANIM>
11-01 17:26:58.187   867   923 W FrameTracker: Missed App frame:UNKNOWN: 74, 11269, 65984480, CUJ=J<SPLASHSCREEN_EXIT_ANIM>
11-01 17:26:58.188   867   923 W FrameTracker: Missed SF frame:UNKNOWN: 74, 11269, 65984480, CUJ=J<SPLASHSCREEN_EXIT_ANIM>
11-01 17:26:58.188   867   923 W FrameTracker: Missed App frame:UNKNOWN: 328, 11306, 81208192, CUJ=J<SPLASHSCREEN_EXIT_ANIM>
11-01 17:26:58.188   867   923 W FrameTracker: Missed App frame:UNKNOWN: 74, 11314, 144935348, CUJ=J<SPLASHSCREEN_EXIT_ANIM>
11-01 17:26:58.188   867   923 W FrameTracker: Missed SF frame:UNKNOWN: 74, 11314, 144935348, CUJ=J<SPLASHSCREEN_EXIT_ANIM>
11-01 17:26:58.189   867   911 V PerfettoTrigger: Not triggering com.android.telemetry.interaction-jank-monitor-39 - not enough time since last trigger
11-01 17:26:58.311   425   459 W TransactionTracing: Could not find layer handle 0x7b1d62764b30
11-01 17:26:58.312   425   459 W TransactionTracing: Could not find layer handle 0x7b1d62763150
11-01 17:26:58.312   425   459 W TransactionTracing: Could not find layer handle 0x7b1d627634b0
11-01 17:26:58.325   867   995 D EGL_emulation: app_time_stats: avg=51.36ms min=2.36ms max=395.20ms count=19
11-01 17:26:58.349  2525  2542 I System.out: 0 Flags,FrameTimelineVsyncId,IntendedVsync,Vsync,InputEventId,HandleInputStart,AnimationStart,PerformTraversalsStart,DrawStart,FrameDeadline,FrameInterval,FrameStartTime,SyncQueued,SyncStart,IssueDrawCommandsStart,SwapBuffers,FrameCompleted,DequeueBufferDuration,QueueBufferDuration,GpuCompleted,SwapBuffersCompleted,DisplayPresentTime,CommandSubmissionCompleted,
11-01 17:26:58.349  2525  2542 I System.out: 1 1,10974,292400167419,292400167419,0,292401416315,292401417115,292401417865,292476853026,292416834085,292401412375,16666666,292477776626,292477911296,292477973166,292480330097,292481653947,3250,276080,292481463637,292481653947,292500508902,292480330097,
11-01 17:26:58.349  2525  2542 I System.out: 2 0,10996,292416834085,292483500749,0,292486362518,292486363048,292523119558,292523151588,292500167415,292486358358,16666666,292524184679,292531290871,292531332161,292531474761,292532801581,4330,420870,292532742821,292532801581,288234774265332736,292531474761,
11-01 17:26:58.349  2525  2542 I System.out: 3 0,11079,292533500747,292566834079,0,292570754062,292570754492,292715581102,292715621242,292550167413,292570750862,16666666,292745185570,292749705861,292749764381,292749857511,292761719585,2170,128140,292761719585,292750822372,288234774265332736,292749857511,
11-01 17:26:58.349  2525  2542 I System.out: 4 0,11152,292600167411,292750167405,0,292757749384,292757749954,292836382605,292836418995,292783500737,292757746394,16666666,292858564522,292858613882,292858676892,292860131972,292868016884,4350,324440,292868016884,292862860613,288234774265332736,292860131972,
11-01 17:26:58.349  2525  2542 I System.out: 5 0,11323,292766834071,292866834067,0,292873593846,292873594396,292887581750,292887613100,292783500737,292873590756,16666666,292907314455,292914500997,292914596617,292916097118,475978317445465056,3480,334071,337774365859841024,293041909143,352412744028193792,292916097118,
11-01 17:26:58.350  2525  2542 D UiDevice: Waiting 10000ms for SearchCondition[hasObject=BySelector [TEXT='\QGet Started\E']].
11-01 17:26:58.350  2525  2542 D UiDevice: Searching for node with selector: BySelector [TEXT='\QGet Started\E'].
11-01 17:26:58.742  2617  2674 D EGL_emulation: app_time_stats: avg=21.53ms min=1.34ms max=218.04ms count=34
11-01 17:26:58.956  2525  2542 D UiDevice: Searching for node with selector: BySelector [TEXT='\QGet Started\E'].
11-01 17:26:59.603  2525  2542 D UiDevice: Searching for node with selector: BySelector [TEXT='\QGet Started\E'].
11-01 17:26:59.741  2525  2542 D UiDevice: Searching for node with selector: BySelector [TEXT='\QGet Started\E'].
11-01 17:26:59.743  2617  2674 D EGL_emulation: app_time_stats: avg=4.84ms min=1.27ms max=17.76ms count=58
11-01 17:26:59.828  1405  2091 I Dialer  : VvmTaskExecutor - executing task com.android.voicemail.impl.ActivationTask@31038c5
11-01 17:26:59.829  1405  2091 I Dialer  : PreOMigrationHandler - ComponentInfo{com.android.phone/com.android.services.telephony.TelephonyConnectionService}, 1, UserHandle{0} already migrated
11-01 17:26:59.847  1782  2349 I VoicemailNotifier: receivers for android.intent.action.PROVIDER_CHANGED :[]
11-01 17:26:59.849  1405  2091 I Dialer  : VvmActivationTask - VVM content provider configured - vvm_type_cvvm
11-01 17:26:59.849  1405  2091 I Dialer  : OmtpVvmCarrierCfgHlpr - OmtpEvent:CONFIG_ACTIVATING
11-01 17:26:59.852  1782  2349 I VoicemailNotifier: receivers for android.intent.action.PROVIDER_CHANGED :[]
11-01 17:26:59.862  2525  2542 D UiDevice: Searching for node with selector: BySelector [TEXT='\QGet Started\E'].
11-01 17:26:59.863  1079  1385 D SmsNumberUtils: enter filterDestAddr. destAddr="[BajqU4K5_YhSYbs-7QUn0dOwcmI]"
11-01 17:26:59.866  1079  1385 D SmsNumberUtils: destAddr is not formatted.
11-01 17:26:59.866  1079  1385 D SmsNumberUtils: leave filterDestAddr, new destAddr="[BajqU4K5_YhSYbs-7QUn0dOwcmI]"
11-01 17:26:59.970  2525  2542 D UiDevice: Searching for node with selector: BySelector [TEXT='\QGet Started\E'].
11-01 17:27:00.015   867   995 D EGL_emulation: app_time_stats: avg=176.96ms min=2.11ms max=1557.01ms count=9
11-01 17:27:00.082  2525  2542 D UiDevice: Searching for node with selector: BySelector [TEXT='\QGet Started\E'].
11-01 17:27:00.713  2525  2542 D UiDevice: Searching for node with selector: BySelector [TEXT='\QGet Started\E'].
11-01 17:27:00.760  2617  2674 D EGL_emulation: app_time_stats: avg=7.54ms min=1.27ms max=35.15ms count=61
11-01 17:27:00.818  2525  2542 D UiDevice: Searching for node with selector: BySelector [TEXT='\QGet Started\E'].
11-01 17:27:00.923  2525  2542 D UiDevice: Searching for node with selector: BySelector [TEXT='\QGet Started\E'].
11-01 17:27:01.029  2525  2542 D UiDevice: Searching for node with selector: BySelector [TEXT='\QGet Started\E'].
11-01 17:27:01.134  2525  2542 D UiDevice: Searching for node with selector: BySelector [TEXT='\QGet Started\E'].
11-01 17:27:01.238  2525  2542 D UiDevice: Searching for node with selector: BySelector [TEXT='\QGet Started\E'].
11-01 17:27:01.346  2525  2542 D UiDevice: Searching for node with selector: BySelector [TEXT='\QGet Started\E'].
11-01 17:27:01.450  2525  2542 D UiDevice: Searching for node with selector: BySelector [TEXT='\QGet Started\E'].
11-01 17:27:01.555  2525  2542 D UiDevice: Searching for node with selector: BySelector [TEXT='\QGet Started\E'].
11-01 17:27:01.660  2525  2542 D UiDevice: Searching for node with selector: BySelector [TEXT='\QGet Started\E'].
11-01 17:27:01.765  2525  2542 D UiDevice: Searching for node with selector: BySelector [TEXT='\QGet Started\E'].
11-01 17:27:01.775  2617  2674 D EGL_emulation: app_time_stats: avg=1.46ms min=1.14ms max=3.07ms count=61
11-01 17:27:01.870  2525  2542 D UiDevice: Searching for node with selector: BySelector [TEXT='\QGet Started\E'].
11-01 17:27:01.975  2525  2542 D UiDevice: Searching for node with selector: BySelector [TEXT='\QGet Started\E'].
11-01 17:27:02.080  2525  2542 D UiDevice: Searching for node with selector: BySelector [TEXT='\QGet Started\E'].
11-01 17:27:02.189  2525  2542 D UiDevice: Searching for node with selector: BySelector [TEXT='\QGet Started\E'].
11-01 17:27:02.297  2525  2542 D UiDevice: Searching for node with selector: BySelector [TEXT='\QGet Started\E'].
11-01 17:27:02.402  2525  2542 D UiDevice: Searching for node with selector: BySelector [TEXT='\QGet Started\E'].
11-01 17:27:02.509  2525  2542 D UiDevice: Searching for node with selector: BySelector [TEXT='\QGet Started\E'].
11-01 17:27:02.613  2525  2542 D UiDevice: Searching for node with selector: BySelector [TEXT='\QGet Started\E'].
11-01 17:27:02.717  2525  2542 D UiDevice: Searching for node with selector: BySelector [TEXT='\QGet Started\E'].
11-01 17:27:02.776  2617  2674 D EGL_emulation: app_time_stats: avg=1.51ms min=1.14ms max=2.90ms count=60
11-01 17:27:02.822  2525  2542 D UiDevice: Searching for node with selector: BySelector [TEXT='\QGet Started\E'].
11-01 17:27:02.929  2525  2542 D UiDevice: Searching for node with selector: BySelector [TEXT='\QGet Started\E'].
11-01 17:27:03.033  2525  2542 D UiDevice: Searching for node with selector: BySelector [TEXT='\QGet Started\E'].
11-01 17:27:03.137  2525  2542 D UiDevice: Searching for node with selector: BySelector [TEXT='\QGet Started\E'].
11-01 17:27:03.242  2525  2542 D UiDevice: Searching for node with selector: BySelector [TEXT='\QGet Started\E'].
11-01 17:27:03.346  2525  2542 D UiDevice: Searching for node with selector: BySelector [TEXT='\QGet Started\E'].
11-01 17:27:03.450  2525  2542 D UiDevice: Searching for node with selector: BySelector [TEXT='\QGet Started\E'].
11-01 17:27:03.555  2525  2542 D UiDevice: Searching for node with selector: BySelector [TEXT='\QGet Started\E'].
11-01 17:27:03.661  2525  2542 D UiDevice: Searching for node with selector: BySelector [TEXT='\QGet Started\E'].
11-01 17:27:03.765  2525  2542 D UiDevice: Searching for node with selector: BySelector [TEXT='\QGet Started\E'].
11-01 17:27:03.791  2617  2674 D EGL_emulation: app_time_stats: avg=1.38ms min=1.13ms max=3.51ms count=61
11-01 17:27:03.869  2525  2542 D UiDevice: Searching for node with selector: BySelector [TEXT='\QGet Started\E'].
11-01 17:27:03.975  2525  2542 D UiDevice: Searching for node with selector: BySelector [TEXT='\QGet Started\E'].
11-01 17:27:04.079  2525  2542 D UiDevice: Searching for node with selector: BySelector [TEXT='\QGet Started\E'].
11-01 17:27:04.184  2525  2542 D UiDevice: Searching for node with selector: BySelector [TEXT='\QGet Started\E'].
11-01 17:27:04.288  2525  2542 D UiDevice: Searching for node with selector: BySelector [TEXT='\QGet Started\E'].
11-01 17:27:04.394  2525  2542 D UiDevice: Searching for node with selector: BySelector [TEXT='\QGet Started\E'].
11-01 17:27:04.408   867   995 D EGL_emulation: app_time_stats: avg=4392.30ms min=4392.30ms max=4392.30ms count=1
11-01 17:27:04.510  2525  2542 D UiDevice: Searching for node with selector: BySelector [TEXT='\QGet Started\E'].
11-01 17:27:04.793  2617  2674 D EGL_emulation: app_time_stats: avg=1.35ms min=1.05ms max=2.68ms count=60
11-01 17:27:04.997  2525  2542 D UiDevice: Searching for node with selector: BySelector [TEXT='\QGet Started\E'].
11-01 17:27:05.102  2525  2542 D UiDevice: Searching for node with selector: BySelector [TEXT='\QGet Started\E'].
11-01 17:27:05.206  2525  2542 D UiDevice: Searching for node with selector: BySelector [TEXT='\QGet Started\E'].
11-01 17:27:05.312  2525  2542 D UiDevice: Searching for node with selector: BySelector [TEXT='\QGet Started\E'].
11-01 17:27:05.416  2525  2542 D UiDevice: Searching for node with selector: BySelector [TEXT='\QGet Started\E'].
11-01 17:27:05.520  2525  2542 D UiDevice: Searching for node with selector: BySelector [TEXT='\QGet Started\E'].
11-01 17:27:05.626  2525  2542 D UiDevice: Searching for node with selector: BySelector [TEXT='\QGet Started\E'].
11-01 17:27:05.732  2525  2542 D UiDevice: Searching for node with selector: BySelector [TEXT='\QGet Started\E'].
11-01 17:27:05.809  2617  2674 D EGL_emulation: app_time_stats: avg=1.38ms min=1.04ms max=2.00ms count=61
11-01 17:27:05.836  2525  2542 D UiDevice: Searching for node with selector: BySelector [TEXT='\QGet Started\E'].
11-01 17:27:05.941  2525  2542 D UiDevice: Searching for node with selector: BySelector [TEXT='\QGet Started\E'].
11-01 17:27:06.046  2525  2542 D UiDevice: Searching for node with selector: BySelector [TEXT='\QGet Started\E'].
11-01 17:27:06.150  2525  2542 D UiDevice: Searching for node with selector: BySelector [TEXT='\QGet Started\E'].
11-01 17:27:06.255  2525  2542 D UiDevice: Searching for node with selector: BySelector [TEXT='\QGet Started\E'].
11-01 17:27:06.360  2525  2542 D UiDevice: Searching for node with selector: BySelector [TEXT='\QGet Started\E'].
11-01 17:27:06.465  2525  2542 D UiDevice: Searching for node with selector: BySelector [TEXT='\QGet Started\E'].
11-01 17:27:06.569  2525  2542 D UiDevice: Searching for node with selector: BySelector [TEXT='\QGet Started\E'].
11-01 17:27:06.675  2525  2542 D UiDevice: Searching for node with selector: BySelector [TEXT='\QGet Started\E'].
11-01 17:27:06.780  2525  2542 D UiDevice: Searching for node with selector: BySelector [TEXT='\QGet Started\E'].
11-01 17:27:06.809  2617  2674 D EGL_emulation: app_time_stats: avg=1.83ms min=1.04ms max=9.22ms count=60
11-01 17:27:06.885  2525  2542 D UiDevice: Searching for node with selector: BySelector [TEXT='\QGet Started\E'].
11-01 17:27:06.990  2525  2542 D UiDevice: Searching for node with selector: BySelector [TEXT='\QGet Started\E'].
11-01 17:27:07.095  2525  2542 D UiDevice: Searching for node with selector: BySelector [TEXT='\QGet Started\E'].
11-01 17:27:07.200  2525  2542 D UiDevice: Searching for node with selector: BySelector [TEXT='\QGet Started\E'].
11-01 17:27:07.283  2617  2687 D UstadCache: CacheTrimmer:  Trim cache run: max (evictable) size = 100000000 bytes
11-01 17:27:07.284  2617  2687 V UstadCache: CacheTrimmer:  deleting
11-01 17:27:07.304  2525  2542 D UiDevice: Searching for node with selector: BySelector [TEXT='\QGet Started\E'].
11-01 17:27:07.410  2525  2542 D UiDevice: Searching for node with selector: BySelector [TEXT='\QGet Started\E'].
11-01 17:27:07.514  2525  2542 D UiDevice: Searching for node with selector: BySelector [TEXT='\QGet Started\E'].
11-01 17:27:07.618  2525  2542 D UiDevice: Searching for node with selector: BySelector [TEXT='\QGet Started\E'].
11-01 17:27:07.729  2525  2542 D UiDevice: Searching for node with selector: BySelector [TEXT='\QGet Started\E'].
11-01 17:27:07.826  2617  2674 D EGL_emulation: app_time_stats: avg=1.69ms min=1.19ms max=4.32ms count=61
11-01 17:27:07.834  2525  2542 D UiDevice: Searching for node with selector: BySelector [TEXT='\QGet Started\E'].
11-01 17:27:07.939  2525  2542 D UiDevice: Searching for node with selector: BySelector [TEXT='\QGet Started\E'].
11-01 17:27:08.047  2525  2542 D UiDevice: Searching for node with selector: BySelector [TEXT='\QGet Started\E'].
11-01 17:27:08.080  2617  2726 V UstadCache: OKHttp-CacheInterceptor:  intercept: GET https://edubridge-afghanistan.app/Site/verify
11-01 17:27:08.080  2617  2726 I UstadCache: UstadCache(): Retrieve https://edubridge-afghanistan.app/Site/verify
11-01 17:27:08.081  2617  2726 D UstadCache: UstadCache(): MISS https://edubridge-afghanistan.app/Site/verify
11-01 17:27:08.082  2617  2726 D TrafficStats: tagSocket(102) with statsTag=0xffffffff, statsUid=-1
11-01 17:27:08.110  2617  2617 W LoginViewModel$invokeSuspend: Could not load site object for https://edubridge-afghanistan.app/
11-01 17:27:08.110  2617  2617 W LoginViewModel$invokeSuspend: java.net.ConnectException: Failed to connect to edubridge-afghanistan.app/65.21.146.62:443
11-01 17:27:08.110  2617  2617 W LoginViewModel$invokeSuspend: 	at okhttp3.internal.connection.RealConnection.connectSocket(RealConnection.kt:297)
11-01 17:27:08.110  2617  2617 W LoginViewModel$invokeSuspend: 	at okhttp3.internal.connection.RealConnection.connect(RealConnection.kt:207)
11-01 17:27:08.110  2617  2617 W LoginViewModel$invokeSuspend: 	at okhttp3.internal.connection.ExchangeFinder.findConnection(ExchangeFinder.kt:226)
11-01 17:27:08.110  2617  2617 W LoginViewModel$invokeSuspend: 	at okhttp3.internal.connection.ExchangeFinder.findHealthyConnection(ExchangeFinder.kt:106)
11-01 17:27:08.110  2617  2617 W LoginViewModel$invokeSuspend: 	at okhttp3.internal.connection.ExchangeFinder.find(ExchangeFinder.kt:74)
11-01 17:27:08.110  2617  2617 W LoginViewModel$invokeSuspend: 	at okhttp3.internal.connection.RealCall.initExchange$okhttp(RealCall.kt:255)
11-01 17:27:08.110  2617  2617 W LoginViewModel$invokeSuspend: 	at okhttp3.internal.connection.ConnectInterceptor.intercept(ConnectInterceptor.kt:32)
11-01 17:27:08.110  2617  2617 W LoginViewModel$invokeSuspend: 	at okhttp3.internal.http.RealInterceptorChain.proceed(RealInterceptorChain.kt:109)
11-01 17:27:08.110  2617  2617 W LoginViewModel$invokeSuspend: 	at okhttp3.internal.cache.CacheInterceptor.intercept(CacheInterceptor.kt:95)
11-01 17:27:08.110  2617  2617 W LoginViewModel$invokeSuspend: 	at okhttp3.internal.http.RealInterceptorChain.proceed(RealInterceptorChain.kt:109)
11-01 17:27:08.110  2617  2617 W LoginViewModel$invokeSuspend: 	at okhttp3.internal.http.BridgeInterceptor.intercept(BridgeInterceptor.kt:83)
11-01 17:27:08.110  2617  2617 W LoginViewModel$invokeSuspend: 	at okhttp3.internal.http.RealInterceptorChain.proceed(RealInterceptorChain.kt:109)
11-01 17:27:08.110  2617  2617 W LoginViewModel$invokeSuspend: 	at okhttp3.internal.http.RetryAndFollowUpInterceptor.intercept(RetryAndFollowUpInterceptor.kt:76)
11-01 17:27:08.110  2617  2617 W LoginViewModel$invokeSuspend: 	at okhttp3.internal.http.RealInterceptorChain.proceed(RealInterceptorChain.kt:109)
11-01 17:27:08.110  2617  2617 W LoginViewModel$invokeSuspend: 	at com.ustadmobile.libcache.okhttp.UstadCacheInterceptor.intercept(UstadCacheInterceptor.kt:407)
11-01 17:27:08.110  2617  2617 W LoginViewModel$invokeSuspend: 	at okhttp3.internal.http.RealInterceptorChain.proceed(RealInterceptorChain.kt:109)
11-01 17:27:08.110  2617  2617 W LoginViewModel$invokeSuspend: 	at okhttp3.internal.connection.RealCall.getResponseWithInterceptorChain$okhttp(RealCall.kt:201)
11-01 17:27:08.110  2617  2617 W LoginViewModel$invokeSuspend: 	at okhttp3.internal.connection.RealCall$AsyncCall.run(RealCall.kt:517)
11-01 17:27:08.110  2617  2617 W LoginViewModel$invokeSuspend: 	at java.util.concurrent.ThreadPoolExecutor.runWorker(ThreadPoolExecutor.java:1137)
11-01 17:27:08.110  2617  2617 W LoginViewModel$invokeSuspend: 	at java.util.concurrent.ThreadPoolExecutor$Worker.run(ThreadPoolExecutor.java:637)
11-01 17:27:08.110  2617  2617 W LoginViewModel$invokeSuspend: 	at java.lang.Thread.run(Thread.java:1012)
11-01 17:27:08.110  2617  2617 W LoginViewModel$invokeSuspend: Caused by: java.net.ConnectException: failed to connect to edubridge-afghanistan.app/65.21.146.62 (port 443) from /10.0.2.16 (port 36544) after 10000ms: isConnected failed: ECONNREFUSED (Connection refused)
11-01 17:27:08.110  2617  2617 W LoginViewModel$invokeSuspend: 	at libcore.io.IoBridge.isConnected(IoBridge.java:347)
11-01 17:27:08.110  2617  2617 W LoginViewModel$invokeSuspend: 	at libcore.io.IoBridge.connectErrno(IoBridge.java:237)
11-01 17:27:08.110  2617  2617 W LoginViewModel$invokeSuspend: 	at libcore.io.IoBridge.connect(IoBridge.java:179)
11-01 17:27:08.110  2617  2617 W LoginViewModel$invokeSuspend: 	at java.net.PlainSocketImpl.socketConnect(PlainSocketImpl.java:142)
11-01 17:27:08.110  2617  2617 W LoginViewModel$invokeSuspend: 	at java.net.AbstractPlainSocketImpl.doConnect(AbstractPlainSocketImpl.java:390)
11-01 17:27:08.110  2617  2617 W LoginViewModel$invokeSuspend: 	at java.net.AbstractPlainSocketImpl.connectToAddress(AbstractPlainSocketImpl.java:230)
11-01 17:27:08.110  2617  2617 W LoginViewModel$invokeSuspend: 	at java.net.AbstractPlainSocketImpl.connect(AbstractPlainSocketImpl.java:212)
11-01 17:27:08.110  2617  2617 W LoginViewModel$invokeSuspend: 	at java.net.SocksSocketImpl.connect(SocksSocketImpl.java:436)
11-01 17:27:08.110  2617  2617 W LoginViewModel$invokeSuspend: 	at java.net.Socket.connect(Socket.java:646)
11-01 17:27:08.110  2617  2617 W LoginViewModel$invokeSuspend: 	at okhttp3.internal.platform.Platform.connectSocket(Platform.kt:128)
11-01 17:27:08.110  2617  2617 W LoginViewModel$invokeSuspend: 	at okhttp3.internal.connection.RealConnection.connectSocket(RealConnection.kt:295)
11-01 17:27:08.110  2617  2617 W LoginViewModel$invokeSuspend: 	... 20 more
11-01 17:27:08.110  2617  2617 W LoginViewModel$invokeSuspend: Caused by: android.system.ErrnoException: isConnected failed: ECONNREFUSED (Connection refused)
11-01 17:27:08.110  2617  2617 W LoginViewModel$invokeSuspend: 	at libcore.io.IoBridge.isConnected(IoBridge.java:334)
11-01 17:27:08.110  2617  2617 W LoginViewModel$invokeSuspend: 	... 30 more
11-01 17:27:08.151  2525  2542 D UiDevice: Searching for node with selector: BySelector [TEXT='\QGet Started\E'].
11-01 17:27:08.256  2525  2542 D UiDevice: Searching for node with selector: BySelector [TEXT='\QGet Started\E'].
11-01 17:27:08.364  2525  2542 D UiDevice: Searching for node with selector: BySelector [TEXT='\QGet Started\E'].
11-01 17:27:08.826  2617  2674 D EGL_emulation: app_time_stats: avg=1.48ms min=1.12ms max=4.04ms count=60
11-01 17:27:09.368  2525  2542 D UiDevice: Retrieving node with selector: BySelector [TEXT='\QGet Started\E'].
11-01 17:27:09.376  2525  2542 D UiDevice: Node not found with selector: BySelector [TEXT='\QGet Started\E'].
11-01 17:27:09.826  2617  2674 D EGL_emulation: app_time_stats: avg=1.97ms min=1.27ms max=7.29ms count=60
11-01 17:27:10.842  2617  2674 D EGL_emulation: app_time_stats: avg=1.62ms min=1.12ms max=6.29ms count=61
11-01 17:27:11.858  2617  2674 D EGL_emulation: app_time_stats: avg=1.29ms min=0.96ms max=3.59ms count=61
11-01 17:27:12.875  2617  2674 D EGL_emulation: app_time_stats: avg=1.25ms min=1.08ms max=1.53ms count=61
11-01 17:27:13.875  2617  2674 D EGL_emulation: app_time_stats: avg=1.21ms min=1.06ms max=1.42ms count=60
11-01 17:27:14.377  2525  2542 D Benchmark: Profile Installer - Save Profile
11-01 17:27:14.393  2617  2617 I Process : Sending signal. PID: 2617 SIG: 10
11-01 17:27:14.393  2617  2617 D ProfileInstaller:
11-01 17:27:14.393  2617  2622 I child.edubridge: Thread[3,tid=2622,WaitingInMainSignalCatcherLoop,Thread*=0x7c11db9e5b20,peer=0x12cc2300,"Signal Catcher"]: reacting to signal 10
11-01 17:27:14.393  2617  2622 I child.edubridge:
11-01 17:27:14.393  2617  2622 I child.edubridge: SIGUSR1 forcing GC (no HPROF) and profile save
11-01 17:27:14.414  2617  2622 W child.edubridge: Cleared Reference was only reachable from finalizer (only reported once)
11-01 17:27:14.415  2617  2622 I child.edubridge: Explicit concurrent copying GC freed 69209(2335KB) AllocSpace objects, 0(0B) LOS objects, 49% free, 7637KB/14MB, paused 14us,8us total 21.968ms
11-01 17:27:14.891  2617  2674 D EGL_emulation: app_time_stats: avg=1.20ms min=1.06ms max=1.61ms count=61
11-01 17:27:14.903  2525  2542 D Benchmark: Killing process org.street_child.edubridge
11-01 17:27:14.903  2525  2542 D UiDevice: Executing shell command: killall org.street_child.edubridge
11-01 17:27:14.919  1510  1758 W MediaProvider: isAppCloneUserPair for user 0: false
11-01 17:27:14.919  1510  1758 V MediaProvider: Inserted id:1000000031 less than next row id backup:1000001000.
11-01 17:27:14.962   575   976 I PackageDexOptimizer: Running dexopt (dexoptNeeded=-3) on: /data/app/~~BwgQtX5CYUpjiTMOEzzJJw==/org.street_child.edubridge-_HKotTTaiFD4n6vJUuyHvA==/base.apk pkg=org.street_child.edubridge isa=x86_64 dexoptFlags=boot_complete,profile_guided,force,enable_hidden_api_checks targetFilter=speed-profile oatDir=/data/app/~~BwgQtX5CYUpjiTMOEzzJJw==/org.street_child.edubridge-_HKotTTaiFD4n6vJUuyHvA==/oat classLoaderContext=PCL[]{PCL[/system_ext/framework/androidx.window.extensions.jar]#PCL[/system_ext/framework/androidx.window.sidecar.jar]}
11-01 17:27:14.963   496   496 V installd: DexInv: --- BEGIN '/data/app/~~BwgQtX5CYUpjiTMOEzzJJw==/org.street_child.edubridge-_HKotTTaiFD4n6vJUuyHvA==/base.apk' ---
11-01 17:27:14.963   496   496 V installd: Running /apex/com.android.art/bin/dex2oat64 in=base.apk out=/data/app/~~BwgQtX5CYUpjiTMOEzzJJw==/org.street_child.edubridge-_HKotTTaiFD4n6vJUuyHvA==/oat/x86_64/base.odex
11-01 17:27:14.978  2871  2871 W dex2oat64: Unexpected CPU variant for x86: x86_64.
11-01 17:27:14.978  2871  2871 W dex2oat64: Known variants: atom, sandybridge, silvermont, kabylake, default
11-01 17:27:14.979  2871  2871 W dex2oat64: Mismatch between dex2oat instruction set features to use (ISA: X86_64 Feature string: -ssse3,-sse4.1,-sse4.2,-avx,-avx2,-popcnt) and those from CPP defines (ISA: X86_64 Feature string: ssse3,sse4.1,sse4.2,-avx,-avx2,popcnt) for the command line:
11-01 17:27:14.979  2871  2871 W dex2oat64: /apex/com.android.art/bin/dex2oat64 --zip-fd=8 --zip-location=base.apk --oat-fd=9 --oat-location=/data/app/~~BwgQtX5CYUpjiTMOEzzJJw==/org.street_child.edubridge-_HKotTTaiFD4n6vJUuyHvA==/oat/x86_64/base.odex --input-vdex-fd=11 --output-vdex-fd=10 --app-image-fd=14 --image-format=lz4 --profile-file-fd=13 --swap-fd=12 --classpath-dir=/data/app/~~BwgQtX5CYUpjiTMOEzzJJw==/org.street_child.edubridge-_HKotTTaiFD4n6vJUuyHvA== --class-loader-context=PCL[]{PCL[/system_ext/framework/androidx.window.extensions.jar]#PCL[/system_ext/framework/androidx.window.sidecar.jar]} --instruction-set=x86_64 --instruction-set-features=default --instruction-set-variant=x86_64 --compiler-filter=speed-profile --compilation-reason=cmdline --max-image-block-size=524288 --resolve-startup-const-strings=true --generate-mini-debug-info --runtime-arg -Xtarget-sdk-version:34 --runtime-arg -Xhidden-api-policy:enabled --runtime-arg -Xms64m --runtime-arg -Xmx512m
11-01 17:27:14.984  2871  2871 I dex2oat64: /apex/com.android.art/bin/dex2oat64 --input-vdex-fd=11 --output-vdex-fd=10 --profile-file-fd=13 --classpath-dir=/data/app/~~BwgQtX5CYUpjiTMOEzzJJw==/org.street_child.edubridge-_HKotTTaiFD4n6vJUuyHvA== --class-loader-context=PCL[]{PCL[/system_ext/framework/androidx.window.extensions.jar]#PCL[/system_ext/framework/androidx.window.sidecar.jar]} --compiler-filter=speed-profile --compilation-reason=cmdline --max-image-block-size=524288 --resolve-startup-const-strings=true --generate-mini-debug-info
11-01 17:27:15.892  2617  2674 D EGL_emulation: app_time_stats: avg=1.32ms min=1.10ms max=2.23ms count=60
11-01 17:27:16.908  2617  2674 D EGL_emulation: app_time_stats: avg=1.26ms min=1.03ms max=2.20ms count=61
11-01 17:27:17.912  2617  2674 D EGL_emulation: app_time_stats: avg=1.45ms min=1.09ms max=3.30ms count=60
11-01 17:27:18.120  2617  2726 V UstadCache: OKHttp-CacheInterceptor:  intercept: GET https://edubridge-afghanistan.app/Site/verify
11-01 17:27:18.120  2617  2726 I UstadCache: UstadCache(): Retrieve https://edubridge-afghanistan.app/Site/verify
11-01 17:27:18.120  2617  2726 D UstadCache: UstadCache(): MISS https://edubridge-afghanistan.app/Site/verify
11-01 17:27:18.128  2617  2726 D TrafficStats: tagSocket(111) with statsTag=0xffffffff, statsUid=-1
11-01 17:27:18.165  2617  2617 W LoginViewModel$invokeSuspend: Could not load site object for https://edubridge-afghanistan.app/
11-01 17:27:18.165  2617  2617 W LoginViewModel$invokeSuspend: java.net.ConnectException: Failed to connect to edubridge-afghanistan.app/65.21.146.62:443
11-01 17:27:18.165  2617  2617 W LoginViewModel$invokeSuspend: 	at okhttp3.internal.connection.RealConnection.connectSocket(RealConnection.kt:297)
11-01 17:27:18.165  2617  2617 W LoginViewModel$invokeSuspend: 	at okhttp3.internal.connection.RealConnection.connect(RealConnection.kt:207)
11-01 17:27:18.165  2617  2617 W LoginViewModel$invokeSuspend: 	at okhttp3.internal.connection.ExchangeFinder.findConnection(ExchangeFinder.kt:226)
11-01 17:27:18.165  2617  2617 W LoginViewModel$invokeSuspend: 	at okhttp3.internal.connection.ExchangeFinder.findHealthyConnection(ExchangeFinder.kt:106)
11-01 17:27:18.165  2617  2617 W LoginViewModel$invokeSuspend: 	at okhttp3.internal.connection.ExchangeFinder.find(ExchangeFinder.kt:74)
11-01 17:27:18.165  2617  2617 W LoginViewModel$invokeSuspend: 	at okhttp3.internal.connection.RealCall.initExchange$okhttp(RealCall.kt:255)
11-01 17:27:18.165  2617  2617 W LoginViewModel$invokeSuspend: 	at okhttp3.internal.connection.ConnectInterceptor.intercept(ConnectInterceptor.kt:32)
11-01 17:27:18.165  2617  2617 W LoginViewModel$invokeSuspend: 	at okhttp3.internal.http.RealInterceptorChain.proceed(RealInterceptorChain.kt:109)
11-01 17:27:18.165  2617  2617 W LoginViewModel$invokeSuspend: 	at okhttp3.internal.cache.CacheInterceptor.intercept(CacheInterceptor.kt:95)
11-01 17:27:18.165  2617  2617 W LoginViewModel$invokeSuspend: 	at okhttp3.internal.http.RealInterceptorChain.proceed(RealInterceptorChain.kt:109)
11-01 17:27:18.165  2617  2617 W LoginViewModel$invokeSuspend: 	at okhttp3.internal.http.BridgeInterceptor.intercept(BridgeInterceptor.kt:83)
11-01 17:27:18.165  2617  2617 W LoginViewModel$invokeSuspend: 	at okhttp3.internal.http.RealInterceptorChain.proceed(RealInterceptorChain.kt:109)
11-01 17:27:18.165  2617  2617 W LoginViewModel$invokeSuspend: 	at okhttp3.internal.http.RetryAndFollowUpInterceptor.intercept(RetryAndFollowUpInterceptor.kt:76)
11-01 17:27:18.165  2617  2617 W LoginViewModel$invokeSuspend: 	at okhttp3.internal.http.RealInterceptorChain.proceed(RealInterceptorChain.kt:109)
11-01 17:27:18.165  2617  2617 W LoginViewModel$invokeSuspend: 	at com.ustadmobile.libcache.okhttp.UstadCacheInterceptor.intercept(UstadCacheInterceptor.kt:407)
11-01 17:27:18.165  2617  2617 W LoginViewModel$invokeSuspend: 	at okhttp3.internal.http.RealInterceptorChain.proceed(RealInterceptorChain.kt:109)
11-01 17:27:18.165  2617  2617 W LoginViewModel$invokeSuspend: 	at okhttp3.internal.connection.RealCall.getResponseWithInterceptorChain$okhttp(RealCall.kt:201)
11-01 17:27:18.165  2617  2617 W LoginViewModel$invokeSuspend: 	at okhttp3.internal.connection.RealCall$AsyncCall.run(RealCall.kt:517)
11-01 17:27:18.165  2617  2617 W LoginViewModel$invokeSuspend: 	at java.util.concurrent.ThreadPoolExecutor.runWorker(ThreadPoolExecutor.java:1137)
11-01 17:27:18.165  2617  2617 W LoginViewModel$invokeSuspend: 	at java.util.concurrent.ThreadPoolExecutor$Worker.run(ThreadPoolExecutor.java:637)
11-01 17:27:18.165  2617  2617 W LoginViewModel$invokeSuspend: 	at java.lang.Thread.run(Thread.java:1012)
11-01 17:27:18.165  2617  2617 W LoginViewModel$invokeSuspend: Caused by: java.net.ConnectException: failed to connect to edubridge-afghanistan.app/65.21.146.62 (port 443) from /10.0.2.16 (port 37786) after 10000ms: isConnected failed: ECONNREFUSED (Connection refused)
11-01 17:27:18.165  2617  2617 W LoginViewModel$invokeSuspend: 	at libcore.io.IoBridge.isConnected(IoBridge.java:347)
11-01 17:27:18.165  2617  2617 W LoginViewModel$invokeSuspend: 	at libcore.io.IoBridge.connectErrno(IoBridge.java:237)
11-01 17:27:18.165  2617  2617 W LoginViewModel$invokeSuspend: 	at libcore.io.IoBridge.connect(IoBridge.java:179)
11-01 17:27:18.165  2617  2617 W LoginViewModel$invokeSuspend: 	at java.net.PlainSocketImpl.socketConnect(PlainSocketImpl.java:142)
11-01 17:27:18.165  2617  2617 W LoginViewModel$invokeSuspend: 	at java.net.AbstractPlainSocketImpl.doConnect(AbstractPlainSocketImpl.java:390)
11-01 17:27:18.165  2617  2617 W LoginViewModel$invokeSuspend: 	at java.net.AbstractPlainSocketImpl.connectToAddress(AbstractPlainSocketImpl.java:230)
11-01 17:27:18.165  2617  2617 W LoginViewModel$invokeSuspend: 	at java.net.AbstractPlainSocketImpl.connect(AbstractPlainSocketImpl.java:212)
11-01 17:27:18.165  2617  2617 W LoginViewModel$invokeSuspend: 	at java.net.SocksSocketImpl.connect(SocksSocketImpl.java:436)
11-01 17:27:18.165  2617  2617 W LoginViewModel$invokeSuspend: 	at java.net.Socket.connect(Socket.java:646)
11-01 17:27:18.165  2617  2617 W LoginViewModel$invokeSuspend: 	at okhttp3.internal.platform.Platform.connectSocket(Platform.kt:128)
11-01 17:27:18.165  2617  2617 W LoginViewModel$invokeSuspend: 	at okhttp3.internal.connection.RealConnection.connectSocket(RealConnection.kt:295)
11-01 17:27:18.165  2617  2617 W LoginViewModel$invokeSuspend: 	... 20 more
11-01 17:27:18.165  2617  2617 W LoginViewModel$invokeSuspend: Caused by: android.system.ErrnoException: isConnected failed: ECONNREFUSED (Connection refused)
11-01 17:27:18.165  2617  2617 W LoginViewModel$invokeSuspend: 	at libcore.io.IoBridge.isConnected(IoBridge.java:334)
11-01 17:27:18.165  2617  2617 W LoginViewModel$invokeSuspend: 	... 30 more
11-01 17:27:18.930  2617  2674 D EGL_emulation: app_time_stats: avg=3.01ms min=1.82ms max=6.37ms count=61
11-01 17:27:19.941  2617  2674 D EGL_emulation: app_time_stats: avg=1.32ms min=1.01ms max=2.35ms count=61
11-01 17:27:20.143  2871  2871 W dex2oat64: Accessing hidden method Landroid/window/BackEvent;->getProgress()F (blocked, linking, denied)
11-01 17:27:20.143  2871  2871 W dex2oat64: Accessing hidden method Landroid/window/BackEvent;->getSwipeEdge()I (blocked, linking, denied)
11-01 17:27:20.143  2871  2871 W dex2oat64: Accessing hidden method Landroid/window/BackEvent;->getTouchX()F (blocked, linking, denied)
11-01 17:27:20.143  2871  2871 W dex2oat64: Accessing hidden method Landroid/window/BackEvent;->getTouchY()F (blocked, linking, denied)
11-01 17:27:20.397  2871  2876 W dex2oat64: Method java.lang.Object androidx.compose.runtime.snapshots.SnapshotStateMap.mutate(kotlin.jvm.functions.Function1) failed lock verification and will run slower.
11-01 17:27:20.397  2871  2876 W dex2oat64: Common causes for lock verification issues are non-optimized dex code
11-01 17:27:20.397  2871  2876 W dex2oat64: and incorrect proguard optimizations.
11-01 17:27:20.398  2871  2876 W dex2oat64: Method void androidx.compose.runtime.snapshots.SnapshotStateMap.update(kotlin.jvm.functions.Function1) failed lock verification and will run slower.
11-01 17:27:20.398  2871  2876 W dex2oat64: Method boolean androidx.compose.runtime.snapshots.SnapshotStateMap.removeIf$runtime_release(kotlin.jvm.functions.Function1) failed lock verification and will run slower.
11-01 17:27:20.419  2871  2877 W dex2oat64: Method boolean androidx.compose.runtime.snapshots.SnapshotStateList.conditionalUpdate(boolean, kotlin.jvm.functions.Function1) failed lock verification and will run slower.
11-01 17:27:20.419  2871  2877 W dex2oat64: Method boolean androidx.compose.runtime.snapshots.SnapshotStateList.conditionalUpdate$default(androidx.compose.runtime.snapshots.SnapshotStateList, boolean, kotlin.jvm.functions.Function1, int, java.lang.Object) failed lock verification and will run slower.
11-01 17:27:20.419  2871  2877 W dex2oat64: Method java.lang.Object androidx.compose.runtime.snapshots.SnapshotStateList.mutate(kotlin.jvm.functions.Function1) failed lock verification and will run slower.
11-01 17:27:20.419  2871  2877 W dex2oat64: Method void androidx.compose.runtime.snapshots.SnapshotStateList.update(boolean, kotlin.jvm.functions.Function1) failed lock verification and will run slower.
11-01 17:27:20.420  2871  2877 W dex2oat64: Method void androidx.compose.runtime.snapshots.SnapshotStateList.update$default(androidx.compose.runtime.snapshots.SnapshotStateList, boolean, kotlin.jvm.functions.Function1, int, java.lang.Object) failed lock verification and will run slower.
11-01 17:27:20.958  2617  2674 D EGL_emulation: app_time_stats: avg=1.22ms min=0.99ms max=1.62ms count=61
11-01 17:27:21.826  2871  2871 I dex2oat64: Explicit concurrent copying GC freed 197301(32MB) AllocSpace objects, 0(0B) LOS objects, 49% free, 2112KB/4224KB, paused 14us,2us total 9.377ms
11-01 17:27:21.958  2617  2674 D EGL_emulation: app_time_stats: avg=1.32ms min=1.08ms max=1.56ms count=60
11-01 17:27:22.184  2871  2871 I dex2oat64: dex2oat took 7.206s (10.672s cpu) (threads: 4) arena alloc=11MB (12133568B) java alloc=2112KB (2162944B) native alloc=21MB (22640448B) free=146MB (153322272B)
11-01 17:27:22.217   496   496 V installd: DexInv: --- END '/data/app/~~BwgQtX5CYUpjiTMOEzzJJw==/org.street_child.edubridge-_HKotTTaiFD4n6vJUuyHvA==/base.apk' (success) ---
11-01 17:27:22.281  1510  1761 W MediaProvider: isAppCloneUserPair for user 0: false
11-01 17:27:22.284  1510  1761 V MediaProvider: Inserted id:1000000032 less than next row id backup:1000001000.
11-01 17:27:22.734  2894  2894 W profman : profman took 404.979ms
11-01 17:27:22.760  1510  1758 W MediaProvider: isAppCloneUserPair for user 0: false
11-01 17:27:22.760  1510  1758 V MediaProvider: Inserted id:1000000033 less than next row id backup:1000001000.
11-01 17:27:22.874  1510  1859 I MediaProvider: Deleted 0 0 0 0 0 0 0 items on external_primary due to com.ustadmobile.app_android_baselineprofile
11-01 17:27:22.975  2617  2674 D EGL_emulation: app_time_stats: avg=1.35ms min=1.06ms max=1.73ms count=61
11-01 17:27:23.555  2525  2542 D Benchmark: Unstable profiles during iteration 2
11-01 17:27:23.555  2525  2542 D Benchmark: Killing package org.street_child.edubridge
11-01 17:27:23.555  2525  2542 D Benchmark: Killing process org.street_child.edubridge
11-01 17:27:23.555  2525  2542 D UiDevice: Executing shell command: killall org.street_child.edubridge
11-01 17:27:23.572  2525  2542 D Benchmark: Compile iteration (3) for org.street_child.edubridge
11-01 17:27:23.573  2525  2542 D UiDevice: Pressing home button.
11-01 17:27:23.597   867   867 V ShadeControllerImpl: NotificationShadeWindow: com.android.systemui.shade.NotificationShadeWindowView{f025071 I.E...... ......ID 0,0-320,640} canPanelBeCollapsed(): false
11-01 17:27:23.606  1129  1129 D TaplTarget: Launcher.onNewIntent: Intent { act=android.intent.action.MAIN cat=[android.intent.category.HOME] flg=0x10400100 cmp=com.android.launcher3/.uioverrides.QuickstepLauncher (has extras) }
11-01 17:27:23.612   867   867 V ShadeControllerImpl: NotificationShadeWindow: com.android.systemui.shade.NotificationShadeWindowView{f025071 I.E...... ......ID 0,0-320,640} canPanelBeCollapsed(): false
11-01 17:27:23.623   425   425 I BpBinder: onLastStrongRef automatically unlinking death recipients: <uncached descriptor>
11-01 17:27:23.640   425   459 W TransactionTracing: Could not find layer handle 0x7b1d62760c30
11-01 17:27:23.647  1510  1761 W MediaProvider: isAppCloneUserPair for user 0: false
11-01 17:27:23.650  1510  1761 V MediaProvider: Inserted id:1000000034 less than next row id backup:1000001000.
