11-01 17:29:29.443   867   923 W FrameTracker: Missed SF frame:PREDICTION_ERROR, 88966, 3485305, CUJ=J<SPLASHSCREEN_EXIT_ANIM>
11-01 17:29:29.443   867   923 W FrameTracker: Missed SF frame:PREDICTION_ERROR, 89016, 0, CUJ=J<SPLASHSCREEN_EXIT_ANIM>
11-01 17:29:29.443   867   923 W FrameTracker: Missing HWUI jank callback for vsyncId: 89016, CUJ=J<SPLASHSCREEN_EXIT_ANIM>
11-01 17:29:29.443   867   923 W FrameTracker: Missed App frame:UNKNOWN: 24, 89081, 0, CUJ=J<SPLASHSCREEN_EXIT_ANIM>
11-01 17:29:29.443   867   923 W FrameTracker: Missed SF frame:UNKNOWN: 24, 89081, 0, CUJ=J<SPLASHSCREEN_EXIT_ANIM>
11-01 17:29:29.443   867   923 W FrameTracker: Missing HWUI jank callback for vsyncId: 89081, CUJ=J<SPLASHSCREEN_EXIT_ANIM>
11-01 17:29:29.443   867   923 W FrameTracker: Missed SF frame:UNKNOWN: 80, 89117, 0, CUJ=J<SPLASHSCREEN_EXIT_ANIM>
11-01 17:29:29.443   867   923 W FrameTracker: Missing HWUI jank callback for vsyncId: 89117, CUJ=J<SPLASHSCREEN_EXIT_ANIM>
11-01 17:29:29.443   867   923 W FrameTracker: Missed SF frame:UNKNOWN: 80, 89153, 33460407, CUJ=J<SPLASHSCREEN_EXIT_ANIM>
11-01 17:29:29.443   867   923 W FrameTracker: Missed SF frame:UNKNOWN: 80, 89189, 22394232, CUJ=J<SPLASHSCREEN_EXIT_ANIM>
11-01 17:29:29.443   867   923 W FrameTracker: Missed SF frame:UNKNOWN: 80, 89225, 21917111, CUJ=J<SPLASHSCREEN_EXIT_ANIM>
11-01 17:29:29.443   867   923 W FrameTracker: Missed SF frame:UNKNOWN: 80, 89261, 21672779, CUJ=J<SPLASHSCREEN_EXIT_ANIM>
11-01 17:29:29.443   867   923 W FrameTracker: Missed SF frame:UNKNOWN: 80, 89297, 21414158, CUJ=J<SPLASHSCREEN_EXIT_ANIM>
11-01 17:29:29.443   867   923 W FrameTracker: Missed SF frame:UNKNOWN: 80, 89326, 19663446, CUJ=J<SPLASHSCREEN_EXIT_ANIM>
11-01 17:29:29.443   867   923 W FrameTracker: Missed SF frame:UNKNOWN: 80, 89362, 21020795, CUJ=J<SPLASHSCREEN_EXIT_ANIM>
11-01 17:29:29.443   867   923 W FrameTracker: Missed SF frame:UNKNOWN: 80, 89391, 0, CUJ=J<SPLASHSCREEN_EXIT_ANIM>
11-01 17:29:29.443   867   923 W FrameTracker: Missing HWUI jank callback for vsyncId: 89391, CUJ=J<SPLASHSCREEN_EXIT_ANIM>
11-01 17:29:29.443   867   923 W FrameTracker: Missed SF frame:UNKNOWN: 80, 89420, 19799492, CUJ=J<SPLASHSCREEN_EXIT_ANIM>
11-01 17:29:29.444   867   911 V PerfettoTrigger: Not triggering com.android.telemetry.interaction-jank-monitor-39 - not enough time since last trigger
11-01 17:29:29.574   425   459 W TransactionTracing: Could not find layer handle 0x7b1d62763990
11-01 17:29:29.574   425   459 W TransactionTracing: Could not find layer handle 0x7b1d62769f30
11-01 17:29:29.574   425   459 W TransactionTracing: Could not find layer handle 0x7b1d62767710
11-01 17:29:29.574   425   459 W TransactionTracing: Could not find layer handle 0x7b1d62767710
11-01 17:29:29.574   425   459 W TransactionTracing: Could not find layer handle 0x7b1d62769f30
11-01 17:29:29.683  2525  2542 D UiDevice: Searching for node with selector: BySelector [TEXT='\QGet Started\E'].
11-01 17:29:30.125  2617  2674 D EGL_emulation: app_time_stats: avg=3.85ms min=1.11ms max=47.05ms count=61
11-01 17:29:30.272  2525  2542 D UiDevice: Searching for node with selector: BySelector [TEXT='\QGet Started\E'].
11-01 17:29:30.376  2525  2542 D UiDevice: Searching for node with selector: BySelector [TEXT='\QGet Started\E'].
11-01 17:29:30.480  2525  2542 D UiDevice: Searching for node with selector: BySelector [TEXT='\QGet Started\E'].
11-01 17:29:30.583  2525  2542 D UiDevice: Searching for node with selector: BySelector [TEXT='\QGet Started\E'].
11-01 17:29:30.687  2525  2542 D UiDevice: Searching for node with selector: BySelector [TEXT='\QGet Started\E'].
11-01 17:29:30.790  2525  2542 D UiDevice: Searching for node with selector: BySelector [TEXT='\QGet Started\E'].
11-01 17:29:30.894  2525  2542 D UiDevice: Searching for node with selector: BySelector [TEXT='\QGet Started\E'].
11-01 17:29:30.997  2525  2542 D UiDevice: Searching for node with selector: BySelector [TEXT='\QGet Started\E'].
11-01 17:29:31.101  2525  2542 D UiDevice: Searching for node with selector: BySelector [TEXT='\QGet Started\E'].
11-01 17:29:31.125  2617  2674 D EGL_emulation: app_time_stats: avg=1.23ms min=1.07ms max=3.09ms count=60
11-01 17:29:31.205  2525  2542 D UiDevice: Searching for node with selector: BySelector [TEXT='\QGet Started\E'].
11-01 17:29:31.309  2525  2542 D UiDevice: Searching for node with selector: BySelector [TEXT='\QGet Started\E'].
11-01 17:29:31.412  2525  2542 D UiDevice: Searching for node with selector: BySelector [TEXT='\QGet Started\E'].
11-01 17:29:31.515  2525  2542 D UiDevice: Searching for node with selector: BySelector [TEXT='\QGet Started\E'].
11-01 17:29:31.619  2525  2542 D UiDevice: Searching for node with selector: BySelector [TEXT='\QGet Started\E'].
11-01 17:29:31.722  2525  2542 D UiDevice: Searching for node with selector: BySelector [TEXT='\QGet Started\E'].
11-01 17:29:31.828  2525  2542 D UiDevice: Searching for node with selector: BySelector [TEXT='\QGet Started\E'].
11-01 17:29:31.932  2525  2542 D UiDevice: Searching for node with selector: BySelector [TEXT='\QGet Started\E'].
11-01 17:29:32.035  2525  2542 D UiDevice: Searching for node with selector: BySelector [TEXT='\QGet Started\E'].
11-01 17:29:32.073   425   459 W TransactionTracing: Could not find layer id -1
11-01 17:29:32.139  2525  2542 D UiDevice: Searching for node with selector: BySelector [TEXT='\QGet Started\E'].
11-01 17:29:32.142  2617  2674 D EGL_emulation: app_time_stats: avg=1.22ms min=1.06ms max=1.76ms count=61
11-01 17:29:32.244  2525  2542 D UiDevice: Searching for node with selector: BySelector [TEXT='\QGet Started\E'].
11-01 17:29:32.347  2525  2542 D UiDevice: Searching for node with selector: BySelector [TEXT='\QGet Started\E'].
11-01 17:29:32.406   425   459 W TransactionTracing: Could not find layer id -1
11-01 17:29:32.451  2525  2542 D UiDevice: Searching for node with selector: BySelector [TEXT='\QGet Started\E'].
11-01 17:29:32.554  2525  2542 D UiDevice: Searching for node with selector: BySelector [TEXT='\QGet Started\E'].
11-01 17:29:32.659  2525  2542 D UiDevice: Searching for node with selector: BySelector [TEXT='\QGet Started\E'].
11-01 17:29:32.763  2525  2542 D UiDevice: Searching for node with selector: BySelector [TEXT='\QGet Started\E'].
11-01 17:29:32.866  2525  2542 D UiDevice: Searching for node with selector: BySelector [TEXT='\QGet Started\E'].
11-01 17:29:32.970  2525  2542 D UiDevice: Searching for node with selector: BySelector [TEXT='\QGet Started\E'].
11-01 17:29:33.074  2525  2542 D UiDevice: Searching for node with selector: BySelector [TEXT='\QGet Started\E'].
11-01 17:29:33.158  2617  2674 D EGL_emulation: app_time_stats: avg=1.23ms min=1.01ms max=1.79ms count=61
11-01 17:29:33.177  2525  2542 D UiDevice: Searching for node with selector: BySelector [TEXT='\QGet Started\E'].
11-01 17:29:33.281  2525  2542 D UiDevice: Searching for node with selector: BySelector [TEXT='\QGet Started\E'].
11-01 17:29:33.384  2525  2542 D UiDevice: Searching for node with selector: BySelector [TEXT='\QGet Started\E'].
11-01 17:29:33.487  2525  2542 D UiDevice: Searching for node with selector: BySelector [TEXT='\QGet Started\E'].
11-01 17:29:33.591  2525  2542 D UiDevice: Searching for node with selector: BySelector [TEXT='\QGet Started\E'].
11-01 17:29:33.695  2525  2542 D UiDevice: Searching for node with selector: BySelector [TEXT='\QGet Started\E'].
11-01 17:29:33.798  2525  2542 D UiDevice: Searching for node with selector: BySelector [TEXT='\QGet Started\E'].
11-01 17:29:33.873   425   459 W TransactionTracing: Could not find layer id -1
11-01 17:29:33.902  2525  2542 D UiDevice: Searching for node with selector: BySelector [TEXT='\QGet Started\E'].
11-01 17:29:34.005  2525  2542 D UiDevice: Searching for node with selector: BySelector [TEXT='\QGet Started\E'].
11-01 17:29:34.110  2525  2542 D UiDevice: Searching for node with selector: BySelector [TEXT='\QGet Started\E'].
11-01 17:29:34.158  2617  2674 D EGL_emulation: app_time_stats: avg=1.24ms min=1.03ms max=2.65ms count=60
11-01 17:29:34.213  2525  2542 D UiDevice: Searching for node with selector: BySelector [TEXT='\QGet Started\E'].
11-01 17:29:34.316  2525  2542 D UiDevice: Searching for node with selector: BySelector [TEXT='\QGet Started\E'].
11-01 17:29:34.420  2525  2542 D UiDevice: Searching for node with selector: BySelector [TEXT='\QGet Started\E'].
11-01 17:29:34.523  2525  2542 D UiDevice: Searching for node with selector: BySelector [TEXT='\QGet Started\E'].
11-01 17:29:34.627  2525  2542 D UiDevice: Searching for node with selector: BySelector [TEXT='\QGet Started\E'].
11-01 17:29:34.731  2525  2542 D UiDevice: Searching for node with selector: BySelector [TEXT='\QGet Started\E'].
11-01 17:29:34.834  2525  2542 D UiDevice: Searching for node with selector: BySelector [TEXT='\QGet Started\E'].
11-01 17:29:34.937  2525  2542 D UiDevice: Searching for node with selector: BySelector [TEXT='\QGet Started\E'].
11-01 17:29:34.939   425   459 W TransactionTracing: Could not find layer id -1
11-01 17:29:35.042  2525  2542 D UiDevice: Searching for node with selector: BySelector [TEXT='\QGet Started\E'].
11-01 17:29:35.145  2525  2542 D UiDevice: Searching for node with selector: BySelector [TEXT='\QGet Started\E'].
11-01 17:29:35.159  2617  2674 D EGL_emulation: app_time_stats: avg=1.26ms min=1.03ms max=1.74ms count=60
11-01 17:29:35.189   425   459 W TransactionTracing: Could not find layer id -1
11-01 17:29:35.249  2525  2542 D UiDevice: Searching for node with selector: BySelector [TEXT='\QGet Started\E'].
11-01 17:29:35.352  2525  2542 D UiDevice: Searching for node with selector: BySelector [TEXT='\QGet Started\E'].
11-01 17:29:35.455  2525  2542 D UiDevice: Searching for node with selector: BySelector [TEXT='\QGet Started\E'].
11-01 17:29:35.473   425   459 W TransactionTracing: Could not find layer id -1
11-01 17:29:35.473   425   459 W TransactionTracing: Could not find layer id -1
11-01 17:29:35.473   425   459 W TransactionTracing: Could not find layer id -1
11-01 17:29:35.473   425   459 W TransactionTracing: Could not find layer id -1
11-01 17:29:35.473   425   459 W TransactionTracing: Could not find layer id -1
11-01 17:29:35.560  2525  2542 D UiDevice: Searching for node with selector: BySelector [TEXT='\QGet Started\E'].
11-01 17:29:35.663  2525  2542 D UiDevice: Searching for node with selector: BySelector [TEXT='\QGet Started\E'].
11-01 17:29:35.767  2525  2542 D UiDevice: Searching for node with selector: BySelector [TEXT='\QGet Started\E'].
11-01 17:29:35.870  2525  2542 D UiDevice: Searching for node with selector: BySelector [TEXT='\QGet Started\E'].
11-01 17:29:35.974  2525  2542 D UiDevice: Searching for node with selector: BySelector [TEXT='\QGet Started\E'].
11-01 17:29:36.078  2525  2542 D UiDevice: Searching for node with selector: BySelector [TEXT='\QGet Started\E'].
11-01 17:29:36.175  2617  2674 D EGL_emulation: app_time_stats: avg=1.23ms min=1.06ms max=1.63ms count=61
11-01 17:29:36.181  2525  2542 D UiDevice: Searching for node with selector: BySelector [TEXT='\QGet Started\E'].
11-01 17:29:36.284  2525  2542 D UiDevice: Searching for node with selector: BySelector [TEXT='\QGet Started\E'].
11-01 17:29:36.388  2525  2542 D UiDevice: Searching for node with selector: BySelector [TEXT='\QGet Started\E'].
11-01 17:29:36.493  2525  2542 D UiDevice: Searching for node with selector: BySelector [TEXT='\QGet Started\E'].
11-01 17:29:36.596  2525  2542 D UiDevice: Searching for node with selector: BySelector [TEXT='\QGet Started\E'].
11-01 17:29:36.699  2525  2542 D UiDevice: Searching for node with selector: BySelector [TEXT='\QGet Started\E'].
11-01 17:29:36.802  2525  2542 D UiDevice: Searching for node with selector: BySelector [TEXT='\QGet Started\E'].
11-01 17:29:36.907  2525  2542 D UiDevice: Searching for node with selector: BySelector [TEXT='\QGet Started\E'].
11-01 17:29:37.010  2525  2542 D UiDevice: Searching for node with selector: BySelector [TEXT='\QGet Started\E'].
11-01 17:29:37.114  2525  2542 D UiDevice: Searching for node with selector: BySelector [TEXT='\QGet Started\E'].
11-01 17:29:37.175  2617  2674 D EGL_emulation: app_time_stats: avg=1.24ms min=1.05ms max=1.67ms count=60
11-01 17:29:37.217  2525  2542 D UiDevice: Searching for node with selector: BySelector [TEXT='\QGet Started\E'].
11-01 17:29:37.289  2617  2687 D UstadCache: CacheTrimmer:  Trim cache run: max (evictable) size = 100000000 bytes
11-01 17:29:37.290  2617  2687 V UstadCache: CacheTrimmer:  deleting
11-01 17:29:37.320  2525  2542 D UiDevice: Searching for node with selector: BySelector [TEXT='\QGet Started\E'].
11-01 17:29:37.424  2525  2542 D UiDevice: Searching for node with selector: BySelector [TEXT='\QGet Started\E'].
11-01 17:29:37.528  2525  2542 D UiDevice: Searching for node with selector: BySelector [TEXT='\QGet Started\E'].
11-01 17:29:37.631  2525  2542 D UiDevice: Searching for node with selector: BySelector [TEXT='\QGet Started\E'].
11-01 17:29:37.734  2525  2542 D UiDevice: Searching for node with selector: BySelector [TEXT='\QGet Started\E'].
11-01 17:29:37.837  2525  2542 D UiDevice: Searching for node with selector: BySelector [TEXT='\QGet Started\E'].
11-01 17:29:37.942  2525  2542 D UiDevice: Searching for node with selector: BySelector [TEXT='\QGet Started\E'].
11-01 17:29:38.045  2525  2542 D UiDevice: Searching for node with selector: BySelector [TEXT='\QGet Started\E'].
11-01 17:29:38.148  2525  2542 D UiDevice: Searching for node with selector: BySelector [TEXT='\QGet Started\E'].
11-01 17:29:38.191  2617  2674 D EGL_emulation: app_time_stats: avg=1.29ms min=1.07ms max=3.13ms count=61
11-01 17:29:38.251  2525  2542 D UiDevice: Searching for node with selector: BySelector [TEXT='\QGet Started\E'].
11-01 17:29:38.354  2525  2542 D UiDevice: Searching for node with selector: BySelector [TEXT='\QGet Started\E'].
11-01 17:29:38.459  2525  2542 D UiDevice: Searching for node with selector: BySelector [TEXT='\QGet Started\E'].
11-01 17:29:38.562  2525  2542 D UiDevice: Searching for node with selector: BySelector [TEXT='\QGet Started\E'].
11-01 17:29:38.665  2525  2542 D UiDevice: Searching for node with selector: BySelector [TEXT='\QGet Started\E'].
11-01 17:29:38.768  2525  2542 D UiDevice: Searching for node with selector: BySelector [TEXT='\QGet Started\E'].
11-01 17:29:38.871  2525  2542 D UiDevice: Searching for node with selector: BySelector [TEXT='\QGet Started\E'].
11-01 17:29:38.975  2525  2542 D UiDevice: Searching for node with selector: BySelector [TEXT='\QGet Started\E'].
11-01 17:29:39.078  2525  2542 D UiDevice: Searching for node with selector: BySelector [TEXT='\QGet Started\E'].
11-01 17:29:39.181  2525  2542 D UiDevice: Searching for node with selector: BySelector [TEXT='\QGet Started\E'].
11-01 17:29:39.188  2617  2726 V UstadCache: OKHttp-CacheInterceptor:  intercept: GET https://edubridge-afghanistan.app/Site/verify
11-01 17:29:39.188  2617  2726 I UstadCache: UstadCache(): Retrieve https://edubridge-afghanistan.app/Site/verify
11-01 17:29:39.188  2617  2726 D UstadCache: UstadCache(): MISS https://edubridge-afghanistan.app/Site/verify
11-01 17:29:39.191  2617  2726 D TrafficStats: tagSocket(102) with statsTag=0xffffffff, statsUid=-1
11-01 17:29:39.192  2617  2674 D EGL_emulation: app_time_stats: avg=1.27ms min=1.08ms max=2.21ms count=60
11-01 17:29:39.218  2617  2617 W LoginViewModel$invokeSuspend: Could not load site object for https://edubridge-afghanistan.app/
11-01 17:29:39.218  2617  2617 W LoginViewModel$invokeSuspend: java.net.ConnectException: Failed to connect to edubridge-afghanistan.app/65.21.146.62:443
11-01 17:29:39.218  2617  2617 W LoginViewModel$invokeSuspend: 	at okhttp3.internal.connection.RealConnection.connectSocket(RealConnection.kt:297)
11-01 17:29:39.218  2617  2617 W LoginViewModel$invokeSuspend: 	at okhttp3.internal.connection.RealConnection.connect(RealConnection.kt:207)
11-01 17:29:39.218  2617  2617 W LoginViewModel$invokeSuspend: 	at okhttp3.internal.connection.ExchangeFinder.findConnection(ExchangeFinder.kt:226)
11-01 17:29:39.218  2617  2617 W LoginViewModel$invokeSuspend: 	at okhttp3.internal.connection.ExchangeFinder.findHealthyConnection(ExchangeFinder.kt:106)
11-01 17:29:39.218  2617  2617 W LoginViewModel$invokeSuspend: 	at okhttp3.internal.connection.ExchangeFinder.find(ExchangeFinder.kt:74)
11-01 17:29:39.218  2617  2617 W LoginViewModel$invokeSuspend: 	at okhttp3.internal.connection.RealCall.initExchange$okhttp(RealCall.kt:255)
11-01 17:29:39.218  2617  2617 W LoginViewModel$invokeSuspend: 	at okhttp3.internal.connection.ConnectInterceptor.intercept(ConnectInterceptor.kt:32)
11-01 17:29:39.218  2617  2617 W LoginViewModel$invokeSuspend: 	at okhttp3.internal.http.RealInterceptorChain.proceed(RealInterceptorChain.kt:109)
11-01 17:29:39.218  2617  2617 W LoginViewModel$invokeSuspend: 	at okhttp3.internal.cache.CacheInterceptor.intercept(CacheInterceptor.kt:95)
11-01 17:29:39.218  2617  2617 W LoginViewModel$invokeSuspend: 	at okhttp3.internal.http.RealInterceptorChain.proceed(RealInterceptorChain.kt:109)
11-01 17:29:39.218  2617  2617 W LoginViewModel$invokeSuspend: 	at okhttp3.internal.http.BridgeInterceptor.intercept(BridgeInterceptor.kt:83)
11-01 17:29:39.218  2617  2617 W LoginViewModel$invokeSuspend: 	at okhttp3.internal.http.RealInterceptorChain.proceed(RealInterceptorChain.kt:109)
11-01 17:29:39.218  2617  2617 W LoginViewModel$invokeSuspend: 	at okhttp3.internal.http.RetryAndFollowUpInterceptor.intercept(RetryAndFollowUpInterceptor.kt:76)
11-01 17:29:39.218  2617  2617 W LoginViewModel$invokeSuspend: 	at okhttp3.internal.http.RealInterceptorChain.proceed(RealInterceptorChain.kt:109)
11-01 17:29:39.218  2617  2617 W LoginViewModel$invokeSuspend: 	at com.ustadmobile.libcache.okhttp.UstadCacheInterceptor.intercept(UstadCacheInterceptor.kt:407)
11-01 17:29:39.218  2617  2617 W LoginViewModel$invokeSuspend: 	at okhttp3.internal.http.RealInterceptorChain.proceed(RealInterceptorChain.kt:109)
11-01 17:29:39.218  2617  2617 W LoginViewModel$invokeSuspend: 	at okhttp3.internal.connection.RealCall.getResponseWithInterceptorChain$okhttp(RealCall.kt:201)
11-01 17:29:39.218  2617  2617 W LoginViewModel$invokeSuspend: 	at okhttp3.internal.connection.RealCall$AsyncCall.run(RealCall.kt:517)
11-01 17:29:39.218  2617  2617 W LoginViewModel$invokeSuspend: 	at java.util.concurrent.ThreadPoolExecutor.runWorker(ThreadPoolExecutor.java:1137)
11-01 17:29:39.218  2617  2617 W LoginViewModel$invokeSuspend: 	at java.util.concurrent.ThreadPoolExecutor$Worker.run(ThreadPoolExecutor.java:637)
11-01 17:29:39.218  2617  2617 W LoginViewModel$invokeSuspend: 	at java.lang.Thread.run(Thread.java:1012)
11-01 17:29:39.218  2617  2617 W LoginViewModel$invokeSuspend: Caused by: java.net.ConnectException: failed to connect to edubridge-afghanistan.app/65.21.146.62 (port 443) from /10.0.2.16 (port 59920) after 10000ms: isConnected failed: ECONNREFUSED (Connection refused)
11-01 17:29:39.218  2617  2617 W LoginViewModel$invokeSuspend: 	at libcore.io.IoBridge.isConnected(IoBridge.java:347)
11-01 17:29:39.218  2617  2617 W LoginViewModel$invokeSuspend: 	at libcore.io.IoBridge.connectErrno(IoBridge.java:237)
11-01 17:29:39.218  2617  2617 W LoginViewModel$invokeSuspend: 	at libcore.io.IoBridge.connect(IoBridge.java:179)
11-01 17:29:39.218  2617  2617 W LoginViewModel$invokeSuspend: 	at java.net.PlainSocketImpl.socketConnect(PlainSocketImpl.java:142)
11-01 17:29:39.218  2617  2617 W LoginViewModel$invokeSuspend: 	at java.net.AbstractPlainSocketImpl.doConnect(AbstractPlainSocketImpl.java:390)
11-01 17:29:39.218  2617  2617 W LoginViewModel$invokeSuspend: 	at java.net.AbstractPlainSocketImpl.connectToAddress(AbstractPlainSocketImpl.java:230)
11-01 17:29:39.218  2617  2617 W LoginViewModel$invokeSuspend: 	at java.net.AbstractPlainSocketImpl.connect(AbstractPlainSocketImpl.java:212)
11-01 17:29:39.218  2617  2617 W LoginViewModel$invokeSuspend: 	at java.net.SocksSocketImpl.connect(SocksSocketImpl.java:436)
11-01 17:29:39.218  2617  2617 W LoginViewModel$invokeSuspend: 	at java.net.Socket.connect(Socket.java:646)
11-01 17:29:39.218  2617  2617 W LoginViewModel$invokeSuspend: 	at okhttp3.internal.platform.Platform.connectSocket(Platform.kt:128)
11-01 17:29:39.218  2617  2617 W LoginViewModel$invokeSuspend: 	at okhttp3.internal.connection.RealConnection.connectSocket(RealConnection.kt:295)
11-01 17:29:39.218  2617  2617 W LoginViewModel$invokeSuspend: 	... 20 more
11-01 17:29:39.218  2617  2617 W LoginViewModel$invokeSuspend: Caused by: android.system.ErrnoException: isConnected failed: ECONNREFUSED (Connection refused)
11-01 17:29:39.218  2617  2617 W LoginViewModel$invokeSuspend: 	at libcore.io.IoBridge.isConnected(IoBridge.java:334)
11-01 17:29:39.218  2617  2617 W LoginViewModel$invokeSuspend: 	... 30 more
11-01 17:29:39.284  2525  2542 D UiDevice: Searching for node with selector: BySelector [TEXT='\QGet Started\E'].
11-01 17:29:40.208  2617  2674 D EGL_emulation: app_time_stats: avg=1.23ms min=1.06ms max=2.78ms count=61
11-01 17:29:40.287  2525  2542 D UiDevice: Retrieving node with selector: BySelector [TEXT='\QGet Started\E'].
11-01 17:29:40.292  2525  2542 D UiDevice: Node not found with selector: BySelector [TEXT='\QGet Started\E'].
11-01 17:29:41.225  2617  2674 D EGL_emulation: app_time_stats: avg=1.20ms min=1.04ms max=1.46ms count=61
11-01 17:29:42.225  2617  2674 D EGL_emulation: app_time_stats: avg=1.17ms min=0.96ms max=1.32ms count=60
11-01 17:29:43.241  2617  2674 D EGL_emulation: app_time_stats: avg=1.18ms min=1.09ms max=1.38ms count=61
11-01 17:29:44.241  2617  2674 D EGL_emulation: app_time_stats: avg=1.19ms min=1.06ms max=1.43ms count=60
11-01 17:29:45.242  2617  2674 D EGL_emulation: app_time_stats: avg=1.23ms min=1.07ms max=1.50ms count=60
11-01 17:29:45.292  2525  2542 D Benchmark: Profile Installer - Save Profile
11-01 17:29:45.310  2617  2617 I Process : Sending signal. PID: 2617 SIG: 10
11-01 17:29:45.310  2617  2617 D ProfileInstaller:
11-01 17:29:45.310  2617  2622 I child.edubridge: Thread[3,tid=2622,WaitingInMainSignalCatcherLoop,Thread*=0x7c11db9e5b20,peer=0x131416a8,"Signal Catcher"]: reacting to signal 10
11-01 17:29:45.310  2617  2622 I child.edubridge:
11-01 17:29:45.310  2617  2622 I child.edubridge: SIGUSR1 forcing GC (no HPROF) and profile save
11-01 17:29:45.335  2617  2622 I child.edubridge: Explicit concurrent copying GC freed 143056(4900KB) AllocSpace objects, 1(56KB) LOS objects, 49% free, 7323KB/14MB, paused 19us,9us total 24.581ms
11-01 17:29:45.812  2525  2542 D Benchmark: Killing process org.street_child.edubridge
11-01 17:29:45.812  2525  2542 D UiDevice: Executing shell command: killall org.street_child.edubridge
11-01 17:29:45.827  1510  2837 W MediaProvider: isAppCloneUserPair for user 0: false
11-01 17:29:45.827  1510  2837 V MediaProvider: Inserted id:1000000067 less than next row id backup:1000001000.
11-01 17:29:45.859   575   922 I PackageDexOptimizer: Running dexopt (dexoptNeeded=-3) on: /data/app/~~BwgQtX5CYUpjiTMOEzzJJw==/org.street_child.edubridge-_HKotTTaiFD4n6vJUuyHvA==/base.apk pkg=org.street_child.edubridge isa=x86_64 dexoptFlags=boot_complete,profile_guided,force,enable_hidden_api_checks targetFilter=speed-profile oatDir=/data/app/~~BwgQtX5CYUpjiTMOEzzJJw==/org.street_child.edubridge-_HKotTTaiFD4n6vJUuyHvA==/oat classLoaderContext=PCL[]{PCL[/system_ext/framework/androidx.window.extensions.jar]#PCL[/system_ext/framework/androidx.window.sidecar.jar]}
11-01 17:29:45.860   496   496 V installd: DexInv: --- BEGIN '/data/app/~~BwgQtX5CYUpjiTMOEzzJJw==/org.street_child.edubridge-_HKotTTaiFD4n6vJUuyHvA==/base.apk' ---
11-01 17:29:45.860   496   496 V installd: Running /apex/com.android.art/bin/dex2oat64 in=base.apk out=/data/app/~~BwgQtX5CYUpjiTMOEzzJJw==/org.street_child.edubridge-_HKotTTaiFD4n6vJUuyHvA==/oat/x86_64/base.odex
11-01 17:29:45.869  3600  3600 W dex2oat64: Unexpected CPU variant for x86: x86_64.
11-01 17:29:45.869  3600  3600 W dex2oat64: Known variants: atom, sandybridge, silvermont, kabylake, default
11-01 17:29:45.870  3600  3600 W dex2oat64: Mismatch between dex2oat instruction set features to use (ISA: X86_64 Feature string: -ssse3,-sse4.1,-sse4.2,-avx,-avx2,-popcnt) and those from CPP defines (ISA: X86_64 Feature string: ssse3,sse4.1,sse4.2,-avx,-avx2,popcnt) for the command line:
11-01 17:29:45.870  3600  3600 W dex2oat64: /apex/com.android.art/bin/dex2oat64 --zip-fd=8 --zip-location=base.apk --oat-fd=9 --oat-location=/data/app/~~BwgQtX5CYUpjiTMOEzzJJw==/org.street_child.edubridge-_HKotTTaiFD4n6vJUuyHvA==/oat/x86_64/base.odex --input-vdex-fd=11 --output-vdex-fd=10 --app-image-fd=14 --image-format=lz4 --profile-file-fd=13 --swap-fd=12 --classpath-dir=/data/app/~~BwgQtX5CYUpjiTMOEzzJJw==/org.street_child.edubridge-_HKotTTaiFD4n6vJUuyHvA== --class-loader-context=PCL[]{PCL[/system_ext/framework/androidx.window.extensions.jar]#PCL[/system_ext/framework/androidx.window.sidecar.jar]} --instruction-set=x86_64 --instruction-set-features=default --instruction-set-variant=x86_64 --compiler-filter=speed-profile --compilation-reason=cmdline --max-image-block-size=524288 --resolve-startup-const-strings=true --generate-mini-debug-info --runtime-arg -Xtarget-sdk-version:34 --runtime-arg -Xhidden-api-policy:enabled --runtime-arg -Xms64m --runtime-arg -Xmx512m
11-01 17:29:45.872  3600  3600 I dex2oat64: /apex/com.android.art/bin/dex2oat64 --input-vdex-fd=11 --output-vdex-fd=10 --profile-file-fd=13 --classpath-dir=/data/app/~~BwgQtX5CYUpjiTMOEzzJJw==/org.street_child.edubridge-_HKotTTaiFD4n6vJUuyHvA== --class-loader-context=PCL[]{PCL[/system_ext/framework/androidx.window.extensions.jar]#PCL[/system_ext/framework/androidx.window.sidecar.jar]} --compiler-filter=speed-profile --compilation-reason=cmdline --max-image-block-size=524288 --resolve-startup-const-strings=true --generate-mini-debug-info
11-01 17:29:46.242  2617  2674 D EGL_emulation: app_time_stats: avg=1.22ms min=1.00ms max=1.52ms count=60
11-01 17:29:47.242  2617  2674 D EGL_emulation: app_time_stats: avg=1.39ms min=1.07ms max=1.62ms count=60
11-01 17:29:48.258  2617  2674 D EGL_emulation: app_time_stats: avg=1.34ms min=1.16ms max=1.72ms count=61
11-01 17:29:49.221  2617  2726 V UstadCache: OKHttp-CacheInterceptor:  intercept: GET https://edubridge-afghanistan.app/Site/verify
11-01 17:29:49.222  2617  2726 I UstadCache: UstadCache(): Retrieve https://edubridge-afghanistan.app/Site/verify
11-01 17:29:49.222  2617  2726 D UstadCache: UstadCache(): MISS https://edubridge-afghanistan.app/Site/verify
11-01 17:29:49.226  2617  2726 D TrafficStats: tagSocket(113) with statsTag=0xffffffff, statsUid=-1
11-01 17:29:49.253  2617  2617 W LoginViewModel$invokeSuspend: Could not load site object for https://edubridge-afghanistan.app/
11-01 17:29:49.253  2617  2617 W LoginViewModel$invokeSuspend: java.net.ConnectException: Failed to connect to edubridge-afghanistan.app/65.21.146.62:443
11-01 17:29:49.253  2617  2617 W LoginViewModel$invokeSuspend: 	at okhttp3.internal.connection.RealConnection.connectSocket(RealConnection.kt:297)
11-01 17:29:49.253  2617  2617 W LoginViewModel$invokeSuspend: 	at okhttp3.internal.connection.RealConnection.connect(RealConnection.kt:207)
11-01 17:29:49.253  2617  2617 W LoginViewModel$invokeSuspend: 	at okhttp3.internal.connection.ExchangeFinder.findConnection(ExchangeFinder.kt:226)
11-01 17:29:49.253  2617  2617 W LoginViewModel$invokeSuspend: 	at okhttp3.internal.connection.ExchangeFinder.findHealthyConnection(ExchangeFinder.kt:106)
11-01 17:29:49.253  2617  2617 W LoginViewModel$invokeSuspend: 	at okhttp3.internal.connection.ExchangeFinder.find(ExchangeFinder.kt:74)
11-01 17:29:49.253  2617  2617 W LoginViewModel$invokeSuspend: 	at okhttp3.internal.connection.RealCall.initExchange$okhttp(RealCall.kt:255)
11-01 17:29:49.253  2617  2617 W LoginViewModel$invokeSuspend: 	at okhttp3.internal.connection.ConnectInterceptor.intercept(ConnectInterceptor.kt:32)
11-01 17:29:49.253  2617  2617 W LoginViewModel$invokeSuspend: 	at okhttp3.internal.http.RealInterceptorChain.proceed(RealInterceptorChain.kt:109)
11-01 17:29:49.253  2617  2617 W LoginViewModel$invokeSuspend: 	at okhttp3.internal.cache.CacheInterceptor.intercept(CacheInterceptor.kt:95)
11-01 17:29:49.253  2617  2617 W LoginViewModel$invokeSuspend: 	at okhttp3.internal.http.RealInterceptorChain.proceed(RealInterceptorChain.kt:109)
11-01 17:29:49.253  2617  2617 W LoginViewModel$invokeSuspend: 	at okhttp3.internal.http.BridgeInterceptor.intercept(BridgeInterceptor.kt:83)
11-01 17:29:49.253  2617  2617 W LoginViewModel$invokeSuspend: 	at okhttp3.internal.http.RealInterceptorChain.proceed(RealInterceptorChain.kt:109)
11-01 17:29:49.253  2617  2617 W LoginViewModel$invokeSuspend: 	at okhttp3.internal.http.RetryAndFollowUpInterceptor.intercept(RetryAndFollowUpInterceptor.kt:76)
11-01 17:29:49.253  2617  2617 W LoginViewModel$invokeSuspend: 	at okhttp3.internal.http.RealInterceptorChain.proceed(RealInterceptorChain.kt:109)
11-01 17:29:49.253  2617  2617 W LoginViewModel$invokeSuspend: 	at com.ustadmobile.libcache.okhttp.UstadCacheInterceptor.intercept(UstadCacheInterceptor.kt:407)
11-01 17:29:49.253  2617  2617 W LoginViewModel$invokeSuspend: 	at okhttp3.internal.http.RealInterceptorChain.proceed(RealInterceptorChain.kt:109)
11-01 17:29:49.253  2617  2617 W LoginViewModel$invokeSuspend: 	at okhttp3.internal.connection.RealCall.getResponseWithInterceptorChain$okhttp(RealCall.kt:201)
11-01 17:29:49.253  2617  2617 W LoginViewModel$invokeSuspend: 	at okhttp3.internal.connection.RealCall$AsyncCall.run(RealCall.kt:517)
11-01 17:29:49.253  2617  2617 W LoginViewModel$invokeSuspend: 	at java.util.concurrent.ThreadPoolExecutor.runWorker(ThreadPoolExecutor.java:1137)
11-01 17:29:49.253  2617  2617 W LoginViewModel$invokeSuspend: 	at java.util.concurrent.ThreadPoolExecutor$Worker.run(ThreadPoolExecutor.java:637)
11-01 17:29:49.253  2617  2617 W LoginViewModel$invokeSuspend: 	at java.lang.Thread.run(Thread.java:1012)
11-01 17:29:49.253  2617  2617 W LoginViewModel$invokeSuspend: Caused by: java.net.ConnectException: failed to connect to edubridge-afghanistan.app/65.21.146.62 (port 443) from /10.0.2.16 (port 56732) after 10000ms: isConnected failed: ECONNREFUSED (Connection refused)
11-01 17:29:49.253  2617  2617 W LoginViewModel$invokeSuspend: 	at libcore.io.IoBridge.isConnected(IoBridge.java:347)
11-01 17:29:49.253  2617  2617 W LoginViewModel$invokeSuspend: 	at libcore.io.IoBridge.connectErrno(IoBridge.java:237)
11-01 17:29:49.253  2617  2617 W LoginViewModel$invokeSuspend: 	at libcore.io.IoBridge.connect(IoBridge.java:179)
11-01 17:29:49.253  2617  2617 W LoginViewModel$invokeSuspend: 	at java.net.PlainSocketImpl.socketConnect(PlainSocketImpl.java:142)
11-01 17:29:49.253  2617  2617 W LoginViewModel$invokeSuspend: 	at java.net.AbstractPlainSocketImpl.doConnect(AbstractPlainSocketImpl.java:390)
11-01 17:29:49.253  2617  2617 W LoginViewModel$invokeSuspend: 	at java.net.AbstractPlainSocketImpl.connectToAddress(AbstractPlainSocketImpl.java:230)
11-01 17:29:49.253  2617  2617 W LoginViewModel$invokeSuspend: 	at java.net.AbstractPlainSocketImpl.connect(AbstractPlainSocketImpl.java:212)
11-01 17:29:49.253  2617  2617 W LoginViewModel$invokeSuspend: 	at java.net.SocksSocketImpl.connect(SocksSocketImpl.java:436)
11-01 17:29:49.253  2617  2617 W LoginViewModel$invokeSuspend: 	at java.net.Socket.connect(Socket.java:646)
11-01 17:29:49.253  2617  2617 W LoginViewModel$invokeSuspend: 	at okhttp3.internal.platform.Platform.connectSocket(Platform.kt:128)
11-01 17:29:49.253  2617  2617 W LoginViewModel$invokeSuspend: 	at okhttp3.internal.connection.RealConnection.connectSocket(RealConnection.kt:295)
11-01 17:29:49.253  2617  2617 W LoginViewModel$invokeSuspend: 	... 20 more
11-01 17:29:49.253  2617  2617 W LoginViewModel$invokeSuspend: Caused by: android.system.ErrnoException: isConnected failed: ECONNREFUSED (Connection refused)
11-01 17:29:49.253  2617  2617 W LoginViewModel$invokeSuspend: 	at libcore.io.IoBridge.isConnected(IoBridge.java:334)
11-01 17:29:49.253  2617  2617 W LoginViewModel$invokeSuspend: 	... 30 more
11-01 17:29:49.276  2617  2674 D EGL_emulation: app_time_stats: avg=1.42ms min=1.19ms max=1.68ms count=61
11-01 17:29:49.986  3600  3606 W dex2oat64: Accessing hidden method Landroid/window/BackEvent;->getProgress()F (blocked, linking, denied)
11-01 17:29:49.986  3600  3606 W dex2oat64: Accessing hidden method Landroid/window/BackEvent;->getSwipeEdge()I (blocked, linking, denied)
11-01 17:29:49.986  3600  3606 W dex2oat64: Accessing hidden method Landroid/window/BackEvent;->getTouchX()F (blocked, linking, denied)
11-01 17:29:49.986  3600  3606 W dex2oat64: Accessing hidden method Landroid/window/BackEvent;->getTouchY()F (blocked, linking, denied)
11-01 17:29:50.229  3600  3600 W dex2oat64: Method java.lang.Object androidx.compose.runtime.snapshots.SnapshotStateMap.mutate(kotlin.jvm.functions.Function1) failed lock verification and will run slower.
11-01 17:29:50.229  3600  3600 W dex2oat64: Common causes for lock verification issues are non-optimized dex code
11-01 17:29:50.229  3600  3600 W dex2oat64: and incorrect proguard optimizations.
11-01 17:29:50.229  3600  3600 W dex2oat64: Method void androidx.compose.runtime.snapshots.SnapshotStateMap.update(kotlin.jvm.functions.Function1) failed lock verification and will run slower.
11-01 17:29:50.229  3600  3600 W dex2oat64: Method boolean androidx.compose.runtime.snapshots.SnapshotStateMap.removeIf$runtime_release(kotlin.jvm.functions.Function1) failed lock verification and will run slower.
11-01 17:29:50.251  3600  3600 W dex2oat64: Method boolean androidx.compose.runtime.snapshots.SnapshotStateList.conditionalUpdate(boolean, kotlin.jvm.functions.Function1) failed lock verification and will run slower.
11-01 17:29:50.251  3600  3600 W dex2oat64: Method boolean androidx.compose.runtime.snapshots.SnapshotStateList.conditionalUpdate$default(androidx.compose.runtime.snapshots.SnapshotStateList, boolean, kotlin.jvm.functions.Function1, int, java.lang.Object) failed lock verification and will run slower.
11-01 17:29:50.251  3600  3600 W dex2oat64: Method java.lang.Object androidx.compose.runtime.snapshots.SnapshotStateList.mutate(kotlin.jvm.functions.Function1) failed lock verification and will run slower.
11-01 17:29:50.251  3600  3600 W dex2oat64: Method void androidx.compose.runtime.snapshots.SnapshotStateList.update(boolean, kotlin.jvm.functions.Function1) failed lock verification and will run slower.
11-01 17:29:50.251  3600  3600 W dex2oat64: Method void androidx.compose.runtime.snapshots.SnapshotStateList.update$default(androidx.compose.runtime.snapshots.SnapshotStateList, boolean, kotlin.jvm.functions.Function1, int, java.lang.Object) failed lock verification and will run slower.
11-01 17:29:50.291  2617  2674 D EGL_emulation: app_time_stats: avg=1.25ms min=0.90ms max=1.71ms count=61
11-01 17:29:51.291  2617  2674 D EGL_emulation: app_time_stats: avg=1.26ms min=1.04ms max=1.61ms count=60
11-01 17:29:51.639  3600  3600 I dex2oat64: Explicit concurrent copying GC freed 197305(31MB) AllocSpace objects, 0(0B) LOS objects, 49% free, 2112KB/4224KB, paused 15us,2us total 7.268ms
11-01 17:29:51.969  3600  3600 I dex2oat64: dex2oat took 6.100s (9.613s cpu) (threads: 4) arena alloc=8413KB (8615392B) java alloc=2112KB (2162944B) native alloc=21MB (22711520B) free=146MB (153338304B)
11-01 17:29:51.999   496   496 V installd: DexInv: --- END '/data/app/~~BwgQtX5CYUpjiTMOEzzJJw==/org.street_child.edubridge-_HKotTTaiFD4n6vJUuyHvA==/base.apk' (success) ---
11-01 17:29:52.047  1510  1859 W MediaProvider: isAppCloneUserPair for user 0: false
11-01 17:29:52.047  1510  1859 V MediaProvider: Inserted id:1000000068 less than next row id backup:1000001000.
11-01 17:29:52.308  2617  2674 D EGL_emulation: app_time_stats: avg=1.35ms min=1.11ms max=1.83ms count=61
11-01 17:29:52.444  3623  3623 W profman : profman took 362.787ms
11-01 17:29:52.472  1510  1761 W MediaProvider: isAppCloneUserPair for user 0: false
11-01 17:29:52.474  1510  1761 V MediaProvider: Inserted id:1000000069 less than next row id backup:1000001000.
11-01 17:29:52.674  1510  1859 I MediaProvider: Deleted 0 0 0 0 0 0 0 items on external_primary due to com.ustadmobile.app_android_baselineprofile
11-01 17:29:53.325  2617  2674 D EGL_emulation: app_time_stats: avg=1.32ms min=1.00ms max=1.70ms count=61
11-01 17:29:53.484  2525  2542 D Benchmark: Unstable profiles during iteration 8
11-01 17:29:53.484  2525  2542 D Benchmark: Killing package org.street_child.edubridge
11-01 17:29:53.484  2525  2542 D Benchmark: Killing process org.street_child.edubridge
11-01 17:29:53.484  2525  2542 D UiDevice: Executing shell command: killall org.street_child.edubridge
11-01 17:29:53.497  2525  2542 D Benchmark: Compile iteration (9) for org.street_child.edubridge
11-01 17:29:53.497  2525  2542 D UiDevice: Pressing home button.
11-01 17:29:53.509   867   867 V ShadeControllerImpl: NotificationShadeWindow: com.android.systemui.shade.NotificationShadeWindowView{f025071 I.E...... ......ID 0,0-320,640} canPanelBeCollapsed(): false
11-01 17:29:53.511  1129  1129 D TaplTarget: Launcher.onNewIntent: Intent { act=android.intent.action.MAIN cat=[android.intent.category.HOME] flg=0x10400100 cmp=com.android.launcher3/.uioverrides.QuickstepLauncher (has extras) }
11-01 17:29:53.513   867   867 V ShadeControllerImpl: NotificationShadeWindow: com.android.systemui.shade.NotificationShadeWindowView{f025071 I.E...... ......ID 0,0-320,640} canPanelBeCollapsed(): false
11-01 17:29:53.539   425   425 I BpBinder: onLastStrongRef automatically unlinking death recipients: <uncached descriptor>
11-01 17:29:53.539   425   459 W TransactionTracing: Could not find layer handle 0x7b1d62767a70
11-01 17:29:53.547   867   995 D EGL_emulation: app_time_stats: avg=846.34ms min=4.76ms max=23836.59ms count=29
11-01 17:29:53.552  1510  1758 W MediaProvider: isAppCloneUserPair for user 0: false
11-01 17:29:53.553  1510  1758 V MediaProvider: Inserted id:1000000070 less than next row id backup:1000001000.
11-01 17:29:53.573   425   459 W TransactionTracing: Could not find layer handle 0x7b1d62763450
11-01 17:29:53.617  2525  2542 I System.out: 0 Flags,FrameTimelineVsyncId,IntendedVsync,Vsync,InputEventId,HandleInputStart,AnimationStart,PerformTraversalsStart,DrawStart,FrameDeadline,FrameInterval,FrameStartTime,SyncQueued,SyncStart,IssueDrawCommandsStart,SwapBuffers,FrameCompleted,DequeueBufferDuration,QueueBufferDuration,GpuCompleted,SwapBuffersCompleted,DisplayPresentTime,CommandSubmissionCompleted,
11-01 17:29:53.617  2525  2542 I System.out: 1 0,100358,466383493793,466383493793,0,466383734851,466383735391,466383980251,466384002721,466433493791,466383731541,16666666,466384110671,466384800421,466384844781,466385253102,466401276596,15170054,109730,466386028242,466401276596,466417820251,466385253102,
11-01 17:29:53.617  2525  2542 I System.out: 2 0,100366,466400160459,466400160459,0,466400420416,466400420896,466400690756,466400714016,466450160457,466400417106,16666666,466400833326,466401310656,466401362416,466401802216,466418263391,15559535,108600,466416923440,466418263391,466434391875,466401802216,
11-01 17:29:53.617  2525  2542 I System.out: 3 0,100374,466416827125,466416827125,0,466417121830,466417122390,466417428831,466417452881,466466827123,466417118960,16666666,466417570391,466418295031,466418342421,466418735481,466434677375,14997634,94140,466433611405,466434677375,466451195570,466418735481,
11-01 17:29:53.617  2525  2542 I System.out: 4 0,100382,466433493791,466433493791,0,466434530515,466434530975,466434737235,466434760825,466483493789,466434528685,16666666,466434873025,466434924245,466434975995,466435498896,466451465660,14957964,218970,466450270250,466451465660,466467807664,466435498896,
11-01 17:29:53.617  2525  2542 I System.out: 5 0,100390,466450160457,466450160457,0,466450414630,466450415060,466450661210,466450684330,466500160455,466450411100,16666666,466450795670,466451494770,466451537330,466451902750,466468123905,15388785,82490,466466934954,466468123905,466484420369,466451902750,
11-01 17:29:53.617  2525  2542 I System.out: 6 0,100398,466466827123,466466827123,0,466467054014,466467054544,466467274904,466467295294,466516827121,466467051214,16666666,466467400714,466468149895,466468190715,466468540995,466484831489,15480294,71760,466483603919,466484831489,466501345834,466468540995,
11-01 17:29:53.617  2525  2542 I System.out: 7 0,100406,466483493789,466483493789,0,466483735429,466483736059,466483987859,466484012699,466533493787,466483732239,16666666,466484124229,466484859539,466484902479,466485282259,466501443554,15333524,81730,466500268914,466501443554,466517795128,466485282259,
11-01 17:29:53.617  2525  2542 I System.out: 8 0,100414,466500160455,466500160455,0,466500366794,466500367134,466500578534,466500601144,466550160453,466500364214,16666666,466500705504,466501470134,466501509594,466501869224,466518025938,15297654,78120,466516943328,466518025938,466534426583,466501869224,
11-01 17:29:53.617  2525  2542 I System.out: 9 0,100422,466516827121,466516827121,0,466517077858,466517078328,466517308338,466517329208,466566827119,466517075248,16666666,466517460518,466518053548,466518097498,466518448019,466534667133,15422734,80180,466533606363,466534667133,466551029208,466518448019,
11-01 17:29:53.617  2525  2542 I System.out: 10 0,100430,466533493787,466533493787,0,466533708363,466533708743,466533883403,466533904593,466583493785,466533706733,16666666,466534021223,466534704863,466534761523,466535256213,466551253058,15011545,105990,466550251747,466551253058,466567784192,466535256213,
11-01 17:29:53.617  2525  2542 I System.out: 11 0,100438,466550160453,466550160453,0,466550422687,466550423017,466550599057,466550613317,466600160451,466550421447,16666666,466550712448,466551279738,466551314068,466551704228,466567979862,15384624,106450,466566936462,466567979862,466584521107,466551704228,
11-01 17:29:53.617  2525  2542 I System.out: 12 0,100446,466566827119,466566827119,0,466566991612,466566991882,466567139462,466567149862,466616827117,466566990462,16666666,466567208502,466568004032,466568030102,466568374242,466584832237,15479764,93420,466583623747,466584832237,466601664882,466568374242,
11-01 17:29:53.617  2525  2542 I System.out: 13 0,100454,466583493785,466583493785,0,466583659057,466583659327,466583839097,466583853617,466633493783,466583657587,16666666,466583930027,466584860467,466584901167,466585298877,466601908152,15790155,101630,466586052647,466601908152,466618275956,466585298877,
11-01 17:29:53.617  2525  2542 I System.out: 14 0,100462,466600160451,466600160451,0,466600472461,466600473081,466600757851,466600780411,466650160449,466600468941,16666666,466600911981,466601941802,466601987822,466602433672,466618478156,15272594,113200,466616930926,466618478156,466634968251,466602433672,
11-01 17:29:53.617  2525  2542 I System.out: 15 0,100470,466616827117,466616827117,0,466617059146,466617059926,466617305776,466617327526,466666827115,466617048056,16666666,466617473716,466618511486,466618558736,466618996046,466635110221,15371574,111090,466633637681,466635110221,466651074025,466618996046,
11-01 17:29:53.617  2525  2542 I System.out: 16 0,100478,466633493783,466633493783,0,466633711761,466633712371,466633996431,466634017601,466683493781,466633708521,16666666,466634121171,466635143141,466635190001,466635638521,466651498546,15051165,158150,466636401721,466651498546,466667713720,466635638521,
11-01 17:29:53.617  2525  2542 I System.out: 17 0,100486,466650160449,466650160449,0,466650395185,466650395635,466650670945,466650692935,466700160447,466650392255,16666666,466650809385,466651529386,466651574606,466651942986,466667870410,15185204,125800,466666932700,466667870410,466684978025,466651942986,
11-01 17:29:53.617  2525  2542 I System.out: 18 0,100494,466666827115,466666827115,0,466667061850,466667062460,466667300040,466667321910,466716827113,466667058980,16666666,466667430050,466667898540,466667943490,466668301170,466685142205,16156435,74010,466683598974,466685142205,466701261969,466668301170,
11-01 17:29:53.617  2525  2542 I System.out: 19 0,100502,466683493781,466683493781,0,466683650304,466683650624,466683822804,466683840195,466733493779,466683648734,16666666,466683931705,466685163875,466685197345,466685551795,466701583709,15276404,75540,466700271409,466701583709,466717945234,466685551795,
11-01 17:29:53.617  2525  2542 I System.out: 20 0,100510,466700160447,466700160447,0,466700342819,466700343129,466700536989,466700556049,466750160445,466700341049,16666666,466700653349,466701615329,466701658119,466702161260,466718148424,15201024,112590,466716941464,466718148424,466734739959,466702161260,
11-01 17:29:53.617  2525  2542 I System.out: 21 0,100518,466716827113,466716827113,0,466717103814,466717104274,466717433324,466717460114,466766827111,466717100524,16666666,466717591204,466718182744,466718227974,466718643034,466735011369,15512845,91230,466733613998,466735011369,466751177443,466718643034,
11-01 17:29:53.617  2525  2542 I System.out: 22 0,100526,466733493779,466733493779,0,466733783698,466733784378,466734110218,466734139548,466783493777,466733780238,16666666,466734283449,466735046219,466735095409,466735593809,466751415963,15057444,123690,466750289373,466751415963,466768023338,466735593809,
11-01 17:29:53.617  2525  2542 I System.out: 23 0,100534,466750160445,466750160445,0,466750481293,466750482143,466750764353,466750790333,466800160443,466750477983,16666666,466750918213,466751452163,466751503653,466751943933,466768317088,15578234,116470,466766974808,466768317088,466785045513,466751943933,
11-01 17:29:53.617  2525  2542 I System.out: 24 0,100542,466766827111,466766827111,0,466767083948,466767084488,466767420568,466767447338,466816827109,466767080738,16666666,466767588008,466768352718,466768401328,466768887428,466785284503,15583305,116080,466783609862,466785284503,466800926277,466768887428,
11-01 17:29:53.617  2525  2542 I System.out: 25 0,100550,466783493777,466783493777,0,466783723262,466783723772,466784076082,466784104192,466833493775,466783719982,16666666,466784243442,466785318733,466785365103,466785894903,466801117987,14449704,118990,466800241507,466801117987,466817889612,466785894903,
11-01 17:29:53.617  2525  2542 I System.out: 26 0,100558,466800160443,466800160443,0,466800369907,466800370367,466800613647,466800635607,466850160441,466800367587,16666666,466800745327,466801148927,466801194737,466801748777,466818066882,15600735,90660,466816918261,466818066882,466835309377,466801748777,
11-01 17:29:53.617  2525  2542 I System.out: 27 0,100566,466816827109,466816827109,0,466817034981,466817035631,466817309152,466817334622,466866827107,466817031291,16666666,466817571582,466818102792,466818147662,466818483012,466835495007,16273485,82400,466833597696,466835495007,466851249531,466818483012,
11-01 17:29:53.617  2525  2542 I System.out: 28 0,100574,466833493775,466833493775,0,466833647936,466833648146,466833758096,466833769046,466883493773,466833646786,16666666,466833822186,466835534987,466835579407,466836065747,466851628301,14491154,190140,466837070087,466851628301,466867822986,466836065747,
11-01 17:29:53.617  2525  2542 I System.out: 29 0,100582,466850160441,466850160441,0,466850338741,466850339181,466850553861,466850572731,466900160439,466850335901,16666666,466850669971,466851667871,466851723561,466852201541,466868020896,14990355,115350,466866932795,466868020896,466884377060,466852201541,
11-01 17:29:53.617  2525  2542 I System.out: 30 0,100590,466866827107,466866827107,0,466867061495,466867061855,466867271575,466867292525,466916827105,466867059915,16666666,466867402205,466868054966,466868102416,466868573336,466884784840,15183504,151240,466869546056,466884784840,466901241235,466868573336,
11-01 17:29:53.617  2525  2542 I System.out: 31 0,100598,466883493773,466883493773,0,466883702650,466883703180,466883965170,466883990610,466933493771,466883699630,16666666,466884105200,466884831130,466884879830,466885347780,466901455825,15154894,169090,466886247261,466901455825,466917854350,466885347780,
11-01 17:29:53.617  2525  2542 I System.out: 32 0,100606,466900160439,466900160439,0,466900312265,466900312585,466900434215,466900444235,466950160437,466900311245,16666666,466900497585,466901502305,466901549785,466901954385,466918150890,15330375,163420,466902772655,466918150890,466934751534,466901954385,
11-01 17:29:53.617  2525  2542 I System.out: 33 0,100614,466916827105,466916827105,0,466916981869,466916982149,466917130369,466917140129,466966827103,466916980769,16666666,466917195669,466918190630,466918228380,466918610000,466934898504,15493704,118110,466933553154,466934898504,466951351539,466918610000,
11-01 17:29:53.617  2525  2542 I System.out: 34 0,100622,466933493771,466933493771,0,466933627884,466933628224,466933771124,466933781094,466983493769,466933626664,16666666,466933835144,466934932644,466934967404,466935321894,466951526339,15382234,160570,466936092065,466951526339,466967939613,466935321894,
11-01 17:29:53.617  2525  2542 I System.out: 35 0,100630,466950160437,466950160437,0,466950313879,466950314179,466950436979,466950446639,467000160435,466950312819,16666666,466950499129,466951570939,466951615339,466952035789,466968107613,15188404,123400,466966903543,466968107613,466984838768,466952035789,
11-01 17:29:53.618  2525  2542 I System.out: 36 0,100638,466966827103,466966827103,0,466966968813,466966969123,466967098253,466967107693,467016827101,466966967813,16666666,466967162563,466968150523,466968192543,466968592184,466984987948,15452534,199240,466969491064,466984987948,467001737903,466968592184,
11-01 17:29:53.618  2525  2542 I System.out: 37 0,100646,466983493769,466983493769,0,466983632678,466983632958,466983756808,466983766308,467033493767,466983631518,16666666,466983820298,466985029108,466985078788,466985550138,467001884933,15417774,117550,467000272142,467001884933,467018349097,466985550138,
