11-01 17:29:03.664  2617  2617 W LoginViewModel$invokeSuspend: 	at okhttp3.internal.connection.ExchangeFinder.findConnection(ExchangeFinder.kt:226)
11-01 17:29:03.664  2617  2617 W LoginViewModel$invokeSuspend: 	at okhttp3.internal.connection.ExchangeFinder.findHealthyConnection(ExchangeFinder.kt:106)
11-01 17:29:03.664  2617  2617 W LoginViewModel$invokeSuspend: 	at okhttp3.internal.connection.ExchangeFinder.find(ExchangeFinder.kt:74)
11-01 17:29:03.664  2617  2617 W LoginViewModel$invokeSuspend: 	at okhttp3.internal.connection.RealCall.initExchange$okhttp(RealCall.kt:255)
11-01 17:29:03.664  2617  2617 W LoginViewModel$invokeSuspend: 	at okhttp3.internal.connection.ConnectInterceptor.intercept(ConnectInterceptor.kt:32)
11-01 17:29:03.664  2617  2617 W LoginViewModel$invokeSuspend: 	at okhttp3.internal.http.RealInterceptorChain.proceed(RealInterceptorChain.kt:109)
11-01 17:29:03.664  2617  2617 W LoginViewModel$invokeSuspend: 	at okhttp3.internal.cache.CacheInterceptor.intercept(CacheInterceptor.kt:95)
11-01 17:29:03.664  2617  2617 W LoginViewModel$invokeSuspend: 	at okhttp3.internal.http.RealInterceptorChain.proceed(RealInterceptorChain.kt:109)
11-01 17:29:03.664  2617  2617 W LoginViewModel$invokeSuspend: 	at okhttp3.internal.http.BridgeInterceptor.intercept(BridgeInterceptor.kt:83)
11-01 17:29:03.664  2617  2617 W LoginViewModel$invokeSuspend: 	at okhttp3.internal.http.RealInterceptorChain.proceed(RealInterceptorChain.kt:109)
11-01 17:29:03.664  2617  2617 W LoginViewModel$invokeSuspend: 	at okhttp3.internal.http.RetryAndFollowUpInterceptor.intercept(RetryAndFollowUpInterceptor.kt:76)
11-01 17:29:03.664  2617  2617 W LoginViewModel$invokeSuspend: 	at okhttp3.internal.http.RealInterceptorChain.proceed(RealInterceptorChain.kt:109)
11-01 17:29:03.664  2617  2617 W LoginViewModel$invokeSuspend: 	at com.ustadmobile.libcache.okhttp.UstadCacheInterceptor.intercept(UstadCacheInterceptor.kt:407)
11-01 17:29:03.664  2617  2617 W LoginViewModel$invokeSuspend: 	at okhttp3.internal.http.RealInterceptorChain.proceed(RealInterceptorChain.kt:109)
11-01 17:29:03.664  2617  2617 W LoginViewModel$invokeSuspend: 	at okhttp3.internal.connection.RealCall.getResponseWithInterceptorChain$okhttp(RealCall.kt:201)
11-01 17:29:03.664  2617  2617 W LoginViewModel$invokeSuspend: 	at okhttp3.internal.connection.RealCall$AsyncCall.run(RealCall.kt:517)
11-01 17:29:03.664  2617  2617 W LoginViewModel$invokeSuspend: 	at java.util.concurrent.ThreadPoolExecutor.runWorker(ThreadPoolExecutor.java:1137)
11-01 17:29:03.664  2617  2617 W LoginViewModel$invokeSuspend: 	at java.util.concurrent.ThreadPoolExecutor$Worker.run(ThreadPoolExecutor.java:637)
11-01 17:29:03.664  2617  2617 W LoginViewModel$invokeSuspend: 	at java.lang.Thread.run(Thread.java:1012)
11-01 17:29:03.664  2617  2617 W LoginViewModel$invokeSuspend: Caused by: java.net.ConnectException: failed to connect to edubridge-afghanistan.app/65.21.146.62 (port 443) from /10.0.2.16 (port 47884) after 10000ms: isConnected failed: ECONNREFUSED (Connection refused)
11-01 17:29:03.664  2617  2617 W LoginViewModel$invokeSuspend: 	at libcore.io.IoBridge.isConnected(IoBridge.java:347)
11-01 17:29:03.664  2617  2617 W LoginViewModel$invokeSuspend: 	at libcore.io.IoBridge.connectErrno(IoBridge.java:237)
11-01 17:29:03.664  2617  2617 W LoginViewModel$invokeSuspend: 	at libcore.io.IoBridge.connect(IoBridge.java:179)
11-01 17:29:03.664  2617  2617 W LoginViewModel$invokeSuspend: 	at java.net.PlainSocketImpl.socketConnect(PlainSocketImpl.java:142)
11-01 17:29:03.664  2617  2617 W LoginViewModel$invokeSuspend: 	at java.net.AbstractPlainSocketImpl.doConnect(AbstractPlainSocketImpl.java:390)
11-01 17:29:03.664  2617  2617 W LoginViewModel$invokeSuspend: 	at java.net.AbstractPlainSocketImpl.connectToAddress(AbstractPlainSocketImpl.java:230)
11-01 17:29:03.664  2617  2617 W LoginViewModel$invokeSuspend: 	at java.net.AbstractPlainSocketImpl.connect(AbstractPlainSocketImpl.java:212)
11-01 17:29:03.664  2617  2617 W LoginViewModel$invokeSuspend: 	at java.net.SocksSocketImpl.connect(SocksSocketImpl.java:436)
11-01 17:29:03.664  2617  2617 W LoginViewModel$invokeSuspend: 	at java.net.Socket.connect(Socket.java:646)
11-01 17:29:03.664  2617  2617 W LoginViewModel$invokeSuspend: 	at okhttp3.internal.platform.Platform.connectSocket(Platform.kt:128)
11-01 17:29:03.664  2617  2617 W LoginViewModel$invokeSuspend: 	at okhttp3.internal.connection.RealConnection.connectSocket(RealConnection.kt:295)
11-01 17:29:03.664  2617  2617 W LoginViewModel$invokeSuspend: 	... 20 more
11-01 17:29:03.664  2617  2617 W LoginViewModel$invokeSuspend: Caused by: android.system.ErrnoException: isConnected failed: ECONNREFUSED (Connection refused)
11-01 17:29:03.664  2617  2617 W LoginViewModel$invokeSuspend: 	at libcore.io.IoBridge.isConnected(IoBridge.java:334)
11-01 17:29:03.664  2617  2617 W LoginViewModel$invokeSuspend: 	... 30 more
11-01 17:29:03.696  2525  2542 I System.out: 0 Flags,FrameTimelineVsyncId,IntendedVsync,Vsync,InputEventId,HandleInputStart,AnimationStart,PerformTraversalsStart,DrawStart,FrameDeadline,FrameInterval,FrameStartTime,SyncQueued,SyncStart,IssueDrawCommandsStart,SwapBuffers,FrameCompleted,DequeueBufferDuration,QueueBufferDuration,GpuCompleted,SwapBuffersCompleted,DisplayPresentTime,CommandSubmissionCompleted,
11-01 17:29:03.696  2525  2542 I System.out: 1 1,75598,418300162383,418316829049,0,418332611754,418332612134,418334632365,418353284380,418316829049,418332610124,16666666,418353602460,418353846460,418353911110,418354006290,418366958954,1420,73230,418366958954,418356114141,418369913824,418354006290,
11-01 17:29:03.696  2525  2542 I System.out: 2 0,75692,418350162381,418350162381,0,418360325312,418360325712,418366462374,418366485764,418400162379,418360323382,16666666,418367153664,418367742414,418367767304,418367870844,418383582848,3880,1246140,418383582848,418369651104,391667666217,418367870844,
11-01 17:29:03.696  2525  2542 I System.out: 3 0,75728,418366829047,418366829047,0,418376407836,418376408326,418404648484,418404670964,418416829045,418376405426,16666666,418413331747,418413367247,418413453717,418413535757,418416962898,2840,169230,418416962898,418414110117,391684298492,418413535757,
11-01 17:29:03.696  2525  2542 I System.out: 4 0,75771,418383495713,418400162379,0,418416224327,418416224697,418429020721,418429043621,418450162377,418416222397,16666666,418436877683,418436918003,418436968533,418437293923,418443260175,3540,99700,418443260175,418438075193,391701558137,418437293923,
11-01 17:29:03.696  2525  2542 I System.out: 5 0,75850,418416829045,418433495711,0,418438428034,418438428284,418440031094,418440041194,418433495711,418438426454,16666666,418441272754,418441323844,418441386164,418442556645,391701779377,12806413,195830,391700243057,418456107188,391718085461,418442556645,
11-01 17:29:03.696  2525  2542 D UiDevice: Waiting 10000ms for SearchCondition[hasObject=BySelector [TEXT='\QGet Started\E']].
11-01 17:29:03.696  2525  2542 D UiDevice: Searching for node with selector: BySelector [TEXT='\QGet Started\E'].
11-01 17:29:03.823   425   459 W TransactionTracing: Could not find layer handle 0x7b1d62767230
11-01 17:29:03.824   425   459 W TransactionTracing: Could not find layer handle 0x7b1d62762430
11-01 17:29:03.824   425   459 W TransactionTracing: Could not find layer handle 0x7b1d627637b0
11-01 17:29:03.824   425   459 W TransactionTracing: Could not find layer handle 0x7b1d62763450
11-01 17:29:03.824   425   459 W TransactionTracing: Could not find layer handle 0x7b1d62763450
11-01 17:29:03.824   425   459 W TransactionTracing: Could not find layer handle 0x7b1d62762430
11-01 17:29:03.824   425   459 W TransactionTracing: Could not find layer handle 0x7b1d62767230
11-01 17:29:03.860   575   976 W InputManager-JNI: Input channel object '5c872c3 Splash Screen org.street_child.edubridge (client)' was disposed without first being removed with the input manager!
11-01 17:29:03.875  1129  1129 W FrameTracker: Missed SF frame:PREDICTION_ERROR, 75649, 4298671, CUJ=J<LAUNCHER_APP_CLOSE_TO_HOME>
11-01 17:29:03.875  1129  1129 W FrameTracker: Missed SF frame:PREDICTION_ERROR, 75681, 6232780, CUJ=J<LAUNCHER_APP_CLOSE_TO_HOME>
11-01 17:29:03.875  1129  1129 W FrameTracker: Missed SF frame:PREDICTION_ERROR, 75721, 5777418, CUJ=J<LAUNCHER_APP_CLOSE_TO_HOME>
11-01 17:29:03.875  1129  1129 W FrameTracker: Missed SF frame:PREDICTION_ERROR, 75807, 5194285, CUJ=J<LAUNCHER_APP_CLOSE_TO_HOME>
11-01 17:29:03.875  1129  1129 W FrameTracker: Missed SF frame:PREDICTION_ERROR, 75843, 3861744, CUJ=J<LAUNCHER_APP_CLOSE_TO_HOME>
11-01 17:29:03.875  1129  1129 W FrameTracker: Missed SF frame:PREDICTION_ERROR, 75886, 5840623, CUJ=J<LAUNCHER_APP_CLOSE_TO_HOME>
11-01 17:29:03.875  1129  1129 W FrameTracker: Missed SF frame:PREDICTION_ERROR, 76059, 4309845, CUJ=J<LAUNCHER_APP_CLOSE_TO_HOME>
11-01 17:29:03.875  1129  1129 W FrameTracker: Missing SF jank callback for vsyncId: 76095, CUJ=J<LAUNCHER_APP_CLOSE_TO_HOME>
11-01 17:29:03.876  1129  1826 V PerfettoTrigger: Not triggering com.android.telemetry.interaction-jank-monitor-9 - not enough time since last trigger
11-01 17:29:03.890   425   459 W TransactionTracing: Could not find layer handle 0x7b1d627678f0
11-01 17:29:03.910   867   923 W FrameTracker: Missed SF frame:PREDICTION_ERROR, 75797, 9977997, CUJ=J<SPLASHSCREEN_EXIT_ANIM>
11-01 17:29:03.910   867   923 W FrameTracker: Missed SF frame:PREDICTION_ERROR, 75836, 5168864, CUJ=J<SPLASHSCREEN_EXIT_ANIM>
11-01 17:29:03.910   867   923 W FrameTracker: Missing HWUI jank callback for vsyncId: 75879, CUJ=J<SPLASHSCREEN_EXIT_ANIM>
11-01 17:29:03.910   867   923 W FrameTracker: Missed SF frame:PREDICTION_ERROR, 75944, 10840651, CUJ=J<SPLASHSCREEN_EXIT_ANIM>
11-01 17:29:03.910   867   923 W FrameTracker: Missed SF frame:PREDICTION_ERROR, 75980, 0, CUJ=J<SPLASHSCREEN_EXIT_ANIM>
11-01 17:29:03.910   867   923 W FrameTracker: Missing HWUI jank callback for vsyncId: 75980, CUJ=J<SPLASHSCREEN_EXIT_ANIM>
11-01 17:29:03.910   867   923 W FrameTracker: Missed SF frame:PREDICTION_ERROR, 76088, 9488946, CUJ=J<SPLASHSCREEN_EXIT_ANIM>
11-01 17:29:03.910   867   923 W FrameTracker: Missed SF frame:PREDICTION_ERROR, 76153, 4954732, CUJ=J<SPLASHSCREEN_EXIT_ANIM>
11-01 17:29:03.910   867   923 W FrameTracker: Missed SF frame:PREDICTION_ERROR, 76175, 4226840, CUJ=J<SPLASHSCREEN_EXIT_ANIM>
11-01 17:29:03.910   867   911 V PerfettoTrigger: Not triggering com.android.telemetry.interaction-jank-monitor-39 - not enough time since last trigger
11-01 17:29:04.041   425   459 W TransactionTracing: Could not find layer handle 0x7b1d62765190
11-01 17:29:04.041   425   459 W TransactionTracing: Could not find layer handle 0x7b1d62768a90
11-01 17:29:04.041   425   459 W TransactionTracing: Could not find layer handle 0x7b1d62761e30
11-01 17:29:04.041   425   459 W TransactionTracing: Could not find layer handle 0x7b1d62761e30
11-01 17:29:04.041   425   459 W TransactionTracing: Could not find layer handle 0x7b1d62768a90
11-01 17:29:04.147  2525  2542 D UiDevice: Searching for node with selector: BySelector [TEXT='\QGet Started\E'].
11-01 17:29:04.591  2617  2674 D EGL_emulation: app_time_stats: avg=3.45ms min=0.99ms max=44.54ms count=61
11-01 17:29:04.731  2525  2542 D UiDevice: Searching for node with selector: BySelector [TEXT='\QGet Started\E'].
11-01 17:29:04.835  2525  2542 D UiDevice: Searching for node with selector: BySelector [TEXT='\QGet Started\E'].
11-01 17:29:04.938  2525  2542 D UiDevice: Searching for node with selector: BySelector [TEXT='\QGet Started\E'].
11-01 17:29:05.042  2525  2542 D UiDevice: Searching for node with selector: BySelector [TEXT='\QGet Started\E'].
11-01 17:29:05.146  2525  2542 D UiDevice: Searching for node with selector: BySelector [TEXT='\QGet Started\E'].
11-01 17:29:05.249  2525  2542 D UiDevice: Searching for node with selector: BySelector [TEXT='\QGet Started\E'].
11-01 17:29:05.353  2525  2542 D UiDevice: Searching for node with selector: BySelector [TEXT='\QGet Started\E'].
11-01 17:29:05.456  2525  2542 D UiDevice: Searching for node with selector: BySelector [TEXT='\QGet Started\E'].
11-01 17:29:05.560  2525  2542 D UiDevice: Searching for node with selector: BySelector [TEXT='\QGet Started\E'].
11-01 17:29:05.592  2617  2674 D EGL_emulation: app_time_stats: avg=1.24ms min=1.03ms max=1.54ms count=60
11-01 17:29:05.664  2525  2542 D UiDevice: Searching for node with selector: BySelector [TEXT='\QGet Started\E'].
11-01 17:29:05.767  2525  2542 D UiDevice: Searching for node with selector: BySelector [TEXT='\QGet Started\E'].
11-01 17:29:05.871  2525  2542 D UiDevice: Searching for node with selector: BySelector [TEXT='\QGet Started\E'].
11-01 17:29:05.975  2525  2542 D UiDevice: Searching for node with selector: BySelector [TEXT='\QGet Started\E'].
11-01 17:29:06.079  2525  2542 D UiDevice: Searching for node with selector: BySelector [TEXT='\QGet Started\E'].
11-01 17:29:06.182  2525  2542 D UiDevice: Searching for node with selector: BySelector [TEXT='\QGet Started\E'].
11-01 17:29:06.286  2525  2542 D UiDevice: Searching for node with selector: BySelector [TEXT='\QGet Started\E'].
11-01 17:29:06.390  2525  2542 D UiDevice: Searching for node with selector: BySelector [TEXT='\QGet Started\E'].
11-01 17:29:06.494  2525  2542 D UiDevice: Searching for node with selector: BySelector [TEXT='\QGet Started\E'].
11-01 17:29:06.592  2617  2674 D EGL_emulation: app_time_stats: avg=1.23ms min=1.03ms max=1.51ms count=60
11-01 17:29:06.597  2525  2542 D UiDevice: Searching for node with selector: BySelector [TEXT='\QGet Started\E'].
11-01 17:29:06.701  2525  2542 D UiDevice: Searching for node with selector: BySelector [TEXT='\QGet Started\E'].
11-01 17:29:06.805  2525  2542 D UiDevice: Searching for node with selector: BySelector [TEXT='\QGet Started\E'].
11-01 17:29:06.909  2525  2542 D UiDevice: Searching for node with selector: BySelector [TEXT='\QGet Started\E'].
11-01 17:29:07.013  2525  2542 D UiDevice: Searching for node with selector: BySelector [TEXT='\QGet Started\E'].
11-01 17:29:07.116  2525  2542 D UiDevice: Searching for node with selector: BySelector [TEXT='\QGet Started\E'].
11-01 17:29:07.219  2525  2542 D UiDevice: Searching for node with selector: BySelector [TEXT='\QGet Started\E'].
11-01 17:29:07.288  2617  2635 D UstadCache: CacheTrimmer:  Trim cache run: max (evictable) size = 100000000 bytes
11-01 17:29:07.289  2617  2635 V UstadCache: CacheTrimmer:  deleting
11-01 17:29:07.323  2525  2542 D UiDevice: Searching for node with selector: BySelector [TEXT='\QGet Started\E'].
11-01 17:29:07.406   425   459 W TransactionTracing: Could not find layer id -1
11-01 17:29:07.427  2525  2542 D UiDevice: Searching for node with selector: BySelector [TEXT='\QGet Started\E'].
11-01 17:29:07.531  2525  2542 D UiDevice: Searching for node with selector: BySelector [TEXT='\QGet Started\E'].
11-01 17:29:07.608  2617  2674 D EGL_emulation: app_time_stats: avg=1.22ms min=1.03ms max=1.61ms count=61
11-01 17:29:07.634  2525  2542 D UiDevice: Searching for node with selector: BySelector [TEXT='\QGet Started\E'].
11-01 17:29:07.737  2525  2542 D UiDevice: Searching for node with selector: BySelector [TEXT='\QGet Started\E'].
11-01 17:29:07.773   425   459 W TransactionTracing: Could not find layer id -1
11-01 17:29:07.842  2525  2542 D UiDevice: Searching for node with selector: BySelector [TEXT='\QGet Started\E'].
11-01 17:29:07.945  2525  2542 D UiDevice: Searching for node with selector: BySelector [TEXT='\QGet Started\E'].
11-01 17:29:08.048  2525  2542 D UiDevice: Searching for node with selector: BySelector [TEXT='\QGet Started\E'].
11-01 17:29:08.151  2525  2542 D UiDevice: Searching for node with selector: BySelector [TEXT='\QGet Started\E'].
11-01 17:29:08.254  2525  2542 D UiDevice: Searching for node with selector: BySelector [TEXT='\QGet Started\E'].
11-01 17:29:08.358  2525  2542 D UiDevice: Searching for node with selector: BySelector [TEXT='\QGet Started\E'].
11-01 17:29:08.461  2525  2542 D UiDevice: Searching for node with selector: BySelector [TEXT='\QGet Started\E'].
11-01 17:29:08.565  2525  2542 D UiDevice: Searching for node with selector: BySelector [TEXT='\QGet Started\E'].
11-01 17:29:08.608  2617  2674 D EGL_emulation: app_time_stats: avg=1.21ms min=1.04ms max=1.45ms count=60
11-01 17:29:08.668  2525  2542 D UiDevice: Searching for node with selector: BySelector [TEXT='\QGet Started\E'].
11-01 17:29:08.723   425   459 W TransactionTracing: Could not find layer id -1
11-01 17:29:08.771  2525  2542 D UiDevice: Searching for node with selector: BySelector [TEXT='\QGet Started\E'].
11-01 17:29:08.875  2525  2542 D UiDevice: Searching for node with selector: BySelector [TEXT='\QGet Started\E'].
11-01 17:29:08.978  2525  2542 D UiDevice: Searching for node with selector: BySelector [TEXT='\QGet Started\E'].
11-01 17:29:09.082  2525  2542 D UiDevice: Searching for node with selector: BySelector [TEXT='\QGet Started\E'].
11-01 17:29:09.185  2525  2542 D UiDevice: Searching for node with selector: BySelector [TEXT='\QGet Started\E'].
11-01 17:29:09.288  2525  2542 D UiDevice: Searching for node with selector: BySelector [TEXT='\QGet Started\E'].
11-01 17:29:09.393  2525  2542 D UiDevice: Searching for node with selector: BySelector [TEXT='\QGet Started\E'].
11-01 17:29:09.497  2525  2542 D UiDevice: Searching for node with selector: BySelector [TEXT='\QGet Started\E'].
11-01 17:29:09.600  2525  2542 D UiDevice: Searching for node with selector: BySelector [TEXT='\QGet Started\E'].
11-01 17:29:09.608  2617  2674 D EGL_emulation: app_time_stats: avg=1.20ms min=1.04ms max=1.52ms count=60
11-01 17:29:09.704  2525  2542 D UiDevice: Searching for node with selector: BySelector [TEXT='\QGet Started\E'].
11-01 17:29:09.808  2525  2542 D UiDevice: Searching for node with selector: BySelector [TEXT='\QGet Started\E'].
11-01 17:29:09.911  2525  2542 D UiDevice: Searching for node with selector: BySelector [TEXT='\QGet Started\E'].
11-01 17:29:10.015  2525  2542 D UiDevice: Searching for node with selector: BySelector [TEXT='\QGet Started\E'].
11-01 17:29:10.117  2525  2542 D UiDevice: Searching for node with selector: BySelector [TEXT='\QGet Started\E'].
11-01 17:29:10.206   425   459 W TransactionTracing: Could not find layer id -1
11-01 17:29:10.221  2525  2542 D UiDevice: Searching for node with selector: BySelector [TEXT='\QGet Started\E'].
11-01 17:29:10.325  2525  2542 D UiDevice: Searching for node with selector: BySelector [TEXT='\QGet Started\E'].
11-01 17:29:10.389   425   459 W TransactionTracing: Could not find layer id -1
11-01 17:29:10.389   425   459 W TransactionTracing: Could not find layer id -1
11-01 17:29:10.389   425   459 W TransactionTracing: Could not find layer id -1
11-01 17:29:10.389   425   459 W TransactionTracing: Could not find layer id -1
11-01 17:29:10.389   425   459 W TransactionTracing: Could not find layer id -1
11-01 17:29:10.428  2525  2542 D UiDevice: Searching for node with selector: BySelector [TEXT='\QGet Started\E'].
11-01 17:29:10.473  1724  1724 I ProvidersCache: Updating roots due to change on user 0at content://com.android.externalstorage.documents/
11-01 17:29:10.523   425   459 W TransactionTracing: Could not find layer id -1
11-01 17:29:10.532  2525  2542 D UiDevice: Searching for node with selector: BySelector [TEXT='\QGet Started\E'].
11-01 17:29:10.625  2617  2674 D EGL_emulation: app_time_stats: avg=1.24ms min=1.09ms max=1.48ms count=61
11-01 17:29:10.635  2525  2542 D UiDevice: Searching for node with selector: BySelector [TEXT='\QGet Started\E'].
11-01 17:29:10.738  2525  2542 D UiDevice: Searching for node with selector: BySelector [TEXT='\QGet Started\E'].
11-01 17:29:10.842  2525  2542 D UiDevice: Searching for node with selector: BySelector [TEXT='\QGet Started\E'].
11-01 17:29:10.945  2525  2542 D UiDevice: Searching for node with selector: BySelector [TEXT='\QGet Started\E'].
11-01 17:29:11.049  2525  2542 D UiDevice: Searching for node with selector: BySelector [TEXT='\QGet Started\E'].
11-01 17:29:11.152  2525  2542 D UiDevice: Searching for node with selector: BySelector [TEXT='\QGet Started\E'].
11-01 17:29:11.256  2525  2542 D UiDevice: Searching for node with selector: BySelector [TEXT='\QGet Started\E'].
11-01 17:29:11.360  2525  2542 D UiDevice: Searching for node with selector: BySelector [TEXT='\QGet Started\E'].
11-01 17:29:11.463  2525  2542 D UiDevice: Searching for node with selector: BySelector [TEXT='\QGet Started\E'].
11-01 17:29:11.567  2525  2542 D UiDevice: Searching for node with selector: BySelector [TEXT='\QGet Started\E'].
11-01 17:29:11.625  2617  2674 D EGL_emulation: app_time_stats: avg=1.26ms min=1.07ms max=2.49ms count=60
11-01 17:29:11.670  2525  2542 D UiDevice: Searching for node with selector: BySelector [TEXT='\QGet Started\E'].
11-01 17:29:11.774  2525  2542 D UiDevice: Searching for node with selector: BySelector [TEXT='\QGet Started\E'].
11-01 17:29:11.877  2525  2542 D UiDevice: Searching for node with selector: BySelector [TEXT='\QGet Started\E'].
11-01 17:29:11.980  2525  2542 D UiDevice: Searching for node with selector: BySelector [TEXT='\QGet Started\E'].
11-01 17:29:12.083  2525  2542 D UiDevice: Searching for node with selector: BySelector [TEXT='\QGet Started\E'].
11-01 17:29:12.186  2525  2542 D UiDevice: Searching for node with selector: BySelector [TEXT='\QGet Started\E'].
11-01 17:29:12.290  2525  2542 D UiDevice: Searching for node with selector: BySelector [TEXT='\QGet Started\E'].
11-01 17:29:12.394  2525  2542 D UiDevice: Searching for node with selector: BySelector [TEXT='\QGet Started\E'].
11-01 17:29:12.497  2525  2542 D UiDevice: Searching for node with selector: BySelector [TEXT='\QGet Started\E'].
11-01 17:29:12.601  2525  2542 D UiDevice: Searching for node with selector: BySelector [TEXT='\QGet Started\E'].
11-01 17:29:12.641  2617  2674 D EGL_emulation: app_time_stats: avg=1.22ms min=1.08ms max=1.66ms count=61
11-01 17:29:12.704  2525  2542 D UiDevice: Searching for node with selector: BySelector [TEXT='\QGet Started\E'].
11-01 17:29:12.809  2525  2542 D UiDevice: Searching for node with selector: BySelector [TEXT='\QGet Started\E'].
11-01 17:29:12.912  2525  2542 D UiDevice: Searching for node with selector: BySelector [TEXT='\QGet Started\E'].
11-01 17:29:13.016  2525  2542 D UiDevice: Searching for node with selector: BySelector [TEXT='\QGet Started\E'].
11-01 17:29:13.119  2525  2542 D UiDevice: Searching for node with selector: BySelector [TEXT='\QGet Started\E'].
11-01 17:29:13.222  2525  2542 D UiDevice: Searching for node with selector: BySelector [TEXT='\QGet Started\E'].
11-01 17:29:13.327  2525  2542 D UiDevice: Searching for node with selector: BySelector [TEXT='\QGet Started\E'].
11-01 17:29:13.430  2525  2542 D UiDevice: Searching for node with selector: BySelector [TEXT='\QGet Started\E'].
11-01 17:29:13.534  2525  2542 D UiDevice: Searching for node with selector: BySelector [TEXT='\QGet Started\E'].
11-01 17:29:13.637  2525  2542 D UiDevice: Searching for node with selector: BySelector [TEXT='\QGet Started\E'].
11-01 17:29:13.642  2617  2674 D EGL_emulation: app_time_stats: avg=1.19ms min=1.05ms max=1.35ms count=60
11-01 17:29:13.667  2617  2726 V UstadCache: OKHttp-CacheInterceptor:  intercept: GET https://edubridge-afghanistan.app/Site/verify
11-01 17:29:13.668  2617  2726 I UstadCache: UstadCache(): Retrieve https://edubridge-afghanistan.app/Site/verify
11-01 17:29:13.668  2617  2726 D UstadCache: UstadCache(): MISS https://edubridge-afghanistan.app/Site/verify
11-01 17:29:13.669  2617  2726 D TrafficStats: tagSocket(97) with statsTag=0xffffffff, statsUid=-1
11-01 17:29:13.697  2617  2617 W LoginViewModel$invokeSuspend: Could not load site object for https://edubridge-afghanistan.app/
11-01 17:29:13.697  2617  2617 W LoginViewModel$invokeSuspend: java.net.ConnectException: Failed to connect to edubridge-afghanistan.app/65.21.146.62:443
11-01 17:29:13.697  2617  2617 W LoginViewModel$invokeSuspend: 	at okhttp3.internal.connection.RealConnection.connectSocket(RealConnection.kt:297)
11-01 17:29:13.697  2617  2617 W LoginViewModel$invokeSuspend: 	at okhttp3.internal.connection.RealConnection.connect(RealConnection.kt:207)
11-01 17:29:13.697  2617  2617 W LoginViewModel$invokeSuspend: 	at okhttp3.internal.connection.ExchangeFinder.findConnection(ExchangeFinder.kt:226)
11-01 17:29:13.697  2617  2617 W LoginViewModel$invokeSuspend: 	at okhttp3.internal.connection.ExchangeFinder.findHealthyConnection(ExchangeFinder.kt:106)
11-01 17:29:13.697  2617  2617 W LoginViewModel$invokeSuspend: 	at okhttp3.internal.connection.ExchangeFinder.find(ExchangeFinder.kt:74)
11-01 17:29:13.697  2617  2617 W LoginViewModel$invokeSuspend: 	at okhttp3.internal.connection.RealCall.initExchange$okhttp(RealCall.kt:255)
11-01 17:29:13.697  2617  2617 W LoginViewModel$invokeSuspend: 	at okhttp3.internal.connection.ConnectInterceptor.intercept(ConnectInterceptor.kt:32)
11-01 17:29:13.697  2617  2617 W LoginViewModel$invokeSuspend: 	at okhttp3.internal.http.RealInterceptorChain.proceed(RealInterceptorChain.kt:109)
11-01 17:29:13.697  2617  2617 W LoginViewModel$invokeSuspend: 	at okhttp3.internal.cache.CacheInterceptor.intercept(CacheInterceptor.kt:95)
11-01 17:29:13.697  2617  2617 W LoginViewModel$invokeSuspend: 	at okhttp3.internal.http.RealInterceptorChain.proceed(RealInterceptorChain.kt:109)
11-01 17:29:13.697  2617  2617 W LoginViewModel$invokeSuspend: 	at okhttp3.internal.http.BridgeInterceptor.intercept(BridgeInterceptor.kt:83)
11-01 17:29:13.697  2617  2617 W LoginViewModel$invokeSuspend: 	at okhttp3.internal.http.RealInterceptorChain.proceed(RealInterceptorChain.kt:109)
11-01 17:29:13.697  2617  2617 W LoginViewModel$invokeSuspend: 	at okhttp3.internal.http.RetryAndFollowUpInterceptor.intercept(RetryAndFollowUpInterceptor.kt:76)
11-01 17:29:13.697  2617  2617 W LoginViewModel$invokeSuspend: 	at okhttp3.internal.http.RealInterceptorChain.proceed(RealInterceptorChain.kt:109)
11-01 17:29:13.697  2617  2617 W LoginViewModel$invokeSuspend: 	at com.ustadmobile.libcache.okhttp.UstadCacheInterceptor.intercept(UstadCacheInterceptor.kt:407)
11-01 17:29:13.697  2617  2617 W LoginViewModel$invokeSuspend: 	at okhttp3.internal.http.RealInterceptorChain.proceed(RealInterceptorChain.kt:109)
11-01 17:29:13.697  2617  2617 W LoginViewModel$invokeSuspend: 	at okhttp3.internal.connection.RealCall.getResponseWithInterceptorChain$okhttp(RealCall.kt:201)
11-01 17:29:13.697  2617  2617 W LoginViewModel$invokeSuspend: 	at okhttp3.internal.connection.RealCall$AsyncCall.run(RealCall.kt:517)
11-01 17:29:13.697  2617  2617 W LoginViewModel$invokeSuspend: 	at java.util.concurrent.ThreadPoolExecutor.runWorker(ThreadPoolExecutor.java:1137)
11-01 17:29:13.697  2617  2617 W LoginViewModel$invokeSuspend: 	at java.util.concurrent.ThreadPoolExecutor$Worker.run(ThreadPoolExecutor.java:637)
11-01 17:29:13.697  2617  2617 W LoginViewModel$invokeSuspend: 	at java.lang.Thread.run(Thread.java:1012)
11-01 17:29:13.697  2617  2617 W LoginViewModel$invokeSuspend: Caused by: java.net.ConnectException: failed to connect to edubridge-afghanistan.app/65.21.146.62 (port 443) from /10.0.2.16 (port 38140) after 10000ms: isConnected failed: ECONNREFUSED (Connection refused)
11-01 17:29:13.697  2617  2617 W LoginViewModel$invokeSuspend: 	at libcore.io.IoBridge.isConnected(IoBridge.java:347)
11-01 17:29:13.697  2617  2617 W LoginViewModel$invokeSuspend: 	at libcore.io.IoBridge.connectErrno(IoBridge.java:237)
11-01 17:29:13.697  2617  2617 W LoginViewModel$invokeSuspend: 	at libcore.io.IoBridge.connect(IoBridge.java:179)
11-01 17:29:13.697  2617  2617 W LoginViewModel$invokeSuspend: 	at java.net.PlainSocketImpl.socketConnect(PlainSocketImpl.java:142)
11-01 17:29:13.697  2617  2617 W LoginViewModel$invokeSuspend: 	at java.net.AbstractPlainSocketImpl.doConnect(AbstractPlainSocketImpl.java:390)
11-01 17:29:13.697  2617  2617 W LoginViewModel$invokeSuspend: 	at java.net.AbstractPlainSocketImpl.connectToAddress(AbstractPlainSocketImpl.java:230)
11-01 17:29:13.697  2617  2617 W LoginViewModel$invokeSuspend: 	at java.net.AbstractPlainSocketImpl.connect(AbstractPlainSocketImpl.java:212)
11-01 17:29:13.697  2617  2617 W LoginViewModel$invokeSuspend: 	at java.net.SocksSocketImpl.connect(SocksSocketImpl.java:436)
11-01 17:29:13.697  2617  2617 W LoginViewModel$invokeSuspend: 	at java.net.Socket.connect(Socket.java:646)
11-01 17:29:13.697  2617  2617 W LoginViewModel$invokeSuspend: 	at okhttp3.internal.platform.Platform.connectSocket(Platform.kt:128)
11-01 17:29:13.697  2617  2617 W LoginViewModel$invokeSuspend: 	at okhttp3.internal.connection.RealConnection.connectSocket(RealConnection.kt:295)
11-01 17:29:13.697  2617  2617 W LoginViewModel$invokeSuspend: 	... 20 more
11-01 17:29:13.697  2617  2617 W LoginViewModel$invokeSuspend: Caused by: android.system.ErrnoException: isConnected failed: ECONNREFUSED (Connection refused)
11-01 17:29:13.697  2617  2617 W LoginViewModel$invokeSuspend: 	at libcore.io.IoBridge.isConnected(IoBridge.java:334)
11-01 17:29:13.697  2617  2617 W LoginViewModel$invokeSuspend: 	... 30 more
11-01 17:29:13.742  2525  2542 D UiDevice: Searching for node with selector: BySelector [TEXT='\QGet Started\E'].
11-01 17:29:14.658  2617  2674 D EGL_emulation: app_time_stats: avg=1.15ms min=1.05ms max=1.35ms count=61
11-01 17:29:14.745  2525  2542 D UiDevice: Retrieving node with selector: BySelector [TEXT='\QGet Started\E'].
11-01 17:29:14.748  2525  2542 D UiDevice: Node not found with selector: BySelector [TEXT='\QGet Started\E'].
11-01 17:29:15.658  2617  2674 D EGL_emulation: app_time_stats: avg=1.20ms min=1.08ms max=1.51ms count=60
11-01 17:29:16.675  2617  2674 D EGL_emulation: app_time_stats: avg=1.17ms min=1.00ms max=1.41ms count=61
11-01 17:29:17.675  2617  2674 D EGL_emulation: app_time_stats: avg=1.19ms min=1.08ms max=1.53ms count=60
11-01 17:29:18.691  2617  2674 D EGL_emulation: app_time_stats: avg=1.18ms min=0.97ms max=1.49ms count=61
11-01 17:29:19.691  2617  2674 D EGL_emulation: app_time_stats: avg=1.22ms min=1.03ms max=1.54ms count=60
11-01 17:29:19.749  2525  2542 D Benchmark: Profile Installer - Save Profile
11-01 17:29:19.763  2617  2617 I Process : Sending signal. PID: 2617 SIG: 10
11-01 17:29:19.763  2617  2617 D ProfileInstaller:
11-01 17:29:19.763  2617  2622 I child.edubridge: Thread[3,tid=2622,WaitingInMainSignalCatcherLoop,Thread*=0x7c11db9e5b20,peer=0x131c16a8,"Signal Catcher"]: reacting to signal 10
11-01 17:29:19.763  2617  2622 I child.edubridge:
11-01 17:29:19.763  2617  2622 I child.edubridge: SIGUSR1 forcing GC (no HPROF) and profile save
11-01 17:29:19.785  2617  2622 I child.edubridge: Explicit concurrent copying GC freed 144138(4922KB) AllocSpace objects, 1(56KB) LOS objects, 49% free, 7295KB/14MB, paused 14us,9us total 22.344ms
11-01 17:29:20.268  2525  2542 D Benchmark: Killing process org.street_child.edubridge
11-01 17:29:20.268  2525  2542 D UiDevice: Executing shell command: killall org.street_child.edubridge
11-01 17:29:20.283  1510  1859 W MediaProvider: isAppCloneUserPair for user 0: false
11-01 17:29:20.283  1510  1859 V MediaProvider: Inserted id:1000000061 less than next row id backup:1000001000.
11-01 17:29:20.316   575   590 I PackageDexOptimizer: Running dexopt (dexoptNeeded=-3) on: /data/app/~~BwgQtX5CYUpjiTMOEzzJJw==/org.street_child.edubridge-_HKotTTaiFD4n6vJUuyHvA==/base.apk pkg=org.street_child.edubridge isa=x86_64 dexoptFlags=boot_complete,profile_guided,force,enable_hidden_api_checks targetFilter=speed-profile oatDir=/data/app/~~BwgQtX5CYUpjiTMOEzzJJw==/org.street_child.edubridge-_HKotTTaiFD4n6vJUuyHvA==/oat classLoaderContext=PCL[]{PCL[/system_ext/framework/androidx.window.extensions.jar]#PCL[/system_ext/framework/androidx.window.sidecar.jar]}
11-01 17:29:20.317   496   496 V installd: DexInv: --- BEGIN '/data/app/~~BwgQtX5CYUpjiTMOEzzJJw==/org.street_child.edubridge-_HKotTTaiFD4n6vJUuyHvA==/base.apk' ---
11-01 17:29:20.317   496   496 V installd: Running /apex/com.android.art/bin/dex2oat64 in=base.apk out=/data/app/~~BwgQtX5CYUpjiTMOEzzJJw==/org.street_child.edubridge-_HKotTTaiFD4n6vJUuyHvA==/oat/x86_64/base.odex
11-01 17:29:20.331  3477  3477 W dex2oat64: Unexpected CPU variant for x86: x86_64.
11-01 17:29:20.331  3477  3477 W dex2oat64: Known variants: atom, sandybridge, silvermont, kabylake, default
11-01 17:29:20.332  3477  3477 W dex2oat64: Mismatch between dex2oat instruction set features to use (ISA: X86_64 Feature string: -ssse3,-sse4.1,-sse4.2,-avx,-avx2,-popcnt) and those from CPP defines (ISA: X86_64 Feature string: ssse3,sse4.1,sse4.2,-avx,-avx2,popcnt) for the command line:
11-01 17:29:20.332  3477  3477 W dex2oat64: /apex/com.android.art/bin/dex2oat64 --zip-fd=8 --zip-location=base.apk --oat-fd=9 --oat-location=/data/app/~~BwgQtX5CYUpjiTMOEzzJJw==/org.street_child.edubridge-_HKotTTaiFD4n6vJUuyHvA==/oat/x86_64/base.odex --input-vdex-fd=11 --output-vdex-fd=10 --app-image-fd=14 --image-format=lz4 --profile-file-fd=13 --swap-fd=12 --classpath-dir=/data/app/~~BwgQtX5CYUpjiTMOEzzJJw==/org.street_child.edubridge-_HKotTTaiFD4n6vJUuyHvA== --class-loader-context=PCL[]{PCL[/system_ext/framework/androidx.window.extensions.jar]#PCL[/system_ext/framework/androidx.window.sidecar.jar]} --instruction-set=x86_64 --instruction-set-features=default --instruction-set-variant=x86_64 --compiler-filter=speed-profile --compilation-reason=cmdline --max-image-block-size=524288 --resolve-startup-const-strings=true --generate-mini-debug-info --runtime-arg -Xtarget-sdk-version:34 --runtime-arg -Xhidden-api-policy:enabled --runtime-arg -Xms64m --runtime-arg -Xmx512m
11-01 17:29:20.336  3477  3477 I dex2oat64: /apex/com.android.art/bin/dex2oat64 --input-vdex-fd=11 --output-vdex-fd=10 --profile-file-fd=13 --classpath-dir=/data/app/~~BwgQtX5CYUpjiTMOEzzJJw==/org.street_child.edubridge-_HKotTTaiFD4n6vJUuyHvA== --class-loader-context=PCL[]{PCL[/system_ext/framework/androidx.window.extensions.jar]#PCL[/system_ext/framework/androidx.window.sidecar.jar]} --compiler-filter=speed-profile --compilation-reason=cmdline --max-image-block-size=524288 --resolve-startup-const-strings=true --generate-mini-debug-info
11-01 17:29:20.692  2617  2674 D EGL_emulation: app_time_stats: avg=1.31ms min=1.12ms max=1.58ms count=60
11-01 17:29:21.692  2617  2674 D EGL_emulation: app_time_stats: avg=1.38ms min=1.16ms max=1.67ms count=60
11-01 17:29:22.709  2617  2674 D EGL_emulation: app_time_stats: avg=1.33ms min=1.04ms max=1.60ms count=61
11-01 17:29:23.700  2617  2726 V UstadCache: OKHttp-CacheInterceptor:  intercept: GET https://edubridge-afghanistan.app/Site/verify
11-01 17:29:23.700  2617  2726 I UstadCache: UstadCache(): Retrieve https://edubridge-afghanistan.app/Site/verify
11-01 17:29:23.700  2617  2726 D UstadCache: UstadCache(): MISS https://edubridge-afghanistan.app/Site/verify
11-01 17:29:23.702  2617  2726 D TrafficStats: tagSocket(102) with statsTag=0xffffffff, statsUid=-1
11-01 17:29:23.725  2617  2674 D EGL_emulation: app_time_stats: avg=1.35ms min=1.07ms max=1.61ms count=61
11-01 17:29:23.730  2617  2617 W LoginViewModel$invokeSuspend: Could not load site object for https://edubridge-afghanistan.app/
11-01 17:29:23.730  2617  2617 W LoginViewModel$invokeSuspend: java.net.ConnectException: Failed to connect to edubridge-afghanistan.app/65.21.146.62:443
11-01 17:29:23.730  2617  2617 W LoginViewModel$invokeSuspend: 	at okhttp3.internal.connection.RealConnection.connectSocket(RealConnection.kt:297)
11-01 17:29:23.730  2617  2617 W LoginViewModel$invokeSuspend: 	at okhttp3.internal.connection.RealConnection.connect(RealConnection.kt:207)
11-01 17:29:23.730  2617  2617 W LoginViewModel$invokeSuspend: 	at okhttp3.internal.connection.ExchangeFinder.findConnection(ExchangeFinder.kt:226)
11-01 17:29:23.730  2617  2617 W LoginViewModel$invokeSuspend: 	at okhttp3.internal.connection.ExchangeFinder.findHealthyConnection(ExchangeFinder.kt:106)
11-01 17:29:23.730  2617  2617 W LoginViewModel$invokeSuspend: 	at okhttp3.internal.connection.ExchangeFinder.find(ExchangeFinder.kt:74)
11-01 17:29:23.730  2617  2617 W LoginViewModel$invokeSuspend: 	at okhttp3.internal.connection.RealCall.initExchange$okhttp(RealCall.kt:255)
11-01 17:29:23.730  2617  2617 W LoginViewModel$invokeSuspend: 	at okhttp3.internal.connection.ConnectInterceptor.intercept(ConnectInterceptor.kt:32)
11-01 17:29:23.730  2617  2617 W LoginViewModel$invokeSuspend: 	at okhttp3.internal.http.RealInterceptorChain.proceed(RealInterceptorChain.kt:109)
11-01 17:29:23.730  2617  2617 W LoginViewModel$invokeSuspend: 	at okhttp3.internal.cache.CacheInterceptor.intercept(CacheInterceptor.kt:95)
11-01 17:29:23.730  2617  2617 W LoginViewModel$invokeSuspend: 	at okhttp3.internal.http.RealInterceptorChain.proceed(RealInterceptorChain.kt:109)
11-01 17:29:23.730  2617  2617 W LoginViewModel$invokeSuspend: 	at okhttp3.internal.http.BridgeInterceptor.intercept(BridgeInterceptor.kt:83)
11-01 17:29:23.730  2617  2617 W LoginViewModel$invokeSuspend: 	at okhttp3.internal.http.RealInterceptorChain.proceed(RealInterceptorChain.kt:109)
11-01 17:29:23.730  2617  2617 W LoginViewModel$invokeSuspend: 	at okhttp3.internal.http.RetryAndFollowUpInterceptor.intercept(RetryAndFollowUpInterceptor.kt:76)
11-01 17:29:23.730  2617  2617 W LoginViewModel$invokeSuspend: 	at okhttp3.internal.http.RealInterceptorChain.proceed(RealInterceptorChain.kt:109)
11-01 17:29:23.730  2617  2617 W LoginViewModel$invokeSuspend: 	at com.ustadmobile.libcache.okhttp.UstadCacheInterceptor.intercept(UstadCacheInterceptor.kt:407)
11-01 17:29:23.730  2617  2617 W LoginViewModel$invokeSuspend: 	at okhttp3.internal.http.RealInterceptorChain.proceed(RealInterceptorChain.kt:109)
11-01 17:29:23.730  2617  2617 W LoginViewModel$invokeSuspend: 	at okhttp3.internal.connection.RealCall.getResponseWithInterceptorChain$okhttp(RealCall.kt:201)
11-01 17:29:23.730  2617  2617 W LoginViewModel$invokeSuspend: 	at okhttp3.internal.connection.RealCall$AsyncCall.run(RealCall.kt:517)
11-01 17:29:23.730  2617  2617 W LoginViewModel$invokeSuspend: 	at java.util.concurrent.ThreadPoolExecutor.runWorker(ThreadPoolExecutor.java:1137)
11-01 17:29:23.730  2617  2617 W LoginViewModel$invokeSuspend: 	at java.util.concurrent.ThreadPoolExecutor$Worker.run(ThreadPoolExecutor.java:637)
11-01 17:29:23.730  2617  2617 W LoginViewModel$invokeSuspend: 	at java.lang.Thread.run(Thread.java:1012)
11-01 17:29:23.730  2617  2617 W LoginViewModel$invokeSuspend: Caused by: java.net.ConnectException: failed to connect to edubridge-afghanistan.app/65.21.146.62 (port 443) from /10.0.2.16 (port 52626) after 10000ms: isConnected failed: ECONNREFUSED (Connection refused)
11-01 17:29:23.730  2617  2617 W LoginViewModel$invokeSuspend: 	at libcore.io.IoBridge.isConnected(IoBridge.java:347)
11-01 17:29:23.730  2617  2617 W LoginViewModel$invokeSuspend: 	at libcore.io.IoBridge.connectErrno(IoBridge.java:237)
11-01 17:29:23.730  2617  2617 W LoginViewModel$invokeSuspend: 	at libcore.io.IoBridge.connect(IoBridge.java:179)
11-01 17:29:23.730  2617  2617 W LoginViewModel$invokeSuspend: 	at java.net.PlainSocketImpl.socketConnect(PlainSocketImpl.java:142)
11-01 17:29:23.730  2617  2617 W LoginViewModel$invokeSuspend: 	at java.net.AbstractPlainSocketImpl.doConnect(AbstractPlainSocketImpl.java:390)
11-01 17:29:23.730  2617  2617 W LoginViewModel$invokeSuspend: 	at java.net.AbstractPlainSocketImpl.connectToAddress(AbstractPlainSocketImpl.java:230)
11-01 17:29:23.730  2617  2617 W LoginViewModel$invokeSuspend: 	at java.net.AbstractPlainSocketImpl.connect(AbstractPlainSocketImpl.java:212)
11-01 17:29:23.730  2617  2617 W LoginViewModel$invokeSuspend: 	at java.net.SocksSocketImpl.connect(SocksSocketImpl.java:436)
11-01 17:29:23.730  2617  2617 W LoginViewModel$invokeSuspend: 	at java.net.Socket.connect(Socket.java:646)
11-01 17:29:23.730  2617  2617 W LoginViewModel$invokeSuspend: 	at okhttp3.internal.platform.Platform.connectSocket(Platform.kt:128)
11-01 17:29:23.730  2617  2617 W LoginViewModel$invokeSuspend: 	at okhttp3.internal.connection.RealConnection.connectSocket(RealConnection.kt:295)
11-01 17:29:23.730  2617  2617 W LoginViewModel$invokeSuspend: 	... 20 more
11-01 17:29:23.730  2617  2617 W LoginViewModel$invokeSuspend: Caused by: android.system.ErrnoException: isConnected failed: ECONNREFUSED (Connection refused)
11-01 17:29:23.730  2617  2617 W LoginViewModel$invokeSuspend: 	at libcore.io.IoBridge.isConnected(IoBridge.java:334)
11-01 17:29:23.730  2617  2617 W LoginViewModel$invokeSuspend: 	... 30 more
11-01 17:29:24.262  3477  3477 W dex2oat64: Accessing hidden method Landroid/window/BackEvent;->getProgress()F (blocked, linking, denied)
11-01 17:29:24.262  3477  3477 W dex2oat64: Accessing hidden method Landroid/window/BackEvent;->getSwipeEdge()I (blocked, linking, denied)
11-01 17:29:24.262  3477  3477 W dex2oat64: Accessing hidden method Landroid/window/BackEvent;->getTouchX()F (blocked, linking, denied)
11-01 17:29:24.262  3477  3477 W dex2oat64: Accessing hidden method Landroid/window/BackEvent;->getTouchY()F (blocked, linking, denied)
11-01 17:29:24.407   867   995 D EGL_emulation: app_time_stats: avg=724.44ms min=13.95ms max=20230.97ms count=29
11-01 17:29:24.516  3477  3483 W dex2oat64: Method java.lang.Object androidx.compose.runtime.snapshots.SnapshotStateMap.mutate(kotlin.jvm.functions.Function1) failed lock verification and will run slower.
11-01 17:29:24.516  3477  3483 W dex2oat64: Common causes for lock verification issues are non-optimized dex code
11-01 17:29:24.516  3477  3483 W dex2oat64: and incorrect proguard optimizations.
11-01 17:29:24.516  3477  3483 W dex2oat64: Method void androidx.compose.runtime.snapshots.SnapshotStateMap.update(kotlin.jvm.functions.Function1) failed lock verification and will run slower.
11-01 17:29:24.516  3477  3483 W dex2oat64: Method boolean androidx.compose.runtime.snapshots.SnapshotStateMap.removeIf$runtime_release(kotlin.jvm.functions.Function1) failed lock verification and will run slower.
11-01 17:29:24.536  3477  3482 W dex2oat64: Method boolean androidx.compose.runtime.snapshots.SnapshotStateList.conditionalUpdate(boolean, kotlin.jvm.functions.Function1) failed lock verification and will run slower.
11-01 17:29:24.537  3477  3482 W dex2oat64: Method boolean androidx.compose.runtime.snapshots.SnapshotStateList.conditionalUpdate$default(androidx.compose.runtime.snapshots.SnapshotStateList, boolean, kotlin.jvm.functions.Function1, int, java.lang.Object) failed lock verification and will run slower.
11-01 17:29:24.537  3477  3482 W dex2oat64: Method java.lang.Object androidx.compose.runtime.snapshots.SnapshotStateList.mutate(kotlin.jvm.functions.Function1) failed lock verification and will run slower.
11-01 17:29:24.537  3477  3482 W dex2oat64: Method void androidx.compose.runtime.snapshots.SnapshotStateList.update(boolean, kotlin.jvm.functions.Function1) failed lock verification and will run slower.
11-01 17:29:24.537  3477  3482 W dex2oat64: Method void androidx.compose.runtime.snapshots.SnapshotStateList.update$default(androidx.compose.runtime.snapshots.SnapshotStateList, boolean, kotlin.jvm.functions.Function1, int, java.lang.Object) failed lock verification and will run slower.
11-01 17:29:24.725  2617  2674 D EGL_emulation: app_time_stats: avg=1.23ms min=0.97ms max=1.54ms count=60
11-01 17:29:25.742  2617  2674 D EGL_emulation: app_time_stats: avg=1.28ms min=1.07ms max=1.92ms count=61
11-01 17:29:25.882  3477  3477 I dex2oat64: Explicit concurrent copying GC freed 197301(31MB) AllocSpace objects, 0(0B) LOS objects, 49% free, 2112KB/4224KB, paused 14us,4us total 8.381ms
11-01 17:29:26.376  3477  3477 I dex2oat64: dex2oat took 6.045s (9.423s cpu) (threads: 4) arena alloc=10MB (11407080B) java alloc=2112KB (2162944B) native alloc=21MB (22534912B) free=146MB (153310128B)
11-01 17:29:26.508   496   496 V installd: DexInv: --- END '/data/app/~~BwgQtX5CYUpjiTMOEzzJJw==/org.street_child.edubridge-_HKotTTaiFD4n6vJUuyHvA==/base.apk' (success) ---
11-01 17:29:26.656  1510  1761 W MediaProvider: isAppCloneUserPair for user 0: false
11-01 17:29:26.658  1510  1761 V MediaProvider: Inserted id:1000000062 less than next row id backup:1000001000.
11-01 17:29:26.746  2617  2674 D EGL_emulation: app_time_stats: avg=2.20ms min=1.22ms max=6.34ms count=60
11-01 17:29:27.531  3504  3504 W profman : profman took 760.701ms
11-01 17:29:27.576  1510  1758 W MediaProvider: isAppCloneUserPair for user 0: false
11-01 17:29:27.578  1510  1758 V MediaProvider: Inserted id:1000000063 less than next row id backup:1000001000.
11-01 17:29:27.759  2617  2674 D EGL_emulation: app_time_stats: avg=2.27ms min=1.12ms max=5.65ms count=61
11-01 17:29:28.037  1510  1761 I MediaProvider: Deleted 0 0 0 0 0 0 0 items on external_primary due to com.ustadmobile.app_android_baselineprofile
11-01 17:29:28.775  2617  2674 D EGL_emulation: app_time_stats: avg=1.29ms min=1.00ms max=1.83ms count=61
11-01 17:29:28.863  2525  2542 D Benchmark: Unstable profiles during iteration 7
11-01 17:29:28.863  2525  2542 D Benchmark: Killing package org.street_child.edubridge
11-01 17:29:28.863  2525  2542 D Benchmark: Killing process org.street_child.edubridge
11-01 17:29:28.864  2525  2542 D UiDevice: Executing shell command: killall org.street_child.edubridge
11-01 17:29:28.883  2525  2542 D Benchmark: Compile iteration (8) for org.street_child.edubridge
11-01 17:29:28.883  2525  2542 D UiDevice: Pressing home button.
11-01 17:29:28.896   867   867 V ShadeControllerImpl: NotificationShadeWindow: com.android.systemui.shade.NotificationShadeWindowView{f025071 I.E...... ......ID 0,0-320,640} canPanelBeCollapsed(): false
11-01 17:29:28.904  1129  1129 D TaplTarget: Launcher.onNewIntent: Intent { act=android.intent.action.MAIN cat=[android.intent.category.HOME] flg=0x10400100 cmp=com.android.launcher3/.uioverrides.QuickstepLauncher (has extras) }
11-01 17:29:28.912   867   867 V ShadeControllerImpl: NotificationShadeWindow: com.android.systemui.shade.NotificationShadeWindowView{f025071 I.E...... ......ID 0,0-320,640} canPanelBeCollapsed(): false
11-01 17:29:28.923   425   425 I BpBinder: onLastStrongRef automatically unlinking death recipients: <uncached descriptor>
11-01 17:29:28.947  1510  2837 W MediaProvider: isAppCloneUserPair for user 0: false
11-01 17:29:28.948  1510  2837 V MediaProvider: Inserted id:1000000064 less than next row id backup:1000001000.
11-01 17:29:28.949   867   995 D EGL_emulation: app_time_stats: avg=4541.55ms min=4541.55ms max=4541.55ms count=1
11-01 17:29:28.977   425   459 W TransactionTracing: Could not find layer handle 0x7b1d62762250
11-01 17:29:29.005  2525  2542 I System.out: 0 Flags,FrameTimelineVsyncId,IntendedVsync,Vsync,InputEventId,HandleInputStart,AnimationStart,PerformTraversalsStart,DrawStart,FrameDeadline,FrameInterval,FrameStartTime,SyncQueued,SyncStart,IssueDrawCommandsStart,SwapBuffers,FrameCompleted,DequeueBufferDuration,QueueBufferDuration,GpuCompleted,SwapBuffersCompleted,DisplayPresentTime,CommandSubmissionCompleted,
11-01 17:29:29.005  2525  2542 I System.out: 1 0,87604,441766828111,441766828111,0,441767174023,441767174273,441767490374,441767516174,441800161443,441767172483,16666666,441767656124,441770088414,441770297224,441773255045,441787615549,13085804,273750,441774383765,441787615549,441802464843,441773255045,
11-01 17:29:29.005  2525  2542 I System.out: 2 0,87612,441783494777,441783494777,0,441783807158,441783807458,441784325178,441784361458,441816828109,441783803108,16666666,441784697048,441787811849,441788008569,441791436790,441802726723,10011332,276491,441792577101,441802726723,441819315308,441791436790,
11-01 17:29:29.005  2525  2542 I System.out: 3 0,87620,441800161443,441800161443,0,441800553093,441800553263,441800975233,441801008063,441833494775,441800551653,16666666,441801220563,441802878073,441803021023,441805254614,441819616668,12801744,409450,441817039547,441819616668,441835842923,441805254614,
11-01 17:29:29.005  2525  2542 I System.out: 4 0,87628,441816828109,441816828109,0,441817123047,441817123357,441817837108,441817892008,441850161441,441817117967,16666666,441818326508,441819759508,441819896438,441821501759,441835928343,13357584,294330,441834136632,441835928343,441853183737,441821501759,
11-01 17:29:29.005  2525  2542 I System.out: 5 0,87636,441833494775,441833494775,0,441834304592,441834309762,441834817702,441834855432,441866828107,441834303522,16666666,441835114692,441835974803,441836036703,441837113063,441853598847,15370944,177470,441850329697,441853598847,441871311392,441837113063,
11-01 17:29:29.005  2525  2542 I System.out: 6 0,87644,441850161441,441850161441,0,441850612477,441850612937,441851671637,441851711127,441883494773,441850604577,16666666,441852099357,441853756018,441853898668,441855343958,441871485002,14332274,588900,441856842458,441871485002,441885612826,441855343958,
11-01 17:29:29.005  2525  2542 I System.out: 7 0,87652,441866828107,441866828107,0,441867186091,441867186431,441867671961,441867704961,441900161439,441867179511,16666666,441867953461,441871821173,441872059383,441875281964,441886168887,8912162,373330,441876978094,441886168887,441901590081,441875281964,
11-01 17:29:29.005  2525  2542 I System.out: 8 0,87660,441883494773,441883494773,0,441883941896,441883942246,441884303326,441884338776,441916828105,441883935406,16666666,441884548816,441886415537,441886673927,441888589517,441901958081,11315383,833711,441890479118,441901958081,441918814866,441888589517,
11-01 17:29:29.005  2525  2542 I System.out: 9 0,87668,441900161439,441900161439,0,441900591161,441900596701,441901996071,441902035061,441933494771,441900583401,16666666,441902355171,441902457461,441902543281,441903414381,441918948746,14364414,240000,441904524412,441918948746,441935636600,441903414381,
