11-01 17:30:18.834  2525  2542 I System.out: 72 0,113982,492783492737,492783492737,0,492783634524,492783634734,492783747554,492783760034,492816826069,492783633514,16666666,492783821564,492784638984,492784676804,492785050115,492801700599,15792014,163330,492800221889,492801700599,492817845054,492785050115,
11-01 17:30:18.834  2525  2542 I System.out: 73 0,113990,492800159403,492800159403,0,492800287589,492800287829,492800406019,492800417939,492833492735,492800286439,16666666,492800479349,492801727189,492801760429,492802123399,492818008954,15124675,126290,492816908393,492818008954,492834884818,492802123399,
11-01 17:30:18.834  2525  2542 I System.out: 74 0,113998,492816826069,492816826069,0,492817025493,492817026503,492817265494,492817286514,492850159401,492817023003,16666666,492817386164,492818039464,492818083334,492818458414,492835012378,15835874,88290,492833565388,492835012378,492851066123,492818458414,
11-01 17:30:18.834  2525  2542 I System.out: 75 0,114006,492833492735,492833492735,0,492833662458,492833662698,492833785938,492833801438,492866826067,492833661528,16666666,492833876708,492835038988,492835073668,492835458499,492851335873,14937244,162220,492836349999,492851335873,492868006428,492835458499,
11-01 17:30:18.834  2525  2542 I System.out: 76 0,114014,492850159401,492850159401,0,492850313173,492850313493,492850433783,492850446863,492883492733,492850311793,16666666,492850518653,492851365663,492851408033,492851823223,492868142448,15453815,160410,492852643253,492868142448,492884392162,492851823223,
11-01 17:30:18.834  2525  2542 I System.out: 77 0,114022,492866826067,492866826067,0,492866984017,492866984277,492867118787,492867132187,492900159399,492866983127,16666666,492867202757,492868169998,492868204198,492868598588,492884833062,15295694,189560,492869479298,492884833062,492901360197,492868598588,
11-01 17:30:18.834  2525  2542 I System.out: 78 0,114030,492883492733,492883492733,0,492883656082,492883656612,492883867652,492883886612,492916826065,492883654352,16666666,492883989542,492884866882,492884912662,492885376362,492901536407,15220524,153800,492900232657,492901536407,492917892841,492885376362,
11-01 17:30:18.834  2525  2542 I System.out: 79 0,114038,492900159399,492900159399,0,492900299167,492900299587,492900465357,492900486057,492933492731,492900297827,16666666,492900594247,492901571727,492901608307,492902027437,492917940001,14909984,159250,492902988287,492917940001,492935150686,492902027437,
11-01 17:30:18.834  2525  2542 I System.out: 80 0,114046,492916826065,492916826065,0,492916985171,492916985481,492917149981,492917161091,492950159397,492916983981,16666666,492917223971,492917969701,492918004501,492918365642,492935269486,16061374,149480,492919170922,492935269486,492951120481,492918365642,
11-01 17:30:18.834  2525  2542 I System.out: 81 0,114054,492933492731,492933492731,0,492933650306,492933650676,492933816886,492933836896,492966826063,492933648456,16666666,492933928946,492935289386,492935314076,492935615136,492951372361,14886974,101390,492950231140,492951372361,492967913515,492935615136,
11-01 17:30:18.834  2525  2542 I System.out: 82 0,114062,492950159397,492950159397,0,492950316880,492950317120,492950438160,492950451610,492983492729,492950315890,16666666,492950521231,492951398891,492951433551,492951807791,492968132405,15455784,107250,492966917175,492968132405,492984462890,492951807791,
11-01 17:30:18.834  2525  2542 I System.out: 83 0,114070,492966826063,492966826063,0,492966966365,492966966715,492967136595,492967153815,493000159395,492966964515,16666666,492967239625,492968159445,492968196195,492968562946,492984634160,15296284,94240,492983561530,492984634160,493000875605,492968562946,
11-01 17:30:18.834  2525  2542 I System.out: 84 0,114078,492983492729,492983492729,0,492983647250,492983647650,492983813680,492983832520,493016826061,492983645950,16666666,492983939440,492984654410,492984684440,492984984570,493001059275,15330725,68050,493000220544,493001059275,493018016009,492984984570,
11-01 17:30:18.834  2525  2542 I System.out: 85 0,114086,493000159395,493000159395,0,493000333404,493000333764,493000500244,493000517534,493033492727,493000331524,16666666,493000597724,493001078345,493001108995,493001419885,493018104569,15825424,96150,493002231795,493018104569,493035077814,493001419885,
11-01 17:30:18.834  2525  2542 I System.out: 86 0,114094,493016826061,493016826061,0,493016964389,493016964679,493017126589,493017140549,493050159393,493016963229,16666666,493017217089,493018129339,493018163409,493018523269,493035236934,15828954,166520,493019348780,493035236934,493051123628,493018523269,
11-01 17:30:18.834  2525  2542 I System.out: 87 0,114102,493033492727,493033492727,0,493033617514,493033622324,493033725304,493033735844,493066826059,493033616494,16666666,493033794084,493035287524,493035339174,493035768364,493051430679,14752715,181760,493036634664,493051430679,493067794093,493035768364,
11-01 17:30:18.834  2525  2542 I System.out: 88 0,114110,493050159393,493050159393,0,493050360748,493050361418,493050603428,493050626478,493083492725,493050358268,16666666,493050743428,493051457979,493051489429,493051797219,493068025823,15423724,98630,493066899743,493068025823,493084538708,493051797219,
11-01 17:30:18.834  2525  2542 I System.out: 89 0,114118,493066826059,493066826059,0,493066946613,493066946873,493067063773,493067071773,493100159391,493066945993,16666666,493067119763,493068057443,493068094843,493068469693,493084696228,15387835,103780,493083578077,493084696228,493101176682,493068469693,
11-01 17:30:18.834  2525  2542 I System.out: 90 0,114126,493083492725,493083492725,0,493083633207,493083633617,493083822938,493083843388,493116826057,493083630797,16666666,493083957828,493084726248,493084767428,493085229678,493101353132,15215234,154180,493086088128,493101353132,493117995667,493085229678,
11-01 17:30:18.834  2525  2542 I System.out: 91 0,114134,493100159391,493100159391,0,493100349222,493100349752,493100582542,493100605472,493133492723,493100347382,16666666,493100723252,493101384532,493101459602,493101821943,493118076357,15353284,134300,493102672173,493118076357,493134435232,493101821943,
11-01 17:30:18.834  2525  2542 I System.out: 92 0,114142,493116826057,493116826057,0,493117058637,493117058997,493117244967,493117262947,493150159389,493117057267,16666666,493117355587,493118107387,493118148347,493118543047,493134866412,15432375,160740,493119381447,493134866412,493151020296,493118543047,
11-01 17:30:18.834  2525  2542 I System.out: 93 0,114150,493133492723,493133492723,0,493133680481,493133681281,493133891041,493133912181,493166826055,493133678531,16666666,493134009641,493134898522,493134945252,493135363652,493151243726,14934224,148940,493136255472,493151243726,493167810891,493135363652,
11-01 17:30:18.834  2525  2542 I System.out: 94 0,114158,493150159389,493150159389,0,493150380766,493150381576,493150599856,493150623756,493183492721,493150378516,16666666,493150721266,493151273416,493151320476,493151707156,493167988711,15528284,104960,493152418647,493167988711,493184220325,493151707156,
11-01 17:30:18.834  2525  2542 I System.out: 95 0,114166,493166826055,493166826055,0,493167016241,493167016731,493167218521,493167238541,493200159387,493167014771,16666666,493167354141,493168017431,493168056461,493168448701,493184574486,15306825,156430,493169210851,493184574486,493200980040,493168448701,
11-01 17:30:18.834  2525  2542 I System.out: 96 0,114174,493183492721,493183492721,0,493183622915,493183623265,493183766135,493183780605,493216826053,493183621985,16666666,493183854985,493184601006,493184635186,493184998136,493201186060,15375294,150170,493185755906,493201186060,493218162645,493184998136,
11-01 17:30:18.834  2525  2542 I System.out: 97 0,114182,493200159387,493200159387,0,493200297810,493200298200,493200407050,493200418380,493233492719,493200296800,16666666,493200477510,493201214910,493201253570,493201725710,493218269305,15642364,153111,493202581011,493218269305,493234407799,493201725710,
11-01 17:30:18.834  2525  2542 I System.out: 98 0,114190,493216826053,493216826053,0,493216985045,493216985335,493217184235,493217200415,493250159385,493216983605,16666666,493217287325,493218315835,493218352485,493218720715,493234665699,15058154,155920,493219559375,493234665699,493250947934,493218720715,
11-01 17:30:18.834  2525  2542 I System.out: 99 0,114198,493233492719,493233492719,0,493233697519,493233698189,493233896689,493233914189,493266826051,493233695909,16666666,493233996909,493234694699,493234733269,493235146100,493251100934,15000084,156070,493236047930,493251100934,493268383439,493235146100,
11-01 17:30:18.834  2525  2542 I System.out: 100 0,114206,493250159385,493250159385,0,493250345754,493250346144,493250513084,493250530474,493283492717,493250344624,16666666,493250611914,493251133484,493251179884,493251609594,493268545519,15963615,113180,493266940168,493268545519,493284436323,493251609594,
11-01 17:30:18.834  2525  2542 I System.out: 101 0,114214,493266826051,493266826051,0,493267006378,493267006888,493267238828,493267259208,493300159383,493267003778,16666666,493267358769,493268603149,493268649269,493269112149,493284656873,14579854,159870,493270026069,493284656873,493301127338,493269112149,
11-01 17:30:18.834  2525  2542 I System.out: 102 0,114222,493283492717,493283492717,0,493283629733,493283630073,493283765823,493283783213,493316826049,493283628523,16666666,493283860593,493284685603,493284727043,493285159573,493301359138,15229484,154480,493286070884,493301359138,493317899733,493285159573,
11-01 17:30:18.834  2525  2542 I System.out: 103 0,114230,493300159383,493300159383,0,493300303088,493300303408,493300428938,493300444268,493333492715,493300301938,16666666,493300516278,493301389698,493301465478,493301956528,493318045983,15188975,104830,493316901292,493318045983,493334252197,493301956528,
11-01 17:30:18.834  2525  2542 I System.out: 104 0,114238,493316826049,493316826049,0,493316994332,493316994512,493317143182,493317155232,493350159381,493316993542,16666666,493317221472,493318075863,493318112843,493318514593,493334427727,14965484,151200,493319419123,493334427727,493351106292,493318514593,
11-01 17:30:18.834  2525  2542 I System.out: 105 0,114246,493333492715,493333492715,0,493333646627,493333647027,493333841617,493333860957,493366826047,493333644077,16666666,493333965107,493334452887,493334487967,493334783657,493351327352,15672215,132060,493335604497,493351327352,493367744006,493334783657,
11-01 17:30:18.834  2525  2542 I System.out: 106 0,114254,493350159381,493350159381,0,493350304672,493350305032,493350479092,493350497002,493383492713,493350303122,16666666,493350582982,493351360622,493351400202,493351850412,493367935166,15108804,163230,493352776312,493367935166,493384510251,493351850412,
11-01 17:30:18.834  2525  2542 I System.out: 107 0,114262,493366826047,493366826047,0,493366992526,493366992936,493367171146,493367189586,493400159379,493366990806,16666666,493367290166,493367963626,493368005556,493368419317,493384728181,15403254,134820,493369267177,493384728181,493401276216,493368419317,
11-01 17:30:18.834  2525  2542 I System.out: 108 0,114270,493383492713,493383492713,0,493383678421,493383679031,493383914741,493383937481,493416826045,493383675711,16666666,493384037291,493384767461,493384818201,493385302081,493401479716,15206794,174061,493386206752,493401479716,493417923170,493385302081,
11-01 17:30:18.834  2525  2542 I System.out: 109 0,114278,493400159379,493400159379,0,493400397885,493400398695,493400704596,493400730886,493433492711,493400395235,16666666,493400862756,493401518556,493401568136,493402063976,493418138260,15129384,168920,493402958686,493418138260,493435244975,493402063976,
11-01 17:30:18.834  2525  2542 I System.out: 110 0,114286,493416826045,493416826045,0,493416982960,493416983410,493417206090,493417225780,493450159377,493416981120,16666666,493417329470,493418166160,493418201970,493418572341,493435438365,15928994,140440,493433565515,493435438365,493450999780,493418572341,
11-01 17:30:18.834  2525  2542 I System.out: 111 0,114294,493433492711,493433492711,0,493433654565,493433654865,493433807255,493433822245,493466826043,493433652885,16666666,493433893675,493435465685,493435502225,493435925545,493451276580,14415264,159410,493436811076,493451276580,493467597944,493435925545,
11-01 17:30:18.834  2525  2542 I System.out: 112 0,114302,493450159377,493450159377,0,493450314079,493450314369,493450482759,493450498789,493483492709,493450312239,16666666,493450583199,493451304720,493451345900,493451711500,493467790454,15134664,158150,493452575420,493467790454,493484553239,493451711500,
11-01 17:30:18.834  2525  2542 I System.out: 113 0,114310,493466826043,493466826043,0,493467003124,493467003464,493467172474,493467188354,493500159375,493467001454,16666666,493467268714,493467814654,493467846004,493468310224,493484721179,15409914,160700,493469253025,493484721179,493501050343,493468310224,
11-01 17:30:18.834  2525  2542 I System.out: 114 0,114318,493483492709,493483492709,0,493483667459,493483667889,493483895489,493483914379,493516826041,493483665669,16666666,493484008129,493484754159,493484797439,493485272179,493501353184,15029264,203460,493486247109,493501353184,493518129598,493485272179,
11-01 17:30:18.834  2525  2542 I System.out: 115 0,114326,493500159375,493500159375,0,493500321613,493500322183,493500528463,493500547893,493533492707,493500319163,16666666,493500637043,493501429924,493501481034,493501932054,493518304698,15389044,209640,493502849624,493518304698,493536256643,493501932054,
11-01 17:30:18.834  2525  2542 I System.out: 116 0,114334,493516826041,493516826041,0,493517111938,493517112438,493517326428,493517348648,493550159373,493517110318,16666666,493517504638,493518337648,493518379788,493518788828,493535165453,15440414,136910,493519690329,493535165453,493553157808,493518788828,
11-01 17:30:18.834  2525  2542 I System.out: 117 0,114363,493533492707,493533492707,0,493534818873,493534819123,493534985513,493535001693,493566826039,493534816913,16666666,493535125123,493535186543,493535218663,493535499573,493553814668,17519855,108950,493550554167,493553814668,491567849666,493535499573,
11-01 17:30:18.834  2525  2542 I System.out: 118 0,114385,493550159373,493550159373,0,493552547718,493552548158,493552852968,493552988898,493583492705,493552544978,16666666,493553707088,493553857718,493553903498,493554667138,493569144182,12897063,665390,493556195579,493569144182,491584484901,493554667138,
11-01 17:30:18.834  2525  2542 I System.out: 119 0,114421,493566826039,493566826039,0,493568427802,493568428172,493569337152,493569350572,493600159371,493568426002,16666666,493569466332,493569485922,493569535262,493570007693,493589270768,17003675,126840,493572213153,493589270768,491601174806,493570007693,
11-01 17:30:18.835  2525  2542 I System.out: 120 0,114450,493583492705,493583492705,0,493583675616,493583675936,493584053526,493584072546,493600159371,493583672996,16666666,493584160477,493589306858,493589575808,493590260048,491601481666,14220764,149200,491586234742,493605275812,491618325070,493590260048,
11-01 17:30:18.836  2525  2542 D Benchmark: Starting activity with command: am start  -W "intent:#Intent;action=android.intent.action.MAIN;category=android.intent.category.LAUNCHER;launchFlags=0x10008000;package=org.street_child.edubridge;component=org.street_child.edubridge/com.ustadmobile.port.android.view.AppActivity;end"
11-01 17:30:18.837  1510  2837 W MediaProvider: isAppCloneUserPair for user 0: false
11-01 17:30:18.838  1510  2837 V MediaProvider: Inserted id:1000000077 less than next row id backup:1000001000.
11-01 17:30:18.869   867   924 D SplashScreenView: Build android.window.SplashScreenView{9eb7f78 V.E...... ......ID 0,0-0,0}
11-01 17:30:18.869   867   924 D SplashScreenView: Icon: view: null drawable: null size: 0
11-01 17:30:18.869   867   924 D SplashScreenView: Branding: view: android.view.View{8ec0651 G.ED..... ......I. 0,0-0,0 #10204db android:id/splashscreen_branding_view} drawable: null size w: 0 h: 0
11-01 17:30:18.881  2617  2617 D AppActivity$onDestroy: AppActivity#onDestroy
11-01 17:30:18.882   575   591 W InputManager-JNI: Input channel object '69afa5a org.street_child.edubridge/com.ustadmobile.port.android.view.AppActivity (client)' was disposed without first being removed with the input manager!
11-01 17:30:18.885   867   995 W Parcel  : Expecting binder but got null!
11-01 17:30:18.894  2617  2617 W CustomTabsClient: Unable to find any Custom Tabs packages, you may need to add a <queries> element to your manifest. See the docs for CustomTabsClient#getPackageName.
11-01 17:30:18.894  2617  2617 W AppActivity$bindCustomTabsService: CustomTabs: Service NOT supported
11-01 17:30:18.909  2617  2617 D AutofillManager: Fill dialog is enabled:false, hints=[]
11-01 17:30:18.916  2617  2617 W OnBackInvokedCallback: OnBackInvokedCallback is not enabled for the application.
11-01 17:30:18.916  2617  2617 W OnBackInvokedCallback: Set 'android:enableOnBackInvokedCallback="true"' in the application manifest.
11-01 17:30:18.919   575   922 D ConnectivityService: requestNetwork for uid/pid:10126/2617 activeRequest: null callbackRequest: 64 [NetworkRequest [ REQUEST id=65, [ Capabilities: INTERNET&NOT_RESTRICTED&TRUSTED&NOT_VCN_MANAGED Uid: 10126 RequestorUid: 10126 RequestorPkg: org.street_child.edubridge UnderlyingNetworks: Null] ]] callback flags: 0 order: 2147483647
11-01 17:30:18.920   575   808 D ConnectivityService: NetReassign [65 : null → 100]
11-01 17:30:18.921   575   801 D WifiNetworkFactory: got request NetworkRequest [ REQUEST id=65, [ Capabilities: INTERNET&NOT_RESTRICTED&TRUSTED&NOT_VCN_MANAGED Uid: 10126 RequestorUid: 10126 RequestorPkg: org.street_child.edubridge UnderlyingNetworks: Null] ]
11-01 17:30:18.921   575   801 D UntrustedWifiNetworkFactory: got request NetworkRequest [ REQUEST id=65, [ Capabilities: INTERNET&NOT_RESTRICTED&TRUSTED&NOT_VCN_MANAGED Uid: 10126 RequestorUid: 10126 RequestorPkg: org.street_child.edubridge UnderlyingNetworks: Null] ]
11-01 17:30:18.921   575   801 D OemPaidWifiNetworkFactory: got request NetworkRequest [ REQUEST id=65, [ Capabilities: INTERNET&NOT_RESTRICTED&TRUSTED&NOT_VCN_MANAGED Uid: 10126 RequestorUid: 10126 RequestorPkg: org.street_child.edubridge UnderlyingNetworks: Null] ]
11-01 17:30:18.921   575   801 D MultiInternetWifiNetworkFactory: got request NetworkRequest [ REQUEST id=65, [ Capabilities: INTERNET&NOT_RESTRICTED&TRUSTED&NOT_VCN_MANAGED Uid: 10126 RequestorUid: 10126 RequestorPkg: org.street_child.edubridge UnderlyingNetworks: Null] ]
11-01 17:30:18.928  2617  2674 W Parcel  : Expecting binder but got null!
11-01 17:30:18.931   575   596 I ActivityTaskManager: Displayed org.street_child.edubridge/com.ustadmobile.port.android.view.AppActivity: +64ms
11-01 17:30:18.933  2617  2617 D UstadViewModelFunKt$ustadViewModel$viewModel$invoke: ustadViewModel(): create viewmodel for: com.ustadmobile.core.viewmodel.redirect.RedirectViewModel
11-01 17:30:18.934  2617  2617 I System.out: com.ustadmobile.core.db.UmAppDatabase_DoorWrapper@8bf4c3e
11-01 17:30:18.937  2617  2617 D UstadNavControllerPreCompose$onCollectNavCommand: NavCommandEffect: Navigate: Go to Login
11-01 17:30:18.942   425   459 W TransactionTracing: Could not find layer handle 0x7b1d62761590
11-01 17:30:18.946  2617  2617 D UstadViewModelFunKt$ustadViewModel$viewModel$invoke: ustadViewModel(): create viewmodel for: com.ustadmobile.core.viewmodel.login.LoginViewModel
11-01 17:30:18.948  2617  2726 V UstadCache: OKHttp-CacheInterceptor:  intercept: GET https://edubridge-afghanistan.app/Site/verify
11-01 17:30:18.949  2617  2726 I UstadCache: UstadCache(): Retrieve https://edubridge-afghanistan.app/Site/verify
11-01 17:30:18.949  2617  2726 D UstadCache: UstadCache(): MISS https://edubridge-afghanistan.app/Site/verify
11-01 17:30:18.949  2525  2542 D Benchmark: Result: Starting: Intent { act=android.intent.action.MAIN cat=[android.intent.category.LAUNCHER] flg=0x10008000 pkg=org.street_child.edubridge cmp=org.street_child.edubridge/com.ustadmobile.port.android.view.AppActivity }
11-01 17:30:18.949  2525  2542 D Benchmark: Status: ok
11-01 17:30:18.949  2525  2542 D Benchmark: LaunchState: WARM
11-01 17:30:18.949  2525  2542 D Benchmark: Activity: org.street_child.edubridge/com.ustadmobile.port.android.view.AppActivity
11-01 17:30:18.949  2525  2542 D Benchmark: TotalTime: 64
11-01 17:30:18.949  2525  2542 D Benchmark: WaitTime: 66
11-01 17:30:18.949  2525  2542 D Benchmark: Complete
11-01 17:30:18.951  2617  2726 D TrafficStats: tagSocket(97) with statsTag=0xffffffff, statsUid=-1
11-01 17:30:18.966  1510  1859 W MediaProvider: isAppCloneUserPair for user 0: false
11-01 17:30:18.966  1510  1859 V MediaProvider: Inserted id:1000000078 less than next row id backup:1000001000.
11-01 17:30:18.995  2617  2617 W LoginViewModel$invokeSuspend: Could not load site object for https://edubridge-afghanistan.app/
11-01 17:30:18.995  2617  2617 W LoginViewModel$invokeSuspend: java.net.ConnectException: Failed to connect to edubridge-afghanistan.app/65.21.146.62:443
11-01 17:30:18.995  2617  2617 W LoginViewModel$invokeSuspend: 	at okhttp3.internal.connection.RealConnection.connectSocket(RealConnection.kt:297)
11-01 17:30:18.995  2617  2617 W LoginViewModel$invokeSuspend: 	at okhttp3.internal.connection.RealConnection.connect(RealConnection.kt:207)
11-01 17:30:18.995  2617  2617 W LoginViewModel$invokeSuspend: 	at okhttp3.internal.connection.ExchangeFinder.findConnection(ExchangeFinder.kt:226)
11-01 17:30:18.995  2617  2617 W LoginViewModel$invokeSuspend: 	at okhttp3.internal.connection.ExchangeFinder.findHealthyConnection(ExchangeFinder.kt:106)
11-01 17:30:18.995  2617  2617 W LoginViewModel$invokeSuspend: 	at okhttp3.internal.connection.ExchangeFinder.find(ExchangeFinder.kt:74)
11-01 17:30:18.995  2617  2617 W LoginViewModel$invokeSuspend: 	at okhttp3.internal.connection.RealCall.initExchange$okhttp(RealCall.kt:255)
11-01 17:30:18.995  2617  2617 W LoginViewModel$invokeSuspend: 	at okhttp3.internal.connection.ConnectInterceptor.intercept(ConnectInterceptor.kt:32)
11-01 17:30:18.995  2617  2617 W LoginViewModel$invokeSuspend: 	at okhttp3.internal.http.RealInterceptorChain.proceed(RealInterceptorChain.kt:109)
11-01 17:30:18.995  2617  2617 W LoginViewModel$invokeSuspend: 	at okhttp3.internal.cache.CacheInterceptor.intercept(CacheInterceptor.kt:95)
11-01 17:30:18.995  2617  2617 W LoginViewModel$invokeSuspend: 	at okhttp3.internal.http.RealInterceptorChain.proceed(RealInterceptorChain.kt:109)
11-01 17:30:18.995  2617  2617 W LoginViewModel$invokeSuspend: 	at okhttp3.internal.http.BridgeInterceptor.intercept(BridgeInterceptor.kt:83)
11-01 17:30:18.995  2617  2617 W LoginViewModel$invokeSuspend: 	at okhttp3.internal.http.RealInterceptorChain.proceed(RealInterceptorChain.kt:109)
11-01 17:30:18.995  2617  2617 W LoginViewModel$invokeSuspend: 	at okhttp3.internal.http.RetryAndFollowUpInterceptor.intercept(RetryAndFollowUpInterceptor.kt:76)
11-01 17:30:18.995  2617  2617 W LoginViewModel$invokeSuspend: 	at okhttp3.internal.http.RealInterceptorChain.proceed(RealInterceptorChain.kt:109)
11-01 17:30:18.995  2617  2617 W LoginViewModel$invokeSuspend: 	at com.ustadmobile.libcache.okhttp.UstadCacheInterceptor.intercept(UstadCacheInterceptor.kt:407)
11-01 17:30:18.995  2617  2617 W LoginViewModel$invokeSuspend: 	at okhttp3.internal.http.RealInterceptorChain.proceed(RealInterceptorChain.kt:109)
11-01 17:30:18.995  2617  2617 W LoginViewModel$invokeSuspend: 	at okhttp3.internal.connection.RealCall.getResponseWithInterceptorChain$okhttp(RealCall.kt:201)
11-01 17:30:18.995  2617  2617 W LoginViewModel$invokeSuspend: 	at okhttp3.internal.connection.RealCall$AsyncCall.run(RealCall.kt:517)
11-01 17:30:18.995  2617  2617 W LoginViewModel$invokeSuspend: 	at java.util.concurrent.ThreadPoolExecutor.runWorker(ThreadPoolExecutor.java:1137)
11-01 17:30:18.995  2617  2617 W LoginViewModel$invokeSuspend: 	at java.util.concurrent.ThreadPoolExecutor$Worker.run(ThreadPoolExecutor.java:637)
11-01 17:30:18.995  2617  2617 W LoginViewModel$invokeSuspend: 	at java.lang.Thread.run(Thread.java:1012)
11-01 17:30:18.995  2617  2617 W LoginViewModel$invokeSuspend: Caused by: java.net.ConnectException: failed to connect to edubridge-afghanistan.app/65.21.146.62 (port 443) from /10.0.2.16 (port 52726) after 10000ms: isConnected failed: ECONNREFUSED (Connection refused)
11-01 17:30:18.995  2617  2617 W LoginViewModel$invokeSuspend: 	at libcore.io.IoBridge.isConnected(IoBridge.java:347)
11-01 17:30:18.995  2617  2617 W LoginViewModel$invokeSuspend: 	at libcore.io.IoBridge.connectErrno(IoBridge.java:237)
11-01 17:30:18.995  2617  2617 W LoginViewModel$invokeSuspend: 	at libcore.io.IoBridge.connect(IoBridge.java:179)
11-01 17:30:18.995  2617  2617 W LoginViewModel$invokeSuspend: 	at java.net.PlainSocketImpl.socketConnect(PlainSocketImpl.java:142)
11-01 17:30:18.995  2617  2617 W LoginViewModel$invokeSuspend: 	at java.net.AbstractPlainSocketImpl.doConnect(AbstractPlainSocketImpl.java:390)
11-01 17:30:18.995  2617  2617 W LoginViewModel$invokeSuspend: 	at java.net.AbstractPlainSocketImpl.connectToAddress(AbstractPlainSocketImpl.java:230)
11-01 17:30:18.995  2617  2617 W LoginViewModel$invokeSuspend: 	at java.net.AbstractPlainSocketImpl.connect(AbstractPlainSocketImpl.java:212)
11-01 17:30:18.995  2617  2617 W LoginViewModel$invokeSuspend: 	at java.net.SocksSocketImpl.connect(SocksSocketImpl.java:436)
11-01 17:30:18.995  2617  2617 W LoginViewModel$invokeSuspend: 	at java.net.Socket.connect(Socket.java:646)
11-01 17:30:18.995  2617  2617 W LoginViewModel$invokeSuspend: 	at okhttp3.internal.platform.Platform.connectSocket(Platform.kt:128)
11-01 17:30:18.995  2617  2617 W LoginViewModel$invokeSuspend: 	at okhttp3.internal.connection.RealConnection.connectSocket(RealConnection.kt:295)
11-01 17:30:18.995  2617  2617 W LoginViewModel$invokeSuspend: 	... 20 more
11-01 17:30:18.995  2617  2617 W LoginViewModel$invokeSuspend: Caused by: android.system.ErrnoException: isConnected failed: ECONNREFUSED (Connection refused)
11-01 17:30:18.995  2617  2617 W LoginViewModel$invokeSuspend: 	at libcore.io.IoBridge.isConnected(IoBridge.java:334)
11-01 17:30:18.995  2617  2617 W LoginViewModel$invokeSuspend: 	... 30 more
11-01 17:30:19.035  2525  2542 I System.out: 0 Flags,FrameTimelineVsyncId,IntendedVsync,Vsync,InputEventId,HandleInputStart,AnimationStart,PerformTraversalsStart,DrawStart,FrameDeadline,FrameInterval,FrameStartTime,SyncQueued,SyncStart,IssueDrawCommandsStart,SwapBuffers,FrameCompleted,DequeueBufferDuration,QueueBufferDuration,GpuCompleted,SwapBuffersCompleted,DisplayPresentTime,CommandSubmissionCompleted,
11-01 17:30:19.035  2525  2542 I System.out: 1 1,114660,493700159367,493700159367,0,493700524169,493700524349,493700524549,493721655015,493716826033,493700523169,16666666,493721978785,493722075245,493722124855,493722178125,493730938497,1420,75950,493730938497,493722598845,-2,493722178125,
11-01 17:30:19.035  2525  2542 I System.out: 2 0,114696,493716826033,493716826033,0,493725148586,493725148916,493729891677,493729923937,493750159365,493725147036,16666666,493730316387,493730335347,493730362017,493730446157,493733634808,2920,99370,493733634808,493730975737,467952066237,493730446157,
11-01 17:30:19.035  2525  2542 I System.out: 3 0,114732,493733492699,493733492699,0,493736479719,493736480049,493756886954,493756908915,493766826031,493736477669,16666666,493763741986,493763769426,493763831936,493763898296,493766969617,2800,140710,493766969617,493764497167,467967585991,493763898296,
11-01 17:30:19.035  2525  2542 I System.out: 4 0,114775,493750159365,493750159365,0,493765316677,493765316997,493777089090,493777111550,493800159363,493765315597,16666666,493783074682,493783111172,493783163752,493783398242,493789173883,2270,104570,493789173883,493784616402,467984246396,493783398242,
11-01 17:30:19.035  2525  2542 I System.out: 5 0,114818,493766826031,493783492697,0,493784145612,493784145812,493785671872,493785683902,493783492697,493784144642,16666666,493786697813,493786720803,493786809183,493788015703,467984780186,14795635,87010,467969160772,493804032378,468000848660,493788015703,
11-01 17:30:19.035  2525  2542 D UiDevice: Waiting 10000ms for SearchCondition[hasObject=BySelector [TEXT='\QGet Started\E']].
11-01 17:30:19.035  2525  2542 D UiDevice: Searching for node with selector: BySelector [TEXT='\QGet Started\E'].
11-01 17:30:19.123   425   459 W TransactionTracing: Could not find layer handle 0x7b1d627698d0
11-01 17:30:19.123   425   459 W TransactionTracing: Could not find layer handle 0x7b1d62764050
11-01 17:30:19.123   425   459 W TransactionTracing: Could not find layer handle 0x7b1d627698d0
11-01 17:30:19.139   425   459 W TransactionTracing: Could not find layer handle 0x7b1d627656d0
11-01 17:30:19.173   425   459 W TransactionTracing: Could not find layer handle 0x7b1d62763930
11-01 17:30:19.173   425   459 W TransactionTracing: Could not find layer handle 0x7b1d62764170
11-01 17:30:19.173   425   459 W TransactionTracing: Could not find layer handle 0x7b1d62768610
11-01 17:30:19.173   425   459 W TransactionTracing: Could not find layer handle 0x7b1d627655b0
11-01 17:30:19.173   425   459 W TransactionTracing: Could not find layer handle 0x7b1d62764350
11-01 17:30:19.173   425   459 W TransactionTracing: Could not find layer handle 0x7b1d627655b0
11-01 17:30:19.173   425   459 W TransactionTracing: Could not find layer handle 0x7b1d62764170
11-01 17:30:19.173   425   459 W TransactionTracing: Could not find layer handle 0x7b1d62763930
11-01 17:30:19.189   425   459 W TransactionTracing: Could not find layer handle 0x7b1d627677d0
11-01 17:30:19.225  1129  1129 W FrameTracker: Missed SF frame:PREDICTION_ERROR, 114689, 4312252, CUJ=J<LAUNCHER_APP_CLOSE_TO_HOME>
11-01 17:30:19.225  1129  1129 W FrameTracker: Missed SF frame:PREDICTION_ERROR, 114725, 4038570, CUJ=J<LAUNCHER_APP_CLOSE_TO_HOME>
11-01 17:30:19.225  1129  1129 W FrameTracker: Missing SF jank callback for vsyncId: 115099, CUJ=J<LAUNCHER_APP_CLOSE_TO_HOME>
11-01 17:30:19.227   575   922 W InputManager-JNI: Input channel object '50528ed Splash Screen org.street_child.edubridge (client)' was disposed without first being removed with the input manager!
11-01 17:30:19.256   425   459 W TransactionTracing: Could not find layer handle 0x7b1d62764bf0
11-01 17:30:19.276   867   923 W FrameTracker: Missed SF frame:PREDICTION_ERROR, 114840, 0, CUJ=J<SPLASHSCREEN_EXIT_ANIM>
11-01 17:30:19.276   867   923 W FrameTracker: Missing HWUI jank callback for vsyncId: 114840, CUJ=J<SPLASHSCREEN_EXIT_ANIM>
11-01 17:30:19.276   867   923 W FrameTracker: Missed SF frame:PREDICTION_ERROR, 114876, 4561175, CUJ=J<SPLASHSCREEN_EXIT_ANIM>
11-01 17:30:19.276   867   923 W FrameTracker: Missing HWUI jank callback for vsyncId: 114984, CUJ=J<SPLASHSCREEN_EXIT_ANIM>
11-01 17:30:19.276   867   923 W FrameTracker: Missed SF frame:PREDICTION_ERROR, 115020, 4572349, CUJ=J<SPLASHSCREEN_EXIT_ANIM>
11-01 17:30:19.276   867   923 W FrameTracker: Missed SF frame:PREDICTION_ERROR, 115056, 8464479, CUJ=J<SPLASHSCREEN_EXIT_ANIM>
11-01 17:30:19.276   867   923 W FrameTracker: Missed SF frame:PREDICTION_ERROR, 115215, 5743151, CUJ=J<SPLASHSCREEN_EXIT_ANIM>
11-01 17:30:19.277   867   911 V PerfettoTrigger: Not triggering com.android.telemetry.interaction-jank-monitor-39 - not enough time since last trigger
11-01 17:30:19.406   425   459 W TransactionTracing: Could not find layer handle 0x7b1d62765970
11-01 17:30:19.406   425   459 W TransactionTracing: Could not find layer handle 0x7b1d62762e50
11-01 17:30:19.406   425   459 W TransactionTracing: Could not find layer handle 0x7b1d62762e50
11-01 17:30:19.516  2525  2542 D UiDevice: Searching for node with selector: BySelector [TEXT='\QGet Started\E'].
11-01 17:30:19.941  2617  2674 D EGL_emulation: app_time_stats: avg=3.11ms min=1.04ms max=33.51ms count=61
11-01 17:30:20.108  2525  2542 D UiDevice: Searching for node with selector: BySelector [TEXT='\QGet Started\E'].
11-01 17:30:20.211  2525  2542 D UiDevice: Searching for node with selector: BySelector [TEXT='\QGet Started\E'].
11-01 17:30:20.314  2525  2542 D UiDevice: Searching for node with selector: BySelector [TEXT='\QGet Started\E'].
11-01 17:30:20.418  2525  2542 D UiDevice: Searching for node with selector: BySelector [TEXT='\QGet Started\E'].
11-01 17:30:20.522  2525  2542 D UiDevice: Searching for node with selector: BySelector [TEXT='\QGet Started\E'].
11-01 17:30:20.626  2525  2542 D UiDevice: Searching for node with selector: BySelector [TEXT='\QGet Started\E'].
11-01 17:30:20.729  2525  2542 D UiDevice: Searching for node with selector: BySelector [TEXT='\QGet Started\E'].
11-01 17:30:20.833  2525  2542 D UiDevice: Searching for node with selector: BySelector [TEXT='\QGet Started\E'].
11-01 17:30:20.936  2525  2542 D UiDevice: Searching for node with selector: BySelector [TEXT='\QGet Started\E'].
11-01 17:30:20.958  2617  2674 D EGL_emulation: app_time_stats: avg=1.22ms min=1.05ms max=2.36ms count=61
11-01 17:30:21.039  2525  2542 D UiDevice: Searching for node with selector: BySelector [TEXT='\QGet Started\E'].
11-01 17:30:21.143  2525  2542 D UiDevice: Searching for node with selector: BySelector [TEXT='\QGet Started\E'].
11-01 17:30:21.247  2525  2542 D UiDevice: Searching for node with selector: BySelector [TEXT='\QGet Started\E'].
11-01 17:30:21.350  2525  2542 D UiDevice: Searching for node with selector: BySelector [TEXT='\QGet Started\E'].
11-01 17:30:21.453  2525  2542 D UiDevice: Searching for node with selector: BySelector [TEXT='\QGet Started\E'].
11-01 17:30:21.556  2525  2542 D UiDevice: Searching for node with selector: BySelector [TEXT='\QGet Started\E'].
11-01 17:30:21.660  2525  2542 D UiDevice: Searching for node with selector: BySelector [TEXT='\QGet Started\E'].
11-01 17:30:21.763  2525  2542 D UiDevice: Searching for node with selector: BySelector [TEXT='\QGet Started\E'].
11-01 17:30:21.867  2525  2542 D UiDevice: Searching for node with selector: BySelector [TEXT='\QGet Started\E'].
11-01 17:30:21.970  2525  2542 D UiDevice: Searching for node with selector: BySelector [TEXT='\QGet Started\E'].
11-01 17:30:21.975  2617  2674 D EGL_emulation: app_time_stats: avg=1.25ms min=1.04ms max=1.53ms count=61
11-01 17:30:22.074  2525  2542 D UiDevice: Searching for node with selector: BySelector [TEXT='\QGet Started\E'].
11-01 17:30:22.178  2525  2542 D UiDevice: Searching for node with selector: BySelector [TEXT='\QGet Started\E'].
11-01 17:30:22.281  2525  2542 D UiDevice: Searching for node with selector: BySelector [TEXT='\QGet Started\E'].
11-01 17:30:22.383  2525  2542 D UiDevice: Searching for node with selector: BySelector [TEXT='\QGet Started\E'].
11-01 17:30:22.473   425   459 W TransactionTracing: Could not find layer id -1
11-01 17:30:22.486  2525  2542 D UiDevice: Searching for node with selector: BySelector [TEXT='\QGet Started\E'].
11-01 17:30:22.590  2525  2542 D UiDevice: Searching for node with selector: BySelector [TEXT='\QGet Started\E'].
11-01 17:30:22.694  2525  2542 D UiDevice: Searching for node with selector: BySelector [TEXT='\QGet Started\E'].
11-01 17:30:22.798  2525  2542 D UiDevice: Searching for node with selector: BySelector [TEXT='\QGet Started\E'].
11-01 17:30:22.839   425   459 W TransactionTracing: Could not find layer id -1
11-01 17:30:22.901  2525  2542 D UiDevice: Searching for node with selector: BySelector [TEXT='\QGet Started\E'].
11-01 17:30:22.975  2617  2674 D EGL_emulation: app_time_stats: avg=1.21ms min=1.06ms max=1.42ms count=60
11-01 17:30:23.004  2525  2542 D UiDevice: Searching for node with selector: BySelector [TEXT='\QGet Started\E'].
11-01 17:30:23.108  2525  2542 D UiDevice: Searching for node with selector: BySelector [TEXT='\QGet Started\E'].
11-01 17:30:23.212  2525  2542 D UiDevice: Searching for node with selector: BySelector [TEXT='\QGet Started\E'].
11-01 17:30:23.315  2525  2542 D UiDevice: Searching for node with selector: BySelector [TEXT='\QGet Started\E'].
11-01 17:30:23.418  2525  2542 D UiDevice: Searching for node with selector: BySelector [TEXT='\QGet Started\E'].
11-01 17:30:23.521  2525  2542 D UiDevice: Searching for node with selector: BySelector [TEXT='\QGet Started\E'].
11-01 17:30:23.626  2525  2542 D UiDevice: Searching for node with selector: BySelector [TEXT='\QGet Started\E'].
11-01 17:30:23.729  2525  2542 D UiDevice: Searching for node with selector: BySelector [TEXT='\QGet Started\E'].
11-01 17:30:23.832  2525  2542 D UiDevice: Searching for node with selector: BySelector [TEXT='\QGet Started\E'].
11-01 17:30:23.839   425   459 W TransactionTracing: Could not find layer id -1
11-01 17:30:23.935  2525  2542 D UiDevice: Searching for node with selector: BySelector [TEXT='\QGet Started\E'].
11-01 17:30:23.991  2617  2674 D EGL_emulation: app_time_stats: avg=1.22ms min=1.10ms max=1.53ms count=61
11-01 17:30:24.038  2525  2542 D UiDevice: Searching for node with selector: BySelector [TEXT='\QGet Started\E'].
11-01 17:30:24.143  2525  2542 D UiDevice: Searching for node with selector: BySelector [TEXT='\QGet Started\E'].
11-01 17:30:24.223   425   459 W TransactionTracing: Could not find layer id -1
11-01 17:30:24.246  2525  2542 D UiDevice: Searching for node with selector: BySelector [TEXT='\QGet Started\E'].
11-01 17:30:24.349  2525  2542 D UiDevice: Searching for node with selector: BySelector [TEXT='\QGet Started\E'].
11-01 17:30:24.453  2525  2542 D UiDevice: Searching for node with selector: BySelector [TEXT='\QGet Started\E'].
11-01 17:30:24.556  2525  2542 D UiDevice: Searching for node with selector: BySelector [TEXT='\QGet Started\E'].
11-01 17:30:24.660  2525  2542 D UiDevice: Searching for node with selector: BySelector [TEXT='\QGet Started\E'].
11-01 17:30:24.763  2525  2542 D UiDevice: Searching for node with selector: BySelector [TEXT='\QGet Started\E'].
11-01 17:30:24.866  2525  2542 D UiDevice: Searching for node with selector: BySelector [TEXT='\QGet Started\E'].
11-01 17:30:24.969  2525  2542 D UiDevice: Searching for node with selector: BySelector [TEXT='\QGet Started\E'].
11-01 17:30:24.992  2617  2674 D EGL_emulation: app_time_stats: avg=1.22ms min=1.07ms max=1.71ms count=60
11-01 17:30:25.072  2525  2542 D UiDevice: Searching for node with selector: BySelector [TEXT='\QGet Started\E'].
11-01 17:30:25.177  2525  2542 D UiDevice: Searching for node with selector: BySelector [TEXT='\QGet Started\E'].
11-01 17:30:25.239   425   459 W TransactionTracing: Could not find layer id -1
11-01 17:30:25.239   425   459 W TransactionTracing: Could not find layer id -1
11-01 17:30:25.239   425   459 W TransactionTracing: Could not find layer id -1
11-01 17:30:25.239   425   459 W TransactionTracing: Could not find layer id -1
11-01 17:30:25.239   425   459 W TransactionTracing: Could not find layer id -1
11-01 17:30:25.239   425   459 W TransactionTracing: Could not find layer id -1
11-01 17:30:25.239   425   459 W TransactionTracing: Could not find layer id -1
11-01 17:30:25.280  2525  2542 D UiDevice: Searching for node with selector: BySelector [TEXT='\QGet Started\E'].
11-01 17:30:25.384  2525  2542 D UiDevice: Searching for node with selector: BySelector [TEXT='\QGet Started\E'].
11-01 17:30:25.487  2525  2542 D UiDevice: Searching for node with selector: BySelector [TEXT='\QGet Started\E'].
11-01 17:30:25.590  2525  2542 D UiDevice: Searching for node with selector: BySelector [TEXT='\QGet Started\E'].
11-01 17:30:25.639   425   459 W TransactionTracing: Could not find layer id -1
11-01 17:30:25.694  2525  2542 D UiDevice: Searching for node with selector: BySelector [TEXT='\QGet Started\E'].
11-01 17:30:25.797  2525  2542 D UiDevice: Searching for node with selector: BySelector [TEXT='\QGet Started\E'].
11-01 17:30:25.900  2525  2542 D UiDevice: Searching for node with selector: BySelector [TEXT='\QGet Started\E'].
11-01 17:30:25.923   425   459 W TransactionTracing: Could not find layer id -1
11-01 17:30:25.923   425   459 W TransactionTracing: Could not find layer id -1
11-01 17:30:25.923   425   459 W TransactionTracing: Could not find layer id -1
11-01 17:30:25.923   425   459 W TransactionTracing: Could not find layer id -1
11-01 17:30:25.923   425   459 W TransactionTracing: Could not find layer id -1
11-01 17:30:26.003  2525  2542 D UiDevice: Searching for node with selector: BySelector [TEXT='\QGet Started\E'].
11-01 17:30:26.008  2617  2674 D EGL_emulation: app_time_stats: avg=1.24ms min=1.05ms max=1.58ms count=61
11-01 17:30:26.108  2525  2542 D UiDevice: Searching for node with selector: BySelector [TEXT='\QGet Started\E'].
11-01 17:30:26.211  2525  2542 D UiDevice: Searching for node with selector: BySelector [TEXT='\QGet Started\E'].
11-01 17:30:26.314  2525  2542 D UiDevice: Searching for node with selector: BySelector [TEXT='\QGet Started\E'].
11-01 17:30:26.417  2525  2542 D UiDevice: Searching for node with selector: BySelector [TEXT='\QGet Started\E'].
11-01 17:30:26.520  2525  2542 D UiDevice: Searching for node with selector: BySelector [TEXT='\QGet Started\E'].
11-01 17:30:26.623  2525  2542 D UiDevice: Searching for node with selector: BySelector [TEXT='\QGet Started\E'].
11-01 17:30:26.727  2525  2542 D UiDevice: Searching for node with selector: BySelector [TEXT='\QGet Started\E'].
11-01 17:30:26.830  2525  2542 D UiDevice: Searching for node with selector: BySelector [TEXT='\QGet Started\E'].
11-01 17:30:26.933  2525  2542 D UiDevice: Searching for node with selector: BySelector [TEXT='\QGet Started\E'].
11-01 17:30:27.009  2617  2674 D EGL_emulation: app_time_stats: avg=1.24ms min=1.07ms max=1.63ms count=60
11-01 17:30:27.036  2525  2542 D UiDevice: Searching for node with selector: BySelector [TEXT='\QGet Started\E'].
11-01 17:30:27.139  2525  2542 D UiDevice: Searching for node with selector: BySelector [TEXT='\QGet Started\E'].
11-01 17:30:27.244  2525  2542 D UiDevice: Searching for node with selector: BySelector [TEXT='\QGet Started\E'].
11-01 17:30:27.347  2525  2542 D UiDevice: Searching for node with selector: BySelector [TEXT='\QGet Started\E'].
11-01 17:30:27.449  2525  2542 D UiDevice: Searching for node with selector: BySelector [TEXT='\QGet Started\E'].
11-01 17:30:27.552  2525  2542 D UiDevice: Searching for node with selector: BySelector [TEXT='\QGet Started\E'].
11-01 17:30:27.655  2525  2542 D UiDevice: Searching for node with selector: BySelector [TEXT='\QGet Started\E'].
11-01 17:30:27.760  2525  2542 D UiDevice: Searching for node with selector: BySelector [TEXT='\QGet Started\E'].
11-01 17:30:27.863  2525  2542 D UiDevice: Searching for node with selector: BySelector [TEXT='\QGet Started\E'].
11-01 17:30:27.966  2525  2542 D UiDevice: Searching for node with selector: BySelector [TEXT='\QGet Started\E'].
11-01 17:30:28.025  2617  2674 D EGL_emulation: app_time_stats: avg=1.22ms min=1.07ms max=1.43ms count=61
11-01 17:30:28.069  2525  2542 D UiDevice: Searching for node with selector: BySelector [TEXT='\QGet Started\E'].
11-01 17:30:28.172  2525  2542 D UiDevice: Searching for node with selector: BySelector [TEXT='\QGet Started\E'].
11-01 17:30:28.277  2525  2542 D UiDevice: Searching for node with selector: BySelector [TEXT='\QGet Started\E'].
11-01 17:30:28.380  2525  2542 D UiDevice: Searching for node with selector: BySelector [TEXT='\QGet Started\E'].
11-01 17:30:28.483  2525  2542 D UiDevice: Searching for node with selector: BySelector [TEXT='\QGet Started\E'].
11-01 17:30:28.585  2525  2542 D UiDevice: Searching for node with selector: BySelector [TEXT='\QGet Started\E'].
11-01 17:30:28.689  2525  2542 D UiDevice: Searching for node with selector: BySelector [TEXT='\QGet Started\E'].
11-01 17:30:28.793  2525  2542 D UiDevice: Searching for node with selector: BySelector [TEXT='\QGet Started\E'].
11-01 17:30:28.896  2525  2542 D UiDevice: Searching for node with selector: BySelector [TEXT='\QGet Started\E'].
11-01 17:30:28.998  2617  2726 V UstadCache: OKHttp-CacheInterceptor:  intercept: GET https://edubridge-afghanistan.app/Site/verify
11-01 17:30:28.998  2617  2726 I UstadCache: UstadCache(): Retrieve https://edubridge-afghanistan.app/Site/verify
11-01 17:30:28.998  2617  2726 D UstadCache: UstadCache(): MISS https://edubridge-afghanistan.app/Site/verify
11-01 17:30:28.999  2525  2542 D UiDevice: Searching for node with selector: BySelector [TEXT='\QGet Started\E'].
11-01 17:30:29.000  2617  2726 D TrafficStats: tagSocket(106) with statsTag=0xffffffff, statsUid=-1
11-01 17:30:29.025  2617  2674 D EGL_emulation: app_time_stats: avg=1.21ms min=1.01ms max=1.45ms count=60
11-01 17:30:29.027  2617  2617 W LoginViewModel$invokeSuspend: Could not load site object for https://edubridge-afghanistan.app/
11-01 17:30:29.027  2617  2617 W LoginViewModel$invokeSuspend: java.net.ConnectException: Failed to connect to edubridge-afghanistan.app/65.21.146.62:443
11-01 17:30:29.027  2617  2617 W LoginViewModel$invokeSuspend: 	at okhttp3.internal.connection.RealConnection.connectSocket(RealConnection.kt:297)
11-01 17:30:29.027  2617  2617 W LoginViewModel$invokeSuspend: 	at okhttp3.internal.connection.RealConnection.connect(RealConnection.kt:207)
11-01 17:30:29.027  2617  2617 W LoginViewModel$invokeSuspend: 	at okhttp3.internal.connection.ExchangeFinder.findConnection(ExchangeFinder.kt:226)
11-01 17:30:29.027  2617  2617 W LoginViewModel$invokeSuspend: 	at okhttp3.internal.connection.ExchangeFinder.findHealthyConnection(ExchangeFinder.kt:106)
11-01 17:30:29.027  2617  2617 W LoginViewModel$invokeSuspend: 	at okhttp3.internal.connection.ExchangeFinder.find(ExchangeFinder.kt:74)
11-01 17:30:29.027  2617  2617 W LoginViewModel$invokeSuspend: 	at okhttp3.internal.connection.RealCall.initExchange$okhttp(RealCall.kt:255)
11-01 17:30:29.027  2617  2617 W LoginViewModel$invokeSuspend: 	at okhttp3.internal.connection.ConnectInterceptor.intercept(ConnectInterceptor.kt:32)
11-01 17:30:29.027  2617  2617 W LoginViewModel$invokeSuspend: 	at okhttp3.internal.http.RealInterceptorChain.proceed(RealInterceptorChain.kt:109)
11-01 17:30:29.027  2617  2617 W LoginViewModel$invokeSuspend: 	at okhttp3.internal.cache.CacheInterceptor.intercept(CacheInterceptor.kt:95)
11-01 17:30:29.027  2617  2617 W LoginViewModel$invokeSuspend: 	at okhttp3.internal.http.RealInterceptorChain.proceed(RealInterceptorChain.kt:109)
11-01 17:30:29.027  2617  2617 W LoginViewModel$invokeSuspend: 	at okhttp3.internal.http.BridgeInterceptor.intercept(BridgeInterceptor.kt:83)
11-01 17:30:29.027  2617  2617 W LoginViewModel$invokeSuspend: 	at okhttp3.internal.http.RealInterceptorChain.proceed(RealInterceptorChain.kt:109)
11-01 17:30:29.027  2617  2617 W LoginViewModel$invokeSuspend: 	at okhttp3.internal.http.RetryAndFollowUpInterceptor.intercept(RetryAndFollowUpInterceptor.kt:76)
11-01 17:30:29.027  2617  2617 W LoginViewModel$invokeSuspend: 	at okhttp3.internal.http.RealInterceptorChain.proceed(RealInterceptorChain.kt:109)
11-01 17:30:29.027  2617  2617 W LoginViewModel$invokeSuspend: 	at com.ustadmobile.libcache.okhttp.UstadCacheInterceptor.intercept(UstadCacheInterceptor.kt:407)
11-01 17:30:29.027  2617  2617 W LoginViewModel$invokeSuspend: 	at okhttp3.internal.http.RealInterceptorChain.proceed(RealInterceptorChain.kt:109)
11-01 17:30:29.027  2617  2617 W LoginViewModel$invokeSuspend: 	at okhttp3.internal.connection.RealCall.getResponseWithInterceptorChain$okhttp(RealCall.kt:201)
11-01 17:30:29.027  2617  2617 W LoginViewModel$invokeSuspend: 	at okhttp3.internal.connection.RealCall$AsyncCall.run(RealCall.kt:517)
11-01 17:30:29.027  2617  2617 W LoginViewModel$invokeSuspend: 	at java.util.concurrent.ThreadPoolExecutor.runWorker(ThreadPoolExecutor.java:1137)
11-01 17:30:29.027  2617  2617 W LoginViewModel$invokeSuspend: 	at java.util.concurrent.ThreadPoolExecutor$Worker.run(ThreadPoolExecutor.java:637)
11-01 17:30:29.027  2617  2617 W LoginViewModel$invokeSuspend: 	at java.lang.Thread.run(Thread.java:1012)
11-01 17:30:29.027  2617  2617 W LoginViewModel$invokeSuspend: Caused by: java.net.ConnectException: failed to connect to edubridge-afghanistan.app/65.21.146.62 (port 443) from /10.0.2.16 (port 38978) after 10000ms: isConnected failed: ECONNREFUSED (Connection refused)
11-01 17:30:29.027  2617  2617 W LoginViewModel$invokeSuspend: 	at libcore.io.IoBridge.isConnected(IoBridge.java:347)
11-01 17:30:29.027  2617  2617 W LoginViewModel$invokeSuspend: 	at libcore.io.IoBridge.connectErrno(IoBridge.java:237)
11-01 17:30:29.027  2617  2617 W LoginViewModel$invokeSuspend: 	at libcore.io.IoBridge.connect(IoBridge.java:179)
11-01 17:30:29.027  2617  2617 W LoginViewModel$invokeSuspend: 	at java.net.PlainSocketImpl.socketConnect(PlainSocketImpl.java:142)
11-01 17:30:29.027  2617  2617 W LoginViewModel$invokeSuspend: 	at java.net.AbstractPlainSocketImpl.doConnect(AbstractPlainSocketImpl.java:390)
11-01 17:30:29.027  2617  2617 W LoginViewModel$invokeSuspend: 	at java.net.AbstractPlainSocketImpl.connectToAddress(AbstractPlainSocketImpl.java:230)
11-01 17:30:29.027  2617  2617 W LoginViewModel$invokeSuspend: 	at java.net.AbstractPlainSocketImpl.connect(AbstractPlainSocketImpl.java:212)
11-01 17:30:29.027  2617  2617 W LoginViewModel$invokeSuspend: 	at java.net.SocksSocketImpl.connect(SocksSocketImpl.java:436)
11-01 17:30:29.027  2617  2617 W LoginViewModel$invokeSuspend: 	at java.net.Socket.connect(Socket.java:646)
11-01 17:30:29.027  2617  2617 W LoginViewModel$invokeSuspend: 	at okhttp3.internal.platform.Platform.connectSocket(Platform.kt:128)
11-01 17:30:29.027  2617  2617 W LoginViewModel$invokeSuspend: 	at okhttp3.internal.connection.RealConnection.connectSocket(RealConnection.kt:295)
11-01 17:30:29.027  2617  2617 W LoginViewModel$invokeSuspend: 	... 20 more
11-01 17:30:29.027  2617  2617 W LoginViewModel$invokeSuspend: Caused by: android.system.ErrnoException: isConnected failed: ECONNREFUSED (Connection refused)
11-01 17:30:29.027  2617  2617 W LoginViewModel$invokeSuspend: 	at libcore.io.IoBridge.isConnected(IoBridge.java:334)
11-01 17:30:29.027  2617  2617 W LoginViewModel$invokeSuspend: 	... 30 more
