11-01 17:31:10.184  2525  2542 D Benchmark: LaunchState: WARM
11-01 17:31:10.184  2525  2542 D Benchmark: Activity: org.street_child.edubridge/com.ustadmobile.port.android.view.AppActivity
11-01 17:31:10.184  2525  2542 D Benchmark: TotalTime: 62
11-01 17:31:10.184  2525  2542 D Benchmark: WaitTime: 64
11-01 17:31:10.184  2525  2542 D Benchmark: Complete
11-01 17:31:10.206  1510  1859 W MediaProvider: isAppCloneUserPair for user 0: false
11-01 17:31:10.207  1510  1859 V MediaProvider: Inserted id:1000000090 less than next row id backup:1000001000.
11-01 17:31:10.237  2617  2617 W LoginViewModel$invokeSuspend: Could not load site object for https://edubridge-afghanistan.app/
11-01 17:31:10.237  2617  2617 W LoginViewModel$invokeSuspend: java.net.ConnectException: Failed to connect to edubridge-afghanistan.app/65.21.146.62:443
11-01 17:31:10.237  2617  2617 W LoginViewModel$invokeSuspend: 	at okhttp3.internal.connection.RealConnection.connectSocket(RealConnection.kt:297)
11-01 17:31:10.237  2617  2617 W LoginViewModel$invokeSuspend: 	at okhttp3.internal.connection.RealConnection.connect(RealConnection.kt:207)
11-01 17:31:10.237  2617  2617 W LoginViewModel$invokeSuspend: 	at okhttp3.internal.connection.ExchangeFinder.findConnection(ExchangeFinder.kt:226)
11-01 17:31:10.237  2617  2617 W LoginViewModel$invokeSuspend: 	at okhttp3.internal.connection.ExchangeFinder.findHealthyConnection(ExchangeFinder.kt:106)
11-01 17:31:10.237  2617  2617 W LoginViewModel$invokeSuspend: 	at okhttp3.internal.connection.ExchangeFinder.find(ExchangeFinder.kt:74)
11-01 17:31:10.237  2617  2617 W LoginViewModel$invokeSuspend: 	at okhttp3.internal.connection.RealCall.initExchange$okhttp(RealCall.kt:255)
11-01 17:31:10.237  2617  2617 W LoginViewModel$invokeSuspend: 	at okhttp3.internal.connection.ConnectInterceptor.intercept(ConnectInterceptor.kt:32)
11-01 17:31:10.237  2617  2617 W LoginViewModel$invokeSuspend: 	at okhttp3.internal.http.RealInterceptorChain.proceed(RealInterceptorChain.kt:109)
11-01 17:31:10.237  2617  2617 W LoginViewModel$invokeSuspend: 	at okhttp3.internal.cache.CacheInterceptor.intercept(CacheInterceptor.kt:95)
11-01 17:31:10.237  2617  2617 W LoginViewModel$invokeSuspend: 	at okhttp3.internal.http.RealInterceptorChain.proceed(RealInterceptorChain.kt:109)
11-01 17:31:10.237  2617  2617 W LoginViewModel$invokeSuspend: 	at okhttp3.internal.http.BridgeInterceptor.intercept(BridgeInterceptor.kt:83)
11-01 17:31:10.237  2617  2617 W LoginViewModel$invokeSuspend: 	at okhttp3.internal.http.RealInterceptorChain.proceed(RealInterceptorChain.kt:109)
11-01 17:31:10.237  2617  2617 W LoginViewModel$invokeSuspend: 	at okhttp3.internal.http.RetryAndFollowUpInterceptor.intercept(RetryAndFollowUpInterceptor.kt:76)
11-01 17:31:10.237  2617  2617 W LoginViewModel$invokeSuspend: 	at okhttp3.internal.http.RealInterceptorChain.proceed(RealInterceptorChain.kt:109)
11-01 17:31:10.237  2617  2617 W LoginViewModel$invokeSuspend: 	at com.ustadmobile.libcache.okhttp.UstadCacheInterceptor.intercept(UstadCacheInterceptor.kt:407)
11-01 17:31:10.237  2617  2617 W LoginViewModel$invokeSuspend: 	at okhttp3.internal.http.RealInterceptorChain.proceed(RealInterceptorChain.kt:109)
11-01 17:31:10.237  2617  2617 W LoginViewModel$invokeSuspend: 	at okhttp3.internal.connection.RealCall.getResponseWithInterceptorChain$okhttp(RealCall.kt:201)
11-01 17:31:10.237  2617  2617 W LoginViewModel$invokeSuspend: 	at okhttp3.internal.connection.RealCall$AsyncCall.run(RealCall.kt:517)
11-01 17:31:10.237  2617  2617 W LoginViewModel$invokeSuspend: 	at java.util.concurrent.ThreadPoolExecutor.runWorker(ThreadPoolExecutor.java:1137)
11-01 17:31:10.237  2617  2617 W LoginViewModel$invokeSuspend: 	at java.util.concurrent.ThreadPoolExecutor$Worker.run(ThreadPoolExecutor.java:637)
11-01 17:31:10.237  2617  2617 W LoginViewModel$invokeSuspend: 	at java.lang.Thread.run(Thread.java:1012)
11-01 17:31:10.237  2617  2617 W LoginViewModel$invokeSuspend: Caused by: java.net.ConnectException: failed to connect to edubridge-afghanistan.app/65.21.146.62 (port 443) from /10.0.2.16 (port 33712) after 10000ms: isConnected failed: ECONNREFUSED (Connection refused)
11-01 17:31:10.237  2617  2617 W LoginViewModel$invokeSuspend: 	at libcore.io.IoBridge.isConnected(IoBridge.java:347)
11-01 17:31:10.237  2617  2617 W LoginViewModel$invokeSuspend: 	at libcore.io.IoBridge.connectErrno(IoBridge.java:237)
11-01 17:31:10.237  2617  2617 W LoginViewModel$invokeSuspend: 	at libcore.io.IoBridge.connect(IoBridge.java:179)
11-01 17:31:10.237  2617  2617 W LoginViewModel$invokeSuspend: 	at java.net.PlainSocketImpl.socketConnect(PlainSocketImpl.java:142)
11-01 17:31:10.237  2617  2617 W LoginViewModel$invokeSuspend: 	at java.net.AbstractPlainSocketImpl.doConnect(AbstractPlainSocketImpl.java:390)
11-01 17:31:10.237  2617  2617 W LoginViewModel$invokeSuspend: 	at java.net.AbstractPlainSocketImpl.connectToAddress(AbstractPlainSocketImpl.java:230)
11-01 17:31:10.237  2617  2617 W LoginViewModel$invokeSuspend: 	at java.net.AbstractPlainSocketImpl.connect(AbstractPlainSocketImpl.java:212)
11-01 17:31:10.237  2617  2617 W LoginViewModel$invokeSuspend: 	at java.net.SocksSocketImpl.connect(SocksSocketImpl.java:436)
11-01 17:31:10.237  2617  2617 W LoginViewModel$invokeSuspend: 	at java.net.Socket.connect(Socket.java:646)
11-01 17:31:10.237  2617  2617 W LoginViewModel$invokeSuspend: 	at okhttp3.internal.platform.Platform.connectSocket(Platform.kt:128)
11-01 17:31:10.237  2617  2617 W LoginViewModel$invokeSuspend: 	at okhttp3.internal.connection.RealConnection.connectSocket(RealConnection.kt:295)
11-01 17:31:10.237  2617  2617 W LoginViewModel$invokeSuspend: 	... 20 more
11-01 17:31:10.237  2617  2617 W LoginViewModel$invokeSuspend: Caused by: android.system.ErrnoException: isConnected failed: ECONNREFUSED (Connection refused)
11-01 17:31:10.237  2617  2617 W LoginViewModel$invokeSuspend: 	at libcore.io.IoBridge.isConnected(IoBridge.java:334)
11-01 17:31:10.237  2617  2617 W LoginViewModel$invokeSuspend: 	... 30 more
11-01 17:31:10.243   425   459 W TransactionTracing: Could not find layer handle 0x7b1d627667b0
11-01 17:31:10.270  2525  2542 I System.out: 0 Flags,FrameTimelineVsyncId,IntendedVsync,Vsync,InputEventId,HandleInputStart,AnimationStart,PerformTraversalsStart,DrawStart,FrameDeadline,FrameInterval,FrameStartTime,SyncQueued,SyncStart,IssueDrawCommandsStart,SwapBuffers,FrameCompleted,DequeueBufferDuration,QueueBufferDuration,GpuCompleted,SwapBuffersCompleted,DisplayPresentTime,CommandSubmissionCompleted,
11-01 17:31:10.270  2525  2542 I System.out: 1 1,141077,544900157319,544916823985,0,544925572817,544925573207,544926938008,544947469914,544916823985,544925571247,16666666,544947823064,544947922994,544947975224,544948064684,544950307084,1760,251790,544950307084,544948692154,544951957425,544948064684,
11-01 17:31:10.270  2525  2542 I System.out: 2 0,141149,544933490651,544950157317,0,544954806666,544954807056,544962820318,544962841058,544983490649,544954803626,16666666,544963265218,544963298898,544963323738,544963419558,544964020418,2880,131670,544963990468,544964020418,517768173214,544963419558,
11-01 17:31:10.270  2525  2542 I System.out: 3 0,141221,544966823983,544966823983,0,544967329289,544967329579,544993984756,544994010376,545000157315,544967327669,16666666,545003750679,545003779589,545003827399,545003886199,545006249750,3450,1898121,545006206500,545006249750,517784849649,545003886199,
11-01 17:31:10.270  2525  2542 I System.out: 4 0,141264,544983490649,545000157315,0,545005584270,545005584520,545021560854,545021584714,545033490647,545005582800,16666666,545028550306,545028584776,545028620046,545028787036,545033666127,1910,140230,545033666127,545029543976,517801031613,545028787036,
11-01 17:31:10.270  2525  2542 I System.out: 5 0,141336,545016823981,545016823981,0,545031410537,545031410827,545036617158,545036639558,545033490647,545031408587,16666666,545042147130,545042229400,545042314360,545043401110,517801252353,3000,175780,517800276483,545044092360,517817796048,545043401110,
11-01 17:31:10.271  2525  2542 D UiDevice: Waiting 10000ms for SearchCondition[hasObject=BySelector [TEXT='\QGet Started\E']].
11-01 17:31:10.271  2525  2542 D UiDevice: Searching for node with selector: BySelector [TEXT='\QGet Started\E'].
11-01 17:31:10.407   425   459 W TransactionTracing: Could not find layer handle 0x7b1d62768010
11-01 17:31:10.408   425   459 W TransactionTracing: Could not find layer handle 0x7b1d627680d0
11-01 17:31:10.408   425   459 W TransactionTracing: Could not find layer handle 0x7b1d62768c70
11-01 17:31:10.409   425   459 W TransactionTracing: Could not find layer handle 0x7b1d62761e90
11-01 17:31:10.443   575   861 W InputManager-JNI: Input channel object '60e56b9 Splash Screen org.street_child.edubridge (client)' was disposed without first being removed with the input manager!
11-01 17:31:10.460  1129  1129 W FrameTracker: Missed SF frame:PREDICTION_ERROR, 140939, 5289750, CUJ=J<LAUNCHER_APP_CLOSE_TO_HOME>
11-01 17:31:10.460  1129  1129 W FrameTracker: Missed SF frame:PREDICTION_ERROR, 140990, 4755437, CUJ=J<LAUNCHER_APP_CLOSE_TO_HOME>
11-01 17:31:10.460  1129  1129 W FrameTracker: Missing HWUI jank callback for vsyncId: 141034, CUJ=J<LAUNCHER_APP_CLOSE_TO_HOME>
11-01 17:31:10.460  1129  1129 W FrameTracker: Missed SF frame:PREDICTION_ERROR, 141329, 3225083, CUJ=J<LAUNCHER_APP_CLOSE_TO_HOME>
11-01 17:31:10.460  1129  1129 W FrameTracker: Missed SF frame:PREDICTION_ERROR, 141372, 6218962, CUJ=J<LAUNCHER_APP_CLOSE_TO_HOME>
11-01 17:31:10.460  1129  1129 W FrameTracker: Missed SF frame:PREDICTION_ERROR, 141522, 5716067, CUJ=J<LAUNCHER_APP_CLOSE_TO_HOME>
11-01 17:31:10.460  1129  1129 W FrameTracker: Missed SF frame:PREDICTION_ERROR, 141559, 4599515, CUJ=J<LAUNCHER_APP_CLOSE_TO_HOME>
11-01 17:31:10.460  1129  1129 W FrameTracker: Missing SF jank callback for vsyncId: 141595, CUJ=J<LAUNCHER_APP_CLOSE_TO_HOME>
11-01 17:31:10.460  1129  1826 V PerfettoTrigger: Not triggering com.android.telemetry.interaction-jank-monitor-9 - not enough time since last trigger
11-01 17:31:10.473   425   459 W TransactionTracing: Could not find layer handle 0x7b1d62766510
11-01 17:31:10.492   867   923 W FrameTracker: Missed SF frame:PREDICTION_ERROR, 141207, 10732049, CUJ=J<SPLASHSCREEN_EXIT_ANIM>
11-01 17:31:10.492   867   923 W FrameTracker: Missed SF frame:PREDICTION_ERROR, 141250, 0, CUJ=J<SPLASHSCREEN_EXIT_ANIM>
11-01 17:31:10.492   867   923 W FrameTracker: Missing HWUI jank callback for vsyncId: 141250, CUJ=J<SPLASHSCREEN_EXIT_ANIM>
11-01 17:31:10.492   867   923 W FrameTracker: Missed SF frame:PREDICTION_ERROR, 141293, 7154885, CUJ=J<SPLASHSCREEN_EXIT_ANIM>
11-01 17:31:10.492   867   923 W FrameTracker: Missed SF frame:PREDICTION_ERROR, 141322, 0, CUJ=J<SPLASHSCREEN_EXIT_ANIM>
11-01 17:31:10.492   867   923 W FrameTracker: Missing HWUI jank callback for vsyncId: 141322, CUJ=J<SPLASHSCREEN_EXIT_ANIM>
11-01 17:31:10.492   867   923 W FrameTracker: Missed SF frame:PREDICTION_ERROR, 141365, 5288682, CUJ=J<SPLASHSCREEN_EXIT_ANIM>
11-01 17:31:10.492   867   923 W FrameTracker: Missed SF frame:PREDICTION_ERROR, 141444, 0, CUJ=J<SPLASHSCREEN_EXIT_ANIM>
11-01 17:31:10.492   867   923 W FrameTracker: Missing HWUI jank callback for vsyncId: 141444, CUJ=J<SPLASHSCREEN_EXIT_ANIM>
11-01 17:31:10.492   867   923 W FrameTracker: Missed SF frame:PREDICTION_ERROR, 141515, 7887507, CUJ=J<SPLASHSCREEN_EXIT_ANIM>
11-01 17:31:10.492   867   923 W FrameTracker: Missed SF frame:PREDICTION_ERROR, 141552, 10175326, CUJ=J<SPLASHSCREEN_EXIT_ANIM>
11-01 17:31:10.493   867   923 W FrameTracker: Missed SF frame:PREDICTION_ERROR, 141697, 5160918, CUJ=J<SPLASHSCREEN_EXIT_ANIM>
11-01 17:31:10.493   867   911 V PerfettoTrigger: Not triggering com.android.telemetry.interaction-jank-monitor-39 - not enough time since last trigger
11-01 17:31:10.623   425   459 W TransactionTracing: Could not find layer handle 0x7b1d62764b30
11-01 17:31:10.623   425   459 W TransactionTracing: Could not find layer handle 0x7b1d62763450
11-01 17:31:10.623   425   459 W TransactionTracing: Could not find layer handle 0x7b1d62762430
11-01 17:31:10.623   425   459 W TransactionTracing: Could not find layer handle 0x7b1d62762430
11-01 17:31:10.623   425   459 W TransactionTracing: Could not find layer handle 0x7b1d62763450
11-01 17:31:10.731  2525  2542 D UiDevice: Searching for node with selector: BySelector [TEXT='\QGet Started\E'].
11-01 17:31:11.175  2617  2674 D EGL_emulation: app_time_stats: avg=3.23ms min=1.08ms max=42.22ms count=61
11-01 17:31:11.330  2525  2542 D UiDevice: Searching for node with selector: BySelector [TEXT='\QGet Started\E'].
11-01 17:31:11.433  2525  2542 D UiDevice: Searching for node with selector: BySelector [TEXT='\QGet Started\E'].
11-01 17:31:11.536  2525  2542 D UiDevice: Searching for node with selector: BySelector [TEXT='\QGet Started\E'].
11-01 17:31:11.640  2525  2542 D UiDevice: Searching for node with selector: BySelector [TEXT='\QGet Started\E'].
11-01 17:31:11.744  2525  2542 D UiDevice: Searching for node with selector: BySelector [TEXT='\QGet Started\E'].
11-01 17:31:11.847  2525  2542 D UiDevice: Searching for node with selector: BySelector [TEXT='\QGet Started\E'].
11-01 17:31:11.950  2525  2542 D UiDevice: Searching for node with selector: BySelector [TEXT='\QGet Started\E'].
11-01 17:31:12.053  2525  2542 D UiDevice: Searching for node with selector: BySelector [TEXT='\QGet Started\E'].
11-01 17:31:12.156  2525  2542 D UiDevice: Searching for node with selector: BySelector [TEXT='\QGet Started\E'].
11-01 17:31:12.175  2617  2674 D EGL_emulation: app_time_stats: avg=1.26ms min=1.13ms max=1.64ms count=60
11-01 17:31:12.260  2525  2542 D UiDevice: Searching for node with selector: BySelector [TEXT='\QGet Started\E'].
11-01 17:31:12.363  2525  2542 D UiDevice: Searching for node with selector: BySelector [TEXT='\QGet Started\E'].
11-01 17:31:12.466  2525  2542 D UiDevice: Searching for node with selector: BySelector [TEXT='\QGet Started\E'].
11-01 17:31:12.569  2525  2542 D UiDevice: Searching for node with selector: BySelector [TEXT='\QGet Started\E'].
11-01 17:31:12.673  2525  2542 D UiDevice: Searching for node with selector: BySelector [TEXT='\QGet Started\E'].
11-01 17:31:12.777  2525  2542 D UiDevice: Searching for node with selector: BySelector [TEXT='\QGet Started\E'].
11-01 17:31:12.880  2525  2542 D UiDevice: Searching for node with selector: BySelector [TEXT='\QGet Started\E'].
11-01 17:31:12.906   425   459 W TransactionTracing: Could not find layer id -1
11-01 17:31:12.984  2525  2542 D UiDevice: Searching for node with selector: BySelector [TEXT='\QGet Started\E'].
11-01 17:31:13.087  2525  2542 D UiDevice: Searching for node with selector: BySelector [TEXT='\QGet Started\E'].
11-01 17:31:13.190  2525  2542 D UiDevice: Searching for node with selector: BySelector [TEXT='\QGet Started\E'].
11-01 17:31:13.192  2617  2674 D EGL_emulation: app_time_stats: avg=1.23ms min=1.05ms max=1.56ms count=61
11-01 17:31:13.239   425   459 W TransactionTracing: Could not find layer id -1
11-01 17:31:13.294  2525  2542 D UiDevice: Searching for node with selector: BySelector [TEXT='\QGet Started\E'].
11-01 17:31:13.397  2525  2542 D UiDevice: Searching for node with selector: BySelector [TEXT='\QGet Started\E'].
11-01 17:31:13.500  2525  2542 D UiDevice: Searching for node with selector: BySelector [TEXT='\QGet Started\E'].
11-01 17:31:13.603  2525  2542 D UiDevice: Searching for node with selector: BySelector [TEXT='\QGet Started\E'].
11-01 17:31:13.706  2525  2542 D UiDevice: Searching for node with selector: BySelector [TEXT='\QGet Started\E'].
11-01 17:31:13.810  2525  2542 D UiDevice: Searching for node with selector: BySelector [TEXT='\QGet Started\E'].
11-01 17:31:13.914  2525  2542 D UiDevice: Searching for node with selector: BySelector [TEXT='\QGet Started\E'].
11-01 17:31:14.017  2525  2542 D UiDevice: Searching for node with selector: BySelector [TEXT='\QGet Started\E'].
11-01 17:31:14.121  2525  2542 D UiDevice: Searching for node with selector: BySelector [TEXT='\QGet Started\E'].
11-01 17:31:14.208  2617  2674 D EGL_emulation: app_time_stats: avg=1.20ms min=1.08ms max=1.47ms count=61
11-01 17:31:14.225  2525  2542 D UiDevice: Searching for node with selector: BySelector [TEXT='\QGet Started\E'].
11-01 17:31:14.329  2525  2542 D UiDevice: Searching for node with selector: BySelector [TEXT='\QGet Started\E'].
11-01 17:31:14.432  2525  2542 D UiDevice: Searching for node with selector: BySelector [TEXT='\QGet Started\E'].
11-01 17:31:14.535  2525  2542 D UiDevice: Searching for node with selector: BySelector [TEXT='\QGet Started\E'].
11-01 17:31:14.638  2525  2542 D UiDevice: Searching for node with selector: BySelector [TEXT='\QGet Started\E'].
11-01 17:31:14.743  2525  2542 D UiDevice: Searching for node with selector: BySelector [TEXT='\QGet Started\E'].
11-01 17:31:14.846  2525  2542 D UiDevice: Searching for node with selector: BySelector [TEXT='\QGet Started\E'].
11-01 17:31:14.949  2525  2542 D UiDevice: Searching for node with selector: BySelector [TEXT='\QGet Started\E'].
11-01 17:31:15.053  2525  2542 D UiDevice: Searching for node with selector: BySelector [TEXT='\QGet Started\E'].
11-01 17:31:15.156  2525  2542 D UiDevice: Searching for node with selector: BySelector [TEXT='\QGet Started\E'].
11-01 17:31:15.225  2617  2674 D EGL_emulation: app_time_stats: avg=1.24ms min=1.09ms max=2.58ms count=61
11-01 17:31:15.260  2525  2542 D UiDevice: Searching for node with selector: BySelector [TEXT='\QGet Started\E'].
11-01 17:31:15.363  2525  2542 D UiDevice: Searching for node with selector: BySelector [TEXT='\QGet Started\E'].
11-01 17:31:15.467  2525  2542 D UiDevice: Searching for node with selector: BySelector [TEXT='\QGet Started\E'].
11-01 17:31:15.570  2525  2542 D UiDevice: Searching for node with selector: BySelector [TEXT='\QGet Started\E'].
11-01 17:31:15.589   425   459 W TransactionTracing: Could not find layer id -1
11-01 17:31:15.589   425   459 W TransactionTracing: Could not find layer id -1
11-01 17:31:15.674  2525  2542 D UiDevice: Searching for node with selector: BySelector [TEXT='\QGet Started\E'].
11-01 17:31:15.778  2525  2542 D UiDevice: Searching for node with selector: BySelector [TEXT='\QGet Started\E'].
11-01 17:31:15.789   425   459 W TransactionTracing: Could not find layer id -1
11-01 17:31:15.881  2525  2542 D UiDevice: Searching for node with selector: BySelector [TEXT='\QGet Started\E'].
11-01 17:31:15.973   425   459 W TransactionTracing: Could not find layer id -1
11-01 17:31:15.973   425   459 W TransactionTracing: Could not find layer id -1
11-01 17:31:15.973   425   459 W TransactionTracing: Could not find layer id -1
11-01 17:31:15.973   425   459 W TransactionTracing: Could not find layer id -1
11-01 17:31:15.973   425   459 W TransactionTracing: Could not find layer id -1
11-01 17:31:15.973   425   459 W TransactionTracing: Could not find layer id -1
11-01 17:31:15.983  2525  2542 D UiDevice: Searching for node with selector: BySelector [TEXT='\QGet Started\E'].
11-01 17:31:16.086  2525  2542 D UiDevice: Searching for node with selector: BySelector [TEXT='\QGet Started\E'].
11-01 17:31:16.190  2525  2542 D UiDevice: Searching for node with selector: BySelector [TEXT='\QGet Started\E'].
11-01 17:31:16.241  2617  2674 D EGL_emulation: app_time_stats: avg=1.22ms min=1.03ms max=2.04ms count=61
11-01 17:31:16.294  2525  2542 D UiDevice: Searching for node with selector: BySelector [TEXT='\QGet Started\E'].
11-01 17:31:16.397  2525  2542 D UiDevice: Searching for node with selector: BySelector [TEXT='\QGet Started\E'].
11-01 17:31:16.500  2525  2542 D UiDevice: Searching for node with selector: BySelector [TEXT='\QGet Started\E'].
11-01 17:31:16.603  2525  2542 D UiDevice: Searching for node with selector: BySelector [TEXT='\QGet Started\E'].
11-01 17:31:16.606   425   459 W TransactionTracing: Could not find layer id -1
11-01 17:31:16.606   425   459 W TransactionTracing: Could not find layer id -1
11-01 17:31:16.606   425   459 W TransactionTracing: Could not find layer id -1
11-01 17:31:16.707  2525  2542 D UiDevice: Searching for node with selector: BySelector [TEXT='\QGet Started\E'].
11-01 17:31:16.811  2525  2542 D UiDevice: Searching for node with selector: BySelector [TEXT='\QGet Started\E'].
11-01 17:31:16.914  2525  2542 D UiDevice: Searching for node with selector: BySelector [TEXT='\QGet Started\E'].
11-01 17:31:17.017  2525  2542 D UiDevice: Searching for node with selector: BySelector [TEXT='\QGet Started\E'].
11-01 17:31:17.120  2525  2542 D UiDevice: Searching for node with selector: BySelector [TEXT='\QGet Started\E'].
11-01 17:31:17.225  2525  2542 D UiDevice: Searching for node with selector: BySelector [TEXT='\QGet Started\E'].
11-01 17:31:17.242  2617  2674 D EGL_emulation: app_time_stats: avg=1.26ms min=1.07ms max=1.82ms count=60
11-01 17:31:17.328  2525  2542 D UiDevice: Searching for node with selector: BySelector [TEXT='\QGet Started\E'].
11-01 17:31:17.432  2525  2542 D UiDevice: Searching for node with selector: BySelector [TEXT='\QGet Started\E'].
11-01 17:31:17.534  2525  2542 D UiDevice: Searching for node with selector: BySelector [TEXT='\QGet Started\E'].
11-01 17:31:17.637  2525  2542 D UiDevice: Searching for node with selector: BySelector [TEXT='\QGet Started\E'].
11-01 17:31:17.741  2525  2542 D UiDevice: Searching for node with selector: BySelector [TEXT='\QGet Started\E'].
11-01 17:31:17.845  2525  2542 D UiDevice: Searching for node with selector: BySelector [TEXT='\QGet Started\E'].
11-01 17:31:17.948  2525  2542 D UiDevice: Searching for node with selector: BySelector [TEXT='\QGet Started\E'].
11-01 17:31:18.051  2525  2542 D UiDevice: Searching for node with selector: BySelector [TEXT='\QGet Started\E'].
11-01 17:31:18.154  2525  2542 D UiDevice: Searching for node with selector: BySelector [TEXT='\QGet Started\E'].
11-01 17:31:18.257  2525  2542 D UiDevice: Searching for node with selector: BySelector [TEXT='\QGet Started\E'].
11-01 17:31:18.258  2617  2674 D EGL_emulation: app_time_stats: avg=1.28ms min=1.07ms max=2.90ms count=61
11-01 17:31:18.361  2525  2542 D UiDevice: Searching for node with selector: BySelector [TEXT='\QGet Started\E'].
11-01 17:31:18.464  2525  2542 D UiDevice: Searching for node with selector: BySelector [TEXT='\QGet Started\E'].
11-01 17:31:18.567  2525  2542 D UiDevice: Searching for node with selector: BySelector [TEXT='\QGet Started\E'].
11-01 17:31:18.670  2525  2542 D UiDevice: Searching for node with selector: BySelector [TEXT='\QGet Started\E'].
11-01 17:31:18.773  2525  2542 D UiDevice: Searching for node with selector: BySelector [TEXT='\QGet Started\E'].
11-01 17:31:18.877  2525  2542 D UiDevice: Searching for node with selector: BySelector [TEXT='\QGet Started\E'].
11-01 17:31:18.980  2525  2542 D UiDevice: Searching for node with selector: BySelector [TEXT='\QGet Started\E'].
11-01 17:31:19.083  2525  2542 D UiDevice: Searching for node with selector: BySelector [TEXT='\QGet Started\E'].
11-01 17:31:19.187  2525  2542 D UiDevice: Searching for node with selector: BySelector [TEXT='\QGet Started\E'].
11-01 17:31:19.275  2617  2674 D EGL_emulation: app_time_stats: avg=1.18ms min=1.04ms max=1.42ms count=61
11-01 17:31:19.290  2525  2542 D UiDevice: Searching for node with selector: BySelector [TEXT='\QGet Started\E'].
11-01 17:31:19.394  2525  2542 D UiDevice: Searching for node with selector: BySelector [TEXT='\QGet Started\E'].
11-01 17:31:19.497  2525  2542 D UiDevice: Searching for node with selector: BySelector [TEXT='\QGet Started\E'].
11-01 17:31:19.600  2525  2542 D UiDevice: Searching for node with selector: BySelector [TEXT='\QGet Started\E'].
11-01 17:31:19.703  2525  2542 D UiDevice: Searching for node with selector: BySelector [TEXT='\QGet Started\E'].
11-01 17:31:19.807  2525  2542 D UiDevice: Searching for node with selector: BySelector [TEXT='\QGet Started\E'].
11-01 17:31:19.910  2525  2542 D UiDevice: Searching for node with selector: BySelector [TEXT='\QGet Started\E'].
11-01 17:31:20.013  2525  2542 D UiDevice: Searching for node with selector: BySelector [TEXT='\QGet Started\E'].
11-01 17:31:20.116  2525  2542 D UiDevice: Searching for node with selector: BySelector [TEXT='\QGet Started\E'].
11-01 17:31:20.219  2525  2542 D UiDevice: Searching for node with selector: BySelector [TEXT='\QGet Started\E'].
11-01 17:31:20.240  2617  2726 V UstadCache: OKHttp-CacheInterceptor:  intercept: GET https://edubridge-afghanistan.app/Site/verify
11-01 17:31:20.240  2617  2726 I UstadCache: UstadCache(): Retrieve https://edubridge-afghanistan.app/Site/verify
11-01 17:31:20.240  2617  2726 D UstadCache: UstadCache(): MISS https://edubridge-afghanistan.app/Site/verify
11-01 17:31:20.242  2617  2726 D TrafficStats: tagSocket(78) with statsTag=0xffffffff, statsUid=-1
11-01 17:31:20.270  2617  2617 W LoginViewModel$invokeSuspend: Could not load site object for https://edubridge-afghanistan.app/
11-01 17:31:20.270  2617  2617 W LoginViewModel$invokeSuspend: java.net.ConnectException: Failed to connect to edubridge-afghanistan.app/65.21.146.62:443
11-01 17:31:20.270  2617  2617 W LoginViewModel$invokeSuspend: 	at okhttp3.internal.connection.RealConnection.connectSocket(RealConnection.kt:297)
11-01 17:31:20.270  2617  2617 W LoginViewModel$invokeSuspend: 	at okhttp3.internal.connection.RealConnection.connect(RealConnection.kt:207)
11-01 17:31:20.270  2617  2617 W LoginViewModel$invokeSuspend: 	at okhttp3.internal.connection.ExchangeFinder.findConnection(ExchangeFinder.kt:226)
11-01 17:31:20.270  2617  2617 W LoginViewModel$invokeSuspend: 	at okhttp3.internal.connection.ExchangeFinder.findHealthyConnection(ExchangeFinder.kt:106)
11-01 17:31:20.270  2617  2617 W LoginViewModel$invokeSuspend: 	at okhttp3.internal.connection.ExchangeFinder.find(ExchangeFinder.kt:74)
11-01 17:31:20.270  2617  2617 W LoginViewModel$invokeSuspend: 	at okhttp3.internal.connection.RealCall.initExchange$okhttp(RealCall.kt:255)
11-01 17:31:20.270  2617  2617 W LoginViewModel$invokeSuspend: 	at okhttp3.internal.connection.ConnectInterceptor.intercept(ConnectInterceptor.kt:32)
11-01 17:31:20.270  2617  2617 W LoginViewModel$invokeSuspend: 	at okhttp3.internal.http.RealInterceptorChain.proceed(RealInterceptorChain.kt:109)
11-01 17:31:20.270  2617  2617 W LoginViewModel$invokeSuspend: 	at okhttp3.internal.cache.CacheInterceptor.intercept(CacheInterceptor.kt:95)
11-01 17:31:20.270  2617  2617 W LoginViewModel$invokeSuspend: 	at okhttp3.internal.http.RealInterceptorChain.proceed(RealInterceptorChain.kt:109)
11-01 17:31:20.270  2617  2617 W LoginViewModel$invokeSuspend: 	at okhttp3.internal.http.BridgeInterceptor.intercept(BridgeInterceptor.kt:83)
11-01 17:31:20.270  2617  2617 W LoginViewModel$invokeSuspend: 	at okhttp3.internal.http.RealInterceptorChain.proceed(RealInterceptorChain.kt:109)
11-01 17:31:20.270  2617  2617 W LoginViewModel$invokeSuspend: 	at okhttp3.internal.http.RetryAndFollowUpInterceptor.intercept(RetryAndFollowUpInterceptor.kt:76)
11-01 17:31:20.270  2617  2617 W LoginViewModel$invokeSuspend: 	at okhttp3.internal.http.RealInterceptorChain.proceed(RealInterceptorChain.kt:109)
11-01 17:31:20.270  2617  2617 W LoginViewModel$invokeSuspend: 	at com.ustadmobile.libcache.okhttp.UstadCacheInterceptor.intercept(UstadCacheInterceptor.kt:407)
11-01 17:31:20.270  2617  2617 W LoginViewModel$invokeSuspend: 	at okhttp3.internal.http.RealInterceptorChain.proceed(RealInterceptorChain.kt:109)
11-01 17:31:20.270  2617  2617 W LoginViewModel$invokeSuspend: 	at okhttp3.internal.connection.RealCall.getResponseWithInterceptorChain$okhttp(RealCall.kt:201)
11-01 17:31:20.270  2617  2617 W LoginViewModel$invokeSuspend: 	at okhttp3.internal.connection.RealCall$AsyncCall.run(RealCall.kt:517)
11-01 17:31:20.270  2617  2617 W LoginViewModel$invokeSuspend: 	at java.util.concurrent.ThreadPoolExecutor.runWorker(ThreadPoolExecutor.java:1137)
11-01 17:31:20.270  2617  2617 W LoginViewModel$invokeSuspend: 	at java.util.concurrent.ThreadPoolExecutor$Worker.run(ThreadPoolExecutor.java:637)
11-01 17:31:20.270  2617  2617 W LoginViewModel$invokeSuspend: 	at java.lang.Thread.run(Thread.java:1012)
11-01 17:31:20.270  2617  2617 W LoginViewModel$invokeSuspend: Caused by: java.net.ConnectException: failed to connect to edubridge-afghanistan.app/65.21.146.62 (port 443) from /10.0.2.16 (port 33352) after 10000ms: isConnected failed: ECONNREFUSED (Connection refused)
11-01 17:31:20.270  2617  2617 W LoginViewModel$invokeSuspend: 	at libcore.io.IoBridge.isConnected(IoBridge.java:347)
11-01 17:31:20.270  2617  2617 W LoginViewModel$invokeSuspend: 	at libcore.io.IoBridge.connectErrno(IoBridge.java:237)
11-01 17:31:20.270  2617  2617 W LoginViewModel$invokeSuspend: 	at libcore.io.IoBridge.connect(IoBridge.java:179)
11-01 17:31:20.270  2617  2617 W LoginViewModel$invokeSuspend: 	at java.net.PlainSocketImpl.socketConnect(PlainSocketImpl.java:142)
11-01 17:31:20.270  2617  2617 W LoginViewModel$invokeSuspend: 	at java.net.AbstractPlainSocketImpl.doConnect(AbstractPlainSocketImpl.java:390)
11-01 17:31:20.270  2617  2617 W LoginViewModel$invokeSuspend: 	at java.net.AbstractPlainSocketImpl.connectToAddress(AbstractPlainSocketImpl.java:230)
11-01 17:31:20.270  2617  2617 W LoginViewModel$invokeSuspend: 	at java.net.AbstractPlainSocketImpl.connect(AbstractPlainSocketImpl.java:212)
11-01 17:31:20.270  2617  2617 W LoginViewModel$invokeSuspend: 	at java.net.SocksSocketImpl.connect(SocksSocketImpl.java:436)
11-01 17:31:20.270  2617  2617 W LoginViewModel$invokeSuspend: 	at java.net.Socket.connect(Socket.java:646)
11-01 17:31:20.270  2617  2617 W LoginViewModel$invokeSuspend: 	at okhttp3.internal.platform.Platform.connectSocket(Platform.kt:128)
11-01 17:31:20.270  2617  2617 W LoginViewModel$invokeSuspend: 	at okhttp3.internal.connection.RealConnection.connectSocket(RealConnection.kt:295)
11-01 17:31:20.270  2617  2617 W LoginViewModel$invokeSuspend: 	... 20 more
11-01 17:31:20.270  2617  2617 W LoginViewModel$invokeSuspend: Caused by: android.system.ErrnoException: isConnected failed: ECONNREFUSED (Connection refused)
11-01 17:31:20.270  2617  2617 W LoginViewModel$invokeSuspend: 	at libcore.io.IoBridge.isConnected(IoBridge.java:334)
11-01 17:31:20.270  2617  2617 W LoginViewModel$invokeSuspend: 	... 30 more
11-01 17:31:20.275  2617  2674 D EGL_emulation: app_time_stats: avg=1.21ms min=1.07ms max=1.63ms count=60
11-01 17:31:20.322  2525  2542 D UiDevice: Searching for node with selector: BySelector [TEXT='\QGet Started\E'].
11-01 17:31:21.275  2617  2674 D EGL_emulation: app_time_stats: avg=1.21ms min=1.04ms max=1.56ms count=60
11-01 17:31:21.327  2525  2542 D UiDevice: Retrieving node with selector: BySelector [TEXT='\QGet Started\E'].
11-01 17:31:21.330  2525  2542 D UiDevice: Node not found with selector: BySelector [TEXT='\QGet Started\E'].
11-01 17:31:22.292  2617  2674 D EGL_emulation: app_time_stats: avg=1.34ms min=1.09ms max=4.87ms count=61
11-01 17:31:23.308  2617  2674 D EGL_emulation: app_time_stats: avg=1.19ms min=1.08ms max=1.48ms count=61
11-01 17:31:24.308  2617  2674 D EGL_emulation: app_time_stats: avg=1.19ms min=1.07ms max=1.45ms count=60
11-01 17:31:25.308  2617  2674 D EGL_emulation: app_time_stats: avg=1.20ms min=1.07ms max=2.45ms count=60
11-01 17:31:26.325  2617  2674 D EGL_emulation: app_time_stats: avg=1.22ms min=1.07ms max=2.32ms count=61
11-01 17:31:26.330  2525  2542 D Benchmark: Profile Installer - Save Profile
11-01 17:31:26.346  2617  2617 I Process : Sending signal. PID: 2617 SIG: 10
11-01 17:31:26.346  2617  2617 D ProfileInstaller:
11-01 17:31:26.347  2617  2622 I child.edubridge: Thread[3,tid=2622,WaitingInMainSignalCatcherLoop,Thread*=0x7c11db9e5b20,peer=0x13181cd0,"Signal Catcher"]: reacting to signal 10
11-01 17:31:26.347  2617  2622 I child.edubridge:
11-01 17:31:26.347  2617  2622 I child.edubridge: SIGUSR1 forcing GC (no HPROF) and profile save
11-01 17:31:26.366  2617  2622 I child.edubridge: Explicit concurrent copying GC freed 147979(5048KB) AllocSpace objects, 1(56KB) LOS objects, 49% free, 7311KB/14MB, paused 20us,8us total 19.148ms
11-01 17:31:26.848  2525  2542 D Benchmark: Killing process org.street_child.edubridge
11-01 17:31:26.848  2525  2542 D UiDevice: Executing shell command: killall org.street_child.edubridge
11-01 17:31:26.863  1510  1758 W MediaProvider: isAppCloneUserPair for user 0: false
11-01 17:31:26.864  1510  1758 V MediaProvider: Inserted id:1000000091 less than next row id backup:1000001000.
11-01 17:31:26.898   575  2327 I PackageDexOptimizer: Running dexopt (dexoptNeeded=-3) on: /data/app/~~BwgQtX5CYUpjiTMOEzzJJw==/org.street_child.edubridge-_HKotTTaiFD4n6vJUuyHvA==/base.apk pkg=org.street_child.edubridge isa=x86_64 dexoptFlags=boot_complete,profile_guided,force,enable_hidden_api_checks targetFilter=speed-profile oatDir=/data/app/~~BwgQtX5CYUpjiTMOEzzJJw==/org.street_child.edubridge-_HKotTTaiFD4n6vJUuyHvA==/oat classLoaderContext=PCL[]{PCL[/system_ext/framework/androidx.window.extensions.jar]#PCL[/system_ext/framework/androidx.window.sidecar.jar]}
11-01 17:31:26.899   496   496 V installd: DexInv: --- BEGIN '/data/app/~~BwgQtX5CYUpjiTMOEzzJJw==/org.street_child.edubridge-_HKotTTaiFD4n6vJUuyHvA==/base.apk' ---
11-01 17:31:26.899   496   496 V installd: Running /apex/com.android.art/bin/dex2oat64 in=base.apk out=/data/app/~~BwgQtX5CYUpjiTMOEzzJJw==/org.street_child.edubridge-_HKotTTaiFD4n6vJUuyHvA==/oat/x86_64/base.odex
11-01 17:31:26.912  4073  4073 W dex2oat64: Unexpected CPU variant for x86: x86_64.
11-01 17:31:26.912  4073  4073 W dex2oat64: Known variants: atom, sandybridge, silvermont, kabylake, default
11-01 17:31:26.913  4073  4073 W dex2oat64: Mismatch between dex2oat instruction set features to use (ISA: X86_64 Feature string: -ssse3,-sse4.1,-sse4.2,-avx,-avx2,-popcnt) and those from CPP defines (ISA: X86_64 Feature string: ssse3,sse4.1,sse4.2,-avx,-avx2,popcnt) for the command line:
11-01 17:31:26.913  4073  4073 W dex2oat64: /apex/com.android.art/bin/dex2oat64 --zip-fd=8 --zip-location=base.apk --oat-fd=9 --oat-location=/data/app/~~BwgQtX5CYUpjiTMOEzzJJw==/org.street_child.edubridge-_HKotTTaiFD4n6vJUuyHvA==/oat/x86_64/base.odex --input-vdex-fd=11 --output-vdex-fd=10 --app-image-fd=14 --image-format=lz4 --profile-file-fd=13 --swap-fd=12 --classpath-dir=/data/app/~~BwgQtX5CYUpjiTMOEzzJJw==/org.street_child.edubridge-_HKotTTaiFD4n6vJUuyHvA== --class-loader-context=PCL[]{PCL[/system_ext/framework/androidx.window.extensions.jar]#PCL[/system_ext/framework/androidx.window.sidecar.jar]} --instruction-set=x86_64 --instruction-set-features=default --instruction-set-variant=x86_64 --compiler-filter=speed-profile --compilation-reason=cmdline --max-image-block-size=524288 --resolve-startup-const-strings=true --generate-mini-debug-info --runtime-arg -Xtarget-sdk-version:34 --runtime-arg -Xhidden-api-policy:enabled --runtime-arg -Xms64m --runtime-arg -Xmx512m
11-01 17:31:26.916  4073  4073 I dex2oat64: /apex/com.android.art/bin/dex2oat64 --input-vdex-fd=11 --output-vdex-fd=10 --profile-file-fd=13 --classpath-dir=/data/app/~~BwgQtX5CYUpjiTMOEzzJJw==/org.street_child.edubridge-_HKotTTaiFD4n6vJUuyHvA== --class-loader-context=PCL[]{PCL[/system_ext/framework/androidx.window.extensions.jar]#PCL[/system_ext/framework/androidx.window.sidecar.jar]} --compiler-filter=speed-profile --compilation-reason=cmdline --max-image-block-size=524288 --resolve-startup-const-strings=true --generate-mini-debug-info
11-01 17:31:27.326  2617  2674 D EGL_emulation: app_time_stats: avg=1.29ms min=1.07ms max=1.81ms count=60
11-01 17:31:28.342  2617  2674 D EGL_emulation: app_time_stats: avg=1.41ms min=1.18ms max=1.67ms count=61
11-01 17:31:29.358  2617  2674 D EGL_emulation: app_time_stats: avg=1.40ms min=1.16ms max=1.69ms count=61
11-01 17:31:30.273  2617  2726 V UstadCache: OKHttp-CacheInterceptor:  intercept: GET https://edubridge-afghanistan.app/Site/verify
11-01 17:31:30.273  2617  2726 I UstadCache: UstadCache(): Retrieve https://edubridge-afghanistan.app/Site/verify
11-01 17:31:30.273  2617  2726 D UstadCache: UstadCache(): MISS https://edubridge-afghanistan.app/Site/verify
11-01 17:31:30.275  2617  2726 D TrafficStats: tagSocket(6) with statsTag=0xffffffff, statsUid=-1
11-01 17:31:30.303  2617  2617 W LoginViewModel$invokeSuspend: Could not load site object for https://edubridge-afghanistan.app/
11-01 17:31:30.303  2617  2617 W LoginViewModel$invokeSuspend: java.net.ConnectException: Failed to connect to edubridge-afghanistan.app/65.21.146.62:443
11-01 17:31:30.303  2617  2617 W LoginViewModel$invokeSuspend: 	at okhttp3.internal.connection.RealConnection.connectSocket(RealConnection.kt:297)
11-01 17:31:30.303  2617  2617 W LoginViewModel$invokeSuspend: 	at okhttp3.internal.connection.RealConnection.connect(RealConnection.kt:207)
11-01 17:31:30.303  2617  2617 W LoginViewModel$invokeSuspend: 	at okhttp3.internal.connection.ExchangeFinder.findConnection(ExchangeFinder.kt:226)
11-01 17:31:30.303  2617  2617 W LoginViewModel$invokeSuspend: 	at okhttp3.internal.connection.ExchangeFinder.findHealthyConnection(ExchangeFinder.kt:106)
11-01 17:31:30.303  2617  2617 W LoginViewModel$invokeSuspend: 	at okhttp3.internal.connection.ExchangeFinder.find(ExchangeFinder.kt:74)
11-01 17:31:30.303  2617  2617 W LoginViewModel$invokeSuspend: 	at okhttp3.internal.connection.RealCall.initExchange$okhttp(RealCall.kt:255)
11-01 17:31:30.303  2617  2617 W LoginViewModel$invokeSuspend: 	at okhttp3.internal.connection.ConnectInterceptor.intercept(ConnectInterceptor.kt:32)
11-01 17:31:30.303  2617  2617 W LoginViewModel$invokeSuspend: 	at okhttp3.internal.http.RealInterceptorChain.proceed(RealInterceptorChain.kt:109)
11-01 17:31:30.303  2617  2617 W LoginViewModel$invokeSuspend: 	at okhttp3.internal.cache.CacheInterceptor.intercept(CacheInterceptor.kt:95)
11-01 17:31:30.303  2617  2617 W LoginViewModel$invokeSuspend: 	at okhttp3.internal.http.RealInterceptorChain.proceed(RealInterceptorChain.kt:109)
11-01 17:31:30.303  2617  2617 W LoginViewModel$invokeSuspend: 	at okhttp3.internal.http.BridgeInterceptor.intercept(BridgeInterceptor.kt:83)
11-01 17:31:30.303  2617  2617 W LoginViewModel$invokeSuspend: 	at okhttp3.internal.http.RealInterceptorChain.proceed(RealInterceptorChain.kt:109)
11-01 17:31:30.303  2617  2617 W LoginViewModel$invokeSuspend: 	at okhttp3.internal.http.RetryAndFollowUpInterceptor.intercept(RetryAndFollowUpInterceptor.kt:76)
11-01 17:31:30.303  2617  2617 W LoginViewModel$invokeSuspend: 	at okhttp3.internal.http.RealInterceptorChain.proceed(RealInterceptorChain.kt:109)
11-01 17:31:30.303  2617  2617 W LoginViewModel$invokeSuspend: 	at com.ustadmobile.libcache.okhttp.UstadCacheInterceptor.intercept(UstadCacheInterceptor.kt:407)
11-01 17:31:30.303  2617  2617 W LoginViewModel$invokeSuspend: 	at okhttp3.internal.http.RealInterceptorChain.proceed(RealInterceptorChain.kt:109)
11-01 17:31:30.303  2617  2617 W LoginViewModel$invokeSuspend: 	at okhttp3.internal.connection.RealCall.getResponseWithInterceptorChain$okhttp(RealCall.kt:201)
11-01 17:31:30.303  2617  2617 W LoginViewModel$invokeSuspend: 	at okhttp3.internal.connection.RealCall$AsyncCall.run(RealCall.kt:517)
11-01 17:31:30.303  2617  2617 W LoginViewModel$invokeSuspend: 	at java.util.concurrent.ThreadPoolExecutor.runWorker(ThreadPoolExecutor.java:1137)
11-01 17:31:30.303  2617  2617 W LoginViewModel$invokeSuspend: 	at java.util.concurrent.ThreadPoolExecutor$Worker.run(ThreadPoolExecutor.java:637)
11-01 17:31:30.303  2617  2617 W LoginViewModel$invokeSuspend: 	at java.lang.Thread.run(Thread.java:1012)
11-01 17:31:30.303  2617  2617 W LoginViewModel$invokeSuspend: Caused by: java.net.ConnectException: failed to connect to edubridge-afghanistan.app/65.21.146.62 (port 443) from /10.0.2.16 (port 38422) after 10000ms: isConnected failed: ECONNREFUSED (Connection refused)
11-01 17:31:30.303  2617  2617 W LoginViewModel$invokeSuspend: 	at libcore.io.IoBridge.isConnected(IoBridge.java:347)
11-01 17:31:30.303  2617  2617 W LoginViewModel$invokeSuspend: 	at libcore.io.IoBridge.connectErrno(IoBridge.java:237)
11-01 17:31:30.303  2617  2617 W LoginViewModel$invokeSuspend: 	at libcore.io.IoBridge.connect(IoBridge.java:179)
11-01 17:31:30.303  2617  2617 W LoginViewModel$invokeSuspend: 	at java.net.PlainSocketImpl.socketConnect(PlainSocketImpl.java:142)
11-01 17:31:30.303  2617  2617 W LoginViewModel$invokeSuspend: 	at java.net.AbstractPlainSocketImpl.doConnect(AbstractPlainSocketImpl.java:390)
11-01 17:31:30.303  2617  2617 W LoginViewModel$invokeSuspend: 	at java.net.AbstractPlainSocketImpl.connectToAddress(AbstractPlainSocketImpl.java:230)
11-01 17:31:30.303  2617  2617 W LoginViewModel$invokeSuspend: 	at java.net.AbstractPlainSocketImpl.connect(AbstractPlainSocketImpl.java:212)
11-01 17:31:30.303  2617  2617 W LoginViewModel$invokeSuspend: 	at java.net.SocksSocketImpl.connect(SocksSocketImpl.java:436)
11-01 17:31:30.303  2617  2617 W LoginViewModel$invokeSuspend: 	at java.net.Socket.connect(Socket.java:646)
11-01 17:31:30.303  2617  2617 W LoginViewModel$invokeSuspend: 	at okhttp3.internal.platform.Platform.connectSocket(Platform.kt:128)
11-01 17:31:30.303  2617  2617 W LoginViewModel$invokeSuspend: 	at okhttp3.internal.connection.RealConnection.connectSocket(RealConnection.kt:295)
11-01 17:31:30.303  2617  2617 W LoginViewModel$invokeSuspend: 	... 20 more
11-01 17:31:30.303  2617  2617 W LoginViewModel$invokeSuspend: Caused by: android.system.ErrnoException: isConnected failed: ECONNREFUSED (Connection refused)
11-01 17:31:30.303  2617  2617 W LoginViewModel$invokeSuspend: 	at libcore.io.IoBridge.isConnected(IoBridge.java:334)
11-01 17:31:30.303  2617  2617 W LoginViewModel$invokeSuspend: 	... 30 more
11-01 17:31:30.375  2617  2674 D EGL_emulation: app_time_stats: avg=1.36ms min=1.15ms max=2.03ms count=61
11-01 17:31:30.779  4073  4073 W dex2oat64: Accessing hidden method Landroid/window/BackEvent;->getProgress()F (blocked, linking, denied)
11-01 17:31:30.779  4073  4073 W dex2oat64: Accessing hidden method Landroid/window/BackEvent;->getSwipeEdge()I (blocked, linking, denied)
11-01 17:31:30.779  4073  4073 W dex2oat64: Accessing hidden method Landroid/window/BackEvent;->getTouchX()F (blocked, linking, denied)
11-01 17:31:30.779  4073  4073 W dex2oat64: Accessing hidden method Landroid/window/BackEvent;->getTouchY()F (blocked, linking, denied)
11-01 17:31:31.035  4073  4079 W dex2oat64: Method java.lang.Object androidx.compose.runtime.snapshots.SnapshotStateMap.mutate(kotlin.jvm.functions.Function1) failed lock verification and will run slower.
11-01 17:31:31.035  4073  4079 W dex2oat64: Common causes for lock verification issues are non-optimized dex code
11-01 17:31:31.035  4073  4079 W dex2oat64: and incorrect proguard optimizations.
11-01 17:31:31.035  4073  4079 W dex2oat64: Method void androidx.compose.runtime.snapshots.SnapshotStateMap.update(kotlin.jvm.functions.Function1) failed lock verification and will run slower.
11-01 17:31:31.035  4073  4079 W dex2oat64: Method boolean androidx.compose.runtime.snapshots.SnapshotStateMap.removeIf$runtime_release(kotlin.jvm.functions.Function1) failed lock verification and will run slower.
11-01 17:31:31.059  4073  4080 W dex2oat64: Method boolean androidx.compose.runtime.snapshots.SnapshotStateList.conditionalUpdate(boolean, kotlin.jvm.functions.Function1) failed lock verification and will run slower.
11-01 17:31:31.059  4073  4080 W dex2oat64: Method boolean androidx.compose.runtime.snapshots.SnapshotStateList.conditionalUpdate$default(androidx.compose.runtime.snapshots.SnapshotStateList, boolean, kotlin.jvm.functions.Function1, int, java.lang.Object) failed lock verification and will run slower.
11-01 17:31:31.059  4073  4080 W dex2oat64: Method java.lang.Object androidx.compose.runtime.snapshots.SnapshotStateList.mutate(kotlin.jvm.functions.Function1) failed lock verification and will run slower.
11-01 17:31:31.059  4073  4080 W dex2oat64: Method void androidx.compose.runtime.snapshots.SnapshotStateList.update(boolean, kotlin.jvm.functions.Function1) failed lock verification and will run slower.
11-01 17:31:31.059  4073  4080 W dex2oat64: Method void androidx.compose.runtime.snapshots.SnapshotStateList.update$default(androidx.compose.runtime.snapshots.SnapshotStateList, boolean, kotlin.jvm.functions.Function1, int, java.lang.Object) failed lock verification and will run slower.
11-01 17:31:31.392  2617  2674 D EGL_emulation: app_time_stats: avg=1.21ms min=0.98ms max=1.60ms count=61
11-01 17:31:32.403  4073  4073 I dex2oat64: Explicit concurrent copying GC freed 197302(31MB) AllocSpace objects, 0(0B) LOS objects, 49% free, 2112KB/4224KB, paused 14us,3us total 7.413ms
11-01 17:31:32.408  2617  2674 D EGL_emulation: app_time_stats: avg=1.25ms min=1.05ms max=1.65ms count=61
11-01 17:31:32.728  4073  4073 I dex2oat64: dex2oat took 5.816s (9.260s cpu) (threads: 4) arena alloc=9240KB (9462280B) java alloc=2112KB (2162944B) native alloc=21MB (22797472B) free=145MB (153076304B)
11-01 17:31:32.756   496   496 V installd: DexInv: --- END '/data/app/~~BwgQtX5CYUpjiTMOEzzJJw==/org.street_child.edubridge-_HKotTTaiFD4n6vJUuyHvA==/base.apk' (success) ---
11-01 17:31:32.803  1510  1859 W MediaProvider: isAppCloneUserPair for user 0: false
11-01 17:31:32.804  1510  1859 V MediaProvider: Inserted id:1000000092 less than next row id backup:1000001000.
11-01 17:31:33.193  4096  4096 W profman : profman took 356.875ms
11-01 17:31:33.213  1510  2837 W MediaProvider: isAppCloneUserPair for user 0: false
11-01 17:31:33.214  1510  2837 V MediaProvider: Inserted id:1000000093 less than next row id backup:1000001000.
11-01 17:31:33.408  2617  2674 D EGL_emulation: app_time_stats: avg=1.31ms min=1.06ms max=2.00ms count=60
11-01 17:31:33.602  1510  1758 I MediaProvider: Deleted 0 0 0 0 0 0 0 items on external_primary due to com.ustadmobile.app_android_baselineprofile
11-01 17:31:34.402  2525  2542 D Benchmark: Unstable profiles during iteration 12
11-01 17:31:34.402  2525  2542 D Benchmark: Killing package org.street_child.edubridge
11-01 17:31:34.402  2525  2542 D Benchmark: Killing process org.street_child.edubridge
11-01 17:31:34.402  2525  2542 D UiDevice: Executing shell command: killall org.street_child.edubridge
11-01 17:31:34.415  2525  2542 D Benchmark: Compile iteration (13) for org.street_child.edubridge
11-01 17:31:34.415  2525  2542 D UiDevice: Pressing home button.
11-01 17:31:34.426   867   867 V ShadeControllerImpl: NotificationShadeWindow: com.android.systemui.shade.NotificationShadeWindowView{f025071 I.E...... ......ID 0,0-320,640} canPanelBeCollapsed(): false
11-01 17:31:34.427  2617  2674 D EGL_emulation: app_time_stats: avg=1.30ms min=1.03ms max=2.72ms count=61
11-01 17:31:34.428  1129  1129 D TaplTarget: Launcher.onNewIntent: Intent { act=android.intent.action.MAIN cat=[android.intent.category.HOME] flg=0x10400100 cmp=com.android.launcher3/.uioverrides.QuickstepLauncher (has extras) }
11-01 17:31:34.431   867   867 V ShadeControllerImpl: NotificationShadeWindow: com.android.systemui.shade.NotificationShadeWindowView{f025071 I.E...... ......ID 0,0-320,640} canPanelBeCollapsed(): false
11-01 17:31:34.456   425   459 W TransactionTracing: Could not find layer handle 0x7b1d62763330
11-01 17:31:34.462   867   995 D EGL_emulation: app_time_stats: avg=843.63ms min=14.22ms max=23702.22ms count=29
11-01 17:31:34.467  1510  1859 W MediaProvider: isAppCloneUserPair for user 0: false
11-01 17:31:34.468  1510  1859 V MediaProvider: Inserted id:1000000094 less than next row id backup:1000001000.
11-01 17:31:34.473   425   425 I BpBinder: onLastStrongRef automatically unlinking death recipients: <uncached descriptor>
11-01 17:31:34.489   425   459 W TransactionTracing: Could not find layer handle 0x7b1d62763f90
11-01 17:31:34.516  2525  2542 I System.out: 0 Flags,FrameTimelineVsyncId,IntendedVsync,Vsync,InputEventId,HandleInputStart,AnimationStart,PerformTraversalsStart,DrawStart,FrameDeadline,FrameInterval,FrameStartTime,SyncQueued,SyncStart,IssueDrawCommandsStart,SwapBuffers,FrameCompleted,DequeueBufferDuration,QueueBufferDuration,GpuCompleted,SwapBuffersCompleted,DisplayPresentTime,CommandSubmissionCompleted,
11-01 17:31:34.516  2525  2542 I System.out: 1 0,152556,567283489757,567283489757,0,567283631188,567283631468,567283776058,567283789488,567333489755,567283630058,16666666,567283854228,567284597168,567284628998,567285029948,567301386143,15444305,149830,567285893648,567301386143,567317916647,567285029948,
11-01 17:31:34.516  2525  2542 I System.out: 2 0,152564,567300156423,567300156423,0,567300314462,567300314762,567300455302,567300466912,567350156421,567300313292,16666666,567300525762,567301446173,567301478833,567301849243,567318214707,15488164,198090,567302674013,567318214707,567334602992,567301849243,
11-01 17:31:34.516  2525  2542 I System.out: 3 0,152572,567316823089,567316823089,0,567317061217,567317061587,567317239787,567317254047,567366823087,567317059737,16666666,567317335277,567318240467,567318274997,567318614868,567334892772,15419594,175450,567319427018,567334892772,567351129197,567318614868,
11-01 17:31:34.516  2525  2542 I System.out: 4 0,152580,567333489755,567333489755,0,567333703872,567333704192,567333837432,567333850512,567383489753,567333702692,16666666,567333917342,567334915712,567334944232,567335265422,567351430727,15378715,141430,567336002302,567351430727,567367647331,567335265422,
11-01 17:31:34.516  2525  2542 I System.out: 5 0,152588,567350156421,567350156421,0,567350376376,567350376776,567350529766,567350542226,567400156419,567350374986,16666666,567350611426,567351456867,567351488717,567351830547,567368055481,15386254,142730,567352618287,567368055481,567384814006,567351830547,
