11-01 17:28:24.054  2525  2542 D UiDevice: Node not found with selector: BySelector [TEXT='\QGet Started\E'].
11-01 17:28:24.941  2617  2674 D EGL_emulation: app_time_stats: avg=1.20ms min=1.04ms max=1.58ms count=61
11-01 17:28:25.941  2617  2674 D EGL_emulation: app_time_stats: avg=1.22ms min=1.05ms max=2.66ms count=60
11-01 17:28:26.958  2617  2674 D EGL_emulation: app_time_stats: avg=1.17ms min=0.99ms max=1.44ms count=61
11-01 17:28:27.975  2617  2674 D EGL_emulation: app_time_stats: avg=1.19ms min=1.05ms max=1.46ms count=61
11-01 17:28:28.975  2617  2674 D EGL_emulation: app_time_stats: avg=1.18ms min=1.07ms max=1.42ms count=60
11-01 17:28:29.055  2525  2542 D Benchmark: Profile Installer - Save Profile
11-01 17:28:29.085  2617  2617 I Process : Sending signal. PID: 2617 SIG: 10
11-01 17:28:29.085  2617  2622 I child.edubridge: Thread[3,tid=2622,WaitingInMainSignalCatcherLoop,Thread*=0x7c11db9e5b20,peer=0x135016b0,"Signal Catcher"]: reacting to signal 10
11-01 17:28:29.085  2617  2622 I child.edubridge:
11-01 17:28:29.085  2617  2622 I child.edubridge: SIGUSR1 forcing GC (no HPROF) and profile save
11-01 17:28:29.087  2617  2617 D ProfileInstaller:
11-01 17:28:29.123  2617  2622 I child.edubridge: Explicit concurrent copying GC freed 129219(4418KB) AllocSpace objects, 1(56KB) LOS objects, 49% free, 7271KB/14MB, paused 54us,8us total 38.382ms
11-01 17:28:29.593  2525  2542 D Benchmark: Killing process org.street_child.edubridge
11-01 17:28:29.593  2525  2542 D UiDevice: Executing shell command: killall org.street_child.edubridge
11-01 17:28:29.622  1510  1761 W MediaProvider: isAppCloneUserPair for user 0: false
11-01 17:28:29.624  1510  1761 V MediaProvider: Inserted id:1000000049 less than next row id backup:1000001000.
11-01 17:28:29.675   575   922 I PackageDexOptimizer: Running dexopt (dexoptNeeded=-3) on: /data/app/~~BwgQtX5CYUpjiTMOEzzJJw==/org.street_child.edubridge-_HKotTTaiFD4n6vJUuyHvA==/base.apk pkg=org.street_child.edubridge isa=x86_64 dexoptFlags=boot_complete,profile_guided,force,enable_hidden_api_checks targetFilter=speed-profile oatDir=/data/app/~~BwgQtX5CYUpjiTMOEzzJJw==/org.street_child.edubridge-_HKotTTaiFD4n6vJUuyHvA==/oat classLoaderContext=PCL[]{PCL[/system_ext/framework/androidx.window.extensions.jar]#PCL[/system_ext/framework/androidx.window.sidecar.jar]}
11-01 17:28:29.676   496   496 V installd: DexInv: --- BEGIN '/data/app/~~BwgQtX5CYUpjiTMOEzzJJw==/org.street_child.edubridge-_HKotTTaiFD4n6vJUuyHvA==/base.apk' ---
11-01 17:28:29.676   496   496 V installd: Running /apex/com.android.art/bin/dex2oat64 in=base.apk out=/data/app/~~BwgQtX5CYUpjiTMOEzzJJw==/org.street_child.edubridge-_HKotTTaiFD4n6vJUuyHvA==/oat/x86_64/base.odex
11-01 17:28:29.691  3235  3235 W dex2oat64: Unexpected CPU variant for x86: x86_64.
11-01 17:28:29.691  3235  3235 W dex2oat64: Known variants: atom, sandybridge, silvermont, kabylake, default
11-01 17:28:29.692  3235  3235 W dex2oat64: Mismatch between dex2oat instruction set features to use (ISA: X86_64 Feature string: -ssse3,-sse4.1,-sse4.2,-avx,-avx2,-popcnt) and those from CPP defines (ISA: X86_64 Feature string: ssse3,sse4.1,sse4.2,-avx,-avx2,popcnt) for the command line:
11-01 17:28:29.692  3235  3235 W dex2oat64: /apex/com.android.art/bin/dex2oat64 --zip-fd=8 --zip-location=base.apk --oat-fd=9 --oat-location=/data/app/~~BwgQtX5CYUpjiTMOEzzJJw==/org.street_child.edubridge-_HKotTTaiFD4n6vJUuyHvA==/oat/x86_64/base.odex --input-vdex-fd=11 --output-vdex-fd=10 --app-image-fd=14 --image-format=lz4 --profile-file-fd=13 --swap-fd=12 --classpath-dir=/data/app/~~BwgQtX5CYUpjiTMOEzzJJw==/org.street_child.edubridge-_HKotTTaiFD4n6vJUuyHvA== --class-loader-context=PCL[]{PCL[/system_ext/framework/androidx.window.extensions.jar]#PCL[/system_ext/framework/androidx.window.sidecar.jar]} --instruction-set=x86_64 --instruction-set-features=default --instruction-set-variant=x86_64 --compiler-filter=speed-profile --compilation-reason=cmdline --max-image-block-size=524288 --resolve-startup-const-strings=true --generate-mini-debug-info --runtime-arg -Xtarget-sdk-version:34 --runtime-arg -Xhidden-api-policy:enabled --runtime-arg -Xms64m --runtime-arg -Xmx512m
11-01 17:28:29.694  3235  3235 I dex2oat64: /apex/com.android.art/bin/dex2oat64 --input-vdex-fd=11 --output-vdex-fd=10 --profile-file-fd=13 --classpath-dir=/data/app/~~BwgQtX5CYUpjiTMOEzzJJw==/org.street_child.edubridge-_HKotTTaiFD4n6vJUuyHvA== --class-loader-context=PCL[]{PCL[/system_ext/framework/androidx.window.extensions.jar]#PCL[/system_ext/framework/androidx.window.sidecar.jar]} --compiler-filter=speed-profile --compilation-reason=cmdline --max-image-block-size=524288 --resolve-startup-const-strings=true --generate-mini-debug-info
11-01 17:28:29.991  2617  2674 D EGL_emulation: app_time_stats: avg=1.31ms min=0.97ms max=1.97ms count=61
11-01 17:28:30.992  2617  2674 D EGL_emulation: app_time_stats: avg=1.25ms min=1.00ms max=1.69ms count=60
11-01 17:28:32.008  2617  2674 D EGL_emulation: app_time_stats: avg=1.29ms min=1.08ms max=1.90ms count=61
11-01 17:28:32.970  2617  2726 V UstadCache: OKHttp-CacheInterceptor:  intercept: GET https://edubridge-afghanistan.app/Site/verify
11-01 17:28:32.970  2617  2726 I UstadCache: UstadCache(): Retrieve https://edubridge-afghanistan.app/Site/verify
11-01 17:28:32.970  2617  2726 D UstadCache: UstadCache(): MISS https://edubridge-afghanistan.app/Site/verify
11-01 17:28:32.972  2617  2726 D TrafficStats: tagSocket(112) with statsTag=0xffffffff, statsUid=-1
11-01 17:28:33.001  2617  2617 W LoginViewModel$invokeSuspend: Could not load site object for https://edubridge-afghanistan.app/
11-01 17:28:33.001  2617  2617 W LoginViewModel$invokeSuspend: java.net.ConnectException: Failed to connect to edubridge-afghanistan.app/65.21.146.62:443
11-01 17:28:33.001  2617  2617 W LoginViewModel$invokeSuspend: 	at okhttp3.internal.connection.RealConnection.connectSocket(RealConnection.kt:297)
11-01 17:28:33.001  2617  2617 W LoginViewModel$invokeSuspend: 	at okhttp3.internal.connection.RealConnection.connect(RealConnection.kt:207)
11-01 17:28:33.001  2617  2617 W LoginViewModel$invokeSuspend: 	at okhttp3.internal.connection.ExchangeFinder.findConnection(ExchangeFinder.kt:226)
11-01 17:28:33.001  2617  2617 W LoginViewModel$invokeSuspend: 	at okhttp3.internal.connection.ExchangeFinder.findHealthyConnection(ExchangeFinder.kt:106)
11-01 17:28:33.001  2617  2617 W LoginViewModel$invokeSuspend: 	at okhttp3.internal.connection.ExchangeFinder.find(ExchangeFinder.kt:74)
11-01 17:28:33.001  2617  2617 W LoginViewModel$invokeSuspend: 	at okhttp3.internal.connection.RealCall.initExchange$okhttp(RealCall.kt:255)
11-01 17:28:33.001  2617  2617 W LoginViewModel$invokeSuspend: 	at okhttp3.internal.connection.ConnectInterceptor.intercept(ConnectInterceptor.kt:32)
11-01 17:28:33.001  2617  2617 W LoginViewModel$invokeSuspend: 	at okhttp3.internal.http.RealInterceptorChain.proceed(RealInterceptorChain.kt:109)
11-01 17:28:33.001  2617  2617 W LoginViewModel$invokeSuspend: 	at okhttp3.internal.cache.CacheInterceptor.intercept(CacheInterceptor.kt:95)
11-01 17:28:33.001  2617  2617 W LoginViewModel$invokeSuspend: 	at okhttp3.internal.http.RealInterceptorChain.proceed(RealInterceptorChain.kt:109)
11-01 17:28:33.001  2617  2617 W LoginViewModel$invokeSuspend: 	at okhttp3.internal.http.BridgeInterceptor.intercept(BridgeInterceptor.kt:83)
11-01 17:28:33.001  2617  2617 W LoginViewModel$invokeSuspend: 	at okhttp3.internal.http.RealInterceptorChain.proceed(RealInterceptorChain.kt:109)
11-01 17:28:33.001  2617  2617 W LoginViewModel$invokeSuspend: 	at okhttp3.internal.http.RetryAndFollowUpInterceptor.intercept(RetryAndFollowUpInterceptor.kt:76)
11-01 17:28:33.001  2617  2617 W LoginViewModel$invokeSuspend: 	at okhttp3.internal.http.RealInterceptorChain.proceed(RealInterceptorChain.kt:109)
11-01 17:28:33.001  2617  2617 W LoginViewModel$invokeSuspend: 	at com.ustadmobile.libcache.okhttp.UstadCacheInterceptor.intercept(UstadCacheInterceptor.kt:407)
11-01 17:28:33.001  2617  2617 W LoginViewModel$invokeSuspend: 	at okhttp3.internal.http.RealInterceptorChain.proceed(RealInterceptorChain.kt:109)
11-01 17:28:33.001  2617  2617 W LoginViewModel$invokeSuspend: 	at okhttp3.internal.connection.RealCall.getResponseWithInterceptorChain$okhttp(RealCall.kt:201)
11-01 17:28:33.001  2617  2617 W LoginViewModel$invokeSuspend: 	at okhttp3.internal.connection.RealCall$AsyncCall.run(RealCall.kt:517)
11-01 17:28:33.001  2617  2617 W LoginViewModel$invokeSuspend: 	at java.util.concurrent.ThreadPoolExecutor.runWorker(ThreadPoolExecutor.java:1137)
11-01 17:28:33.001  2617  2617 W LoginViewModel$invokeSuspend: 	at java.util.concurrent.ThreadPoolExecutor$Worker.run(ThreadPoolExecutor.java:637)
11-01 17:28:33.001  2617  2617 W LoginViewModel$invokeSuspend: 	at java.lang.Thread.run(Thread.java:1012)
11-01 17:28:33.001  2617  2617 W LoginViewModel$invokeSuspend: Caused by: java.net.ConnectException: failed to connect to edubridge-afghanistan.app/65.21.146.62 (port 443) from /10.0.2.16 (port 59866) after 10000ms: isConnected failed: ECONNREFUSED (Connection refused)
11-01 17:28:33.001  2617  2617 W LoginViewModel$invokeSuspend: 	at libcore.io.IoBridge.isConnected(IoBridge.java:347)
11-01 17:28:33.001  2617  2617 W LoginViewModel$invokeSuspend: 	at libcore.io.IoBridge.connectErrno(IoBridge.java:237)
11-01 17:28:33.001  2617  2617 W LoginViewModel$invokeSuspend: 	at libcore.io.IoBridge.connect(IoBridge.java:179)
11-01 17:28:33.001  2617  2617 W LoginViewModel$invokeSuspend: 	at java.net.PlainSocketImpl.socketConnect(PlainSocketImpl.java:142)
11-01 17:28:33.001  2617  2617 W LoginViewModel$invokeSuspend: 	at java.net.AbstractPlainSocketImpl.doConnect(AbstractPlainSocketImpl.java:390)
11-01 17:28:33.001  2617  2617 W LoginViewModel$invokeSuspend: 	at java.net.AbstractPlainSocketImpl.connectToAddress(AbstractPlainSocketImpl.java:230)
11-01 17:28:33.001  2617  2617 W LoginViewModel$invokeSuspend: 	at java.net.AbstractPlainSocketImpl.connect(AbstractPlainSocketImpl.java:212)
11-01 17:28:33.001  2617  2617 W LoginViewModel$invokeSuspend: 	at java.net.SocksSocketImpl.connect(SocksSocketImpl.java:436)
11-01 17:28:33.001  2617  2617 W LoginViewModel$invokeSuspend: 	at java.net.Socket.connect(Socket.java:646)
11-01 17:28:33.001  2617  2617 W LoginViewModel$invokeSuspend: 	at okhttp3.internal.platform.Platform.connectSocket(Platform.kt:128)
11-01 17:28:33.001  2617  2617 W LoginViewModel$invokeSuspend: 	at okhttp3.internal.connection.RealConnection.connectSocket(RealConnection.kt:295)
11-01 17:28:33.001  2617  2617 W LoginViewModel$invokeSuspend: 	... 20 more
11-01 17:28:33.001  2617  2617 W LoginViewModel$invokeSuspend: Caused by: android.system.ErrnoException: isConnected failed: ECONNREFUSED (Connection refused)
11-01 17:28:33.001  2617  2617 W LoginViewModel$invokeSuspend: 	at libcore.io.IoBridge.isConnected(IoBridge.java:334)
11-01 17:28:33.001  2617  2617 W LoginViewModel$invokeSuspend: 	... 30 more
11-01 17:28:33.025  2617  2674 D EGL_emulation: app_time_stats: avg=1.41ms min=1.13ms max=1.74ms count=61
11-01 17:28:33.859  3235  3240 W dex2oat64: Accessing hidden method Landroid/window/BackEvent;->getProgress()F (blocked, linking, denied)
11-01 17:28:33.860  3235  3240 W dex2oat64: Accessing hidden method Landroid/window/BackEvent;->getSwipeEdge()I (blocked, linking, denied)
11-01 17:28:33.860  3235  3240 W dex2oat64: Accessing hidden method Landroid/window/BackEvent;->getTouchX()F (blocked, linking, denied)
11-01 17:28:33.860  3235  3240 W dex2oat64: Accessing hidden method Landroid/window/BackEvent;->getTouchY()F (blocked, linking, denied)
11-01 17:28:34.042  2617  2674 D EGL_emulation: app_time_stats: avg=1.29ms min=0.91ms max=1.94ms count=61
11-01 17:28:34.108  3235  3240 W dex2oat64: Method java.lang.Object androidx.compose.runtime.snapshots.SnapshotStateMap.mutate(kotlin.jvm.functions.Function1) failed lock verification and will run slower.
11-01 17:28:34.108  3235  3240 W dex2oat64: Common causes for lock verification issues are non-optimized dex code
11-01 17:28:34.108  3235  3240 W dex2oat64: and incorrect proguard optimizations.
11-01 17:28:34.108  3235  3240 W dex2oat64: Method void androidx.compose.runtime.snapshots.SnapshotStateMap.update(kotlin.jvm.functions.Function1) failed lock verification and will run slower.
11-01 17:28:34.108  3235  3240 W dex2oat64: Method boolean androidx.compose.runtime.snapshots.SnapshotStateMap.removeIf$runtime_release(kotlin.jvm.functions.Function1) failed lock verification and will run slower.
11-01 17:28:34.127  3235  3242 W dex2oat64: Method boolean androidx.compose.runtime.snapshots.SnapshotStateList.conditionalUpdate(boolean, kotlin.jvm.functions.Function1) failed lock verification and will run slower.
11-01 17:28:34.127  3235  3242 W dex2oat64: Method boolean androidx.compose.runtime.snapshots.SnapshotStateList.conditionalUpdate$default(androidx.compose.runtime.snapshots.SnapshotStateList, boolean, kotlin.jvm.functions.Function1, int, java.lang.Object) failed lock verification and will run slower.
11-01 17:28:34.128  3235  3242 W dex2oat64: Method java.lang.Object androidx.compose.runtime.snapshots.SnapshotStateList.mutate(kotlin.jvm.functions.Function1) failed lock verification and will run slower.
11-01 17:28:34.128  3235  3242 W dex2oat64: Method void androidx.compose.runtime.snapshots.SnapshotStateList.update(boolean, kotlin.jvm.functions.Function1) failed lock verification and will run slower.
11-01 17:28:34.128  3235  3242 W dex2oat64: Method void androidx.compose.runtime.snapshots.SnapshotStateList.update$default(androidx.compose.runtime.snapshots.SnapshotStateList, boolean, kotlin.jvm.functions.Function1, int, java.lang.Object) failed lock verification and will run slower.
11-01 17:28:34.368   393   393 E android.hardware.power.stats@1.0-service-mock: Failed to getEnergyData
11-01 17:28:35.042  2617  2674 D EGL_emulation: app_time_stats: avg=1.26ms min=1.03ms max=1.68ms count=60
11-01 17:28:35.448  3235  3235 I dex2oat64: Explicit concurrent copying GC freed 197304(31MB) AllocSpace objects, 0(0B) LOS objects, 49% free, 2112KB/4224KB, paused 15us,3us total 7.895ms
11-01 17:28:35.814  3235  3235 I dex2oat64: dex2oat took 6.124s (9.502s cpu) (threads: 4) arena alloc=9513KB (9742288B) java alloc=2112KB (2162944B) native alloc=21MB (22724912B) free=146MB (153217904B)
11-01 17:28:35.846   496   496 V installd: DexInv: --- END '/data/app/~~BwgQtX5CYUpjiTMOEzzJJw==/org.street_child.edubridge-_HKotTTaiFD4n6vJUuyHvA==/base.apk' (success) ---
11-01 17:28:35.893  1510  1758 W MediaProvider: isAppCloneUserPair for user 0: false
11-01 17:28:35.893  1510  1758 V MediaProvider: Inserted id:1000000050 less than next row id backup:1000001000.
11-01 17:28:36.059  2617  2674 D EGL_emulation: app_time_stats: avg=1.43ms min=1.03ms max=8.84ms count=61
11-01 17:28:36.276  3258  3258 W profman : profman took 355.297ms
11-01 17:28:36.298  1510  1859 W MediaProvider: isAppCloneUserPair for user 0: false
11-01 17:28:36.299  1510  1859 V MediaProvider: Inserted id:1000000051 less than next row id backup:1000001000.
11-01 17:28:36.761  1510  1758 I MediaProvider: Deleted 0 0 0 0 0 0 0 items on external_primary due to com.ustadmobile.app_android_baselineprofile
11-01 17:28:37.075  2617  2674 D EGL_emulation: app_time_stats: avg=1.27ms min=1.04ms max=1.52ms count=61
11-01 17:28:37.287  2617  2635 D UstadCache: CacheTrimmer:  Trim cache run: max (evictable) size = 100000000 bytes
11-01 17:28:37.288  2617  2635 V UstadCache: CacheTrimmer:  deleting
11-01 17:28:37.561  2525  2542 D Benchmark: Unstable profiles during iteration 5
11-01 17:28:37.561  2525  2542 D Benchmark: Killing package org.street_child.edubridge
11-01 17:28:37.561  2525  2542 D Benchmark: Killing process org.street_child.edubridge
11-01 17:28:37.561  2525  2542 D UiDevice: Executing shell command: killall org.street_child.edubridge
11-01 17:28:37.572  2525  2542 D Benchmark: Compile iteration (6) for org.street_child.edubridge
11-01 17:28:37.573  2525  2542 D UiDevice: Pressing home button.
11-01 17:28:37.594   867   867 V ShadeControllerImpl: NotificationShadeWindow: com.android.systemui.shade.NotificationShadeWindowView{f025071 I.E...... ......ID 0,0-320,640} canPanelBeCollapsed(): false
11-01 17:28:37.600  1129  1129 D TaplTarget: Launcher.onNewIntent: Intent { act=android.intent.action.MAIN cat=[android.intent.category.HOME] flg=0x10400100 cmp=com.android.launcher3/.uioverrides.QuickstepLauncher (has extras) }
11-01 17:28:37.604   867   867 V ShadeControllerImpl: NotificationShadeWindow: com.android.systemui.shade.NotificationShadeWindowView{f025071 I.E...... ......ID 0,0-320,640} canPanelBeCollapsed(): false
11-01 17:28:37.623   425   425 I BpBinder: onLastStrongRef automatically unlinking death recipients: <uncached descriptor>
11-01 17:28:37.645  1510  1859 W MediaProvider: isAppCloneUserPair for user 0: false
11-01 17:28:37.646  1510  1859 V MediaProvider: Inserted id:1000000052 less than next row id backup:1000001000.
11-01 17:28:37.650   867   995 D EGL_emulation: app_time_stats: avg=862.26ms min=11.01ms max=24239.38ms count=29
11-01 17:28:37.701  2525  2542 I System.out: 0 Flags,FrameTimelineVsyncId,IntendedVsync,Vsync,InputEventId,HandleInputStart,AnimationStart,PerformTraversalsStart,DrawStart,FrameDeadline,FrameInterval,FrameStartTime,SyncQueued,SyncStart,IssueDrawCommandsStart,SwapBuffers,FrameCompleted,DequeueBufferDuration,QueueBufferDuration,GpuCompleted,SwapBuffersCompleted,DisplayPresentTime,CommandSubmissionCompleted,
11-01 17:28:37.701  2525  2542 I System.out: 1 0,61118,390466830163,390466830163,0,390468161224,390468161484,390468316434,390468329724,390500163495,390468159954,16666666,390468398584,390468430484,390468461884,390468886305,390485017449,15212684,110220,390483576019,390485017449,390500957313,390468886305,
11-01 17:28:37.701  2525  2542 I System.out: 2 0,61126,390483496829,390483496829,0,390483676799,390483677079,390483810969,390483823109,390516830161,390483675499,16666666,390483888569,390485045579,390485075339,390485512399,390501674214,15298115,93860,390486326969,390501674214,390517879838,390485512399,
11-01 17:28:37.701  2525  2542 I System.out: 3 0,61134,390500163495,390500163495,0,390500334133,390500334443,390500499293,390500510653,390533496827,390500333043,16666666,390500578913,390501699094,390501728944,390502059824,390518038098,15237254,88900,390516890168,390518038098,390534908173,390502059824,
11-01 17:28:37.701  2525  2542 I System.out: 4 0,61142,390516830161,390516830161,0,390517010148,390517010488,390517167978,390517180698,390550163493,390517008788,16666666,390517255398,390518061688,390518087168,390518408038,390535155603,15978525,95540,390533583652,390535155603,390551325307,390518408038,
11-01 17:28:37.701  2525  2542 I System.out: 5 0,61150,390533496827,390533496827,0,390533728713,390533729253,390533934083,390533948883,390566830159,390533727263,16666666,390534034233,390535179383,390535208293,390535590273,390551581377,15181954,93480,390550249297,390551581377,390568481452,390535590273,
11-01 17:28:37.701  2525  2542 I System.out: 6 0,61158,390550163493,390550163493,0,390550381797,390550382167,390550556677,390550573337,390583496825,390550380257,16666666,390550661867,390551633997,390551685678,390552156058,390568699202,15609384,124460,390553048528,390568699202,390584563577,390552156058,
11-01 17:28:37.701  2525  2542 I System.out: 7 0,61166,390566830159,390566830159,0,390567083902,390567084512,390567355042,390567378642,390600163491,390567081622,16666666,390567500412,390568724462,390568753992,390569088132,390584812797,14940754,97860,390583591076,390584812797,390601592271,390569088132,
11-01 17:28:37.701  2525  2542 I System.out: 8 0,61174,390583496825,390583496825,0,390583675006,390583675646,390583926286,390583950836,390616830157,390583671866,16666666,390584060507,390584834077,390584865457,390585260997,390601660331,15608204,104160,390600280761,390601660331,390617934326,390585260997,
11-01 17:28:37.701  2525  2542 I System.out: 9 0,61182,390600163491,390600163491,0,390600372031,390600372341,390600513181,390600524171,390633496823,390600370631,16666666,390600586611,390601681021,390601707201,390602013381,390618281876,15468834,105490,390616918346,390618281876,390634342770,390602013381,
11-01 17:28:37.701  2525  2542 I System.out: 10 0,61190,390616830157,390616830157,0,390617005766,390617006156,390617273996,390617297986,390650163489,390617003746,16666666,390617456146,390618316406,390618362276,390618801546,390634624301,14975985,111930,390633590630,390634624301,390654765766,390618801546,
11-01 17:28:37.701  2525  2542 I System.out: 11 0,61198,390633496823,390633496823,0,390633640130,390633640360,390633770450,390633781540,390666830155,390633639110,16666666,390633832500,390634652841,390634693501,390635127891,390651181985,15238784,93080,390650248245,390651181985,390668038620,390635127891,
11-01 17:28:37.701  2525  2542 I System.out: 12 0,61206,390650163489,390650163489,0,390650370615,390650371395,390650579785,390650599075,390683496821,390650368555,16666666,390650695925,390651205435,390651235785,390651585375,390667902380,15605305,71450,390666911410,390667902380,390685001875,390651585375,
11-01 17:28:37.701  2525  2542 I System.out: 13 0,61214,390666830155,390666830155,0,390667045790,390667046230,390667250010,390667270310,390700163487,390667043920,16666666,390667377780,390667926810,390667968190,390668297500,390685239925,16231075,69080,390683585544,390685239925,390701457759,390668297500,
11-01 17:28:37.701  2525  2542 I System.out: 14 0,61222,390683496821,390683496821,0,390683654544,390683654884,390683891694,390683911804,390716830153,390683652484,16666666,390684024124,390685264805,390685302605,390685670935,390701627189,15090894,132990,390700257579,390701627189,390717703764,390685670935,
11-01 17:28:37.701  2525  2542 I System.out: 15 0,61230,390700163487,390700163487,0,390700340619,390700341089,390700590349,390700609329,390733496819,390700338059,16666666,390700715769,390701672619,390701721049,390702184209,390718174464,15020724,256821,390703088870,390718174464,390734793028,390702184209,
11-01 17:28:37.701  2525  2542 I System.out: 16 0,61238,390716830153,390716830153,0,390717039123,390717039493,390717221523,390717238133,390750163485,390717037643,16666666,390717327754,390718203804,390718245674,390718615184,390735016038,15505694,202470,390719459534,390735016038,390751505593,390718615184,
11-01 17:28:37.701  2525  2542 I System.out: 17 0,61246,390733496819,390733496819,0,390733706718,390733707238,390733953568,390733979758,390766830151,390733704368,16666666,390734137308,390735049638,390735093918,390735502349,390751771083,15415414,96200,390736309209,390751771083,390767673048,390735502349,
11-01 17:28:37.701  2525  2542 I System.out: 18 0,61254,390750163485,390750163485,0,390750308243,390750308633,390750554243,390750573733,390783496817,390750306103,16666666,390750690553,390751805083,390751847573,390752315963,390768159488,14803614,110541,390766910267,390768159488,390784970002,390752315963,
11-01 17:28:37.701  2525  2542 I System.out: 19 0,61262,390766830151,390766830151,0,390766999837,390767000357,390767260687,390767284287,390800163483,390766998167,16666666,390767403437,390768189798,390768230108,390768623048,390785208152,15714844,128220,390769444348,390785208152,390801018177,390768623048,
11-01 17:28:37.701  2525  2542 I System.out: 20 0,61270,390783496817,390783496817,0,390783653472,390783654042,390783863232,390783882352,390816830149,390783651742,16666666,390783981342,390785240682,390785281792,390785740063,390801262037,14773964,108380,390800239177,390801262037,390818049211,390785740063,
11-01 17:28:37.701  2525  2542 I System.out: 21 0,61278,390800163483,390800163483,0,390800339767,390800340127,390800577307,390800602087,390833496815,390800337727,16666666,390800715817,390801289367,390801324707,390801764077,390818314432,15527765,115730,390802740577,390818314432,390834660146,390801764077,
11-01 17:28:37.701  2525  2542 I System.out: 22 0,61286,390816830149,390816830149,0,390816980271,390816980601,390817183771,390817202831,390850163481,390816978641,16666666,390817305611,390818345042,390818383042,390818789602,390834869016,15258974,114730,390833591646,390834869016,390851605511,390818789602,
11-01 17:28:37.701  2525  2542 I System.out: 23 0,61294,390833496815,390833496815,0,390833655946,390833656246,390833823426,390833841716,390866830147,390833654436,16666666,390833935196,390834908206,390834951566,390835348286,390851871901,15651984,116491,390850273190,390851871901,390867997365,390835348286,
11-01 17:28:37.701  2525  2542 I System.out: 24 0,61302,390850163481,390850163481,0,390850314760,390850315100,390850448140,390850458350,390883496813,390850313730,16666666,390850521101,390851917421,390851958301,390852416091,390867989465,14677104,134470,390853212561,390867989465,390884929360,390852416091,
11-01 17:28:37.701  2525  2542 I System.out: 25 0,61310,390866830147,390866830147,0,390867001895,390867002635,390867241555,390867265865,390900163479,390866999445,16666666,390867373585,390868014685,390868049065,390868382055,390885162300,15972994,97130,390883580780,390885162300,390901573575,390868382055,
11-01 17:28:37.702  2525  2542 I System.out: 26 0,61318,390883496813,390883496813,0,390883629460,390883629680,390883801340,390883819420,390916830145,390883628290,16666666,390883911780,390885194360,390885234370,390885700420,390901783985,15097794,110760,390900244294,390901783985,390917902359,390885700420,
11-01 17:28:37.702  2525  2542 I System.out: 27 0,61326,390900163479,390900163479,0,390900318284,390900318494,390900489974,390900509294,390933496811,390900316774,16666666,390900602634,390901812885,390901851735,390902246265,390918234549,15161524,97230,390903029745,390918234549,390934577664,390902246265,
11-01 17:28:37.702  2525  2542 I System.out: 28 0,61334,390916830145,390916830145,0,390916997529,390916997719,390917188039,390917205809,390950163477,390916995959,16666666,390917298319,390918263759,390918301209,390918704189,390934929554,15375054,105980,390919497010,390934929554,390951649309,390918704189,
11-01 17:28:37.702  2525  2542 I System.out: 29 0,61342,390933496811,390933496811,0,390933649604,390933649804,390933816804,390933834144,390966830143,390933648034,16666666,390933930034,390934959204,390934999774,390935381414,390951857929,15635385,111030,390936175414,390951857929,390967847483,390935381414,
11-01 17:28:37.702  2525  2542 I System.out: 30 0,61350,390950163477,390950163477,0,390950291468,390950292048,390950458118,390950475668,390983496809,390950289978,16666666,390950565478,390951886109,390951928379,390952327859,390968228323,15048684,104210,390953106859,390968228323,390984488548,390952327859,
11-01 17:28:37.702  2525  2542 I System.out: 31 0,61358,390966830143,390966830143,0,390967009103,390967009433,390967212713,390967233113,391000163475,390967006823,16666666,390967336573,390968261743,390968308933,390968713453,390985063158,15442844,200500,390969572444,390985063158,391001365972,390968713453,
11-01 17:28:37.702  2525  2542 I System.out: 32 0,61366,390983496809,390983496809,0,390983667067,390983667507,390983853718,390983867218,391016830141,390983665657,16666666,390983947418,390985103258,390985157708,390985578968,391001586792,15175884,123370,390986361348,391001586792,391018023977,390985578968,
11-01 17:28:37.702  2525  2542 I System.out: 33 0,61374,391000163475,391000163475,0,391000305762,391000306052,391000436442,391000445802,391033496807,391000304722,16666666,391000503032,391001627922,391001669783,391002079403,391018195247,15249674,122230,391002881753,391018195247,391034288482,391002079403,
11-01 17:28:37.702  2525  2542 I System.out: 34 0,61382,391016830141,391016830141,0,391016977567,391016977927,391017110507,391017168937,391050163473,391016976447,16666666,391017244637,391018241367,391018288907,391018688517,391034733322,15052185,132790,391019632747,391034733322,391051147246,391018688517,
11-01 17:28:37.702  2525  2542 I System.out: 35 0,61390,391033496807,391033496807,0,391033642051,391033642351,391033758621,391033767871,391066830139,391033641001,16666666,391033822841,391034772952,391034811282,391035160002,391051437346,15451534,111590,391035928122,391051437346,391067916801,391035160002,
11-01 17:28:37.702  2525  2542 I System.out: 36 0,61398,391050163473,391050163473,0,391050310166,391050310476,391050424196,391050433436,391083496805,391050309196,16666666,391050487746,391051495076,391051550966,391051994486,391068354681,15437744,130200,391066961831,391068354681,391084359085,391051994486,
11-01 17:28:37.702  2525  2542 I System.out: 37 0,61406,391066830139,391066830139,0,391067033331,391067033631,391067153571,391067162731,391100163471,391067032241,16666666,391067217711,391068407211,391068460111,391068916451,391084537826,14736895,125050,391083594115,391084537826,391101015950,391068916451,
11-01 17:28:37.702  2525  2542 I System.out: 38 0,61414,391083496805,391083496805,0,391083685515,391083686265,391083935265,391083960405,391116830137,391083682515,16666666,391084083075,391084564476,391084605736,391084950966,391101272990,15488764,74680,391100262650,391101272990,391117835325,391084950966,
11-01 17:28:37.702  2525  2542 I System.out: 39 0,61422,391100163471,391100163471,0,391100366130,391100366790,391100592750,391100613310,391133496803,391100363440,16666666,391100719320,391101305720,391101352060,391101774390,391118222105,15630564,96571,391116913525,391118222105,391134448289,391101774390,
11-01 17:28:37.702  2525  2542 I System.out: 40 0,61430,391116830137,391116830137,0,391117048365,391117048865,391117250945,391117270885,391150163469,391117046085,16666666,391117368745,391118257215,391118301905,391118728425,391134819349,15091774,231510,391119690445,391134819349,391151094694,391118728425,
11-01 17:28:37.702  2525  2542 I System.out: 41 0,61438,391133496803,391133496803,0,391133672029,391133672309,391133836279,391133850229,391166830135,391133670669,16666666,391133927429,391134843659,391134874340,391135245400,391151267914,15053064,210220,391136168860,391151267914,391167754689,391135245400,
11-01 17:28:37.702  2525  2542 I System.out: 42 0,61446,391150163469,391150163469,0,391150339474,391150339784,391150464794,391150474354,391183496801,391150338424,16666666,391150532204,391151292514,391151320444,391151632254,391168045839,15488705,209840,391152506264,391168045839,391184319683,391151632254,
11-01 17:28:37.702  2525  2542 I System.out: 43 0,61454,391166830135,391166830135,0,391166981438,391167004418,391167135598,391167145128,391200163467,391166980438,16666666,391167201338,391168070919,391168098919,391168404849,391184796203,15496934,218150,391169257369,391184796203,391201475348,391168404849,
11-01 17:28:37.702  2525  2542 I System.out: 44 0,61462,391183496801,391183496801,0,391183703103,391183703423,391183826323,391183836083,391216830133,391183702123,16666666,391183892583,391184819173,391184843333,391185146843,391201685398,15683964,194960,391185960364,391201685398,391217945763,391185146843,
11-01 17:28:37.702  2525  2542 I System.out: 45 0,61470,391200163467,391200163467,0,391200400298,391200400698,391200581368,391200602598,391233496799,391200398818,16666666,391200704648,391201707778,391201735168,391202065258,391218111373,15181135,155590,391216900922,391218111373,391234378377,391202065258,
11-01 17:28:37.702  2525  2542 I System.out: 46 0,61478,391216830133,391216830133,0,391216997592,391216997922,391217161302,391217176192,391250163465,391216996412,16666666,391217250132,391218147833,391218194433,391218628413,391234640337,15091584,204210,391233638667,391234640337,391250984912,391218628413,
11-01 17:28:37.702  2525  2542 I System.out: 47 0,61486,391233496799,391233496799,0,391233691847,391233692067,391233818357,391233826937,391266830131,391233690927,16666666,391233881947,391234663617,391234689637,391235015817,391251423902,15534254,164441,391250271342,391251423902,391268153497,391235015817,
11-01 17:28:37.702  2525  2542 I System.out: 48 0,61494,391250163465,391250163465,0,391250318682,391250319022,391250482082,391250492112,391283496797,391250317622,16666666,391250553092,391251446722,391251470802,391251774092,391268366067,15715775,166360,391266959566,391268366067,391284680051,391251774092,
11-01 17:28:37.702  2525  2542 I System.out: 49 0,61502,391266830131,391266830131,0,391267085196,391267085516,391267225426,391267235276,391300163463,391267084136,16666666,391267298516,391268388767,391268415557,391268721357,391284926101,15265404,229540,391269621387,391284926101,391301436586,391268721357,
11-01 17:28:37.702  2525  2542 I System.out: 50 0,61510,391283496797,391283496797,0,391283719261,391283719561,391283881591,391283895281,391316830129,391283717741,16666666,391283969211,391284948141,391284972391,391285296431,391301645366,15451854,201951,391286151892,391301645366,391317834280,391285296431,
11-01 17:28:37.702  2525  2542 I System.out: 51 0,61518,391300163463,391300163463,0,391300402915,391300403335,391300572006,391300584096,391333496795,391300401695,16666666,391300654506,391301667636,391301692266,391302007196,391318125160,15275354,161440,391316913630,391318125160,391334482425,391302007196,
11-01 17:28:37.702  2525  2542 I System.out: 52 0,61526,391316830129,391316830129,0,391317039830,391317040140,391317212020,391317222250,391350163461,391317038640,16666666,391317282500,391318160440,391318206220,391318663571,391334756345,15123874,229480,391319584421,391334756345,391351109510,391318663571,
11-01 17:28:37.702  2525  2542 I System.out: 53 0,61534,391333496795,391333496795,0,391333740375,391333740765,391333913125,391333925395,391366830127,391333739115,16666666,391333987385,391334782505,391334811585,391335162465,391351377700,15331695,199830,391335996855,391351377700,391367962064,391335162465,
11-01 17:28:37.702  2525  2542 I System.out: 54 0,61542,391350163461,391350163461,0,391350350789,391350351169,391350498699,391350511379,391383496793,391350349579,16666666,391350581549,391351401340,391351429080,391351814090,391368204664,15570044,158740,391366927744,391368204664,391384822579,391351814090,
11-01 17:28:37.702  2525  2542 I System.out: 55 0,61550,391366830127,391366830127,0,391367021834,391367022154,391367176584,391367188064,391400163459,391367020644,16666666,391367248954,391368234104,391368267504,391368599844,391385036629,15533594,275370,391369462925,391385036629,391401274043,391368599844,
11-01 17:28:37.702  2525  2542 I System.out: 56 0,61558,391383496793,391383496793,0,391383673559,391383673959,391383839359,391383849079,391416830125,391383672399,16666666,391383909449,391385060469,391385088799,391385435009,391401358124,15033155,214910,391386267609,391401358124,391418101198,391385435009,
11-01 17:28:37.702  2525  2542 I System.out: 57 0,61566,391400163459,391400163459,0,391400362593,391400362893,391400484213,391400493453,391433496791,391400361403,16666666,391400549703,391401386314,391401450184,391401834474,391418370338,15795224,90380,391416946618,391418370338,391434352613,391401834474,
11-01 17:28:37.702  2525  2542 I System.out: 58 0,61574,391416830125,391416830125,0,391417035138,391417035518,391417262678,391417276428,391450163457,391417033728,16666666,391417363518,391418393328,391418418918,391418735918,391434690983,15191624,94440,391433583302,391434690983,391451508627,391418735918,
11-01 17:28:37.702  2525  2542 I System.out: 59 0,61582,391433496791,391433496791,0,391433710973,391433711623,391433949343,391433970653,391466830123,391433708143,16666666,391434107613,391434715673,391434746723,391435077653,391451717028,15821324,155090,391450307097,391451717028,391468165852,391435077653,
11-01 17:28:37.702  2525  2542 I System.out: 60 0,61590,391450163457,391450163457,0,391450322457,391450322727,391450467907,391450477947,391483496789,391450321337,16666666,391450533457,391451737888,391451760988,391452073318,391468394422,15543544,88440,391466918632,391468394422,391484688067,391452073318,
11-01 17:28:37.702  2525  2542 I System.out: 61 0,61598,391466830123,391466830123,0,391467075242,391467075692,391467280522,391467293132,391500163455,391467073872,16666666,391467369792,391468416592,391468440342,391468733782,391484941887,15419785,113580,391483605476,391484941887,391504462822,391468733782,
11-01 17:28:37.702  2525  2542 I System.out: 62 0,61606,391483496789,391483496789,0,391483656386,391483656646,391483852806,391483868356,391516830121,391483654746,16666666,391483951056,391484977367,391485018567,391485471567,391504101952,17766725,116680,391500271501,391504101952,391518120906,391485471567,
11-01 17:28:37.702  2525  2542 I System.out: 63 0,61614,391500163455,391500163455,0,391500435851,391500436511,391500738571,391500765111,391533496787,391500433451,16666666,391500910531,391504135762,391504168202,391504522152,391518319066,12942334,114370,391516905716,391518319066,391534457780,391504522152,
11-01 17:28:37.702  2525  2542 I System.out: 64 0,61622,391516830121,391516830121,0,391517007296,391517007686,391517215146,391517236606,391550163453,391517005186,16666666,391517340206,391518344466,391518366676,391518633146,391535655401,16273495,81440,391533627960,391535655401,391551707265,391518633146,
11-01 17:28:37.702  2525  2542 I System.out: 65 0,61630,391533496787,391533496787,0,391533695000,391533695600,391533928730,391533949910,391566830119,391533692930,16666666,391534064230,391535677751,391535707771,391536044721,391551912825,15074564,104610,391550243405,391551912825,391568142970,391536044721,
11-01 17:28:37.702  2525  2542 I System.out: 66 0,61638,391550163453,391550163453,0,391550310435,391550310665,391550474095,391550486385,391583496785,391550309235,16666666,391550547005,391551938355,391551968315,391552295185,391568359780,15295754,97970,391566898620,391568359780,391584335734,391552295185,
11-01 17:28:37.702  2525  2542 I System.out: 67 0,61646,391566830119,391566830119,0,391567015580,391567015910,391567181600,391567195500,391600163451,391567013890,16666666,391567269030,391568383960,391568414110,391568750440,391585075305,15485245,106410,391569546300,391585075305,391600977839,391568750440,
11-01 17:28:37.702  2525  2542 I System.out: 68 0,61654,391583496785,391583496785,0,391583654054,391583654324,391583818494,391583830654,391616830117,391583652814,16666666,391583894284,391585106945,391585258685,391585650805,391601146279,14621534,106740,391586475185,391601146279,391618219324,391585650805,
11-01 17:28:37.702  2525  2542 I System.out: 69 0,61662,391600163451,391600163451,0,391600325409,391600325989,391600541179,391600561259,391633496783,391600322889,16666666,391600657449,391601172849,391601209559,391601581079,391618441204,16169065,77230,391616906503,391618441204,391634473638,391601581079,
11-01 17:28:37.702  2525  2542 I System.out: 70 0,61670,391616830117,391616830117,0,391617012173,391617012503,391617197833,391617216633,391650163449,391617009913,16666666,391617323444,391618465124,391618497694,391618785944,391634672478,15144144,74920,391633549818,391634672478,391651050753,391618785944,
11-01 17:28:37.702  2525  2542 I System.out: 71 0,61678,391633496783,391633496783,0,391633647818,391633648098,391633811908,391633829478,391666830115,391633646538,16666666,391633918218,391634698138,391634731628,391635081488,391651221903,15283584,161270,391650238603,391651221903,391667666217,391635081488,
11-01 17:28:37.702  2525  2542 I System.out: 72 0,61686,391650163449,391650163449,0,391650333883,391650334233,391650479363,391650491903,391683496781,391650332643,16666666,391650559413,391651246903,391651279453,391651608493,391668350378,15914635,104530,391666920867,391668350378,391684298492,391651608493,
11-01 17:28:37.702  2525  2542 I System.out: 73 0,61694,391666830115,391666830115,0,391666963177,391666963537,391667141167,391667160817,391700163447,391666961597,16666666,391667263567,391668384158,391668428518,391668869318,391684573052,14906584,112780,391683553122,391684573052,391701558137,391668869318,
11-01 17:28:37.702  2525  2542 I System.out: 74 0,61702,391683496781,391683496781,0,391683688572,391683688992,391683916082,391683936442,391716830113,391683686202,16666666,391684049482,391684604132,391684639102,391685020142,391701779377,15934934,103851,391700243057,391701779377,391718085461,391685020142,
11-01 17:28:37.702  2525  2542 I System.out: 75 0,61710,391700163447,391700163447,0,391700286417,391700286757,391700464267,391700475517,391733496779,391700285127,16666666,391700538977,391701802877,391701828497,391702175717,391718332342,15299995,103140,391716875191,391718332342,391734850206,391702175717,
11-01 17:28:37.702  2525  2542 I System.out: 76 0,61718,391716830113,391716830113,0,391716992521,391716992891,391717202371,391717216101,391750163445,391716991411,16666666,391717288041,391718364752,391718398522,391718790592,391735089546,15496894,123410,391733588656,391735089546,391751337821,391718790592,
11-01 17:28:37.702  2525  2542 I System.out: 77 0,61726,391733496779,391733496779,0,391733736896,391733737186,391733869716,391733879236,391766830111,391733735786,16666666,391733942936,391735118836,391735147916,391735501816,391751542711,15265044,104390,391750232910,391751542711,391768318165,391735501816,
11-01 17:28:37.702  2525  2542 I System.out: 78 0,61734,391750163445,391750163445,0,391750308160,391750308770,391750562861,391750587321,391783496777,391750305270,16666666,391750703601,391751569181,391751604491,391752038251,391768346045,15506424,112780,391766923825,391768346045,391784667970,391752038251,
11-01 17:28:37.702  2525  2542 I System.out: 79 0,61742,391766830111,391766830111,0,391767064485,391767065095,391767310945,391767332815,391800163443,391767061635,16666666,391767448025,391768376035,391768415085,391768791466,391784846700,15231704,93360,391783580490,391784846700,391801140545,391768791466,
11-01 17:28:37.702  2525  2542 I System.out: 80 0,61750,391783496777,391783496777,0,391783651260,391783651600,391783832020,391783846940,391816830109,391783649870,16666666,391783942970,391784874100,391784909010,391785315010,391801420655,15292925,100730,391800254794,391801420655,391818198749,391785315010,
11-01 17:28:37.702  2525  2542 I System.out: 81 0,61758,391800163443,391800163443,0,391800359124,391800359634,391800577474,391800600054,391833496775,391800357144,16666666,391800715844,391801444135,391801472335,391801783565,391818386499,15776144,166960,391802565675,391818386499,391834388534,391801783565,
11-01 17:28:37.702  2525  2542 I System.out: 82 0,61766,391816830109,391816830109,0,391816982919,391816983229,391817182449,391817200179,391850163441,391816980929,16666666,391817291099,391818413209,391818448959,391818837599,391834669224,15139274,102100,391833554954,391834669224,391851133928,391818837599,
11-01 17:28:37.702  2525  2542 I System.out: 83 0,61774,391833496775,391833496775,0,391833655914,391833656214,391833834724,391833850874,391866830107,391833654654,16666666,391833939384,391834697564,391834729764,391835083354,391851444089,15599165,97340,391850256008,391851444089,391867768393,391835083354,
11-01 17:28:37.702  2525  2542 I System.out: 84 0,61782,391850163441,391850163441,0,391850415218,391850415818,391850662368,391850684758,391883496773,391850412878,16666666,391850785138,391851472639,391851511879,391851887679,391868025113,15435024,86970,391866899453,391868025113,391884818428,391851887679,
11-01 17:28:37.702  2525  2542 I System.out: 85 0,61790,391866830107,391866830107,0,391867045773,391867046173,391867253023,391867272543,391900163439,391867044363,16666666,391867381083,391868055463,391868100243,391868542613,391884814628,15274224,139180,391883566637,391884814628,391901443712,391868542613,
11-01 17:28:37.702  2525  2542 I System.out: 86 0,61798,391883496773,391883496773,0,391883664577,391883664857,391883799898,391883815228,391916830105,391883663197,16666666,391883887268,391884838688,391884868778,391885210948,391901678692,15721394,86450,391900239842,391901678692,391918124247,391885210948,
11-01 17:28:37.702  2525  2542 I System.out: 87 0,61806,391900163439,391900163439,0,391900331742,391900332252,391900501142,391900516182,391933496771,391900309532,16666666,391900595132,391901705023,391901736403,391902101823,391918318897,15446994,101430,391916917777,391918318897,391934895722,391902101823,
11-01 17:28:37.702  2525  2542 I System.out: 88 0,61814,391916830105,391916830105,0,391916952947,391916953217,391917085107,391917099987,391950163437,391916951497,16666666,391917189477,391918365557,391918414197,391918996507,391935098372,15294754,113331,391933590481,391935098372,391951553056,391918996507,
11-01 17:28:37.703  2525  2542 I System.out: 89 0,61822,391933496771,391933496771,0,391933727131,391933727691,391933932651,391933953401,391966830103,391933724541,16666666,391934044381,391935127952,391935165782,391935538692,391951797636,15497454,115920,391950273786,391951797636,391967724441,391935538692,
11-01 17:28:37.703  2525  2542 I System.out: 90 0,61830,391950163437,391950163437,0,391950321946,391950322286,391950515896,391950531596,391983496769,391950320456,16666666,391950616416,391951824536,391951858216,391952223957,391967977151,14954484,95180,391966907491,391967977151,391984424335,391952223957,
11-01 17:28:37.703  2525  2542 I System.out: 91 0,61838,391966830103,391966830103,0,391967019081,391967019631,391967234891,391967256371,392000163435,391967017211,16666666,391967401941,391968010121,391968059531,391968480061,391984708596,15440225,119260,391983551825,391984708596,392001382560,391968480061,
11-01 17:28:37.703  2525  2542 I System.out: 92 0,61846,391983496769,391983496769,0,391983689105,391983689445,391983878555,391983895945,392016830101,391983687885,16666666,391983975715,391984734846,391984772036,391985191196,392001354870,15330504,102920,392000254460,392001354870,392017547015,391985191196,
11-01 17:28:37.703  2525  2542 I System.out: 93 0,61854,392000163435,392000163435,0,392000309650,392000309870,392000450690,392000462180,392033496767,392000308700,16666666,392000527870,392001373620,392001410540,392001698190,392017896135,15512645,61000,392016890444,392017896135,392034341339,392001698190,
11-01 17:28:37.703  2525  2542 I System.out: 94 0,61862,392016830101,392016830101,0,392017004705,392017005405,392017266675,392017289645,392050163433,392017002625,16666666,392017450565,392017921765,392017960275,392018306135,392034591509,15502244,69980,392033607959,392034591509,392051484974,392018306135,
11-01 17:28:37.703  2525  2542 I System.out: 95 0,61870,392033496767,392033496767,0,392033725899,392033726489,392033941229,392033963649,392066830099,392033723809,16666666,392034075059,392034620209,392034657889,392035038280,392051683844,15791524,82870,392050233304,392051683844,392067986439,392035038280,
11-01 17:28:37.703  2525  2542 I System.out: 96 0,61878,392050163433,392050163433,0,392050346304,392050346604,392050499934,392050515394,392083496765,392050345154,16666666,392050600344,392051708624,392051739784,392052119544,392068027749,15115335,102870,392066891758,392068027749,392084248033,392052119544,
11-01 17:28:37.703  2525  2542 I System.out: 97 0,61886,392066830099,392066830099,0,392066995998,392066996308,392067146028,392067159758,392100163431,392066994818,16666666,392067236918,392068054199,392068085859,392068461939,392084709583,15460994,116200,392083577963,392084709583,392101660798,392068461939,
11-01 17:28:37.703  2525  2542 I System.out: 98 0,61894,392083496765,392083496765,0,392083639493,392083639893,392083838783,392083856963,392116830097,392083637923,16666666,392083948253,392084738913,392084779233,392085187253,392101916798,15901334,111330,392100265858,392101916798,392118131783,392085187253,
11-01 17:28:37.703  2525  2542 I System.out: 99 0,61902,392100163431,392100163431,0,392100348328,392100348968,392100566328,392100589328,392133496763,392100346128,16666666,392100693758,392101953918,392101999958,392102485408,392118355643,15014495,115540,392116900982,392118355643,392134548957,392102485408,
11-01 17:28:37.703  2525  2542 I System.out: 100 0,61910,392116830097,392116830097,0,392117032332,392117033072,392117329632,392117356622,392150163429,392117029102,16666666,392117946133,392118385273,392118426873,392118837493,392134842767,15233264,111790,392133586497,392134842767,392151176472,392118837493,
11-01 17:28:37.703  2525  2542 I System.out: 101 0,61918,392133496763,392133496763,0,392133711017,392133711357,392133834617,392133848977,392166830095,392133709977,16666666,392133914387,392134861377,392134888477,392135166597,392151339342,15450934,65020,392150231382,392151339342,392167533416,392135166597,
11-01 17:28:37.703  2525  2542 I System.out: 102 0,61926,392150163429,392150163429,0,392150345672,392150346002,392150518422,392150536012,392183496761,392150344202,16666666,392150633512,392151369342,392151402242,392151831572,392167761066,15121594,99650,392166891316,392167761066,392184349851,392151831572,
11-01 17:28:37.703  2525  2542 I System.out: 103 0,61934,392166830095,392166830095,0,392167034996,392167035436,392167258166,392167280686,392200163427,392167033146,16666666,392167397706,392167783206,392167812426,392168205027,392184566461,15638314,94290,392183547341,392184566461,392200947856,392168205027,
11-01 17:28:37.703  2525  2542 I System.out: 104 0,61942,392183496761,392183496761,0,392183687371,392183687801,392183867721,392183883811,392216830093,392183686041,16666666,392183971611,392184592801,392184630191,392184996521,392201173426,15408595,95290,392200227225,392201173426,392217842120,392184996521,
11-01 17:28:37.703  2525  2542 I System.out: 105 0,61950,392200163427,392200163427,0,392200286245,392200286565,392200434415,392200445945,392233496759,392200285185,16666666,392200509355,392201199126,392201237866,392201713776,392218182040,15722344,95250,392216892590,392218182040,392234283015,392201713776,
11-01 17:28:37.703  2525  2542 I System.out: 106 0,61958,392216830093,392216830093,0,392216966910,392216967180,392217160220,392217176140,392250163425,392216965570,16666666,392217252830,392218216370,392218265960,392218739431,392234531785,14940514,151640,392233565285,392234531785,392251620950,392218739431,
