11-01 17:32:25.022  2525  2542 I System.out: 74 0,179242,619000154355,619000154355,0,619000307203,619000307523,619000444193,619000455873,619050154353,619000306033,16666666,619000523763,619001355353,619001388663,619001759523,619017974768,15379694,96970,619016902758,619017974768,619034281522,619001759523,
11-01 17:32:25.022  2525  2542 I System.out: 75 0,179250,619016821021,619016821021,0,619016996858,619016997498,619017186378,619017206028,619066821019,619016994328,16666666,619017306658,619018009328,619018052848,619018499538,619034635353,15289584,169760,619019306428,619034635353,619051079987,619018499538,
11-01 17:32:25.022  2525  2542 I System.out: 76 0,179258,619033487687,619033487687,0,619033648822,619033649392,619033818462,619033834572,619083487685,619033646742,16666666,619033919422,619034663163,619034693773,619035031083,619051251107,15326484,166560,619035875853,619051251107,619067763422,619035031083,
11-01 17:32:25.022  2525  2542 I System.out: 77 0,179266,619050154353,619050154353,0,619050292857,619050293137,619050401377,619050410577,619100154351,619050291777,16666666,619050460417,619051284247,619051321147,619051695187,619067927532,15377735,144080,619052501597,619067927532,619084677346,619051695187,
11-01 17:32:25.022  2525  2542 I System.out: 78 0,179274,619066821019,619066821019,0,619066974871,619066975581,619067191362,619067214522,619116821017,619066972071,16666666,619067326582,619067956332,619067993642,619068390272,619084730526,15490994,92280,619083564456,619084730526,619100969561,619068390272,
11-01 17:32:25.022  2525  2542 I System.out: 79 0,179282,619083487685,619083487685,0,619083639746,619083640026,619083767396,619083778146,619133487683,619083638506,16666666,619083838456,619084764216,619084803866,619085204417,619101179831,15096704,153710,619086040007,619101179831,619117701886,619085204417,
11-01 17:32:25.022  2525  2542 I System.out: 80 0,179290,619100154351,619100154351,0,619100307631,619100307901,619100418551,619100428101,619150154349,619100306621,16666666,619100478311,619101207481,619101242131,619101642061,619117917756,15403345,151090,619102473071,619117917756,619134496070,619101642061,
11-01 17:32:25.022  2525  2542 I System.out: 81 0,179298,619116821017,619116821017,0,619116998195,619116998795,619117178395,619117198095,619166821015,619116995665,16666666,619117285485,619117944836,619117974976,619118275256,619134712740,15604234,154260,619119061736,619134712740,619150997305,619118275256,
11-01 17:32:25.022  2525  2542 I System.out: 82 0,179306,619133487683,619133487683,0,619133665010,619133665350,619133782990,619133792020,619183487681,619133663990,16666666,619133845730,619134746470,619134781040,619135192030,619151271085,15059884,153470,619136161731,619151271085,619168312710,619135192030,
11-01 17:32:25.022  2525  2542 I System.out: 83 0,179314,619150154349,619150154349,0,619150295865,619150296185,619150404615,619150413875,619200154347,619150294915,16666666,619150462415,619151302735,619151337215,619151715085,619168468580,15855035,159490,619152568555,619168468580,619184548554,619151715085,
11-01 17:32:25.022  2525  2542 I System.out: 84 0,179322,619166821015,619166821015,0,619166964339,619166964599,619167055349,619167062599,619216821013,619166963579,16666666,619167101689,619168505610,619168543390,619168969680,619184580084,14813424,123350,619169737060,619184580084,619201695499,619168969680,
11-01 17:32:25.022  2525  2542 I System.out: 85 0,179330,619183487681,619183487681,0,619183626224,619183626514,619183738824,619183747774,619233487679,619183625224,16666666,619183795534,619184608204,619184635454,619184897194,619201822469,16051925,91490,619185742064,619201822469,619217765403,619184897194,
11-01 17:32:25.026  2525  2542 I System.out: 86 0,179345,619200154347,619200154347,0,619200384819,619200385289,619200573919,619200586829,619250154345,619200382499,16666666,619200674569,619201846799,619201875339,619202145669,619218053323,15024684,103450,619202970109,619218053323,619234880968,619202145669,
11-01 17:32:25.026  2525  2542 I System.out: 87 0,179353,619216821013,619216821013,0,619217026533,619217027063,619217214603,619217233013,619266821011,619217024053,16666666,619217329993,619218080863,619218118053,619218447284,619235027358,15718294,83050,619233582498,619235027358,619251325893,619218447284,
11-01 17:32:25.026  2525  2542 I System.out: 88 0,179361,619233487679,619233487679,0,619233632438,619233632668,619233716218,619233724508,619283487677,619233631358,16666666,619233764728,619235044988,619235068708,619235345528,619251517333,15407715,79030,619250243952,619251517333,619268257147,619235345528,
11-01 17:32:25.026  2525  2542 I System.out: 89 0,179369,619250154345,619250154345,0,619250308162,619250308592,619250435172,619250444262,619300154343,619250306792,16666666,619250490602,619251541213,619251570863,619251904563,619268097917,15437624,106020,619266892377,619268097917,619284585112,619251904563,
11-01 17:32:25.026  2525  2542 I System.out: 90 0,179377,619266821011,619266821011,0,619267006807,619267007177,619267172357,619267185127,619316821009,619267005567,16666666,619267257037,619268123407,619268158497,619268533367,619284771202,15163864,97140,619283566302,619284771202,619301061267,619268533367,
11-01 17:32:25.026  2525  2542 I System.out: 91 0,179385,619283487677,619283487677,0,619283609092,619283609302,619283697352,619283706402,619333487675,619283608172,16666666,619283751422,619284795712,619284826472,619285245662,619301352747,15332215,97220,619300224606,619301352747,619317981921,619285245662,
11-01 17:32:25.026  2525  2542 I System.out: 92 0,179393,619300154343,619300154343,0,619300294196,619300294526,619300428506,619300440076,619350154341,619300292606,16666666,619300502456,619301378107,619301440277,619301791037,619318103941,15497614,98600,619316891691,619318103941,619334794476,619301791037,
11-01 17:32:25.026  2525  2542 I System.out: 93 0,179401,619316821009,619316821009,0,619317004481,619317004731,619317181251,619317196761,619366821007,619317003171,16666666,619317273401,619318134661,619318177731,619318558691,619334704596,14999584,397160,619319661142,619334704596,619351462091,619318558691,
11-01 17:32:25.026  2525  2542 I System.out: 94 0,179409,619333487675,619333487675,0,619333666416,619333667296,619333849666,619333868616,619383487673,619333664166,16666666,619333951766,619334730196,619334767566,619335106056,619351583171,15670385,88770,619335868166,619351583171,619368102275,619335106056,
11-01 17:32:25.026  2525  2542 I System.out: 95 0,179417,619350154341,619350154341,0,619350336140,619350336620,619350508900,619350524170,619400154339,619350334550,16666666,619350613530,619351608301,619351638721,619352023111,619368093955,15272164,98270,619366895235,619368093955,619384716280,619352023111,
11-01 17:32:25.026  2525  2542 I System.out: 96 0,179425,619366821007,619366821007,0,619366978755,619366979115,619367117825,619367129895,619416821005,619366977375,16666666,619367195675,619368118815,619368157115,619368542445,619384690870,15291035,98530,619383558219,619384690870,619401339644,619368542445,
11-01 17:32:25.026  2525  2542 I System.out: 97 0,179433,619383487673,619383487673,0,619383649329,619383649739,619383801589,619383814279,619433487671,619383647969,16666666,619383887300,619384715970,619384753170,619385157900,619401523274,15542584,97040,619400217194,619401523274,619418414539,619385157900,
11-01 17:32:25.026  2525  2542 I System.out: 98 0,179441,619400154339,619400154339,0,619400343094,619400343444,619400511974,619400525204,619450154337,619400341424,16666666,619400602884,619401549984,619401581084,619401966895,619418514689,15723844,103670,619416882909,619418514689,619434573524,619401966895,
11-01 17:32:25.026  2525  2542 I System.out: 99 0,179449,619416821005,619416821005,0,619416972609,619416972949,619417096979,619417108069,619466821003,619416971169,16666666,619417163409,619418538709,619418567089,619418936219,619434946404,14996944,98521,619433636723,619434946404,619451392338,619418936219,
11-01 17:32:25.026  2525  2542 I System.out: 100 0,179457,619433487671,619433487671,0,619433713753,619433714083,619433854083,619433874183,619483487669,619433712003,16666666,619433973173,619434982994,619435031274,619435465904,619451444668,15086864,163890,619436313214,619451444668,619467805283,619435465904,
11-01 17:32:25.026  2525  2542 I System.out: 101 0,179465,619450154337,619450154337,0,619450340888,619450341498,619450523478,619450542178,619500154335,619450338498,16666666,619450630348,619451477778,619451518968,619451879788,619467855393,15219074,98690,619466888073,619467855393,619484324927,619451879788,
11-01 17:32:25.026  2525  2542 I System.out: 102 0,179473,619466821003,619466821003,0,619466947483,619466947803,619467052603,619467061563,619516821001,619466946563,16666666,619467110293,619467888623,619467922213,619468334803,619484530397,15245724,161060,619469242433,619484530397,619501691262,619468334803,
11-01 17:32:25.026  2525  2542 I System.out: 103 0,179481,619483487669,619483487669,0,619483618527,619483618827,619483727587,619483736467,619533487667,619483617617,16666666,619483785297,619484561907,619484596197,619484952438,619501835342,16046814,157960,619485745458,619501835342,619518282147,619484952438,
11-01 17:32:25.026  2525  2542 I System.out: 104 0,179489,619500154335,619500154335,0,619500293572,619500293842,619500400292,619500409632,619550154333,619500292472,16666666,619500459372,619501867172,619501900152,619502273942,619518402207,15242774,100640,619516897846,619518402207,619534950381,619502273942,
11-01 17:32:25.026  2525  2542 I System.out: 105 0,179497,619516821001,619516821001,0,619516980346,619516980656,619517084617,619517093667,619566820999,619516979336,16666666,619517142007,619518435067,619518467677,619518829757,619535137162,15426575,106270,619533577451,619535137162,619551483176,619518829757,
11-01 17:32:25.026  2525  2542 I System.out: 106 0,179505,619533487667,619533487667,0,619533619581,619533619891,619533737691,619533746651,619583487665,619533618641,16666666,619533795641,619535174322,619535209522,619535637682,619551572656,14893694,187370,619536612672,619551572656,619567955471,619535637682,
11-01 17:32:25.026  2525  2542 I System.out: 107 0,179513,619550154333,619550154333,0,619550347386,619550347686,619550466886,619550477296,619600154331,619550346276,16666666,619550535566,619551615096,619551662306,619552066426,619568146531,15060564,131420,619566946870,619568146531,619584521135,619552066426,
11-01 17:32:25.026  2525  2542 I System.out: 108 0,179521,619566820999,619566820999,0,619567011000,619567011510,619567248580,619567272740,619616820997,619567007600,16666666,619567376490,619568182801,619568228231,619568701651,619584842815,15127934,115940,619583610365,619584842815,619601175460,619568701651,
11-01 17:32:25.026  2525  2542 I System.out: 109 0,179529,619583487665,619583487665,0,619583682885,619583683255,619583875705,619583890135,619633487663,619583681395,16666666,619583960175,619584872175,619584902115,619585277445,619601424500,15345454,99840,619600265730,619601424500,619617572184,619585277445,
11-01 17:32:25.026  2525  2542 I System.out: 110 0,179537,619600154331,619600154331,0,619600339230,619600339700,619600531090,619600545390,619650154329,619600337760,16666666,619600628010,619601451130,619601486710,619601821920,619617800334,15196274,97730,619616901674,619617800334,619634535039,619601821920,
11-01 17:32:25.026  2525  2542 I System.out: 111 0,179545,619616820997,619616820997,0,619617038824,619617039134,619617185544,619617197594,619666820995,619617037354,16666666,619617273144,619617824884,619617860285,619618179355,619634781749,15664624,156900,619619075005,619634781749,619651209614,619618179355,
11-01 17:32:25.026  2525  2542 I System.out: 112 0,179553,619633487663,619633487663,0,619633702159,619633702519,619633883149,619633896199,619683487661,619633700809,16666666,619633969909,619634806639,619634834319,619635198959,619651498684,15300554,153280,619650280214,619651498684,619668170488,619635198959,
11-01 17:32:25.026  2525  2542 I System.out: 113 0,179561,619650154329,619650154329,0,619650407154,619650407444,619650535614,619650547394,619700154327,619650405514,16666666,619650610574,619651526544,619651560114,619651937174,619668370989,15465435,180710,619666928038,619668370989,619684429053,619651937174,
11-01 17:32:25.026  2525  2542 I System.out: 114 0,179569,619666820995,619666820995,0,619667005768,619667024208,619667179228,619667194858,619716820993,619667004398,16666666,619667283658,619668397009,619668424459,619668773189,619684692423,14821734,161580,619669774209,619684692423,619701307588,619668773189,
11-01 17:32:25.026  2525  2542 I System.out: 115 0,179577,619683487661,619683487661,0,619683693563,619683693903,619683807243,619683816853,619733487659,619683692523,16666666,619683882763,619684718463,619684748323,619685078583,619701619258,15680675,155510,619700267437,619701619258,619718576422,619685078583,
11-01 17:32:25.026  2525  2542 I System.out: 116 0,179585,619700154327,619700154327,0,619700304977,619700305247,619700480037,619700489997,619750154325,619700303847,16666666,619700543177,619701644428,619701672168,619701958428,619718687493,15901475,103700,619702741718,619718687493,619735841367,619701958428,
11-01 17:32:25.026  2525  2542 I System.out: 117 0,179614,619716820993,619716820993,0,619717227402,619717227622,619717414002,619717430972,619766820991,619717225842,16666666,619717514572,619718712553,619718749173,619719063083,619735841067,16062014,82100,619733727607,619735841067,617751549246,619719063083,
11-01 17:32:25.026  2525  2542 I System.out: 118 0,179643,619733487659,619733487659,0,619733964767,619733964947,619734111037,619734123197,619783487657,619733963467,16666666,619734208947,619735871637,619735935367,619737330688,619756483203,18017675,199790,619750300531,619756483203,617767838711,619737330688,
11-01 17:32:25.026  2525  2542 I System.out: 119 0,179672,619750154325,619750154325,0,619756143483,619756143943,619756316503,619756333413,619800154323,619756141183,16666666,619756429393,619756504973,619756546003,619756853973,619770243767,12562214,78350,619766961376,619770243767,617784775075,619756853973,
11-01 17:32:25.026  2525  2542 I System.out: 120 0,179701,619766820991,619766820991,0,619767019566,619767020166,619767284956,619767303056,619783487657,619767017186,16666666,619767397036,619770282197,619770326997,619771137167,617784990985,14652044,93020,617769534971,619786896711,617801166240,619771137167,
11-01 17:32:25.029  2525  2542 D Benchmark: Starting activity with command: am start  -W "intent:#Intent;action=android.intent.action.MAIN;category=android.intent.category.LAUNCHER;launchFlags=0x10008000;package=org.street_child.edubridge;component=org.street_child.edubridge/com.ustadmobile.port.android.view.AppActivity;end"
11-01 17:32:25.030  1510  2837 W MediaProvider: isAppCloneUserPair for user 0: false
11-01 17:32:25.031  1510  2837 V MediaProvider: Inserted id:1000000107 less than next row id backup:1000001000.
11-01 17:32:25.061   867   924 D SplashScreenView: Build android.window.SplashScreenView{1ac08e5 V.E...... ......ID 0,0-0,0}
11-01 17:32:25.061   867   924 D SplashScreenView: Icon: view: null drawable: null size: 0
11-01 17:32:25.061   867   924 D SplashScreenView: Branding: view: android.view.View{713bfba G.ED..... ......I. 0,0-0,0 #10204db android:id/splashscreen_branding_view} drawable: null size w: 0 h: 0
11-01 17:32:25.081  2617  2617 D AppActivity$onDestroy: AppActivity#onDestroy
11-01 17:32:25.083   867   995 W Parcel  : Expecting binder but got null!
11-01 17:32:25.086   575   591 W InputManager-JNI: Input channel object '20319c1 org.street_child.edubridge/com.ustadmobile.port.android.view.AppActivity (client)' was disposed without first being removed with the input manager!
11-01 17:32:25.094  2617  2617 W CustomTabsClient: Unable to find any Custom Tabs packages, you may need to add a <queries> element to your manifest. See the docs for CustomTabsClient#getPackageName.
11-01 17:32:25.094  2617  2617 W AppActivity$bindCustomTabsService: CustomTabs: Service NOT supported
11-01 17:32:25.100  2617  2617 D AutofillManager: Fill dialog is enabled:false, hints=[]
11-01 17:32:25.103  2617  2617 W OnBackInvokedCallback: OnBackInvokedCallback is not enabled for the application.
11-01 17:32:25.103  2617  2617 W OnBackInvokedCallback: Set 'android:enableOnBackInvokedCallback="true"' in the application manifest.
11-01 17:32:25.109   575   591 D ConnectivityService: requestNetwork for uid/pid:10126/2617 activeRequest: null callbackRequest: 74 [NetworkRequest [ REQUEST id=75, [ Capabilities: INTERNET&NOT_RESTRICTED&TRUSTED&NOT_VCN_MANAGED Uid: 10126 RequestorUid: 10126 RequestorPkg: org.street_child.edubridge UnderlyingNetworks: Null] ]] callback flags: 0 order: 2147483647
11-01 17:32:25.109   575   808 D ConnectivityService: NetReassign [75 : null → 100]
11-01 17:32:25.110   575   801 D WifiNetworkFactory: got request NetworkRequest [ REQUEST id=75, [ Capabilities: INTERNET&NOT_RESTRICTED&TRUSTED&NOT_VCN_MANAGED Uid: 10126 RequestorUid: 10126 RequestorPkg: org.street_child.edubridge UnderlyingNetworks: Null] ]
11-01 17:32:25.110   575   801 D UntrustedWifiNetworkFactory: got request NetworkRequest [ REQUEST id=75, [ Capabilities: INTERNET&NOT_RESTRICTED&TRUSTED&NOT_VCN_MANAGED Uid: 10126 RequestorUid: 10126 RequestorPkg: org.street_child.edubridge UnderlyingNetworks: Null] ]
11-01 17:32:25.110   575   801 D OemPaidWifiNetworkFactory: got request NetworkRequest [ REQUEST id=75, [ Capabilities: INTERNET&NOT_RESTRICTED&TRUSTED&NOT_VCN_MANAGED Uid: 10126 RequestorUid: 10126 RequestorPkg: org.street_child.edubridge UnderlyingNetworks: Null] ]
11-01 17:32:25.110   575   801 D MultiInternetWifiNetworkFactory: got request NetworkRequest [ REQUEST id=75, [ Capabilities: INTERNET&NOT_RESTRICTED&TRUSTED&NOT_VCN_MANAGED Uid: 10126 RequestorUid: 10126 RequestorPkg: org.street_child.edubridge UnderlyingNetworks: Null] ]
11-01 17:32:25.116  2617  2674 W Parcel  : Expecting binder but got null!
11-01 17:32:25.119   575   596 I ActivityTaskManager: Displayed org.street_child.edubridge/com.ustadmobile.port.android.view.AppActivity: +61ms
11-01 17:32:25.120  2617  2617 D UstadViewModelFunKt$ustadViewModel$viewModel$invoke: ustadViewModel(): create viewmodel for: com.ustadmobile.core.viewmodel.redirect.RedirectViewModel
11-01 17:32:25.121  2617  2617 I System.out: com.ustadmobile.core.db.UmAppDatabase_DoorWrapper@8bf4c3e
11-01 17:32:25.123  2617  2617 D UstadNavControllerPreCompose$onCollectNavCommand: NavCommandEffect: Navigate: Go to Login
11-01 17:32:25.126   425   459 W TransactionTracing: Could not find layer handle 0x7b1d62766930
11-01 17:32:25.127  2617  2617 D UstadViewModelFunKt$ustadViewModel$viewModel$invoke: ustadViewModel(): create viewmodel for: com.ustadmobile.core.viewmodel.login.LoginViewModel
11-01 17:32:25.130  2617  2726 V UstadCache: OKHttp-CacheInterceptor:  intercept: GET https://edubridge-afghanistan.app/Site/verify
11-01 17:32:25.130  2617  2726 I UstadCache: UstadCache(): Retrieve https://edubridge-afghanistan.app/Site/verify
11-01 17:32:25.131  2617  2726 D UstadCache: UstadCache(): MISS https://edubridge-afghanistan.app/Site/verify
11-01 17:32:25.132  2617  2726 D TrafficStats: tagSocket(97) with statsTag=0xffffffff, statsUid=-1
11-01 17:32:25.143  2525  2542 D Benchmark: Result: Starting: Intent { act=android.intent.action.MAIN cat=[android.intent.category.LAUNCHER] flg=0x10008000 pkg=org.street_child.edubridge cmp=org.street_child.edubridge/com.ustadmobile.port.android.view.AppActivity }
11-01 17:32:25.143  2525  2542 D Benchmark: Status: ok
11-01 17:32:25.143  2525  2542 D Benchmark: LaunchState: WARM
11-01 17:32:25.143  2525  2542 D Benchmark: Activity: org.street_child.edubridge/com.ustadmobile.port.android.view.AppActivity
11-01 17:32:25.143  2525  2542 D Benchmark: TotalTime: 61
11-01 17:32:25.143  2525  2542 D Benchmark: WaitTime: 61
11-01 17:32:25.143  2525  2542 D Benchmark: Complete
11-01 17:32:25.163  1510  1761 W MediaProvider: isAppCloneUserPair for user 0: false
11-01 17:32:25.164  1510  1761 V MediaProvider: Inserted id:1000000108 less than next row id backup:1000001000.
11-01 17:32:25.187  2617  2617 W LoginViewModel$invokeSuspend: Could not load site object for https://edubridge-afghanistan.app/
11-01 17:32:25.187  2617  2617 W LoginViewModel$invokeSuspend: java.net.ConnectException: Failed to connect to edubridge-afghanistan.app/65.21.146.62:443
11-01 17:32:25.187  2617  2617 W LoginViewModel$invokeSuspend: 	at okhttp3.internal.connection.RealConnection.connectSocket(RealConnection.kt:297)
11-01 17:32:25.187  2617  2617 W LoginViewModel$invokeSuspend: 	at okhttp3.internal.connection.RealConnection.connect(RealConnection.kt:207)
11-01 17:32:25.187  2617  2617 W LoginViewModel$invokeSuspend: 	at okhttp3.internal.connection.ExchangeFinder.findConnection(ExchangeFinder.kt:226)
11-01 17:32:25.187  2617  2617 W LoginViewModel$invokeSuspend: 	at okhttp3.internal.connection.ExchangeFinder.findHealthyConnection(ExchangeFinder.kt:106)
11-01 17:32:25.187  2617  2617 W LoginViewModel$invokeSuspend: 	at okhttp3.internal.connection.ExchangeFinder.find(ExchangeFinder.kt:74)
11-01 17:32:25.187  2617  2617 W LoginViewModel$invokeSuspend: 	at okhttp3.internal.connection.RealCall.initExchange$okhttp(RealCall.kt:255)
11-01 17:32:25.187  2617  2617 W LoginViewModel$invokeSuspend: 	at okhttp3.internal.connection.ConnectInterceptor.intercept(ConnectInterceptor.kt:32)
11-01 17:32:25.187  2617  2617 W LoginViewModel$invokeSuspend: 	at okhttp3.internal.http.RealInterceptorChain.proceed(RealInterceptorChain.kt:109)
11-01 17:32:25.187  2617  2617 W LoginViewModel$invokeSuspend: 	at okhttp3.internal.cache.CacheInterceptor.intercept(CacheInterceptor.kt:95)
11-01 17:32:25.187  2617  2617 W LoginViewModel$invokeSuspend: 	at okhttp3.internal.http.RealInterceptorChain.proceed(RealInterceptorChain.kt:109)
11-01 17:32:25.187  2617  2617 W LoginViewModel$invokeSuspend: 	at okhttp3.internal.http.BridgeInterceptor.intercept(BridgeInterceptor.kt:83)
11-01 17:32:25.187  2617  2617 W LoginViewModel$invokeSuspend: 	at okhttp3.internal.http.RealInterceptorChain.proceed(RealInterceptorChain.kt:109)
11-01 17:32:25.187  2617  2617 W LoginViewModel$invokeSuspend: 	at okhttp3.internal.http.RetryAndFollowUpInterceptor.intercept(RetryAndFollowUpInterceptor.kt:76)
11-01 17:32:25.187  2617  2617 W LoginViewModel$invokeSuspend: 	at okhttp3.internal.http.RealInterceptorChain.proceed(RealInterceptorChain.kt:109)
11-01 17:32:25.187  2617  2617 W LoginViewModel$invokeSuspend: 	at com.ustadmobile.libcache.okhttp.UstadCacheInterceptor.intercept(UstadCacheInterceptor.kt:407)
11-01 17:32:25.187  2617  2617 W LoginViewModel$invokeSuspend: 	at okhttp3.internal.http.RealInterceptorChain.proceed(RealInterceptorChain.kt:109)
11-01 17:32:25.187  2617  2617 W LoginViewModel$invokeSuspend: 	at okhttp3.internal.connection.RealCall.getResponseWithInterceptorChain$okhttp(RealCall.kt:201)
11-01 17:32:25.187  2617  2617 W LoginViewModel$invokeSuspend: 	at okhttp3.internal.connection.RealCall$AsyncCall.run(RealCall.kt:517)
11-01 17:32:25.187  2617  2617 W LoginViewModel$invokeSuspend: 	at java.util.concurrent.ThreadPoolExecutor.runWorker(ThreadPoolExecutor.java:1137)
11-01 17:32:25.187  2617  2617 W LoginViewModel$invokeSuspend: 	at java.util.concurrent.ThreadPoolExecutor$Worker.run(ThreadPoolExecutor.java:637)
11-01 17:32:25.187  2617  2617 W LoginViewModel$invokeSuspend: 	at java.lang.Thread.run(Thread.java:1012)
11-01 17:32:25.187  2617  2617 W LoginViewModel$invokeSuspend: Caused by: java.net.ConnectException: failed to connect to edubridge-afghanistan.app/65.21.146.62 (port 443) from /10.0.2.16 (port 51368) after 10000ms: isConnected failed: ECONNREFUSED (Connection refused)
11-01 17:32:25.187  2617  2617 W LoginViewModel$invokeSuspend: 	at libcore.io.IoBridge.isConnected(IoBridge.java:347)
11-01 17:32:25.187  2617  2617 W LoginViewModel$invokeSuspend: 	at libcore.io.IoBridge.connectErrno(IoBridge.java:237)
11-01 17:32:25.187  2617  2617 W LoginViewModel$invokeSuspend: 	at libcore.io.IoBridge.connect(IoBridge.java:179)
11-01 17:32:25.187  2617  2617 W LoginViewModel$invokeSuspend: 	at java.net.PlainSocketImpl.socketConnect(PlainSocketImpl.java:142)
11-01 17:32:25.187  2617  2617 W LoginViewModel$invokeSuspend: 	at java.net.AbstractPlainSocketImpl.doConnect(AbstractPlainSocketImpl.java:390)
11-01 17:32:25.187  2617  2617 W LoginViewModel$invokeSuspend: 	at java.net.AbstractPlainSocketImpl.connectToAddress(AbstractPlainSocketImpl.java:230)
11-01 17:32:25.187  2617  2617 W LoginViewModel$invokeSuspend: 	at java.net.AbstractPlainSocketImpl.connect(AbstractPlainSocketImpl.java:212)
11-01 17:32:25.187  2617  2617 W LoginViewModel$invokeSuspend: 	at java.net.SocksSocketImpl.connect(SocksSocketImpl.java:436)
11-01 17:32:25.187  2617  2617 W LoginViewModel$invokeSuspend: 	at java.net.Socket.connect(Socket.java:646)
11-01 17:32:25.187  2617  2617 W LoginViewModel$invokeSuspend: 	at okhttp3.internal.platform.Platform.connectSocket(Platform.kt:128)
11-01 17:32:25.187  2617  2617 W LoginViewModel$invokeSuspend: 	at okhttp3.internal.connection.RealConnection.connectSocket(RealConnection.kt:295)
11-01 17:32:25.187  2617  2617 W LoginViewModel$invokeSuspend: 	... 20 more
11-01 17:32:25.187  2617  2617 W LoginViewModel$invokeSuspend: Caused by: android.system.ErrnoException: isConnected failed: ECONNREFUSED (Connection refused)
11-01 17:32:25.187  2617  2617 W LoginViewModel$invokeSuspend: 	at libcore.io.IoBridge.isConnected(IoBridge.java:334)
11-01 17:32:25.187  2617  2617 W LoginViewModel$invokeSuspend: 	... 30 more
11-01 17:32:25.222  2525  2542 I System.out: 0 Flags,FrameTimelineVsyncId,IntendedVsync,Vsync,InputEventId,HandleInputStart,AnimationStart,PerformTraversalsStart,DrawStart,FrameDeadline,FrameInterval,FrameStartTime,SyncQueued,SyncStart,IssueDrawCommandsStart,SwapBuffers,FrameCompleted,DequeueBufferDuration,QueueBufferDuration,GpuCompleted,SwapBuffersCompleted,DisplayPresentTime,CommandSubmissionCompleted,
11-01 17:32:25.222  2525  2542 I System.out: 1 1,179861,619866820987,619883487653,0,619891906561,619891906961,619893493761,619909136445,619883487653,619891904631,16666666,619909498816,619909646566,619909714786,619909782556,619916978788,2000,84160,619916978788,619910289166,619920630219,619909782556,
11-01 17:32:25.222  2525  2542 I System.out: 2 0,179927,619900154319,619900154319,0,619912806256,619912806516,619916166697,619916186467,619950154317,619912805056,16666666,619916532567,619916557377,619916584927,619916668088,619933594632,2600,100720,619933594632,619918151218,288234774265332736,619916668088,
11-01 17:32:25.222  2525  2542 I System.out: 3 0,179969,619916820985,619916820985,0,619918411648,619918411858,619942173285,619942193985,619966820983,619918410878,16666666,619948254126,619948282386,619948318376,619948377776,619950254087,2980,146330,619950254087,619948995706,288234774265332736,619948377776,
11-01 17:32:25.222  2525  2542 I System.out: 4 0,180012,619933487651,619950154317,0,619958796779,619958797019,619972471193,619972495303,619983487649,619958795109,16666666,619979195705,619979237965,619979293125,619979536435,619983616646,2760,118260,619983616646,619980277925,288234774265332736,619979536435,
11-01 17:32:25.222  2525  2542 I System.out: 5 0,180091,619966820983,619966820983,0,619982566666,619982567116,619987797557,619987819287,619983487649,619982564826,16666666,619990771248,619990854978,619990923738,619992034358,288516111800992800,2550,234410,51514323089490944,619992739149,338338372421288960,619992034358,
11-01 17:32:25.222  2525  2542 D UiDevice: Waiting 10000ms for SearchCondition[hasObject=BySelector [TEXT='\QGet Started\E']].
11-01 17:32:25.222  2525  2542 D UiDevice: Searching for node with selector: BySelector [TEXT='\QGet Started\E'].
11-01 17:32:25.373   425   459 W TransactionTracing: Could not find layer handle 0x7b1d62767530
11-01 17:32:25.373   425   459 W TransactionTracing: Could not find layer handle 0x7b1d62768970
11-01 17:32:25.373   425   459 W TransactionTracing: Could not find layer handle 0x7b1d62763570
11-01 17:32:25.373   425   459 W TransactionTracing: Could not find layer handle 0x7b1d62768970
11-01 17:32:25.373   425   459 W TransactionTracing: Could not find layer handle 0x7b1d627606f0
11-01 17:32:25.373   425   459 W TransactionTracing: Could not find layer handle 0x7b1d62767530
11-01 17:32:25.373   425   459 W TransactionTracing: Could not find layer handle 0x7b1d627606f0
11-01 17:32:25.390   425   459 W TransactionTracing: Could not find layer handle 0x7b1d62767110
11-01 17:32:25.412   575   976 W InputManager-JNI: Input channel object '8a5d729 Splash Screen org.street_child.edubridge (client)' was disposed without first being removed with the input manager!
11-01 17:32:25.429  1129  1129 W FrameTracker: Missed SF frame:PREDICTION_ERROR, 179694, 4974716, CUJ=J<LAUNCHER_APP_CLOSE_TO_HOME>
11-01 17:32:25.429  1129  1129 W FrameTracker: Missed SF frame:PREDICTION_ERROR, 179752, 4133073, CUJ=J<LAUNCHER_APP_CLOSE_TO_HOME>
11-01 17:32:25.429  1129  1129 W FrameTracker: Missed SF frame:PREDICTION_ERROR, 179897, 3778336, CUJ=J<LAUNCHER_APP_CLOSE_TO_HOME>
11-01 17:32:25.429  1129  1129 W FrameTracker: Missed SF frame:PREDICTION_ERROR, 180048, 6138652, CUJ=J<LAUNCHER_APP_CLOSE_TO_HOME>
11-01 17:32:25.429  1129  1129 W FrameTracker: Missed SF frame:PREDICTION_ERROR, 180084, 3360989, CUJ=J<LAUNCHER_APP_CLOSE_TO_HOME>
11-01 17:32:25.429  1129  1129 W FrameTracker: Missing SF jank callback for vsyncId: 180379, CUJ=J<LAUNCHER_APP_CLOSE_TO_HOME>
11-01 17:32:25.429  1129  1826 V PerfettoTrigger: Triggering /system/bin/trigger_perfetto com.android.telemetry.interaction-jank-monitor-9
11-01 17:32:25.439   425   459 W TransactionTracing: Could not find layer handle 0x7b1d62766090
11-01 17:32:25.461   867   923 W FrameTracker: Missed SF frame:PREDICTION_ERROR, 180077, 6690580, CUJ=J<SPLASHSCREEN_EXIT_ANIM>
11-01 17:32:25.461   867   923 W FrameTracker: Missed SF frame:PREDICTION_ERROR, 180120, 6427609, CUJ=J<SPLASHSCREEN_EXIT_ANIM>
11-01 17:32:25.461   867   923 W FrameTracker: Missing HWUI jank callback for vsyncId: 180156, CUJ=J<SPLASHSCREEN_EXIT_ANIM>
11-01 17:32:25.461   867   923 W FrameTracker: Missed SF frame:PREDICTION_ERROR, 180192, 8037227, CUJ=J<SPLASHSCREEN_EXIT_ANIM>
11-01 17:32:25.461   867   923 W FrameTracker: Missed SF frame:PREDICTION_ERROR, 180228, 9712326, CUJ=J<SPLASHSCREEN_EXIT_ANIM>
11-01 17:32:25.461   867   923 W FrameTracker: Missed SF frame:PREDICTION_ERROR, 180372, 5993619, CUJ=J<SPLASHSCREEN_EXIT_ANIM>
11-01 17:32:25.461   867   923 W FrameTracker: Missed SF frame:PREDICTION_ERROR, 180401, 4758297, CUJ=J<SPLASHSCREEN_EXIT_ANIM>
11-01 17:32:25.461   867   923 W FrameTracker: Missed SF frame:PREDICTION_ERROR, 180467, 0, CUJ=J<SPLASHSCREEN_EXIT_ANIM>
11-01 17:32:25.461   867   923 W FrameTracker: Missing HWUI jank callback for vsyncId: 180467, CUJ=J<SPLASHSCREEN_EXIT_ANIM>
11-01 17:32:25.461   867   923 W FrameTracker: Missing SF jank callback for vsyncId: 180503, CUJ=J<SPLASHSCREEN_EXIT_ANIM>
11-01 17:32:25.461   867   911 V PerfettoTrigger: Triggering /system/bin/trigger_perfetto com.android.telemetry.interaction-jank-monitor-39
11-01 17:32:25.589   425   459 W TransactionTracing: Could not find layer handle 0x7b1d62762a90
11-01 17:32:25.589   425   459 W TransactionTracing: Could not find layer handle 0x7b1d62764770
11-01 17:32:25.589   425   459 W TransactionTracing: Could not find layer handle 0x7b1d62764770
11-01 17:32:25.594   867   995 D EGL_emulation: app_time_stats: avg=56.34ms min=14.24ms max=551.65ms count=21
11-01 17:32:25.719  2525  2542 D UiDevice: Searching for node with selector: BySelector [TEXT='\QGet Started\E'].
11-01 17:32:26.125  2617  2674 D EGL_emulation: app_time_stats: avg=3.05ms min=1.09ms max=31.28ms count=61
11-01 17:32:26.305  2525  2542 D UiDevice: Searching for node with selector: BySelector [TEXT='\QGet Started\E'].
11-01 17:32:26.408  2525  2542 D UiDevice: Searching for node with selector: BySelector [TEXT='\QGet Started\E'].
11-01 17:32:26.511  2525  2542 D UiDevice: Searching for node with selector: BySelector [TEXT='\QGet Started\E'].
11-01 17:32:26.614  2525  2542 D UiDevice: Searching for node with selector: BySelector [TEXT='\QGet Started\E'].
11-01 17:32:26.717  2525  2542 D UiDevice: Searching for node with selector: BySelector [TEXT='\QGet Started\E'].
11-01 17:32:26.820  2525  2542 D UiDevice: Searching for node with selector: BySelector [TEXT='\QGet Started\E'].
11-01 17:32:26.924  2525  2542 D UiDevice: Searching for node with selector: BySelector [TEXT='\QGet Started\E'].
11-01 17:32:27.027  2525  2542 D UiDevice: Searching for node with selector: BySelector [TEXT='\QGet Started\E'].
11-01 17:32:27.130  2525  2542 D UiDevice: Searching for node with selector: BySelector [TEXT='\QGet Started\E'].
11-01 17:32:27.142  2617  2674 D EGL_emulation: app_time_stats: avg=1.19ms min=1.04ms max=1.58ms count=61
11-01 17:32:27.234  2525  2542 D UiDevice: Searching for node with selector: BySelector [TEXT='\QGet Started\E'].
11-01 17:32:27.337  2525  2542 D UiDevice: Searching for node with selector: BySelector [TEXT='\QGet Started\E'].
11-01 17:32:27.440  2525  2542 D UiDevice: Searching for node with selector: BySelector [TEXT='\QGet Started\E'].
11-01 17:32:27.544  2525  2542 D UiDevice: Searching for node with selector: BySelector [TEXT='\QGet Started\E'].
11-01 17:32:27.646  2525  2542 D UiDevice: Searching for node with selector: BySelector [TEXT='\QGet Started\E'].
11-01 17:32:27.749  2525  2542 D UiDevice: Searching for node with selector: BySelector [TEXT='\QGet Started\E'].
11-01 17:32:27.852  2525  2542 D UiDevice: Searching for node with selector: BySelector [TEXT='\QGet Started\E'].
11-01 17:32:27.955  2525  2542 D UiDevice: Searching for node with selector: BySelector [TEXT='\QGet Started\E'].
11-01 17:32:28.060  2525  2542 D UiDevice: Searching for node with selector: BySelector [TEXT='\QGet Started\E'].
11-01 17:32:28.158  2617  2674 D EGL_emulation: app_time_stats: avg=1.21ms min=1.04ms max=1.53ms count=61
11-01 17:32:28.163  2525  2542 D UiDevice: Searching for node with selector: BySelector [TEXT='\QGet Started\E'].
11-01 17:32:28.265  2525  2542 D UiDevice: Searching for node with selector: BySelector [TEXT='\QGet Started\E'].
11-01 17:32:28.369  2525  2542 D UiDevice: Searching for node with selector: BySelector [TEXT='\QGet Started\E'].
11-01 17:32:28.472  2525  2542 D UiDevice: Searching for node with selector: BySelector [TEXT='\QGet Started\E'].
11-01 17:32:28.577  2525  2542 D UiDevice: Searching for node with selector: BySelector [TEXT='\QGet Started\E'].
11-01 17:32:28.680  2525  2542 D UiDevice: Searching for node with selector: BySelector [TEXT='\QGet Started\E'].
11-01 17:32:28.783  2525  2542 D UiDevice: Searching for node with selector: BySelector [TEXT='\QGet Started\E'].
11-01 17:32:28.886  2525  2542 D UiDevice: Searching for node with selector: BySelector [TEXT='\QGet Started\E'].
11-01 17:32:28.988  2525  2542 D UiDevice: Searching for node with selector: BySelector [TEXT='\QGet Started\E'].
11-01 17:32:29.093  2525  2542 D UiDevice: Searching for node with selector: BySelector [TEXT='\QGet Started\E'].
11-01 17:32:29.175  2617  2674 D EGL_emulation: app_time_stats: avg=1.28ms min=1.11ms max=2.29ms count=53
11-01 17:32:29.196  2525  2542 D UiDevice: Searching for node with selector: BySelector [TEXT='\QGet Started\E'].
11-01 17:32:29.299  2525  2542 D UiDevice: Searching for node with selector: BySelector [TEXT='\QGet Started\E'].
11-01 17:32:29.402  2525  2542 D UiDevice: Searching for node with selector: BySelector [TEXT='\QGet Started\E'].
11-01 17:32:29.423   425   459 W TransactionTracing: Could not find layer id -1
11-01 17:32:29.505  2525  2542 D UiDevice: Searching for node with selector: BySelector [TEXT='\QGet Started\E'].
11-01 17:32:29.609  2525  2542 D UiDevice: Searching for node with selector: BySelector [TEXT='\QGet Started\E'].
11-01 17:32:29.712  2525  2542 D UiDevice: Searching for node with selector: BySelector [TEXT='\QGet Started\E'].
11-01 17:32:29.815  2525  2542 D UiDevice: Searching for node with selector: BySelector [TEXT='\QGet Started\E'].
11-01 17:32:29.918  2525  2542 D UiDevice: Searching for node with selector: BySelector [TEXT='\QGet Started\E'].
11-01 17:32:30.021  2525  2542 D UiDevice: Searching for node with selector: BySelector [TEXT='\QGet Started\E'].
11-01 17:32:30.125  2525  2542 D UiDevice: Searching for node with selector: BySelector [TEXT='\QGet Started\E'].
11-01 17:32:30.192  2617  2674 D EGL_emulation: app_time_stats: avg=1.19ms min=0.98ms max=1.48ms count=61
11-01 17:32:30.228  2525  2542 D UiDevice: Searching for node with selector: BySelector [TEXT='\QGet Started\E'].
11-01 17:32:30.332  2525  2542 D UiDevice: Searching for node with selector: BySelector [TEXT='\QGet Started\E'].
11-01 17:32:30.434  2525  2542 D UiDevice: Searching for node with selector: BySelector [TEXT='\QGet Started\E'].
11-01 17:32:30.538  2525  2542 D UiDevice: Searching for node with selector: BySelector [TEXT='\QGet Started\E'].
11-01 17:32:30.642  2525  2542 D UiDevice: Searching for node with selector: BySelector [TEXT='\QGet Started\E'].
11-01 17:32:30.723   425   459 W TransactionTracing: Could not find layer id -1
11-01 17:32:30.745  2525  2542 D UiDevice: Searching for node with selector: BySelector [TEXT='\QGet Started\E'].
11-01 17:32:30.848  2525  2542 D UiDevice: Searching for node with selector: BySelector [TEXT='\QGet Started\E'].
11-01 17:32:30.951  2525  2542 D UiDevice: Searching for node with selector: BySelector [TEXT='\QGet Started\E'].
11-01 17:32:31.054  2525  2542 D UiDevice: Searching for node with selector: BySelector [TEXT='\QGet Started\E'].
11-01 17:32:31.159  2525  2542 D UiDevice: Searching for node with selector: BySelector [TEXT='\QGet Started\E'].
11-01 17:32:31.208  2617  2674 D EGL_emulation: app_time_stats: avg=1.23ms min=1.09ms max=1.53ms count=61
11-01 17:32:31.262  2525  2542 D UiDevice: Searching for node with selector: BySelector [TEXT='\QGet Started\E'].
11-01 17:32:31.339   425   459 W TransactionTracing: Could not find layer id -1
11-01 17:32:31.365  2525  2542 D UiDevice: Searching for node with selector: BySelector [TEXT='\QGet Started\E'].
11-01 17:32:31.468  2525  2542 D UiDevice: Searching for node with selector: BySelector [TEXT='\QGet Started\E'].
11-01 17:32:31.571  2525  2542 D UiDevice: Searching for node with selector: BySelector [TEXT='\QGet Started\E'].
11-01 17:32:31.675  2525  2542 D UiDevice: Searching for node with selector: BySelector [TEXT='\QGet Started\E'].
11-01 17:32:31.778  2525  2542 D UiDevice: Searching for node with selector: BySelector [TEXT='\QGet Started\E'].
11-01 17:32:31.881  2525  2542 D UiDevice: Searching for node with selector: BySelector [TEXT='\QGet Started\E'].
11-01 17:32:31.984  2525  2542 D UiDevice: Searching for node with selector: BySelector [TEXT='\QGet Started\E'].
11-01 17:32:32.088  2525  2542 D UiDevice: Searching for node with selector: BySelector [TEXT='\QGet Started\E'].
11-01 17:32:32.189   425   459 W TransactionTracing: Could not find layer id -1
11-01 17:32:32.189   425   459 W TransactionTracing: Could not find layer id -1
11-01 17:32:32.189   425   459 W TransactionTracing: Could not find layer id -1
11-01 17:32:32.189   425   459 W TransactionTracing: Could not find layer id -1
11-01 17:32:32.191  2525  2542 D UiDevice: Searching for node with selector: BySelector [TEXT='\QGet Started\E'].
11-01 17:32:32.208  2617  2674 D EGL_emulation: app_time_stats: avg=1.23ms min=1.08ms max=1.60ms count=60
11-01 17:32:32.295  2525  2542 D UiDevice: Searching for node with selector: BySelector [TEXT='\QGet Started\E'].
11-01 17:32:32.398  2525  2542 D UiDevice: Searching for node with selector: BySelector [TEXT='\QGet Started\E'].
11-01 17:32:32.500  2525  2542 D UiDevice: Searching for node with selector: BySelector [TEXT='\QGet Started\E'].
11-01 17:32:32.589   425   459 W TransactionTracing: Could not find layer id -1
11-01 17:32:32.603  2525  2542 D UiDevice: Searching for node with selector: BySelector [TEXT='\QGet Started\E'].
11-01 17:32:32.707  2525  2542 D UiDevice: Searching for node with selector: BySelector [TEXT='\QGet Started\E'].
11-01 17:32:32.810  2525  2542 D UiDevice: Searching for node with selector: BySelector [TEXT='\QGet Started\E'].
11-01 17:32:32.873   425   459 W TransactionTracing: Could not find layer id -1
11-01 17:32:32.873   425   459 W TransactionTracing: Could not find layer id -1
11-01 17:32:32.873   425   459 W TransactionTracing: Could not find layer id -1
11-01 17:32:32.873   425   459 W TransactionTracing: Could not find layer id -1
11-01 17:32:32.873   425   459 W TransactionTracing: Could not find layer id -1
11-01 17:32:32.913  2525  2542 D UiDevice: Searching for node with selector: BySelector [TEXT='\QGet Started\E'].
11-01 17:32:33.017  2525  2542 D UiDevice: Searching for node with selector: BySelector [TEXT='\QGet Started\E'].
11-01 17:32:33.120  2525  2542 D UiDevice: Searching for node with selector: BySelector [TEXT='\QGet Started\E'].
11-01 17:32:33.208  2617  2674 D EGL_emulation: app_time_stats: avg=1.21ms min=1.03ms max=1.46ms count=60
11-01 17:32:33.223  2525  2542 D UiDevice: Searching for node with selector: BySelector [TEXT='\QGet Started\E'].
11-01 17:32:33.327  2525  2542 D UiDevice: Searching for node with selector: BySelector [TEXT='\QGet Started\E'].
11-01 17:32:33.430  2525  2542 D UiDevice: Searching for node with selector: BySelector [TEXT='\QGet Started\E'].
11-01 17:32:33.532  2525  2542 D UiDevice: Searching for node with selector: BySelector [TEXT='\QGet Started\E'].
11-01 17:32:33.636  2525  2542 D UiDevice: Searching for node with selector: BySelector [TEXT='\QGet Started\E'].
11-01 17:32:33.739  2525  2542 D UiDevice: Searching for node with selector: BySelector [TEXT='\QGet Started\E'].
11-01 17:32:33.843  2525  2542 D UiDevice: Searching for node with selector: BySelector [TEXT='\QGet Started\E'].
11-01 17:32:33.946  2525  2542 D UiDevice: Searching for node with selector: BySelector [TEXT='\QGet Started\E'].
11-01 17:32:34.050  2525  2542 D UiDevice: Searching for node with selector: BySelector [TEXT='\QGet Started\E'].
11-01 17:32:34.153  2525  2542 D UiDevice: Searching for node with selector: BySelector [TEXT='\QGet Started\E'].
11-01 17:32:34.225  2617  2674 D EGL_emulation: app_time_stats: avg=1.25ms min=1.07ms max=1.54ms count=61
11-01 17:32:34.258  2525  2542 D UiDevice: Searching for node with selector: BySelector [TEXT='\QGet Started\E'].
11-01 17:32:34.361  2525  2542 D UiDevice: Searching for node with selector: BySelector [TEXT='\QGet Started\E'].
11-01 17:32:34.368   393   393 E android.hardware.power.stats@1.0-service-mock: Failed to getEnergyData
11-01 17:32:34.465  2525  2542 D UiDevice: Searching for node with selector: BySelector [TEXT='\QGet Started\E'].
11-01 17:32:34.527   867   933 D ControlsListingControllerImpl: Subscribing callback, service count: 0
11-01 17:32:34.539   867   933 D ControlsListingControllerImpl: Unsubscribing callback
11-01 17:32:34.567  2525  2542 D UiDevice: Searching for node with selector: BySelector [TEXT='\QGet Started\E'].
11-01 17:32:34.675  2525  2542 D UiDevice: Searching for node with selector: BySelector [TEXT='\QGet Started\E'].
11-01 17:32:34.778  2525  2542 D UiDevice: Searching for node with selector: BySelector [TEXT='\QGet Started\E'].
11-01 17:32:34.881  2525  2542 D UiDevice: Searching for node with selector: BySelector [TEXT='\QGet Started\E'].
11-01 17:32:34.984  2525  2542 D UiDevice: Searching for node with selector: BySelector [TEXT='\QGet Started\E'].
11-01 17:32:35.087  2525  2542 D UiDevice: Searching for node with selector: BySelector [TEXT='\QGet Started\E'].
11-01 17:32:35.189  2617  2726 V UstadCache: OKHttp-CacheInterceptor:  intercept: GET https://edubridge-afghanistan.app/Site/verify
11-01 17:32:35.189  2617  2726 I UstadCache: UstadCache(): Retrieve https://edubridge-afghanistan.app/Site/verify
11-01 17:32:35.189  2617  2726 D UstadCache: UstadCache(): MISS https://edubridge-afghanistan.app/Site/verify
11-01 17:32:35.191  2617  2726 D TrafficStats: tagSocket(114) with statsTag=0xffffffff, statsUid=-1
11-01 17:32:35.192  2525  2542 D UiDevice: Searching for node with selector: BySelector [TEXT='\QGet Started\E'].
11-01 17:32:35.219  2617  2617 W LoginViewModel$invokeSuspend: Could not load site object for https://edubridge-afghanistan.app/
11-01 17:32:35.219  2617  2617 W LoginViewModel$invokeSuspend: java.net.ConnectException: Failed to connect to edubridge-afghanistan.app/65.21.146.62:443
11-01 17:32:35.219  2617  2617 W LoginViewModel$invokeSuspend: 	at okhttp3.internal.connection.RealConnection.connectSocket(RealConnection.kt:297)
11-01 17:32:35.219  2617  2617 W LoginViewModel$invokeSuspend: 	at okhttp3.internal.connection.RealConnection.connect(RealConnection.kt:207)
11-01 17:32:35.219  2617  2617 W LoginViewModel$invokeSuspend: 	at okhttp3.internal.connection.ExchangeFinder.findConnection(ExchangeFinder.kt:226)
11-01 17:32:35.219  2617  2617 W LoginViewModel$invokeSuspend: 	at okhttp3.internal.connection.ExchangeFinder.findHealthyConnection(ExchangeFinder.kt:106)
11-01 17:32:35.219  2617  2617 W LoginViewModel$invokeSuspend: 	at okhttp3.internal.connection.ExchangeFinder.find(ExchangeFinder.kt:74)
11-01 17:32:35.219  2617  2617 W LoginViewModel$invokeSuspend: 	at okhttp3.internal.connection.RealCall.initExchange$okhttp(RealCall.kt:255)
11-01 17:32:35.219  2617  2617 W LoginViewModel$invokeSuspend: 	at okhttp3.internal.connection.ConnectInterceptor.intercept(ConnectInterceptor.kt:32)
11-01 17:32:35.219  2617  2617 W LoginViewModel$invokeSuspend: 	at okhttp3.internal.http.RealInterceptorChain.proceed(RealInterceptorChain.kt:109)
11-01 17:32:35.219  2617  2617 W LoginViewModel$invokeSuspend: 	at okhttp3.internal.cache.CacheInterceptor.intercept(CacheInterceptor.kt:95)
11-01 17:32:35.219  2617  2617 W LoginViewModel$invokeSuspend: 	at okhttp3.internal.http.RealInterceptorChain.proceed(RealInterceptorChain.kt:109)
11-01 17:32:35.219  2617  2617 W LoginViewModel$invokeSuspend: 	at okhttp3.internal.http.BridgeInterceptor.intercept(BridgeInterceptor.kt:83)
11-01 17:32:35.219  2617  2617 W LoginViewModel$invokeSuspend: 	at okhttp3.internal.http.RealInterceptorChain.proceed(RealInterceptorChain.kt:109)
11-01 17:32:35.219  2617  2617 W LoginViewModel$invokeSuspend: 	at okhttp3.internal.http.RetryAndFollowUpInterceptor.intercept(RetryAndFollowUpInterceptor.kt:76)
11-01 17:32:35.219  2617  2617 W LoginViewModel$invokeSuspend: 	at okhttp3.internal.http.RealInterceptorChain.proceed(RealInterceptorChain.kt:109)
11-01 17:32:35.219  2617  2617 W LoginViewModel$invokeSuspend: 	at com.ustadmobile.libcache.okhttp.UstadCacheInterceptor.intercept(UstadCacheInterceptor.kt:407)
11-01 17:32:35.219  2617  2617 W LoginViewModel$invokeSuspend: 	at okhttp3.internal.http.RealInterceptorChain.proceed(RealInterceptorChain.kt:109)
11-01 17:32:35.219  2617  2617 W LoginViewModel$invokeSuspend: 	at okhttp3.internal.connection.RealCall.getResponseWithInterceptorChain$okhttp(RealCall.kt:201)
11-01 17:32:35.219  2617  2617 W LoginViewModel$invokeSuspend: 	at okhttp3.internal.connection.RealCall$AsyncCall.run(RealCall.kt:517)
11-01 17:32:35.219  2617  2617 W LoginViewModel$invokeSuspend: 	at java.util.concurrent.ThreadPoolExecutor.runWorker(ThreadPoolExecutor.java:1137)
11-01 17:32:35.219  2617  2617 W LoginViewModel$invokeSuspend: 	at java.util.concurrent.ThreadPoolExecutor$Worker.run(ThreadPoolExecutor.java:637)
11-01 17:32:35.219  2617  2617 W LoginViewModel$invokeSuspend: 	at java.lang.Thread.run(Thread.java:1012)
11-01 17:32:35.219  2617  2617 W LoginViewModel$invokeSuspend: Caused by: java.net.ConnectException: failed to connect to edubridge-afghanistan.app/65.21.146.62 (port 443) from /10.0.2.16 (port 34282) after 10000ms: isConnected failed: ECONNREFUSED (Connection refused)
11-01 17:32:35.219  2617  2617 W LoginViewModel$invokeSuspend: 	at libcore.io.IoBridge.isConnected(IoBridge.java:347)
11-01 17:32:35.219  2617  2617 W LoginViewModel$invokeSuspend: 	at libcore.io.IoBridge.connectErrno(IoBridge.java:237)
11-01 17:32:35.219  2617  2617 W LoginViewModel$invokeSuspend: 	at libcore.io.IoBridge.connect(IoBridge.java:179)
11-01 17:32:35.219  2617  2617 W LoginViewModel$invokeSuspend: 	at java.net.PlainSocketImpl.socketConnect(PlainSocketImpl.java:142)
11-01 17:32:35.219  2617  2617 W LoginViewModel$invokeSuspend: 	at java.net.AbstractPlainSocketImpl.doConnect(AbstractPlainSocketImpl.java:390)
11-01 17:32:35.219  2617  2617 W LoginViewModel$invokeSuspend: 	at java.net.AbstractPlainSocketImpl.connectToAddress(AbstractPlainSocketImpl.java:230)
11-01 17:32:35.219  2617  2617 W LoginViewModel$invokeSuspend: 	at java.net.AbstractPlainSocketImpl.connect(AbstractPlainSocketImpl.java:212)
11-01 17:32:35.219  2617  2617 W LoginViewModel$invokeSuspend: 	at java.net.SocksSocketImpl.connect(SocksSocketImpl.java:436)
11-01 17:32:35.219  2617  2617 W LoginViewModel$invokeSuspend: 	at java.net.Socket.connect(Socket.java:646)
11-01 17:32:35.219  2617  2617 W LoginViewModel$invokeSuspend: 	at okhttp3.internal.platform.Platform.connectSocket(Platform.kt:128)
11-01 17:32:35.219  2617  2617 W LoginViewModel$invokeSuspend: 	at okhttp3.internal.connection.RealConnection.connectSocket(RealConnection.kt:295)
11-01 17:32:35.219  2617  2617 W LoginViewModel$invokeSuspend: 	... 20 more
11-01 17:32:35.219  2617  2617 W LoginViewModel$invokeSuspend: Caused by: android.system.ErrnoException: isConnected failed: ECONNREFUSED (Connection refused)
11-01 17:32:35.219  2617  2617 W LoginViewModel$invokeSuspend: 	at libcore.io.IoBridge.isConnected(IoBridge.java:334)
11-01 17:32:35.219  2617  2617 W LoginViewModel$invokeSuspend: 	... 30 more
11-01 17:32:35.225  2617  2674 D EGL_emulation: app_time_stats: avg=1.27ms min=1.12ms max=1.84ms count=60
