11-01 17:32:06.924   425   459 W TransactionTracing: Could not find layer id -1
11-01 17:32:06.924   425   459 W TransactionTracing: Could not find layer id -1
11-01 17:32:06.924   425   459 W TransactionTracing: Could not find layer id -1
11-01 17:32:06.924   425   459 W TransactionTracing: Could not find layer id -1
11-01 17:32:07.008  2525  2542 D UiDevice: Searching for node with selector: BySelector [TEXT='\QGet Started\E'].
11-01 17:32:07.131  2525  2542 D UiDevice: Searching for node with selector: BySelector [TEXT='\QGet Started\E'].
11-01 17:32:07.245  2525  2542 D UiDevice: Searching for node with selector: BySelector [TEXT='\QGet Started\E'].
11-01 17:32:07.298  2617  2687 D UstadCache: CacheTrimmer:  Trim cache run: max (evictable) size = 100000000 bytes
11-01 17:32:07.300  2617  2687 V UstadCache: CacheTrimmer:  deleting
11-01 17:32:07.362  2525  2542 D UiDevice: Searching for node with selector: BySelector [TEXT='\QGet Started\E'].
11-01 17:32:07.481  2525  2542 D UiDevice: Searching for node with selector: BySelector [TEXT='\QGet Started\E'].
11-01 17:32:07.603  2525  2542 D UiDevice: Searching for node with selector: BySelector [TEXT='\QGet Started\E'].
11-01 17:32:07.675  2617  2674 D EGL_emulation: app_time_stats: avg=2.63ms min=0.98ms max=5.66ms count=60
11-01 17:32:07.711  2525  2542 D UiDevice: Searching for node with selector: BySelector [TEXT='\QGet Started\E'].
11-01 17:32:07.816  2525  2542 D UiDevice: Searching for node with selector: BySelector [TEXT='\QGet Started\E'].
11-01 17:32:07.919  2525  2542 D UiDevice: Searching for node with selector: BySelector [TEXT='\QGet Started\E'].
11-01 17:32:08.024  2525  2542 D UiDevice: Searching for node with selector: BySelector [TEXT='\QGet Started\E'].
11-01 17:32:08.129  2525  2542 D UiDevice: Searching for node with selector: BySelector [TEXT='\QGet Started\E'].
11-01 17:32:08.234  2525  2542 D UiDevice: Searching for node with selector: BySelector [TEXT='\QGet Started\E'].
11-01 17:32:08.338  2525  2542 D UiDevice: Searching for node with selector: BySelector [TEXT='\QGet Started\E'].
11-01 17:32:08.444  2525  2542 D UiDevice: Searching for node with selector: BySelector [TEXT='\QGet Started\E'].
11-01 17:32:08.548  2525  2542 D UiDevice: Searching for node with selector: BySelector [TEXT='\QGet Started\E'].
11-01 17:32:08.652  2525  2542 D UiDevice: Searching for node with selector: BySelector [TEXT='\QGet Started\E'].
11-01 17:32:08.692  2617  2674 D EGL_emulation: app_time_stats: avg=1.34ms min=1.07ms max=3.10ms count=61
11-01 17:32:08.757  2525  2542 D UiDevice: Searching for node with selector: BySelector [TEXT='\QGet Started\E'].
11-01 17:32:08.862  2525  2542 D UiDevice: Searching for node with selector: BySelector [TEXT='\QGet Started\E'].
11-01 17:32:08.967  2525  2542 D UiDevice: Searching for node with selector: BySelector [TEXT='\QGet Started\E'].
11-01 17:32:09.071  2525  2542 D UiDevice: Searching for node with selector: BySelector [TEXT='\QGet Started\E'].
11-01 17:32:09.176  2525  2542 D UiDevice: Searching for node with selector: BySelector [TEXT='\QGet Started\E'].
11-01 17:32:09.280  2525  2542 D UiDevice: Searching for node with selector: BySelector [TEXT='\QGet Started\E'].
11-01 17:32:09.385  2525  2542 D UiDevice: Searching for node with selector: BySelector [TEXT='\QGet Started\E'].
11-01 17:32:09.490  2525  2542 D UiDevice: Searching for node with selector: BySelector [TEXT='\QGet Started\E'].
11-01 17:32:09.595  2525  2542 D UiDevice: Searching for node with selector: BySelector [TEXT='\QGet Started\E'].
11-01 17:32:09.677  2617  2726 V UstadCache: OKHttp-CacheInterceptor:  intercept: GET https://edubridge-afghanistan.app/Site/verify
11-01 17:32:09.677  2617  2726 I UstadCache: UstadCache(): Retrieve https://edubridge-afghanistan.app/Site/verify
11-01 17:32:09.678  2617  2726 D UstadCache: UstadCache(): MISS https://edubridge-afghanistan.app/Site/verify
11-01 17:32:09.682  2617  2726 D TrafficStats: tagSocket(102) with statsTag=0xffffffff, statsUid=-1
11-01 17:32:09.699  2525  2542 D UiDevice: Searching for node with selector: BySelector [TEXT='\QGet Started\E'].
11-01 17:32:09.709  2617  2674 D EGL_emulation: app_time_stats: avg=1.32ms min=1.09ms max=3.62ms count=61
11-01 17:32:09.710  2617  2617 W LoginViewModel$invokeSuspend: Could not load site object for https://edubridge-afghanistan.app/
11-01 17:32:09.710  2617  2617 W LoginViewModel$invokeSuspend: java.net.ConnectException: Failed to connect to edubridge-afghanistan.app/65.21.146.62:443
11-01 17:32:09.710  2617  2617 W LoginViewModel$invokeSuspend: 	at okhttp3.internal.connection.RealConnection.connectSocket(RealConnection.kt:297)
11-01 17:32:09.710  2617  2617 W LoginViewModel$invokeSuspend: 	at okhttp3.internal.connection.RealConnection.connect(RealConnection.kt:207)
11-01 17:32:09.710  2617  2617 W LoginViewModel$invokeSuspend: 	at okhttp3.internal.connection.ExchangeFinder.findConnection(ExchangeFinder.kt:226)
11-01 17:32:09.710  2617  2617 W LoginViewModel$invokeSuspend: 	at okhttp3.internal.connection.ExchangeFinder.findHealthyConnection(ExchangeFinder.kt:106)
11-01 17:32:09.710  2617  2617 W LoginViewModel$invokeSuspend: 	at okhttp3.internal.connection.ExchangeFinder.find(ExchangeFinder.kt:74)
11-01 17:32:09.710  2617  2617 W LoginViewModel$invokeSuspend: 	at okhttp3.internal.connection.RealCall.initExchange$okhttp(RealCall.kt:255)
11-01 17:32:09.710  2617  2617 W LoginViewModel$invokeSuspend: 	at okhttp3.internal.connection.ConnectInterceptor.intercept(ConnectInterceptor.kt:32)
11-01 17:32:09.710  2617  2617 W LoginViewModel$invokeSuspend: 	at okhttp3.internal.http.RealInterceptorChain.proceed(RealInterceptorChain.kt:109)
11-01 17:32:09.710  2617  2617 W LoginViewModel$invokeSuspend: 	at okhttp3.internal.cache.CacheInterceptor.intercept(CacheInterceptor.kt:95)
11-01 17:32:09.710  2617  2617 W LoginViewModel$invokeSuspend: 	at okhttp3.internal.http.RealInterceptorChain.proceed(RealInterceptorChain.kt:109)
11-01 17:32:09.710  2617  2617 W LoginViewModel$invokeSuspend: 	at okhttp3.internal.http.BridgeInterceptor.intercept(BridgeInterceptor.kt:83)
11-01 17:32:09.710  2617  2617 W LoginViewModel$invokeSuspend: 	at okhttp3.internal.http.RealInterceptorChain.proceed(RealInterceptorChain.kt:109)
11-01 17:32:09.710  2617  2617 W LoginViewModel$invokeSuspend: 	at okhttp3.internal.http.RetryAndFollowUpInterceptor.intercept(RetryAndFollowUpInterceptor.kt:76)
11-01 17:32:09.710  2617  2617 W LoginViewModel$invokeSuspend: 	at okhttp3.internal.http.RealInterceptorChain.proceed(RealInterceptorChain.kt:109)
11-01 17:32:09.710  2617  2617 W LoginViewModel$invokeSuspend: 	at com.ustadmobile.libcache.okhttp.UstadCacheInterceptor.intercept(UstadCacheInterceptor.kt:407)
11-01 17:32:09.710  2617  2617 W LoginViewModel$invokeSuspend: 	at okhttp3.internal.http.RealInterceptorChain.proceed(RealInterceptorChain.kt:109)
11-01 17:32:09.710  2617  2617 W LoginViewModel$invokeSuspend: 	at okhttp3.internal.connection.RealCall.getResponseWithInterceptorChain$okhttp(RealCall.kt:201)
11-01 17:32:09.710  2617  2617 W LoginViewModel$invokeSuspend: 	at okhttp3.internal.connection.RealCall$AsyncCall.run(RealCall.kt:517)
11-01 17:32:09.710  2617  2617 W LoginViewModel$invokeSuspend: 	at java.util.concurrent.ThreadPoolExecutor.runWorker(ThreadPoolExecutor.java:1137)
11-01 17:32:09.710  2617  2617 W LoginViewModel$invokeSuspend: 	at java.util.concurrent.ThreadPoolExecutor$Worker.run(ThreadPoolExecutor.java:637)
11-01 17:32:09.710  2617  2617 W LoginViewModel$invokeSuspend: 	at java.lang.Thread.run(Thread.java:1012)
11-01 17:32:09.710  2617  2617 W LoginViewModel$invokeSuspend: Caused by: java.net.ConnectException: failed to connect to edubridge-afghanistan.app/65.21.146.62 (port 443) from /10.0.2.16 (port 33692) after 10000ms: isConnected failed: ECONNREFUSED (Connection refused)
11-01 17:32:09.710  2617  2617 W LoginViewModel$invokeSuspend: 	at libcore.io.IoBridge.isConnected(IoBridge.java:347)
11-01 17:32:09.710  2617  2617 W LoginViewModel$invokeSuspend: 	at libcore.io.IoBridge.connectErrno(IoBridge.java:237)
11-01 17:32:09.710  2617  2617 W LoginViewModel$invokeSuspend: 	at libcore.io.IoBridge.connect(IoBridge.java:179)
11-01 17:32:09.710  2617  2617 W LoginViewModel$invokeSuspend: 	at java.net.PlainSocketImpl.socketConnect(PlainSocketImpl.java:142)
11-01 17:32:09.710  2617  2617 W LoginViewModel$invokeSuspend: 	at java.net.AbstractPlainSocketImpl.doConnect(AbstractPlainSocketImpl.java:390)
11-01 17:32:09.710  2617  2617 W LoginViewModel$invokeSuspend: 	at java.net.AbstractPlainSocketImpl.connectToAddress(AbstractPlainSocketImpl.java:230)
11-01 17:32:09.710  2617  2617 W LoginViewModel$invokeSuspend: 	at java.net.AbstractPlainSocketImpl.connect(AbstractPlainSocketImpl.java:212)
11-01 17:32:09.710  2617  2617 W LoginViewModel$invokeSuspend: 	at java.net.SocksSocketImpl.connect(SocksSocketImpl.java:436)
11-01 17:32:09.710  2617  2617 W LoginViewModel$invokeSuspend: 	at java.net.Socket.connect(Socket.java:646)
11-01 17:32:09.710  2617  2617 W LoginViewModel$invokeSuspend: 	at okhttp3.internal.platform.Platform.connectSocket(Platform.kt:128)
11-01 17:32:09.710  2617  2617 W LoginViewModel$invokeSuspend: 	at okhttp3.internal.connection.RealConnection.connectSocket(RealConnection.kt:295)
11-01 17:32:09.710  2617  2617 W LoginViewModel$invokeSuspend: 	... 20 more
11-01 17:32:09.710  2617  2617 W LoginViewModel$invokeSuspend: Caused by: android.system.ErrnoException: isConnected failed: ECONNREFUSED (Connection refused)
11-01 17:32:09.710  2617  2617 W LoginViewModel$invokeSuspend: 	at libcore.io.IoBridge.isConnected(IoBridge.java:334)
11-01 17:32:09.710  2617  2617 W LoginViewModel$invokeSuspend: 	... 30 more
11-01 17:32:09.803  2525  2542 D UiDevice: Searching for node with selector: BySelector [TEXT='\QGet Started\E'].
11-01 17:32:10.725  2617  2674 D EGL_emulation: app_time_stats: avg=1.23ms min=1.04ms max=1.54ms count=61
11-01 17:32:10.808  2525  2542 D UiDevice: Retrieving node with selector: BySelector [TEXT='\QGet Started\E'].
11-01 17:32:10.812  2525  2542 D UiDevice: Node not found with selector: BySelector [TEXT='\QGet Started\E'].
11-01 17:32:11.741  2617  2674 D EGL_emulation: app_time_stats: avg=1.18ms min=1.02ms max=1.39ms count=61
11-01 17:32:12.758  2617  2674 D EGL_emulation: app_time_stats: avg=1.19ms min=1.05ms max=1.69ms count=61
11-01 17:32:13.758  2617  2674 D EGL_emulation: app_time_stats: avg=1.21ms min=1.02ms max=1.48ms count=60
11-01 17:32:14.775  2617  2674 D EGL_emulation: app_time_stats: avg=1.18ms min=1.09ms max=1.47ms count=61
11-01 17:32:15.775  2617  2674 D EGL_emulation: app_time_stats: avg=1.21ms min=1.11ms max=1.47ms count=60
11-01 17:32:15.813  2525  2542 D Benchmark: Profile Installer - Save Profile
11-01 17:32:15.846  2617  2617 I Process : Sending signal. PID: 2617 SIG: 10
11-01 17:32:15.846  2617  2617 D ProfileInstaller:
11-01 17:32:15.846  2617  2622 I child.edubridge: Thread[3,tid=2622,WaitingInMainSignalCatcherLoop,Thread*=0x7c11db9e5b20,peer=0x13101a48,"Signal Catcher"]: reacting to signal 10
11-01 17:32:15.846  2617  2622 I child.edubridge:
11-01 17:32:15.846  2617  2622 I child.edubridge: SIGUSR1 forcing GC (no HPROF) and profile save
11-01 17:32:15.891  2617  2622 I child.edubridge: Explicit concurrent copying GC freed 141262(4835KB) AllocSpace objects, 1(56KB) LOS objects, 49% free, 7291KB/14MB, paused 50us,17us total 44.707ms
11-01 17:32:16.349  2525  2542 D Benchmark: Killing process org.street_child.edubridge
11-01 17:32:16.349  2525  2542 D UiDevice: Executing shell command: killall org.street_child.edubridge
11-01 17:32:16.379  1510  4108 W MediaProvider: isAppCloneUserPair for user 0: false
11-01 17:32:16.381  1510  4108 V MediaProvider: Inserted id:1000000103 less than next row id backup:1000001000.
11-01 17:32:16.432   575   861 I PackageDexOptimizer: Running dexopt (dexoptNeeded=-3) on: /data/app/~~BwgQtX5CYUpjiTMOEzzJJw==/org.street_child.edubridge-_HKotTTaiFD4n6vJUuyHvA==/base.apk pkg=org.street_child.edubridge isa=x86_64 dexoptFlags=boot_complete,profile_guided,force,enable_hidden_api_checks targetFilter=speed-profile oatDir=/data/app/~~BwgQtX5CYUpjiTMOEzzJJw==/org.street_child.edubridge-_HKotTTaiFD4n6vJUuyHvA==/oat classLoaderContext=PCL[]{PCL[/system_ext/framework/androidx.window.extensions.jar]#PCL[/system_ext/framework/androidx.window.sidecar.jar]}
11-01 17:32:16.433   496   496 V installd: DexInv: --- BEGIN '/data/app/~~BwgQtX5CYUpjiTMOEzzJJw==/org.street_child.edubridge-_HKotTTaiFD4n6vJUuyHvA==/base.apk' ---
11-01 17:32:16.433   496   496 V installd: Running /apex/com.android.art/bin/dex2oat64 in=base.apk out=/data/app/~~BwgQtX5CYUpjiTMOEzzJJw==/org.street_child.edubridge-_HKotTTaiFD4n6vJUuyHvA==/oat/x86_64/base.odex
11-01 17:32:16.448  4312  4312 W dex2oat64: Unexpected CPU variant for x86: x86_64.
11-01 17:32:16.448  4312  4312 W dex2oat64: Known variants: atom, sandybridge, silvermont, kabylake, default
11-01 17:32:16.449  4312  4312 W dex2oat64: Mismatch between dex2oat instruction set features to use (ISA: X86_64 Feature string: -ssse3,-sse4.1,-sse4.2,-avx,-avx2,-popcnt) and those from CPP defines (ISA: X86_64 Feature string: ssse3,sse4.1,sse4.2,-avx,-avx2,popcnt) for the command line:
11-01 17:32:16.449  4312  4312 W dex2oat64: /apex/com.android.art/bin/dex2oat64 --zip-fd=8 --zip-location=base.apk --oat-fd=9 --oat-location=/data/app/~~BwgQtX5CYUpjiTMOEzzJJw==/org.street_child.edubridge-_HKotTTaiFD4n6vJUuyHvA==/oat/x86_64/base.odex --input-vdex-fd=11 --output-vdex-fd=10 --app-image-fd=14 --image-format=lz4 --profile-file-fd=13 --swap-fd=12 --classpath-dir=/data/app/~~BwgQtX5CYUpjiTMOEzzJJw==/org.street_child.edubridge-_HKotTTaiFD4n6vJUuyHvA== --class-loader-context=PCL[]{PCL[/system_ext/framework/androidx.window.extensions.jar]#PCL[/system_ext/framework/androidx.window.sidecar.jar]} --instruction-set=x86_64 --instruction-set-features=default --instruction-set-variant=x86_64 --compiler-filter=speed-profile --compilation-reason=cmdline --max-image-block-size=524288 --resolve-startup-const-strings=true --generate-mini-debug-info --runtime-arg -Xtarget-sdk-version:34 --runtime-arg -Xhidden-api-policy:enabled --runtime-arg -Xms64m --runtime-arg -Xmx512m
11-01 17:32:16.451  4312  4312 I dex2oat64: /apex/com.android.art/bin/dex2oat64 --input-vdex-fd=11 --output-vdex-fd=10 --profile-file-fd=13 --classpath-dir=/data/app/~~BwgQtX5CYUpjiTMOEzzJJw==/org.street_child.edubridge-_HKotTTaiFD4n6vJUuyHvA== --class-loader-context=PCL[]{PCL[/system_ext/framework/androidx.window.extensions.jar]#PCL[/system_ext/framework/androidx.window.sidecar.jar]} --compiler-filter=speed-profile --compilation-reason=cmdline --max-image-block-size=524288 --resolve-startup-const-strings=true --generate-mini-debug-info
11-01 17:32:16.775  2617  2674 D EGL_emulation: app_time_stats: avg=1.25ms min=1.10ms max=1.68ms count=60
11-01 17:32:17.791  2617  2674 D EGL_emulation: app_time_stats: avg=1.28ms min=1.11ms max=1.60ms count=61
11-01 17:32:18.792  2617  2674 D EGL_emulation: app_time_stats: avg=1.25ms min=1.08ms max=1.71ms count=60
11-01 17:32:19.712  2617  2726 V UstadCache: OKHttp-CacheInterceptor:  intercept: GET https://edubridge-afghanistan.app/Site/verify
11-01 17:32:19.713  2617  2726 I UstadCache: UstadCache(): Retrieve https://edubridge-afghanistan.app/Site/verify
11-01 17:32:19.713  2617  2726 D UstadCache: UstadCache(): MISS https://edubridge-afghanistan.app/Site/verify
11-01 17:32:19.714  2617  2726 D TrafficStats: tagSocket(110) with statsTag=0xffffffff, statsUid=-1
11-01 17:32:19.743  2617  2617 W LoginViewModel$invokeSuspend: Could not load site object for https://edubridge-afghanistan.app/
11-01 17:32:19.743  2617  2617 W LoginViewModel$invokeSuspend: java.net.ConnectException: Failed to connect to edubridge-afghanistan.app/65.21.146.62:443
11-01 17:32:19.743  2617  2617 W LoginViewModel$invokeSuspend: 	at okhttp3.internal.connection.RealConnection.connectSocket(RealConnection.kt:297)
11-01 17:32:19.743  2617  2617 W LoginViewModel$invokeSuspend: 	at okhttp3.internal.connection.RealConnection.connect(RealConnection.kt:207)
11-01 17:32:19.743  2617  2617 W LoginViewModel$invokeSuspend: 	at okhttp3.internal.connection.ExchangeFinder.findConnection(ExchangeFinder.kt:226)
11-01 17:32:19.743  2617  2617 W LoginViewModel$invokeSuspend: 	at okhttp3.internal.connection.ExchangeFinder.findHealthyConnection(ExchangeFinder.kt:106)
11-01 17:32:19.743  2617  2617 W LoginViewModel$invokeSuspend: 	at okhttp3.internal.connection.ExchangeFinder.find(ExchangeFinder.kt:74)
11-01 17:32:19.743  2617  2617 W LoginViewModel$invokeSuspend: 	at okhttp3.internal.connection.RealCall.initExchange$okhttp(RealCall.kt:255)
11-01 17:32:19.743  2617  2617 W LoginViewModel$invokeSuspend: 	at okhttp3.internal.connection.ConnectInterceptor.intercept(ConnectInterceptor.kt:32)
11-01 17:32:19.743  2617  2617 W LoginViewModel$invokeSuspend: 	at okhttp3.internal.http.RealInterceptorChain.proceed(RealInterceptorChain.kt:109)
11-01 17:32:19.743  2617  2617 W LoginViewModel$invokeSuspend: 	at okhttp3.internal.cache.CacheInterceptor.intercept(CacheInterceptor.kt:95)
11-01 17:32:19.743  2617  2617 W LoginViewModel$invokeSuspend: 	at okhttp3.internal.http.RealInterceptorChain.proceed(RealInterceptorChain.kt:109)
11-01 17:32:19.743  2617  2617 W LoginViewModel$invokeSuspend: 	at okhttp3.internal.http.BridgeInterceptor.intercept(BridgeInterceptor.kt:83)
11-01 17:32:19.743  2617  2617 W LoginViewModel$invokeSuspend: 	at okhttp3.internal.http.RealInterceptorChain.proceed(RealInterceptorChain.kt:109)
11-01 17:32:19.743  2617  2617 W LoginViewModel$invokeSuspend: 	at okhttp3.internal.http.RetryAndFollowUpInterceptor.intercept(RetryAndFollowUpInterceptor.kt:76)
11-01 17:32:19.743  2617  2617 W LoginViewModel$invokeSuspend: 	at okhttp3.internal.http.RealInterceptorChain.proceed(RealInterceptorChain.kt:109)
11-01 17:32:19.743  2617  2617 W LoginViewModel$invokeSuspend: 	at com.ustadmobile.libcache.okhttp.UstadCacheInterceptor.intercept(UstadCacheInterceptor.kt:407)
11-01 17:32:19.743  2617  2617 W LoginViewModel$invokeSuspend: 	at okhttp3.internal.http.RealInterceptorChain.proceed(RealInterceptorChain.kt:109)
11-01 17:32:19.743  2617  2617 W LoginViewModel$invokeSuspend: 	at okhttp3.internal.connection.RealCall.getResponseWithInterceptorChain$okhttp(RealCall.kt:201)
11-01 17:32:19.743  2617  2617 W LoginViewModel$invokeSuspend: 	at okhttp3.internal.connection.RealCall$AsyncCall.run(RealCall.kt:517)
11-01 17:32:19.743  2617  2617 W LoginViewModel$invokeSuspend: 	at java.util.concurrent.ThreadPoolExecutor.runWorker(ThreadPoolExecutor.java:1137)
11-01 17:32:19.743  2617  2617 W LoginViewModel$invokeSuspend: 	at java.util.concurrent.ThreadPoolExecutor$Worker.run(ThreadPoolExecutor.java:637)
11-01 17:32:19.743  2617  2617 W LoginViewModel$invokeSuspend: 	at java.lang.Thread.run(Thread.java:1012)
11-01 17:32:19.743  2617  2617 W LoginViewModel$invokeSuspend: Caused by: java.net.ConnectException: failed to connect to edubridge-afghanistan.app/65.21.146.62 (port 443) from /10.0.2.16 (port 51366) after 10000ms: isConnected failed: ECONNREFUSED (Connection refused)
11-01 17:32:19.743  2617  2617 W LoginViewModel$invokeSuspend: 	at libcore.io.IoBridge.isConnected(IoBridge.java:347)
11-01 17:32:19.743  2617  2617 W LoginViewModel$invokeSuspend: 	at libcore.io.IoBridge.connectErrno(IoBridge.java:237)
11-01 17:32:19.743  2617  2617 W LoginViewModel$invokeSuspend: 	at libcore.io.IoBridge.connect(IoBridge.java:179)
11-01 17:32:19.743  2617  2617 W LoginViewModel$invokeSuspend: 	at java.net.PlainSocketImpl.socketConnect(PlainSocketImpl.java:142)
11-01 17:32:19.743  2617  2617 W LoginViewModel$invokeSuspend: 	at java.net.AbstractPlainSocketImpl.doConnect(AbstractPlainSocketImpl.java:390)
11-01 17:32:19.743  2617  2617 W LoginViewModel$invokeSuspend: 	at java.net.AbstractPlainSocketImpl.connectToAddress(AbstractPlainSocketImpl.java:230)
11-01 17:32:19.743  2617  2617 W LoginViewModel$invokeSuspend: 	at java.net.AbstractPlainSocketImpl.connect(AbstractPlainSocketImpl.java:212)
11-01 17:32:19.743  2617  2617 W LoginViewModel$invokeSuspend: 	at java.net.SocksSocketImpl.connect(SocksSocketImpl.java:436)
11-01 17:32:19.743  2617  2617 W LoginViewModel$invokeSuspend: 	at java.net.Socket.connect(Socket.java:646)
11-01 17:32:19.743  2617  2617 W LoginViewModel$invokeSuspend: 	at okhttp3.internal.platform.Platform.connectSocket(Platform.kt:128)
11-01 17:32:19.743  2617  2617 W LoginViewModel$invokeSuspend: 	at okhttp3.internal.connection.RealConnection.connectSocket(RealConnection.kt:295)
11-01 17:32:19.743  2617  2617 W LoginViewModel$invokeSuspend: 	... 20 more
11-01 17:32:19.743  2617  2617 W LoginViewModel$invokeSuspend: Caused by: android.system.ErrnoException: isConnected failed: ECONNREFUSED (Connection refused)
11-01 17:32:19.743  2617  2617 W LoginViewModel$invokeSuspend: 	at libcore.io.IoBridge.isConnected(IoBridge.java:334)
11-01 17:32:19.743  2617  2617 W LoginViewModel$invokeSuspend: 	... 30 more
11-01 17:32:19.792  2617  2674 D EGL_emulation: app_time_stats: avg=1.29ms min=1.07ms max=1.59ms count=60
11-01 17:32:20.676  4312  4318 W dex2oat64: Accessing hidden method Landroid/window/BackEvent;->getProgress()F (blocked, linking, denied)
11-01 17:32:20.676  4312  4318 W dex2oat64: Accessing hidden method Landroid/window/BackEvent;->getSwipeEdge()I (blocked, linking, denied)
11-01 17:32:20.676  4312  4318 W dex2oat64: Accessing hidden method Landroid/window/BackEvent;->getTouchX()F (blocked, linking, denied)
11-01 17:32:20.676  4312  4318 W dex2oat64: Accessing hidden method Landroid/window/BackEvent;->getTouchY()F (blocked, linking, denied)
11-01 17:32:20.807  2617  2674 D EGL_emulation: app_time_stats: avg=1.31ms min=0.92ms max=2.91ms count=61
11-01 17:32:20.915  4312  4318 W dex2oat64: Method java.lang.Object androidx.compose.runtime.snapshots.SnapshotStateMap.mutate(kotlin.jvm.functions.Function1) failed lock verification and will run slower.
11-01 17:32:20.915  4312  4318 W dex2oat64: Common causes for lock verification issues are non-optimized dex code
11-01 17:32:20.915  4312  4318 W dex2oat64: and incorrect proguard optimizations.
11-01 17:32:20.916  4312  4318 W dex2oat64: Method void androidx.compose.runtime.snapshots.SnapshotStateMap.update(kotlin.jvm.functions.Function1) failed lock verification and will run slower.
11-01 17:32:20.916  4312  4318 W dex2oat64: Method boolean androidx.compose.runtime.snapshots.SnapshotStateMap.removeIf$runtime_release(kotlin.jvm.functions.Function1) failed lock verification and will run slower.
11-01 17:32:20.936  4312  4312 W dex2oat64: Method boolean androidx.compose.runtime.snapshots.SnapshotStateList.conditionalUpdate(boolean, kotlin.jvm.functions.Function1) failed lock verification and will run slower.
11-01 17:32:20.936  4312  4312 W dex2oat64: Method boolean androidx.compose.runtime.snapshots.SnapshotStateList.conditionalUpdate$default(androidx.compose.runtime.snapshots.SnapshotStateList, boolean, kotlin.jvm.functions.Function1, int, java.lang.Object) failed lock verification and will run slower.
11-01 17:32:20.936  4312  4312 W dex2oat64: Method java.lang.Object androidx.compose.runtime.snapshots.SnapshotStateList.mutate(kotlin.jvm.functions.Function1) failed lock verification and will run slower.
11-01 17:32:20.936  4312  4312 W dex2oat64: Method void androidx.compose.runtime.snapshots.SnapshotStateList.update(boolean, kotlin.jvm.functions.Function1) failed lock verification and will run slower.
11-01 17:32:20.937  4312  4312 W dex2oat64: Method void androidx.compose.runtime.snapshots.SnapshotStateList.update$default(androidx.compose.runtime.snapshots.SnapshotStateList, boolean, kotlin.jvm.functions.Function1, int, java.lang.Object) failed lock verification and will run slower.
11-01 17:32:21.808  2617  2674 D EGL_emulation: app_time_stats: avg=1.29ms min=0.97ms max=1.72ms count=60
11-01 17:32:22.334  4312  4312 I dex2oat64: Explicit concurrent copying GC freed 197306(32MB) AllocSpace objects, 0(0B) LOS objects, 49% free, 2112KB/4224KB, paused 22us,2us total 7.572ms
11-01 17:32:22.672  4312  4312 I dex2oat64: dex2oat took 6.224s (9.709s cpu) (threads: 4) arena alloc=9064KB (9282264B) java alloc=2112KB (2162944B) native alloc=21MB (22789296B) free=146MB (153310080B)
11-01 17:32:22.700   496   496 V installd: DexInv: --- END '/data/app/~~BwgQtX5CYUpjiTMOEzzJJw==/org.street_child.edubridge-_HKotTTaiFD4n6vJUuyHvA==/base.apk' (success) ---
11-01 17:32:22.745  1510  1859 W MediaProvider: isAppCloneUserPair for user 0: false
11-01 17:32:22.746  1510  1859 V MediaProvider: Inserted id:1000000104 less than next row id backup:1000001000.
11-01 17:32:22.808  2617  2674 D EGL_emulation: app_time_stats: avg=1.38ms min=1.10ms max=2.91ms count=60
11-01 17:32:23.126  4335  4335 W profman : profman took 350.828ms
11-01 17:32:23.147  1510  4108 W MediaProvider: isAppCloneUserPair for user 0: false
11-01 17:32:23.148  1510  4108 V MediaProvider: Inserted id:1000000105 less than next row id backup:1000001000.
11-01 17:32:23.825  2617  2674 D EGL_emulation: app_time_stats: avg=1.24ms min=1.03ms max=1.59ms count=61
11-01 17:32:23.943  1510  1859 I MediaProvider: Deleted 0 0 0 0 0 0 0 items on external_primary due to com.ustadmobile.app_android_baselineprofile
11-01 17:32:24.411   867   995 D EGL_emulation: app_time_stats: avg=831.59ms min=9.66ms max=24199.97ms count=30
11-01 17:32:24.755  2525  2542 D Benchmark: Unstable profiles during iteration 14
11-01 17:32:24.755  2525  2542 D Benchmark: Killing package org.street_child.edubridge
11-01 17:32:24.755  2525  2542 D Benchmark: Killing process org.street_child.edubridge
11-01 17:32:24.755  2525  2542 D UiDevice: Executing shell command: killall org.street_child.edubridge
11-01 17:32:24.768  2525  2542 D Benchmark: Compile iteration (15) for org.street_child.edubridge
11-01 17:32:24.842  2617  2674 D EGL_emulation: app_time_stats: avg=1.30ms min=0.97ms max=1.61ms count=61
11-01 17:32:24.894  2525  2542 D UiDevice: Pressing home button.
11-01 17:32:24.911   867   867 V ShadeControllerImpl: NotificationShadeWindow: com.android.systemui.shade.NotificationShadeWindowView{f025071 I.E...... ......ID 0,0-320,640} canPanelBeCollapsed(): false
11-01 17:32:24.918  1129  1129 D TaplTarget: Launcher.onNewIntent: Intent { act=android.intent.action.MAIN cat=[android.intent.category.HOME] flg=0x10400100 cmp=com.android.launcher3/.uioverrides.QuickstepLauncher (has extras) }
11-01 17:32:24.921   867   867 V ShadeControllerImpl: NotificationShadeWindow: com.android.systemui.shade.NotificationShadeWindowView{f025071 I.E...... ......ID 0,0-320,640} canPanelBeCollapsed(): false
11-01 17:32:24.939   425   425 I BpBinder: onLastStrongRef automatically unlinking death recipients: <uncached descriptor>
11-01 17:32:24.957   425   459 W TransactionTracing: Could not find layer handle 0x7b1d627697b0
11-01 17:32:24.964  1510  1758 W MediaProvider: isAppCloneUserPair for user 0: false
11-01 17:32:24.964  1510  1758 V MediaProvider: Inserted id:1000000106 less than next row id backup:1000001000.
11-01 17:32:24.990   425   459 W TransactionTracing: Could not find layer handle 0x7b1d62766030
11-01 17:32:25.021  2525  2542 I System.out: 0 Flags,FrameTimelineVsyncId,IntendedVsync,Vsync,InputEventId,HandleInputStart,AnimationStart,PerformTraversalsStart,DrawStart,FrameDeadline,FrameInterval,FrameStartTime,SyncQueued,SyncStart,IssueDrawCommandsStart,SwapBuffers,FrameCompleted,DequeueBufferDuration,QueueBufferDuration,GpuCompleted,SwapBuffersCompleted,DisplayPresentTime,CommandSubmissionCompleted,
11-01 17:32:25.021  2525  2542 I System.out: 1 0,178658,617783487737,617783487737,0,617783735445,617783736135,617783908585,617783926245,617833487735,617783733475,16666666,617784012655,617785021965,617785062575,617785500226,617801485460,15165544,120720,617800279310,617801485460,617817712294,617785500226,
11-01 17:32:25.021  2525  2542 I System.out: 2 0,178666,617800154403,617800154403,0,617800418440,617800418770,617800591950,617800608030,617850154401,617800416410,16666666,617800683980,617801519350,617801557310,617801942140,617818068025,15355095,104240,617816910114,617818068025,617834501639,617801942140,
11-01 17:32:25.021  2525  2542 I System.out: 3 0,178674,617816821069,617816821069,0,617817062454,617817062774,617817212824,617817228374,617866821067,617817060784,16666666,617817320064,617818087255,617818113035,617818483355,617834774219,15489794,97260,617833599099,617834774219,617851661524,617818483355,
11-01 17:32:25.021  2525  2542 I System.out: 4 0,178682,617833487735,617833487735,0,617833712579,617833712979,617833868209,617833879789,617883487733,617833710959,16666666,617833950729,617834798109,617834823929,617835145919,617851834334,15877674,93160,617850292934,617851834334,617867971378,617835145919,
11-01 17:32:25.021  2525  2542 I System.out: 5 0,178690,617850154401,617850154401,0,617850314944,617850315164,617850434634,617850443214,617900154399,617850314004,16666666,617850487354,617851851434,617851872534,617852126904,617868214109,15334195,78090,617866916158,617868214109,617884570933,617852126904,
11-01 17:32:25.021  2525  2542 I System.out: 6 0,178698,617866821067,617866821067,0,617866978038,617866978298,617867116628,617867125188,617916821065,617866976888,16666666,617867172328,617868240779,617868270819,617868639639,617884874223,15352804,148340,617883595413,617884874223,617901177648,617868639639,
11-01 17:32:25.021  2525  2542 I System.out: 7 0,178706,617883487733,617883487733,0,617883635893,617883636133,617883745413,617883753193,617933487731,617883634883,16666666,617883795943,617884900293,617884946453,617885370053,617901651438,15437814,104730,617900257377,617901651438,617917714632,617885370053,
11-01 17:32:25.021  2525  2542 I System.out: 8 0,178714,617900154399,617900154399,0,617900331497,617900331907,617900510297,617900522407,617950154397,617900330387,16666666,617900592778,617901673598,617901700858,617902078748,617917975672,15072674,93990,617916908122,617917975672,617934516027,617902078748,
11-01 17:32:25.021  2525  2542 I System.out: 9 0,178722,617916821065,617916821065,0,617917770822,617917771142,617917899002,617917910092,617966821063,617917769442,16666666,617917979262,617917997902,617918024152,617918350462,617934775027,15596144,107170,617933602457,617934775027,617951585392,617918350462,
11-01 17:32:25.021  2525  2542 I System.out: 10 0,178730,617933487731,617933487731,0,617933722067,617933722897,617933924957,617933942347,617983487729,617933720187,16666666,617934026857,617934807527,617934853357,617935256767,617951762302,15629035,100260,617950271591,617951762302,617967581126,617935256767,
11-01 17:32:25.021  2525  2542 I System.out: 11 0,178738,617950154397,617950154397,0,617950363031,617950363521,617950548711,617950568291,618000154395,617950360331,16666666,617950655801,617951802242,617951846782,617952211642,617967755386,14815434,146570,617966898676,617967755386,617984610291,617952211642,
11-01 17:32:25.021  2525  2542 I System.out: 12 0,178746,617966821063,617966821063,0,617966998576,617966998846,617967117486,617967129236,618016821061,617966997246,16666666,617967191996,617967794976,617967839866,617968219166,617984886941,15636824,195201,617983635701,617984886941,618001175515,617968219166,
11-01 17:32:25.021  2525  2542 I System.out: 13 0,178754,617983487729,617983487729,0,617983754071,617983754611,617983949621,617983971111,618033487727,617983752301,16666666,617984074191,617984938631,617984988941,617985461031,618001530276,15069175,211720,617986416521,618001530276,618017796110,617985461031,
11-01 17:32:25.021  2525  2542 I System.out: 14 0,178762,618000154395,618000154395,0,618000392745,618000393115,618000543455,618000554515,618050154393,618000391415,16666666,618000626375,618001555406,618001581366,618001897666,618017971050,15245894,158780,618016911530,618017971050,618034940515,618001897666,
11-01 17:32:25.021  2525  2542 I System.out: 15 0,178770,618016821061,618016821061,0,618017047370,618017047840,618017205530,618017217690,618066821059,618017046070,16666666,618017290420,618018053120,618018084730,618018441000,618035112485,15807735,155630,618033626344,618035112485,618051080729,618018441000,
11-01 17:32:25.021  2525  2542 I System.out: 16 0,178778,618033487727,618033487727,0,618033717054,618033717394,618033843815,618033854415,618083487725,618033715994,16666666,618033913245,618035134935,618035158695,618035481655,618051621719,15309204,154100,618050250559,618051621719,618067804124,618035481655,
11-01 17:32:25.021  2525  2542 I System.out: 17 0,178786,618050154393,618050154393,0,618050322319,618050322649,618050432099,618050442019,618100154391,618050321419,16666666,618050496709,618051646899,618051674209,618051979230,618068044584,15250574,154690,618066926274,618068044584,618084996319,618051979230,
11-01 17:32:25.021  2525  2542 I System.out: 18 0,178794,618066821059,618066821059,0,618067017454,618067017784,618067136594,618067147284,618116821057,618067016504,16666666,618067212124,618068072174,618068103014,618068426884,618085157489,15897425,153770,618083601428,618085157489,618101652493,618068426884,
11-01 17:32:25.021  2525  2542 I System.out: 19 0,178802,618083487725,618083487725,0,618083657018,618083657368,618083778178,618083789098,618133487723,618083655878,16666666,618083847238,618085179409,618085204929,618085520839,618101815513,15571014,92940,618100249793,618101815513,618117844888,618085520839,
11-01 17:32:25.021  2525  2542 I System.out: 20 0,178810,618100154391,618100154391,0,618100316543,618100316863,618100432383,618100441723,618150154389,618100315533,16666666,618100491743,618101839253,618101865333,618102171763,618118034108,15120964,93230,618116915898,618118034108,618134407092,618102171763,
11-01 17:32:25.021  2525  2542 I System.out: 21 0,178818,618116821057,618116821057,0,618117021678,618117021948,618117130448,618117140168,618166821055,618117020568,16666666,618117191828,618118060258,618118092778,618118441168,618134731823,15299235,123950,618133583582,618134731823,618151156897,618118441168,
11-01 17:32:25.021  2525  2542 I System.out: 22 0,178826,618133487723,618133487723,0,618133639002,618133639292,618133742672,618133751852,618183487721,618133638062,16666666,618133801082,618134757153,618134785943,618135153413,618151446067,15316394,102650,618150287167,618151446067,618167724832,618135153413,
11-01 17:32:25.021  2525  2542 I System.out: 23 0,178834,618150154389,618150154389,0,618150322907,618150323207,618150465367,618150474497,618200154387,618150321817,16666666,618150524977,618151469567,618151497787,618151817247,618168044562,15411264,91471,618166929011,618168044562,618184445886,618151817247,
11-01 17:32:25.021  2525  2542 I System.out: 24 0,178842,618166821055,618166821055,0,618166987692,618166988022,618167092102,618167101032,618216821053,618166986672,16666666,618167148632,618168070982,618168102122,618168421022,618184650096,15444114,93600,618183588726,618184650096,618201162861,618168421022,
11-01 17:32:25.021  2525  2542 I System.out: 25 0,178850,618183487721,618183487721,0,618183677506,618183677816,618183779256,618183788046,618233487719,618183676576,16666666,618183834676,618184676176,618184705356,618185043407,618201601921,15783364,94810,618200281391,618201601921,618217839486,618185043407,
11-01 17:32:25.021  2525  2542 I System.out: 26 0,178858,618200154387,618200154387,0,618200349121,618200349391,618200457601,618200466661,618250154385,618200348151,16666666,618200522181,618201630521,618201658171,618202030101,618218070306,15289705,81930,618216926065,618218070306,618234374470,618202030101,
11-01 17:32:25.021  2525  2542 I System.out: 27 0,178866,618216821053,618216821053,0,618217037835,618217038205,618217191335,618217212505,618266821051,618217036195,16666666,618217312165,618218092736,618218118386,618218435726,618234685090,15473324,93260,618233588430,618234685090,618251189425,618218435726,
11-01 17:32:25.021  2525  2542 I System.out: 28 0,178874,618233487719,618233487719,0,618233663230,618233663650,618233810090,618233821420,618283487717,618233661930,16666666,618233885290,618234725010,618234772610,618235205850,618251429025,15420134,118840,618250261665,618251429025,618267779509,618235205850,
11-01 17:32:25.021  2525  2542 I System.out: 29 0,178882,618250154385,618250154385,0,618250325995,618250326305,618250447085,618250457175,618300154383,618250324815,16666666,618250512785,618251456475,618251483265,618251808265,618267994670,15117795,107400,618252831575,618267994670,618284647824,618251808265,
11-01 17:32:25.021  2525  2542 I System.out: 30 0,178890,618266821051,618266821051,0,618266974039,618266974309,618267081089,618267090129,618316821049,618266972959,16666666,618267139759,618268020310,618268048150,618268359040,618284871834,15750524,95310,618283613264,618284871834,618301093119,618268359040,
11-01 17:32:25.021  2525  2542 I System.out: 31 0,178898,618283487717,618283487717,0,618283658174,618283658504,618283780594,618283790724,618333487715,618283657044,16666666,618283845234,618284906384,618284967784,618285335744,618301384669,15265264,107900,618300273379,618301384669,618317859833,618285335744,
11-01 17:32:25.021  2525  2542 I System.out: 32 0,178906,618300154383,618300154383,0,618300313729,618300314039,618300420939,618300430249,618350154381,618300312649,16666666,618300480769,618301428699,618301453329,618301755889,618318027893,15555804,94290,618316900633,618318027893,618334405108,618301755889,
11-01 17:32:25.021  2525  2542 I System.out: 33 0,178914,618316821049,618316821049,0,618316986043,618316986313,618317101193,618317110453,618366821047,618316985053,16666666,618317161523,618318052713,618318077833,618318393284,618334665208,15498014,127890,618319121334,618334665208,618351061823,618318393284,
11-01 17:32:25.021  2525  2542 I System.out: 34 0,178922,618333487715,618333487715,0,618333661758,618333662088,618333768088,618333777268,618383487713,618333660868,16666666,618333826018,618334690008,618334719858,618335034278,618351292463,15469625,102520,618350261862,618351292463,618367741837,618335034278,
11-01 17:32:25.021  2525  2542 I System.out: 35 0,178930,618350154381,618350154381,0,618350339622,618350339942,618350448702,618350457802,618400154379,618350338532,16666666,618350506532,618351317553,618351346973,618351672703,618368054237,15613554,95970,618366938127,618368054237,618384429112,618351672703,
11-01 17:32:25.021  2525  2542 I System.out: 36 0,178938,618366821047,618366821047,0,618366987787,618366988077,618367103897,618367113357,618416821045,618366986777,16666666,618367163937,618368079527,618368107147,618368419757,618384699982,15492264,95280,618383586792,618384699982,618401068437,618368419757,
11-01 17:32:25.021  2525  2542 I System.out: 37 0,178946,618383487713,618383487713,0,618383700992,618383701262,618383814552,618383824172,618433487711,618383699842,16666666,618383880422,618384725082,618384754752,618385111792,618401287177,15372465,95260,618400256166,618401287177,618417600961,618385111792,
11-01 17:32:25.021  2525  2542 I System.out: 38 0,178954,618400154379,618400154379,0,618400344506,618400344796,618400451866,618400461046,618450154377,618400343426,16666666,618400510586,618401311947,618401336987,618401666787,618418001161,15552804,93500,618416895671,618418001161,618434470226,618401666787,
11-01 17:32:25.021  2525  2542 I System.out: 39 0,178962,618416821045,618416821045,0,618416980061,618416980371,618417087821,618417097111,618466821043,618416979081,16666666,618417145741,618418026431,618418053361,618418378231,618434854256,15718964,89960,618433605966,618434854256,618451438451,618418378231,
11-01 17:32:25.021  2525  2542 I System.out: 40 0,178970,618433487711,618433487711,0,618433663836,618433664156,618433772856,618433782366,618483487709,618433662766,16666666,618433831366,618434877096,618434902736,618435222336,618451617061,15658935,90640,618450256660,618451617061,618467691835,618435222336,
11-01 17:32:25.021  2525  2542 I System.out: 41 0,178978,618450154377,618450154377,0,618450329350,618450329660,618450443650,618450452770,618500154375,618450328320,16666666,618450502250,618451639151,618451663941,618451979441,618468012395,15255994,92390,618466938535,618468012395,618484605070,618451979441,
11-01 17:32:25.021  2525  2542 I System.out: 42 0,178986,618466821043,618466821043,0,618467021185,618467021475,618467129155,618467138285,618516821041,618467020215,16666666,618467189875,618468036795,618468067505,618468379745,618485145170,16010305,90430,618483614319,618485145170,618501124244,618468379745,
11-01 17:32:25.021  2525  2542 I System.out: 43 0,178994,618483487709,618483487709,0,618483744519,618483745329,618484024730,618484052430,618533487707,618483741299,16666666,618484185480,618485174220,618485208960,618485619640,618501592264,15000184,178740,618500277464,618501592264,618517855729,618485619640,
11-01 17:32:25.021  2525  2542 I System.out: 44 0,179002,618500154375,618500154375,0,618500402594,618500403254,618500611114,618500634134,618550154373,618500399824,16666666,618500739164,618501625994,618501665504,618502067385,618518185339,15280484,121360,618516938019,618518185339,618534532214,618502067385,
11-01 17:32:25.021  2525  2542 I System.out: 45 0,179010,618516821041,618516821041,0,618517053309,618517053639,618517165979,618517175289,618566821039,618517052089,16666666,618517227109,618518210779,618518239519,618518579249,618534754754,15340475,106970,618533620033,618534754754,618551056888,618518579249,
11-01 17:32:25.021  2525  2542 I System.out: 46 0,179018,618533487707,618533487707,0,618533678333,618533678683,618533835053,618533844913,618583487705,618533677173,16666666,618533898903,618534778494,618534803874,618535118704,618551337658,15348154,197640,618535944294,618551337658,618567735513,618535118704,
11-01 17:32:25.021  2525  2542 I System.out: 47 0,179026,618550154373,618550154373,0,618550289558,618550289828,618550428488,618550437698,618600154371,618550288538,16666666,618550487558,618551362768,618551396038,618551718338,618567963553,15476384,91540,618566914143,618567963553,618584306877,618551718338,
11-01 17:32:25.021  2525  2542 I System.out: 48 0,179034,618566821039,618566821039,0,618567052503,618567052933,618567211703,618567233633,618616821037,618567050873,16666666,618567333333,618567989013,618568021853,618568361183,618584529057,15333784,139970,618569146853,618584529057,618601019532,618568361183,
11-01 17:32:25.021  2525  2542 I System.out: 49 0,179042,618583487705,618583487705,0,618583640407,618583659927,618583786067,618583797367,618633487703,618583639317,16666666,618583855317,618584553737,618584586587,618584935628,618601250862,15529164,139330,618585672088,618601250862,618617782767,618584935628,
11-01 17:32:25.021  2525  2542 I System.out: 50 0,179050,618600154371,618600154371,0,618600317872,618600318252,618600480022,618600490672,618650154369,618600316472,16666666,618600547652,618601277152,618601310682,618601684762,618617938657,15381965,143640,618602511192,618617938657,618634268111,618601684762,
11-01 17:32:25.021  2525  2542 I System.out: 51 0,179058,618616821037,618616821037,0,618617033667,618617033957,618617163417,618617174387,618666821035,618617032307,16666666,618617230187,618617962727,618617993857,618618352557,618634469611,15274034,145240,618619108237,618634469611,618651070216,618618352557,
11-01 17:32:25.021  2525  2542 I System.out: 52 0,179066,618633487703,618633487703,0,618633683251,618633683601,618633822681,618633835451,618683487701,618633682031,16666666,618633901071,618634494531,618634525431,618634960631,618651367316,15397204,98940,618650282426,618651367316,618667634011,618634960631,
11-01 17:32:25.021  2525  2542 I System.out: 53 0,179074,618650154369,618650154369,0,618650341026,618650341306,618650477716,618650487846,618700154367,618650339656,16666666,618650542126,618651393386,618651424166,618651801696,618668136501,15556465,93320,618666909290,618668136501,618684393405,618651801696,
11-01 17:32:25.021  2525  2542 I System.out: 54 0,179082,618666821035,618666821035,0,618667012870,618667013140,618667156250,618667166030,618716821033,618667011720,16666666,618667221630,618668158261,618668182951,618668509331,618684618005,15356534,92980,618683596135,618684618005,618701106160,618668509331,
11-01 17:32:25.021  2525  2542 I System.out: 55 0,179090,618683487701,618683487701,0,618683662115,618683662385,618683817875,618683829855,618733487699,618683660715,16666666,618683900685,618684642395,618684672085,618684990195,618701302220,15586434,94680,618700242700,618701302220,618718821535,618684990195,
11-01 17:32:25.022  2525  2542 I System.out: 56 0,179098,618700154367,618700154367,0,618700383380,618700383870,618700600700,618700618790,618750154365,618700381570,16666666,618700715990,618701326710,618701373570,618701737330,618718983145,16366455,124530,618702565500,618718983145,618734443639,618701737330,
11-01 17:32:25.022  2525  2542 I System.out: 57 0,179106,618716821033,618716821033,0,618717037064,618717037594,618717223614,618717242674,618766821031,618717034994,16666666,618717334594,618719035645,618719084935,618719526655,618734787329,14332924,185300,618720402605,618734787329,618751216334,618719526655,
11-01 17:32:25.022  2525  2542 I System.out: 58 0,179114,618733487699,618733487699,0,618733656759,618733657029,618733769349,618733781109,618783487697,618733655339,16666666,618733836109,618734833329,618734877669,618735192539,618751596834,15636204,111651,618735901400,618751596834,618768449969,618735192539,
11-01 17:32:25.022  2525  2542 I System.out: 59 0,179122,618750154365,618750154365,0,618750348364,618750349004,618750568494,618750590304,618800154363,618750345604,16666666,618750692684,618751634004,618751693214,618752182134,618768646059,15524435,199930,618753062074,618768646059,618784279293,618752182134,
11-01 17:32:25.022  2525  2542 I System.out: 60 0,179130,618766821031,618766821031,0,618767019458,618767020168,618767289328,618767315188,618816821029,618767016608,16666666,618767443548,618768686769,618768745699,618769282499,618784453583,14225164,143830,618770169979,618784453583,618801146708,618769282499,
11-01 17:32:25.022  2525  2542 I System.out: 61 0,179138,618783487697,618783487697,0,618783659803,618783660193,618783838383,618783858883,618833487695,618783658293,16666666,618783959563,618784488563,618784538903,618785024583,618801307338,15487115,114050,618800246487,618801307338,618817783092,618785024583,
11-01 17:32:25.022  2525  2542 I System.out: 62 0,179146,618800154363,618800154363,0,618800297427,618800297637,618800390197,618800402667,618850154361,618800296227,16666666,618800460917,618801324528,618801351148,618801626718,618817986282,15687004,62190,618816870552,618817986282,618835014967,618801626718,
11-01 17:32:25.022  2525  2542 I System.out: 63 0,179154,618816821029,618816821029,0,618816982152,618816982442,618817134992,618817148632,618866821027,618816980872,16666666,618817222912,618818009652,618818042632,618818364402,618835171257,16078824,101190,618833579207,618835171257,618851005441,618818364402,
11-01 17:32:25.022  2525  2542 I System.out: 64 0,179162,618833487695,618833487695,0,618833693677,618833694107,618833864277,618833881617,618883487693,618833692197,16666666,618833981307,618835196597,618835230367,618835593587,618851220432,14881625,102940,618850237251,618851220432,618868257726,618835593587,
11-01 17:32:25.022  2525  2542 I System.out: 65 0,179170,618850154361,618850154361,0,618850335041,618850335451,618850490751,618850504301,618900154359,618850333581,16666666,618850576061,618851244142,618851275952,618851623102,618868409596,16055064,99630,618866916016,618868409596,618884436941,618851623102,
11-01 17:32:25.022  2525  2542 I System.out: 66 0,179178,618866821027,618866821027,0,618866980306,618866980696,618867138866,618867153626,618916821025,618866978946,16666666,618867241736,618868433606,618868465736,618868827046,618884948151,15322294,97250,618883561431,618884948151,618901079915,618868827046,
11-01 17:32:25.022  2525  2542 I System.out: 67 0,179186,618883487693,618883487693,0,618883649471,618883649771,618883787851,618883801061,618933487691,618883648131,16666666,618883871581,618884974551,618885007211,618885382021,618901347845,14978394,106290,618900239935,618901347845,618917684010,618885382021,
11-01 17:32:25.022  2525  2542 I System.out: 68 0,179194,618900154359,618900154359,0,618900334715,618900335385,618900514685,618900535545,618950154357,618900332525,16666666,618900633745,618901381935,618901440436,618901795346,618917809900,15194504,105560,618916871330,618917809900,618934445005,618901795346,
11-01 17:32:25.022  2525  2542 I System.out: 69 0,179202,618916821025,618916821025,0,618917003940,618917004210,618917145000,618917154720,618966821023,618917002660,16666666,618917210360,618917840520,618917877120,618918215750,618934612905,15561245,108520,618933557224,618934612905,618950919249,618918215750,
11-01 17:32:25.022  2525  2542 I System.out: 70 0,179210,618933487691,618933487691,0,618933634234,618933634544,618933761024,618933771434,618983487689,618933632914,16666666,618933835665,618934646585,618934686155,618935068025,618951075939,15174364,155010,618935854185,618951075939,618967847304,618935068025,
11-01 17:32:25.022  2525  2542 I System.out: 71 0,179218,618950154357,618950154357,0,618950282709,618950283009,618950387929,618950396989,619000154355,618950281769,16666666,618950447309,618951101159,618951130709,618951544219,618968059604,15676384,155000,618952333980,618968059604,618984215309,618951544219,
11-01 17:32:25.022  2525  2542 I System.out: 72 0,179226,618966821023,618966821023,0,618966975184,618966975494,618967089494,618967098364,619016821021,618966973984,16666666,618967149914,618968092494,618968128254,618968479274,618984348379,14820515,171980,618969489724,618984348379,619001095643,618968479274,
11-01 17:32:25.022  2525  2542 I System.out: 73 0,179234,618983487689,618983487689,0,618983616788,618983617078,618983726288,618983735448,619033487687,618983615768,16666666,618983786678,618984375359,618984404799,618984721279,619001323763,15628844,143300,618985645459,619001323763,619017848888,618984721279,
