11-01 17:30:44.209  2525  2542 I System.out: 105 0,127367,518700158367,518700158367,0,518700295313,518700295623,518700458703,518700468123,518733491699,518700294243,16666666,518700518643,518701620183,518701670613,518702108883,518718167108,15221144,123270,518702892684,518718167108,518734422202,518702108883,
11-01 17:30:44.209  2525  2542 I System.out: 106 0,127375,518716825033,518716825033,0,518717046628,518717047048,518717337978,518717364598,518750158365,518717044168,16666666,518717529528,518718193828,518718231728,518718634658,518734934003,15458575,106040,518719421868,518734934003,518751480747,518718634658,
11-01 17:30:44.209  2525  2542 I System.out: 107 0,127383,518733491699,518733491699,0,518733639252,518733639552,518733816262,518733832462,518766825031,518733638182,16666666,518733907702,518734961553,518734993653,518735335313,518751694597,15478104,113320,518736148803,518751694597,518768181922,518735335313,
11-01 17:30:44.210  2525  2542 I System.out: 108 0,127391,518750158365,518750158365,0,518750350567,518750350977,518750560947,518750582357,518783491697,518750348187,16666666,518750671897,518751726927,518751768957,518752194797,518768379972,15352544,130090,518752956278,518768379972,518784581016,518752194797,
11-01 17:30:44.210  2525  2542 I System.out: 109 0,127399,518766825031,518766825031,0,518767020381,518767020771,518767240972,518767266502,518800158363,518767018201,16666666,518767361472,518768411102,518768450662,518768826412,518784903396,15119374,128380,518783580916,518784903396,518801148191,518768826412,
11-01 17:30:44.210  2525  2542 I System.out: 110 0,127407,518783491697,518783491697,0,518783633486,518783633786,518783801506,518783813686,518816825029,518783631986,16666666,518783871826,518784945536,518784998456,518785536847,518801418841,15063494,130450,518800250691,518801418841,518818149146,518785536847,
11-01 17:30:44.210  2525  2542 I System.out: 111 0,127415,518800158363,518800158363,0,518800314921,518800315341,518800533331,518800555881,518833491695,518800313301,16666666,518800664831,518801443061,518801473851,518801819571,518818308146,15696405,105090,518816909925,518818308146,518834535810,518801819571,
11-01 17:30:44.210  2525  2542 I System.out: 112 0,127423,518816825029,518816825029,0,518816963245,518816963545,518817172425,518817190025,518850158361,518816961965,16666666,518817273645,518818334966,518818368026,518818732906,518834757120,15140304,107920,518833601650,518834757120,518851156485,518818732906,
11-01 17:30:44.210  2525  2542 I System.out: 113 0,127431,518833491695,518833491695,0,518833657180,518833657560,518833884470,518833903080,518866825027,518833655610,16666666,518833998230,518834783400,518834818580,518835252660,518851514135,15346034,107510,518850261915,518851514135,518868150480,518835252660,
11-01 17:30:44.210  2525  2542 I System.out: 114 0,127439,518850158361,518850158361,0,518850303445,518850303705,518850501415,518850517325,518883491693,518850302265,16666666,518850597245,518851540915,518851578425,518851939655,518868278840,15500935,105190,518866952169,518868278840,518884669644,518851939655,
11-01 17:30:44.210  2525  2542 I System.out: 115 0,127447,518866825027,518866825027,0,518867044079,518867044959,518867371619,518867399089,518900158359,518867041099,16666666,518867534689,518868304210,518868341430,518868666770,518884992834,15417454,92280,518883610114,518884992834,518901975099,518868666770,
11-01 17:30:44.210  2525  2542 I System.out: 116 0,127455,518883491693,518883491693,0,518883775304,518883775984,518883996244,518884021964,518916825025,518883772504,16666666,518884159364,518885040914,518885089894,518885540094,518902030939,15604814,159990,518900236528,518902030939,518920107474,518885540094,
11-01 17:30:44.210  2525  2542 I System.out: 117 0,127484,518900158359,518900158359,0,518900885739,518900886099,518901121809,518901137799,518933491691,518900884349,16666666,518901257569,518902060359,518902102189,518902422599,518923484015,20198866,102000,518903229159,518923484015,516934572312,518902422599,
11-01 17:30:44.210  2525  2542 I System.out: 118 0,127513,518916825025,518916825025,0,518919461294,518919461504,518919660194,518919680204,518950158357,518919459904,16666666,518919768564,518923526575,518923579365,518924032695,518934775818,9682563,132140,518933627368,518934775818,516951567477,518924032695,
11-01 17:30:44.210  2525  2542 I System.out: 119 0,127542,518933491691,518933491691,0,518940407790,518940407960,518940624750,518940642860,518966825023,518940405230,16666666,518940730350,518940757380,518940802660,518941136060,518956843564,15023734,94270,518950269302,518956843564,516967880342,518941136060,
11-01 17:30:44.210  2525  2542 I System.out: 120 0,127564,518950158357,518950158357,0,518950570312,518950570652,518950747083,518950757173,518966825023,518950569152,16666666,518950837153,518956868534,518956928854,518957345434,516968178522,12144683,84610,516953082238,518970258428,516984479736,518957345434,
11-01 17:30:44.212  2525  2542 D Benchmark: Starting activity with command: am start  -W "intent:#Intent;action=android.intent.action.MAIN;category=android.intent.category.LAUNCHER;launchFlags=0x10008000;package=org.street_child.edubridge;component=org.street_child.edubridge/com.ustadmobile.port.android.view.AppActivity;end"
11-01 17:30:44.214  1510  1758 W MediaProvider: isAppCloneUserPair for user 0: false
11-01 17:30:44.215  1510  1758 V MediaProvider: Inserted id:1000000083 less than next row id backup:1000001000.
11-01 17:30:44.247   867   924 D SplashScreenView: Build android.window.SplashScreenView{bbdaca7 V.E...... ......ID 0,0-0,0}
11-01 17:30:44.247   867   924 D SplashScreenView: Icon: view: null drawable: null size: 0
11-01 17:30:44.247   867   924 D SplashScreenView: Branding: view: android.view.View{a879554 G.ED..... ......I. 0,0-0,0 #10204db android:id/splashscreen_branding_view} drawable: null size w: 0 h: 0
11-01 17:30:44.265   867   995 W Parcel  : Expecting binder but got null!
11-01 17:30:44.265  2617  2617 D AppActivity$onDestroy: AppActivity#onDestroy
11-01 17:30:44.268   575   962 W InputManager-JNI: Input channel object '88f275d org.street_child.edubridge/com.ustadmobile.port.android.view.AppActivity (client)' was disposed without first being removed with the input manager!
11-01 17:30:44.273  2617  2617 W CustomTabsClient: Unable to find any Custom Tabs packages, you may need to add a <queries> element to your manifest. See the docs for CustomTabsClient#getPackageName.
11-01 17:30:44.273  2617  2617 W AppActivity$bindCustomTabsService: CustomTabs: Service NOT supported
11-01 17:30:44.280  2617  2617 D AutofillManager: Fill dialog is enabled:false, hints=[]
11-01 17:30:44.284  2617  2617 W OnBackInvokedCallback: OnBackInvokedCallback is not enabled for the application.
11-01 17:30:44.284  2617  2617 W OnBackInvokedCallback: Set 'android:enableOnBackInvokedCallback="true"' in the application manifest.
11-01 17:30:44.287   575   590 D ConnectivityService: requestNetwork for uid/pid:10126/2617 activeRequest: null callbackRequest: 66 [NetworkRequest [ REQUEST id=67, [ Capabilities: INTERNET&NOT_RESTRICTED&TRUSTED&NOT_VCN_MANAGED Uid: 10126 RequestorUid: 10126 RequestorPkg: org.street_child.edubridge UnderlyingNetworks: Null] ]] callback flags: 0 order: 2147483647
11-01 17:30:44.287   575   808 D ConnectivityService: NetReassign [67 : null → 100]
11-01 17:30:44.288   575   801 D WifiNetworkFactory: got request NetworkRequest [ REQUEST id=67, [ Capabilities: INTERNET&NOT_RESTRICTED&TRUSTED&NOT_VCN_MANAGED Uid: 10126 RequestorUid: 10126 RequestorPkg: org.street_child.edubridge UnderlyingNetworks: Null] ]
11-01 17:30:44.288   575   801 D UntrustedWifiNetworkFactory: got request NetworkRequest [ REQUEST id=67, [ Capabilities: INTERNET&NOT_RESTRICTED&TRUSTED&NOT_VCN_MANAGED Uid: 10126 RequestorUid: 10126 RequestorPkg: org.street_child.edubridge UnderlyingNetworks: Null] ]
11-01 17:30:44.288   575   801 D OemPaidWifiNetworkFactory: got request NetworkRequest [ REQUEST id=67, [ Capabilities: INTERNET&NOT_RESTRICTED&TRUSTED&NOT_VCN_MANAGED Uid: 10126 RequestorUid: 10126 RequestorPkg: org.street_child.edubridge UnderlyingNetworks: Null] ]
11-01 17:30:44.288   575   801 D MultiInternetWifiNetworkFactory: got request NetworkRequest [ REQUEST id=67, [ Capabilities: INTERNET&NOT_RESTRICTED&TRUSTED&NOT_VCN_MANAGED Uid: 10126 RequestorUid: 10126 RequestorPkg: org.street_child.edubridge UnderlyingNetworks: Null] ]
11-01 17:30:44.297  2617  2674 W Parcel  : Expecting binder but got null!
11-01 17:30:44.300   575   596 I ActivityTaskManager: Displayed org.street_child.edubridge/com.ustadmobile.port.android.view.AppActivity: +54ms
11-01 17:30:44.303  2617  2617 D UstadViewModelFunKt$ustadViewModel$viewModel$invoke: ustadViewModel(): create viewmodel for: com.ustadmobile.core.viewmodel.redirect.RedirectViewModel
11-01 17:30:44.303  2617  2617 I System.out: com.ustadmobile.core.db.UmAppDatabase_DoorWrapper@8bf4c3e
11-01 17:30:44.308   425   459 W TransactionTracing: Could not find layer handle 0x7b1d627622b0
11-01 17:30:44.308  2617  2617 D UstadNavControllerPreCompose$onCollectNavCommand: NavCommandEffect: Navigate: Go to Login
11-01 17:30:44.312  2617  2617 D UstadViewModelFunKt$ustadViewModel$viewModel$invoke: ustadViewModel(): create viewmodel for: com.ustadmobile.core.viewmodel.login.LoginViewModel
11-01 17:30:44.316  2617  2726 V UstadCache: OKHttp-CacheInterceptor:  intercept: GET https://edubridge-afghanistan.app/Site/verify
11-01 17:30:44.316  2617  2726 I UstadCache: UstadCache(): Retrieve https://edubridge-afghanistan.app/Site/verify
11-01 17:30:44.316  2617  2726 D UstadCache: UstadCache(): MISS https://edubridge-afghanistan.app/Site/verify
11-01 17:30:44.320  2525  2542 D Benchmark: Result: Starting: Intent { act=android.intent.action.MAIN cat=[android.intent.category.LAUNCHER] flg=0x10008000 pkg=org.street_child.edubridge cmp=org.street_child.edubridge/com.ustadmobile.port.android.view.AppActivity }
11-01 17:30:44.320  2525  2542 D Benchmark: Status: ok
11-01 17:30:44.320  2525  2542 D Benchmark: LaunchState: WARM
11-01 17:30:44.320  2525  2542 D Benchmark: Activity: org.street_child.edubridge/com.ustadmobile.port.android.view.AppActivity
11-01 17:30:44.320  2525  2542 D Benchmark: TotalTime: 54
11-01 17:30:44.320  2525  2542 D Benchmark: WaitTime: 55
11-01 17:30:44.320  2525  2542 D Benchmark: Complete
11-01 17:30:44.323  2617  2726 D TrafficStats: tagSocket(99) with statsTag=0xffffffff, statsUid=-1
11-01 17:30:44.337  1510  2837 W MediaProvider: isAppCloneUserPair for user 0: false
11-01 17:30:44.338  1510  2837 V MediaProvider: Inserted id:1000000084 less than next row id backup:1000001000.
11-01 17:30:44.341   425   459 W TransactionTracing: Could not find layer handle 0x7b1d62763630
11-01 17:30:44.370  2617  2617 W LoginViewModel$invokeSuspend: Could not load site object for https://edubridge-afghanistan.app/
11-01 17:30:44.370  2617  2617 W LoginViewModel$invokeSuspend: java.net.ConnectException: Failed to connect to edubridge-afghanistan.app/65.21.146.62:443
11-01 17:30:44.370  2617  2617 W LoginViewModel$invokeSuspend: 	at okhttp3.internal.connection.RealConnection.connectSocket(RealConnection.kt:297)
11-01 17:30:44.370  2617  2617 W LoginViewModel$invokeSuspend: 	at okhttp3.internal.connection.RealConnection.connect(RealConnection.kt:207)
11-01 17:30:44.370  2617  2617 W LoginViewModel$invokeSuspend: 	at okhttp3.internal.connection.ExchangeFinder.findConnection(ExchangeFinder.kt:226)
11-01 17:30:44.370  2617  2617 W LoginViewModel$invokeSuspend: 	at okhttp3.internal.connection.ExchangeFinder.findHealthyConnection(ExchangeFinder.kt:106)
11-01 17:30:44.370  2617  2617 W LoginViewModel$invokeSuspend: 	at okhttp3.internal.connection.ExchangeFinder.find(ExchangeFinder.kt:74)
11-01 17:30:44.370  2617  2617 W LoginViewModel$invokeSuspend: 	at okhttp3.internal.connection.RealCall.initExchange$okhttp(RealCall.kt:255)
11-01 17:30:44.370  2617  2617 W LoginViewModel$invokeSuspend: 	at okhttp3.internal.connection.ConnectInterceptor.intercept(ConnectInterceptor.kt:32)
11-01 17:30:44.370  2617  2617 W LoginViewModel$invokeSuspend: 	at okhttp3.internal.http.RealInterceptorChain.proceed(RealInterceptorChain.kt:109)
11-01 17:30:44.370  2617  2617 W LoginViewModel$invokeSuspend: 	at okhttp3.internal.cache.CacheInterceptor.intercept(CacheInterceptor.kt:95)
11-01 17:30:44.370  2617  2617 W LoginViewModel$invokeSuspend: 	at okhttp3.internal.http.RealInterceptorChain.proceed(RealInterceptorChain.kt:109)
11-01 17:30:44.370  2617  2617 W LoginViewModel$invokeSuspend: 	at okhttp3.internal.http.BridgeInterceptor.intercept(BridgeInterceptor.kt:83)
11-01 17:30:44.370  2617  2617 W LoginViewModel$invokeSuspend: 	at okhttp3.internal.http.RealInterceptorChain.proceed(RealInterceptorChain.kt:109)
11-01 17:30:44.370  2617  2617 W LoginViewModel$invokeSuspend: 	at okhttp3.internal.http.RetryAndFollowUpInterceptor.intercept(RetryAndFollowUpInterceptor.kt:76)
11-01 17:30:44.370  2617  2617 W LoginViewModel$invokeSuspend: 	at okhttp3.internal.http.RealInterceptorChain.proceed(RealInterceptorChain.kt:109)
11-01 17:30:44.370  2617  2617 W LoginViewModel$invokeSuspend: 	at com.ustadmobile.libcache.okhttp.UstadCacheInterceptor.intercept(UstadCacheInterceptor.kt:407)
11-01 17:30:44.370  2617  2617 W LoginViewModel$invokeSuspend: 	at okhttp3.internal.http.RealInterceptorChain.proceed(RealInterceptorChain.kt:109)
11-01 17:30:44.370  2617  2617 W LoginViewModel$invokeSuspend: 	at okhttp3.internal.connection.RealCall.getResponseWithInterceptorChain$okhttp(RealCall.kt:201)
11-01 17:30:44.370  2617  2617 W LoginViewModel$invokeSuspend: 	at okhttp3.internal.connection.RealCall$AsyncCall.run(RealCall.kt:517)
11-01 17:30:44.370  2617  2617 W LoginViewModel$invokeSuspend: 	at java.util.concurrent.ThreadPoolExecutor.runWorker(ThreadPoolExecutor.java:1137)
11-01 17:30:44.370  2617  2617 W LoginViewModel$invokeSuspend: 	at java.util.concurrent.ThreadPoolExecutor$Worker.run(ThreadPoolExecutor.java:637)
11-01 17:30:44.370  2617  2617 W LoginViewModel$invokeSuspend: 	at java.lang.Thread.run(Thread.java:1012)
11-01 17:30:44.370  2617  2617 W LoginViewModel$invokeSuspend: Caused by: java.net.ConnectException: failed to connect to edubridge-afghanistan.app/65.21.146.62 (port 443) from /10.0.2.16 (port 50936) after 10000ms: isConnected failed: ECONNREFUSED (Connection refused)
11-01 17:30:44.370  2617  2617 W LoginViewModel$invokeSuspend: 	at libcore.io.IoBridge.isConnected(IoBridge.java:347)
11-01 17:30:44.370  2617  2617 W LoginViewModel$invokeSuspend: 	at libcore.io.IoBridge.connectErrno(IoBridge.java:237)
11-01 17:30:44.370  2617  2617 W LoginViewModel$invokeSuspend: 	at libcore.io.IoBridge.connect(IoBridge.java:179)
11-01 17:30:44.370  2617  2617 W LoginViewModel$invokeSuspend: 	at java.net.PlainSocketImpl.socketConnect(PlainSocketImpl.java:142)
11-01 17:30:44.370  2617  2617 W LoginViewModel$invokeSuspend: 	at java.net.AbstractPlainSocketImpl.doConnect(AbstractPlainSocketImpl.java:390)
11-01 17:30:44.370  2617  2617 W LoginViewModel$invokeSuspend: 	at java.net.AbstractPlainSocketImpl.connectToAddress(AbstractPlainSocketImpl.java:230)
11-01 17:30:44.370  2617  2617 W LoginViewModel$invokeSuspend: 	at java.net.AbstractPlainSocketImpl.connect(AbstractPlainSocketImpl.java:212)
11-01 17:30:44.370  2617  2617 W LoginViewModel$invokeSuspend: 	at java.net.SocksSocketImpl.connect(SocksSocketImpl.java:436)
11-01 17:30:44.370  2617  2617 W LoginViewModel$invokeSuspend: 	at java.net.Socket.connect(Socket.java:646)
11-01 17:30:44.370  2617  2617 W LoginViewModel$invokeSuspend: 	at okhttp3.internal.platform.Platform.connectSocket(Platform.kt:128)
11-01 17:30:44.370  2617  2617 W LoginViewModel$invokeSuspend: 	at okhttp3.internal.connection.RealConnection.connectSocket(RealConnection.kt:295)
11-01 17:30:44.370  2617  2617 W LoginViewModel$invokeSuspend: 	... 20 more
11-01 17:30:44.370  2617  2617 W LoginViewModel$invokeSuspend: Caused by: android.system.ErrnoException: isConnected failed: ECONNREFUSED (Connection refused)
11-01 17:30:44.370  2617  2617 W LoginViewModel$invokeSuspend: 	at libcore.io.IoBridge.isConnected(IoBridge.java:334)
11-01 17:30:44.370  2617  2617 W LoginViewModel$invokeSuspend: 	... 30 more
11-01 17:30:44.401  2525  2542 I System.out: 0 Flags,FrameTimelineVsyncId,IntendedVsync,Vsync,InputEventId,HandleInputStart,AnimationStart,PerformTraversalsStart,DrawStart,FrameDeadline,FrameInterval,FrameStartTime,SyncQueued,SyncStart,IssueDrawCommandsStart,SwapBuffers,FrameCompleted,DequeueBufferDuration,QueueBufferDuration,GpuCompleted,SwapBuffersCompleted,DisplayPresentTime,CommandSubmissionCompleted,
11-01 17:30:44.401  2525  2542 I System.out: 1 1,127731,519050158353,519066825019,0,519071230636,519071230986,519072760606,519090310691,519066825019,519071228756,16666666,519090708881,519090830191,519090897991,519090962971,519091587602,1880,291100,519091568712,519091587602,519101934835,519090962971,
11-01 17:30:44.401  2525  2542 I System.out: 2 0,127803,519083491685,519083491685,0,519094344602,519094345002,519099083054,519099106784,519116825017,519094342762,16666666,519099596784,519099627904,519099657744,519099743864,519100938494,2220,764170,519100915914,519100938494,492534799025,519099743864,
11-01 17:30:44.401  2525  2542 I System.out: 3 0,127832,519100158351,519100158351,0,519103476045,519103476355,519123220230,519123240990,519133491683,519103475005,16666666,519130520702,519130565552,519130616252,519130678932,519133641853,3560,283380,519133641853,519131775533,492551009350,519130678932,
11-01 17:30:44.401  2525  2542 I System.out: 4 0,127882,519116825017,519116825017,0,519133070503,519133071063,519146586657,519146609237,519166825015,519133068173,16666666,519159844691,519159898301,519159956191,519160190451,519160883181,2600,140480,519160841151,519160883181,492567759224,519160190451,
11-01 17:30:44.401  2525  2542 I System.out: 5 0,127925,519133491683,519150158349,0,519161845461,519161845731,519163160822,519163177152,519150158349,519161844361,16666666,519164018022,519164055462,519164084402,519164787912,492567964414,3068421,53480,492566931624,519168438173,492584677539,519164787912,
11-01 17:30:44.401  2525  2542 D UiDevice: Waiting 10000ms for SearchCondition[hasObject=BySelector [TEXT='\QGet Started\E']].
11-01 17:30:44.401  2525  2542 D UiDevice: Searching for node with selector: BySelector [TEXT='\QGet Started\E'].
11-01 17:30:44.557   425   459 W TransactionTracing: Could not find layer handle 0x7b1d627643b0
11-01 17:30:44.557   425   459 W TransactionTracing: Could not find layer handle 0x7b1d62765c70
11-01 17:30:44.557   425   459 W TransactionTracing: Could not find layer handle 0x7b1d62767290
11-01 17:30:44.557   425   459 W TransactionTracing: Could not find layer handle 0x7b1d62765c70
11-01 17:30:44.593   575   590 W InputManager-JNI: Input channel object '130cb7 Splash Screen org.street_child.edubridge (client)' was disposed without first being removed with the input manager!
11-01 17:30:44.609  1129  1129 W FrameTracker: Missed SF frame:PREDICTION_ERROR, 127824, 7892555, CUJ=J<LAUNCHER_APP_CLOSE_TO_HOME>
11-01 17:30:44.609  1129  1129 W FrameTracker: Missed SF frame:PREDICTION_ERROR, 128026, 7032948, CUJ=J<LAUNCHER_APP_CLOSE_TO_HOME>
11-01 17:30:44.609  1129  1129 W FrameTracker: Missed SF frame:PREDICTION_ERROR, 128098, 3152714, CUJ=J<LAUNCHER_APP_CLOSE_TO_HOME>
11-01 17:30:44.609  1129  1129 W FrameTracker: Missed SF frame:PREDICTION_ERROR, 128170, 4540232, CUJ=J<LAUNCHER_APP_CLOSE_TO_HOME>
11-01 17:30:44.609  1129  1129 W FrameTracker: Missing SF jank callback for vsyncId: 128242, CUJ=J<LAUNCHER_APP_CLOSE_TO_HOME>
11-01 17:30:44.610  1129  1826 V PerfettoTrigger: Not triggering com.android.telemetry.interaction-jank-monitor-9 - not enough time since last trigger
11-01 17:30:44.642   867   923 W FrameTracker: Missed SF frame:PREDICTION_ERROR, 127904, 8130853, CUJ=J<SPLASHSCREEN_EXIT_ANIM>
11-01 17:30:44.642   867   923 W FrameTracker: Missing HWUI jank callback for vsyncId: 127941, CUJ=J<SPLASHSCREEN_EXIT_ANIM>
11-01 17:30:44.642   867   923 W FrameTracker: Missed SF frame:PREDICTION_ERROR, 128199, 5349611, CUJ=J<SPLASHSCREEN_EXIT_ANIM>
11-01 17:30:44.642   867   923 W FrameTracker: Missed SF frame:PREDICTION_ERROR, 128315, 4998765, CUJ=J<SPLASHSCREEN_EXIT_ANIM>
11-01 17:30:44.642   867   923 W FrameTracker: Missed SF frame:PREDICTION_ERROR, 128344, 4803434, CUJ=J<SPLASHSCREEN_EXIT_ANIM>
11-01 17:30:44.643   867   911 V PerfettoTrigger: Not triggering com.android.telemetry.interaction-jank-monitor-39 - not enough time since last trigger
11-01 17:30:44.774   425   459 W TransactionTracing: Could not find layer handle 0x7b1d627669f0
11-01 17:30:44.774   425   459 W TransactionTracing: Could not find layer handle 0x7b1d627690f0
11-01 17:30:44.774   425   459 W TransactionTracing: Could not find layer handle 0x7b1d62767710
11-01 17:30:44.775   425   459 W TransactionTracing: Could not find layer handle 0x7b1d62767710
11-01 17:30:44.775   425   459 W TransactionTracing: Could not find layer handle 0x7b1d627690f0
11-01 17:30:44.896  2525  2542 D UiDevice: Searching for node with selector: BySelector [TEXT='\QGet Started\E'].
11-01 17:30:45.308  2617  2674 D EGL_emulation: app_time_stats: avg=3.05ms min=1.09ms max=30.83ms count=61
11-01 17:30:45.486  2525  2542 D UiDevice: Searching for node with selector: BySelector [TEXT='\QGet Started\E'].
11-01 17:30:45.589  2525  2542 D UiDevice: Searching for node with selector: BySelector [TEXT='\QGet Started\E'].
11-01 17:30:45.694  2525  2542 D UiDevice: Searching for node with selector: BySelector [TEXT='\QGet Started\E'].
11-01 17:30:45.797  2525  2542 D UiDevice: Searching for node with selector: BySelector [TEXT='\QGet Started\E'].
11-01 17:30:45.900  2525  2542 D UiDevice: Searching for node with selector: BySelector [TEXT='\QGet Started\E'].
11-01 17:30:46.003  2525  2542 D UiDevice: Searching for node with selector: BySelector [TEXT='\QGet Started\E'].
11-01 17:30:46.106  2525  2542 D UiDevice: Searching for node with selector: BySelector [TEXT='\QGet Started\E'].
11-01 17:30:46.210  2525  2542 D UiDevice: Searching for node with selector: BySelector [TEXT='\QGet Started\E'].
11-01 17:30:46.308  2617  2674 D EGL_emulation: app_time_stats: avg=1.20ms min=1.04ms max=1.73ms count=60
11-01 17:30:46.313  2525  2542 D UiDevice: Searching for node with selector: BySelector [TEXT='\QGet Started\E'].
11-01 17:30:46.416  2525  2542 D UiDevice: Searching for node with selector: BySelector [TEXT='\QGet Started\E'].
11-01 17:30:46.519  2525  2542 D UiDevice: Searching for node with selector: BySelector [TEXT='\QGet Started\E'].
11-01 17:30:46.622  2525  2542 D UiDevice: Searching for node with selector: BySelector [TEXT='\QGet Started\E'].
11-01 17:30:46.727  2525  2542 D UiDevice: Searching for node with selector: BySelector [TEXT='\QGet Started\E'].
11-01 17:30:46.830  2525  2542 D UiDevice: Searching for node with selector: BySelector [TEXT='\QGet Started\E'].
11-01 17:30:46.933  2525  2542 D UiDevice: Searching for node with selector: BySelector [TEXT='\QGet Started\E'].
11-01 17:30:47.036  2525  2542 D UiDevice: Searching for node with selector: BySelector [TEXT='\QGet Started\E'].
11-01 17:30:47.140  2525  2542 D UiDevice: Searching for node with selector: BySelector [TEXT='\QGet Started\E'].
11-01 17:30:47.244  2525  2542 D UiDevice: Searching for node with selector: BySelector [TEXT='\QGet Started\E'].
11-01 17:30:47.325  2617  2674 D EGL_emulation: app_time_stats: avg=1.25ms min=1.09ms max=2.73ms count=61
11-01 17:30:47.347  2525  2542 D UiDevice: Searching for node with selector: BySelector [TEXT='\QGet Started\E'].
11-01 17:30:47.449  2525  2542 D UiDevice: Searching for node with selector: BySelector [TEXT='\QGet Started\E'].
11-01 17:30:47.552  2525  2542 D UiDevice: Searching for node with selector: BySelector [TEXT='\QGet Started\E'].
11-01 17:30:47.656  2525  2542 D UiDevice: Searching for node with selector: BySelector [TEXT='\QGet Started\E'].
11-01 17:30:47.760  2525  2542 D UiDevice: Searching for node with selector: BySelector [TEXT='\QGet Started\E'].
11-01 17:30:47.863  2525  2542 D UiDevice: Searching for node with selector: BySelector [TEXT='\QGet Started\E'].
11-01 17:30:47.967  2525  2542 D UiDevice: Searching for node with selector: BySelector [TEXT='\QGet Started\E'].
11-01 17:30:48.070  2525  2542 D UiDevice: Searching for node with selector: BySelector [TEXT='\QGet Started\E'].
11-01 17:30:48.173  2525  2542 D UiDevice: Searching for node with selector: BySelector [TEXT='\QGet Started\E'].
11-01 17:30:48.277  2525  2542 D UiDevice: Searching for node with selector: BySelector [TEXT='\QGet Started\E'].
11-01 17:30:48.325  2617  2674 D EGL_emulation: app_time_stats: avg=1.21ms min=1.01ms max=1.55ms count=60
11-01 17:30:48.380  2525  2542 D UiDevice: Searching for node with selector: BySelector [TEXT='\QGet Started\E'].
11-01 17:30:48.406   425   459 W TransactionTracing: Could not find layer id -1
11-01 17:30:48.483  2525  2542 D UiDevice: Searching for node with selector: BySelector [TEXT='\QGet Started\E'].
11-01 17:30:48.586  2525  2542 D UiDevice: Searching for node with selector: BySelector [TEXT='\QGet Started\E'].
11-01 17:30:48.690  2525  2542 D UiDevice: Searching for node with selector: BySelector [TEXT='\QGet Started\E'].
11-01 17:30:48.793  2525  2542 D UiDevice: Searching for node with selector: BySelector [TEXT='\QGet Started\E'].
11-01 17:30:48.897  2525  2542 D UiDevice: Searching for node with selector: BySelector [TEXT='\QGet Started\E'].
11-01 17:30:49.000  2525  2542 D UiDevice: Searching for node with selector: BySelector [TEXT='\QGet Started\E'].
11-01 17:30:49.103  2525  2542 D UiDevice: Searching for node with selector: BySelector [TEXT='\QGet Started\E'].
11-01 17:30:49.206  2525  2542 D UiDevice: Searching for node with selector: BySelector [TEXT='\QGet Started\E'].
11-01 17:30:49.310  2525  2542 D UiDevice: Searching for node with selector: BySelector [TEXT='\QGet Started\E'].
11-01 17:30:49.325  2617  2674 D EGL_emulation: app_time_stats: avg=1.22ms min=1.04ms max=1.47ms count=60
11-01 17:30:49.414  2525  2542 D UiDevice: Searching for node with selector: BySelector [TEXT='\QGet Started\E'].
11-01 17:30:49.439   425   459 W TransactionTracing: Could not find layer id -1
11-01 17:30:49.517  2525  2542 D UiDevice: Searching for node with selector: BySelector [TEXT='\QGet Started\E'].
11-01 17:30:49.620  2525  2542 D UiDevice: Searching for node with selector: BySelector [TEXT='\QGet Started\E'].
11-01 17:30:49.723  2525  2542 D UiDevice: Searching for node with selector: BySelector [TEXT='\QGet Started\E'].
11-01 17:30:49.827  2525  2542 D UiDevice: Searching for node with selector: BySelector [TEXT='\QGet Started\E'].
11-01 17:30:49.930  2525  2542 D UiDevice: Searching for node with selector: BySelector [TEXT='\QGet Started\E'].
11-01 17:30:50.033  2525  2542 D UiDevice: Searching for node with selector: BySelector [TEXT='\QGet Started\E'].
11-01 17:30:50.136  2525  2542 D UiDevice: Searching for node with selector: BySelector [TEXT='\QGet Started\E'].
11-01 17:30:50.239  2525  2542 D UiDevice: Searching for node with selector: BySelector [TEXT='\QGet Started\E'].
11-01 17:30:50.342  2617  2674 D EGL_emulation: app_time_stats: avg=1.23ms min=0.98ms max=1.55ms count=61
11-01 17:30:50.343  2525  2542 D UiDevice: Searching for node with selector: BySelector [TEXT='\QGet Started\E'].
11-01 17:30:50.447  2525  2542 D UiDevice: Searching for node with selector: BySelector [TEXT='\QGet Started\E'].
11-01 17:30:50.550  2525  2542 D UiDevice: Searching for node with selector: BySelector [TEXT='\QGet Started\E'].
11-01 17:30:50.654  2525  2542 D UiDevice: Searching for node with selector: BySelector [TEXT='\QGet Started\E'].
11-01 17:30:50.706   425   459 W TransactionTracing: Could not find layer id -1
11-01 17:30:50.706   425   459 W TransactionTracing: Could not find layer id -1
11-01 17:30:50.706   425   459 W TransactionTracing: Could not find layer id -1
11-01 17:30:50.758  2525  2542 D UiDevice: Searching for node with selector: BySelector [TEXT='\QGet Started\E'].
11-01 17:30:50.839   425   459 W TransactionTracing: Could not find layer id -1
11-01 17:30:50.861  2525  2542 D UiDevice: Searching for node with selector: BySelector [TEXT='\QGet Started\E'].
11-01 17:30:50.965  2525  2542 D UiDevice: Searching for node with selector: BySelector [TEXT='\QGet Started\E'].
11-01 17:30:51.039   425   459 W TransactionTracing: Could not find layer id -1
11-01 17:30:51.039   425   459 W TransactionTracing: Could not find layer id -1
11-01 17:30:51.039   425   459 W TransactionTracing: Could not find layer id -1
11-01 17:30:51.039   425   459 W TransactionTracing: Could not find layer id -1
11-01 17:30:51.039   425   459 W TransactionTracing: Could not find layer id -1
11-01 17:30:51.039   425   459 W TransactionTracing: Could not find layer id -1
11-01 17:30:51.039   425   459 W TransactionTracing: Could not find layer id -1
11-01 17:30:51.039   425   459 W TransactionTracing: Could not find layer id -1
11-01 17:30:51.068  2525  2542 D UiDevice: Searching for node with selector: BySelector [TEXT='\QGet Started\E'].
11-01 17:30:51.171  2525  2542 D UiDevice: Searching for node with selector: BySelector [TEXT='\QGet Started\E'].
11-01 17:30:51.173   425   459 W TransactionTracing: Could not find layer id -1
11-01 17:30:51.275  2525  2542 D UiDevice: Searching for node with selector: BySelector [TEXT='\QGet Started\E'].
11-01 17:30:51.358  2617  2674 D EGL_emulation: app_time_stats: avg=1.22ms min=1.06ms max=1.57ms count=61
11-01 17:30:51.378  2525  2542 D UiDevice: Searching for node with selector: BySelector [TEXT='\QGet Started\E'].
11-01 17:30:51.456   425   459 W TransactionTracing: Could not find layer id -1
11-01 17:30:51.481  2525  2542 D UiDevice: Searching for node with selector: BySelector [TEXT='\QGet Started\E'].
11-01 17:30:51.584  2525  2542 D UiDevice: Searching for node with selector: BySelector [TEXT='\QGet Started\E'].
11-01 17:30:51.688  2525  2542 D UiDevice: Searching for node with selector: BySelector [TEXT='\QGet Started\E'].
11-01 17:30:51.739   425   459 W TransactionTracing: Could not find layer id -1
11-01 17:30:51.739   425   459 W TransactionTracing: Could not find layer id -1
11-01 17:30:51.739   425   459 W TransactionTracing: Could not find layer id -1
11-01 17:30:51.739   425   459 W TransactionTracing: Could not find layer id -1
11-01 17:30:51.739   425   459 W TransactionTracing: Could not find layer id -1
11-01 17:30:51.793  2525  2542 D UiDevice: Searching for node with selector: BySelector [TEXT='\QGet Started\E'].
11-01 17:30:51.896  2525  2542 D UiDevice: Searching for node with selector: BySelector [TEXT='\QGet Started\E'].
11-01 17:30:51.999  2525  2542 D UiDevice: Searching for node with selector: BySelector [TEXT='\QGet Started\E'].
11-01 17:30:52.102  2525  2542 D UiDevice: Searching for node with selector: BySelector [TEXT='\QGet Started\E'].
11-01 17:30:52.205  2525  2542 D UiDevice: Searching for node with selector: BySelector [TEXT='\QGet Started\E'].
11-01 17:30:52.309  2525  2542 D UiDevice: Searching for node with selector: BySelector [TEXT='\QGet Started\E'].
11-01 17:30:52.375  2617  2674 D EGL_emulation: app_time_stats: avg=1.21ms min=0.98ms max=2.15ms count=61
11-01 17:30:52.412  2525  2542 D UiDevice: Searching for node with selector: BySelector [TEXT='\QGet Started\E'].
11-01 17:30:52.515  2525  2542 D UiDevice: Searching for node with selector: BySelector [TEXT='\QGet Started\E'].
11-01 17:30:52.618  2525  2542 D UiDevice: Searching for node with selector: BySelector [TEXT='\QGet Started\E'].
11-01 17:30:52.722  2525  2542 D UiDevice: Searching for node with selector: BySelector [TEXT='\QGet Started\E'].
11-01 17:30:52.826  2525  2542 D UiDevice: Searching for node with selector: BySelector [TEXT='\QGet Started\E'].
11-01 17:30:52.929  2525  2542 D UiDevice: Searching for node with selector: BySelector [TEXT='\QGet Started\E'].
11-01 17:30:53.032  2525  2542 D UiDevice: Searching for node with selector: BySelector [TEXT='\QGet Started\E'].
11-01 17:30:53.135  2525  2542 D UiDevice: Searching for node with selector: BySelector [TEXT='\QGet Started\E'].
11-01 17:30:53.239  2525  2542 D UiDevice: Searching for node with selector: BySelector [TEXT='\QGet Started\E'].
11-01 17:30:53.343  2525  2542 D UiDevice: Searching for node with selector: BySelector [TEXT='\QGet Started\E'].
11-01 17:30:53.375  2617  2674 D EGL_emulation: app_time_stats: avg=1.23ms min=1.07ms max=2.23ms count=60
11-01 17:30:53.446  2525  2542 D UiDevice: Searching for node with selector: BySelector [TEXT='\QGet Started\E'].
11-01 17:30:53.549  2525  2542 D UiDevice: Searching for node with selector: BySelector [TEXT='\QGet Started\E'].
11-01 17:30:53.652  2525  2542 D UiDevice: Searching for node with selector: BySelector [TEXT='\QGet Started\E'].
11-01 17:30:53.755  2525  2542 D UiDevice: Searching for node with selector: BySelector [TEXT='\QGet Started\E'].
11-01 17:30:53.860  2525  2542 D UiDevice: Searching for node with selector: BySelector [TEXT='\QGet Started\E'].
11-01 17:30:53.964  2525  2542 D UiDevice: Searching for node with selector: BySelector [TEXT='\QGet Started\E'].
11-01 17:30:54.067  2525  2542 D UiDevice: Searching for node with selector: BySelector [TEXT='\QGet Started\E'].
11-01 17:30:54.170  2525  2542 D UiDevice: Searching for node with selector: BySelector [TEXT='\QGet Started\E'].
11-01 17:30:54.273  2525  2542 D UiDevice: Searching for node with selector: BySelector [TEXT='\QGet Started\E'].
11-01 17:30:54.374  2617  2726 V UstadCache: OKHttp-CacheInterceptor:  intercept: GET https://edubridge-afghanistan.app/Site/verify
11-01 17:30:54.374  2617  2726 I UstadCache: UstadCache(): Retrieve https://edubridge-afghanistan.app/Site/verify
11-01 17:30:54.374  2617  2726 D UstadCache: UstadCache(): MISS https://edubridge-afghanistan.app/Site/verify
11-01 17:30:54.375  2617  2674 D EGL_emulation: app_time_stats: avg=1.22ms min=1.05ms max=1.75ms count=60
11-01 17:30:54.377  2617  2726 D TrafficStats: tagSocket(99) with statsTag=0xffffffff, statsUid=-1
11-01 17:30:54.377  2525  2542 D UiDevice: Searching for node with selector: BySelector [TEXT='\QGet Started\E'].
11-01 17:30:54.404  2617  2617 W LoginViewModel$invokeSuspend: Could not load site object for https://edubridge-afghanistan.app/
11-01 17:30:54.404  2617  2617 W LoginViewModel$invokeSuspend: java.net.ConnectException: Failed to connect to edubridge-afghanistan.app/65.21.146.62:443
11-01 17:30:54.404  2617  2617 W LoginViewModel$invokeSuspend: 	at okhttp3.internal.connection.RealConnection.connectSocket(RealConnection.kt:297)
11-01 17:30:54.404  2617  2617 W LoginViewModel$invokeSuspend: 	at okhttp3.internal.connection.RealConnection.connect(RealConnection.kt:207)
11-01 17:30:54.404  2617  2617 W LoginViewModel$invokeSuspend: 	at okhttp3.internal.connection.ExchangeFinder.findConnection(ExchangeFinder.kt:226)
11-01 17:30:54.404  2617  2617 W LoginViewModel$invokeSuspend: 	at okhttp3.internal.connection.ExchangeFinder.findHealthyConnection(ExchangeFinder.kt:106)
11-01 17:30:54.404  2617  2617 W LoginViewModel$invokeSuspend: 	at okhttp3.internal.connection.ExchangeFinder.find(ExchangeFinder.kt:74)
11-01 17:30:54.404  2617  2617 W LoginViewModel$invokeSuspend: 	at okhttp3.internal.connection.RealCall.initExchange$okhttp(RealCall.kt:255)
11-01 17:30:54.404  2617  2617 W LoginViewModel$invokeSuspend: 	at okhttp3.internal.connection.ConnectInterceptor.intercept(ConnectInterceptor.kt:32)
11-01 17:30:54.404  2617  2617 W LoginViewModel$invokeSuspend: 	at okhttp3.internal.http.RealInterceptorChain.proceed(RealInterceptorChain.kt:109)
11-01 17:30:54.404  2617  2617 W LoginViewModel$invokeSuspend: 	at okhttp3.internal.cache.CacheInterceptor.intercept(CacheInterceptor.kt:95)
11-01 17:30:54.404  2617  2617 W LoginViewModel$invokeSuspend: 	at okhttp3.internal.http.RealInterceptorChain.proceed(RealInterceptorChain.kt:109)
11-01 17:30:54.404  2617  2617 W LoginViewModel$invokeSuspend: 	at okhttp3.internal.http.BridgeInterceptor.intercept(BridgeInterceptor.kt:83)
11-01 17:30:54.404  2617  2617 W LoginViewModel$invokeSuspend: 	at okhttp3.internal.http.RealInterceptorChain.proceed(RealInterceptorChain.kt:109)
11-01 17:30:54.404  2617  2617 W LoginViewModel$invokeSuspend: 	at okhttp3.internal.http.RetryAndFollowUpInterceptor.intercept(RetryAndFollowUpInterceptor.kt:76)
11-01 17:30:54.404  2617  2617 W LoginViewModel$invokeSuspend: 	at okhttp3.internal.http.RealInterceptorChain.proceed(RealInterceptorChain.kt:109)
11-01 17:30:54.404  2617  2617 W LoginViewModel$invokeSuspend: 	at com.ustadmobile.libcache.okhttp.UstadCacheInterceptor.intercept(UstadCacheInterceptor.kt:407)
11-01 17:30:54.404  2617  2617 W LoginViewModel$invokeSuspend: 	at okhttp3.internal.http.RealInterceptorChain.proceed(RealInterceptorChain.kt:109)
11-01 17:30:54.404  2617  2617 W LoginViewModel$invokeSuspend: 	at okhttp3.internal.connection.RealCall.getResponseWithInterceptorChain$okhttp(RealCall.kt:201)
11-01 17:30:54.404  2617  2617 W LoginViewModel$invokeSuspend: 	at okhttp3.internal.connection.RealCall$AsyncCall.run(RealCall.kt:517)
11-01 17:30:54.404  2617  2617 W LoginViewModel$invokeSuspend: 	at java.util.concurrent.ThreadPoolExecutor.runWorker(ThreadPoolExecutor.java:1137)
11-01 17:30:54.404  2617  2617 W LoginViewModel$invokeSuspend: 	at java.util.concurrent.ThreadPoolExecutor$Worker.run(ThreadPoolExecutor.java:637)
11-01 17:30:54.404  2617  2617 W LoginViewModel$invokeSuspend: 	at java.lang.Thread.run(Thread.java:1012)
11-01 17:30:54.404  2617  2617 W LoginViewModel$invokeSuspend: Caused by: java.net.ConnectException: failed to connect to edubridge-afghanistan.app/65.21.146.62 (port 443) from /10.0.2.16 (port 54256) after 10000ms: isConnected failed: ECONNREFUSED (Connection refused)
11-01 17:30:54.404  2617  2617 W LoginViewModel$invokeSuspend: 	at libcore.io.IoBridge.isConnected(IoBridge.java:347)
11-01 17:30:54.404  2617  2617 W LoginViewModel$invokeSuspend: 	at libcore.io.IoBridge.connectErrno(IoBridge.java:237)
11-01 17:30:54.404  2617  2617 W LoginViewModel$invokeSuspend: 	at libcore.io.IoBridge.connect(IoBridge.java:179)
11-01 17:30:54.404  2617  2617 W LoginViewModel$invokeSuspend: 	at java.net.PlainSocketImpl.socketConnect(PlainSocketImpl.java:142)
11-01 17:30:54.404  2617  2617 W LoginViewModel$invokeSuspend: 	at java.net.AbstractPlainSocketImpl.doConnect(AbstractPlainSocketImpl.java:390)
11-01 17:30:54.404  2617  2617 W LoginViewModel$invokeSuspend: 	at java.net.AbstractPlainSocketImpl.connectToAddress(AbstractPlainSocketImpl.java:230)
11-01 17:30:54.404  2617  2617 W LoginViewModel$invokeSuspend: 	at java.net.AbstractPlainSocketImpl.connect(AbstractPlainSocketImpl.java:212)
11-01 17:30:54.404  2617  2617 W LoginViewModel$invokeSuspend: 	at java.net.SocksSocketImpl.connect(SocksSocketImpl.java:436)
11-01 17:30:54.404  2617  2617 W LoginViewModel$invokeSuspend: 	at java.net.Socket.connect(Socket.java:646)
11-01 17:30:54.404  2617  2617 W LoginViewModel$invokeSuspend: 	at okhttp3.internal.platform.Platform.connectSocket(Platform.kt:128)
11-01 17:30:54.404  2617  2617 W LoginViewModel$invokeSuspend: 	at okhttp3.internal.connection.RealConnection.connectSocket(RealConnection.kt:295)
11-01 17:30:54.404  2617  2617 W LoginViewModel$invokeSuspend: 	... 20 more
11-01 17:30:54.404  2617  2617 W LoginViewModel$invokeSuspend: Caused by: android.system.ErrnoException: isConnected failed: ECONNREFUSED (Connection refused)
11-01 17:30:54.404  2617  2617 W LoginViewModel$invokeSuspend: 	at libcore.io.IoBridge.isConnected(IoBridge.java:334)
11-01 17:30:54.404  2617  2617 W LoginViewModel$invokeSuspend: 	... 30 more
11-01 17:30:54.480  2525  2542 D UiDevice: Searching for node with selector: BySelector [TEXT='\QGet Started\E'].
11-01 17:30:55.392  2617  2674 D EGL_emulation: app_time_stats: avg=1.20ms min=1.04ms max=1.46ms count=61
11-01 17:30:55.483  2525  2542 D UiDevice: Retrieving node with selector: BySelector [TEXT='\QGet Started\E'].
11-01 17:30:55.486  2525  2542 D UiDevice: Node not found with selector: BySelector [TEXT='\QGet Started\E'].
11-01 17:30:56.408  2617  2674 D EGL_emulation: app_time_stats: avg=1.21ms min=0.97ms max=1.46ms count=61
11-01 17:30:57.408  2617  2674 D EGL_emulation: app_time_stats: avg=1.21ms min=1.05ms max=2.73ms count=60
11-01 17:30:58.425  2617  2674 D EGL_emulation: app_time_stats: avg=1.20ms min=1.06ms max=1.43ms count=61
11-01 17:30:59.425  2617  2674 D EGL_emulation: app_time_stats: avg=1.19ms min=1.07ms max=1.38ms count=60
11-01 17:31:00.015   867   995 D EGL_emulation: app_time_stats: avg=547.65ms min=12.49ms max=15104.22ms count=29
11-01 17:31:00.441  2617  2674 D EGL_emulation: app_time_stats: avg=1.21ms min=1.00ms max=1.51ms count=61
11-01 17:31:00.486  2525  2542 D Benchmark: Profile Installer - Save Profile
11-01 17:31:00.503  2617  2617 I Process : Sending signal. PID: 2617 SIG: 10
11-01 17:31:00.503  2617  2617 D ProfileInstaller:
11-01 17:31:00.503  2617  2622 I child.edubridge: Thread[3,tid=2622,WaitingInMainSignalCatcherLoop,Thread*=0x7c11db9e5b20,peer=0x13301a48,"Signal Catcher"]: reacting to signal 10
11-01 17:31:00.503  2617  2622 I child.edubridge:
11-01 17:31:00.503  2617  2622 I child.edubridge: SIGUSR1 forcing GC (no HPROF) and profile save
11-01 17:31:00.525  2617  2622 I child.edubridge: Explicit concurrent copying GC freed 148842(5109KB) AllocSpace objects, 1(56KB) LOS objects, 49% free, 7297KB/14MB, paused 20us,9us total 22.446ms
11-01 17:31:01.004  2525  2542 D Benchmark: Killing process org.street_child.edubridge
11-01 17:31:01.004  2525  2542 D UiDevice: Executing shell command: killall org.street_child.edubridge
11-01 17:31:01.018  1510  1859 W MediaProvider: isAppCloneUserPair for user 0: false
11-01 17:31:01.019  1510  1859 V MediaProvider: Inserted id:1000000085 less than next row id backup:1000001000.
11-01 17:31:01.053   575  2327 I PackageDexOptimizer: Running dexopt (dexoptNeeded=-3) on: /data/app/~~BwgQtX5CYUpjiTMOEzzJJw==/org.street_child.edubridge-_HKotTTaiFD4n6vJUuyHvA==/base.apk pkg=org.street_child.edubridge isa=x86_64 dexoptFlags=boot_complete,profile_guided,force,enable_hidden_api_checks targetFilter=speed-profile oatDir=/data/app/~~BwgQtX5CYUpjiTMOEzzJJw==/org.street_child.edubridge-_HKotTTaiFD4n6vJUuyHvA==/oat classLoaderContext=PCL[]{PCL[/system_ext/framework/androidx.window.extensions.jar]#PCL[/system_ext/framework/androidx.window.sidecar.jar]}
11-01 17:31:01.054   496   496 V installd: DexInv: --- BEGIN '/data/app/~~BwgQtX5CYUpjiTMOEzzJJw==/org.street_child.edubridge-_HKotTTaiFD4n6vJUuyHvA==/base.apk' ---
11-01 17:31:01.054   496   496 V installd: Running /apex/com.android.art/bin/dex2oat64 in=base.apk out=/data/app/~~BwgQtX5CYUpjiTMOEzzJJw==/org.street_child.edubridge-_HKotTTaiFD4n6vJUuyHvA==/oat/x86_64/base.odex
11-01 17:31:01.067  3954  3954 W dex2oat64: Unexpected CPU variant for x86: x86_64.
11-01 17:31:01.067  3954  3954 W dex2oat64: Known variants: atom, sandybridge, silvermont, kabylake, default
11-01 17:31:01.068  3954  3954 W dex2oat64: Mismatch between dex2oat instruction set features to use (ISA: X86_64 Feature string: -ssse3,-sse4.1,-sse4.2,-avx,-avx2,-popcnt) and those from CPP defines (ISA: X86_64 Feature string: ssse3,sse4.1,sse4.2,-avx,-avx2,popcnt) for the command line:
11-01 17:31:01.068  3954  3954 W dex2oat64: /apex/com.android.art/bin/dex2oat64 --zip-fd=8 --zip-location=base.apk --oat-fd=9 --oat-location=/data/app/~~BwgQtX5CYUpjiTMOEzzJJw==/org.street_child.edubridge-_HKotTTaiFD4n6vJUuyHvA==/oat/x86_64/base.odex --input-vdex-fd=11 --output-vdex-fd=10 --app-image-fd=14 --image-format=lz4 --profile-file-fd=13 --swap-fd=12 --classpath-dir=/data/app/~~BwgQtX5CYUpjiTMOEzzJJw==/org.street_child.edubridge-_HKotTTaiFD4n6vJUuyHvA== --class-loader-context=PCL[]{PCL[/system_ext/framework/androidx.window.extensions.jar]#PCL[/system_ext/framework/androidx.window.sidecar.jar]} --instruction-set=x86_64 --instruction-set-features=default --instruction-set-variant=x86_64 --compiler-filter=speed-profile --compilation-reason=cmdline --max-image-block-size=524288 --resolve-startup-const-strings=true --generate-mini-debug-info --runtime-arg -Xtarget-sdk-version:34 --runtime-arg -Xhidden-api-policy:enabled --runtime-arg -Xms64m --runtime-arg -Xmx512m
11-01 17:31:01.070  3954  3954 I dex2oat64: /apex/com.android.art/bin/dex2oat64 --input-vdex-fd=11 --output-vdex-fd=10 --profile-file-fd=13 --classpath-dir=/data/app/~~BwgQtX5CYUpjiTMOEzzJJw==/org.street_child.edubridge-_HKotTTaiFD4n6vJUuyHvA== --class-loader-context=PCL[]{PCL[/system_ext/framework/androidx.window.extensions.jar]#PCL[/system_ext/framework/androidx.window.sidecar.jar]} --compiler-filter=speed-profile --compilation-reason=cmdline --max-image-block-size=524288 --resolve-startup-const-strings=true --generate-mini-debug-info
11-01 17:31:01.442  2617  2674 D EGL_emulation: app_time_stats: avg=1.32ms min=1.06ms max=3.31ms count=60
11-01 17:31:02.459  2617  2674 D EGL_emulation: app_time_stats: avg=1.32ms min=1.07ms max=1.68ms count=61
11-01 17:31:03.466  2617  2674 D EGL_emulation: app_time_stats: avg=2.52ms min=1.02ms max=6.33ms count=60
11-01 17:31:04.409  2617  2726 V UstadCache: OKHttp-CacheInterceptor:  intercept: GET https://edubridge-afghanistan.app/Site/verify
11-01 17:31:04.409  2617  2726 I UstadCache: UstadCache(): Retrieve https://edubridge-afghanistan.app/Site/verify
11-01 17:31:04.409  2617  2726 D UstadCache: UstadCache(): MISS https://edubridge-afghanistan.app/Site/verify
11-01 17:31:04.413  2617  2726 D TrafficStats: tagSocket(102) with statsTag=0xffffffff, statsUid=-1
11-01 17:31:04.443  2617  2617 W LoginViewModel$invokeSuspend: Could not load site object for https://edubridge-afghanistan.app/
11-01 17:31:04.443  2617  2617 W LoginViewModel$invokeSuspend: java.net.ConnectException: Failed to connect to edubridge-afghanistan.app/65.21.146.62:443
11-01 17:31:04.443  2617  2617 W LoginViewModel$invokeSuspend: 	at okhttp3.internal.connection.RealConnection.connectSocket(RealConnection.kt:297)
11-01 17:31:04.443  2617  2617 W LoginViewModel$invokeSuspend: 	at okhttp3.internal.connection.RealConnection.connect(RealConnection.kt:207)
11-01 17:31:04.443  2617  2617 W LoginViewModel$invokeSuspend: 	at okhttp3.internal.connection.ExchangeFinder.findConnection(ExchangeFinder.kt:226)
11-01 17:31:04.443  2617  2617 W LoginViewModel$invokeSuspend: 	at okhttp3.internal.connection.ExchangeFinder.findHealthyConnection(ExchangeFinder.kt:106)
11-01 17:31:04.443  2617  2617 W LoginViewModel$invokeSuspend: 	at okhttp3.internal.connection.ExchangeFinder.find(ExchangeFinder.kt:74)
11-01 17:31:04.443  2617  2617 W LoginViewModel$invokeSuspend: 	at okhttp3.internal.connection.RealCall.initExchange$okhttp(RealCall.kt:255)
11-01 17:31:04.443  2617  2617 W LoginViewModel$invokeSuspend: 	at okhttp3.internal.connection.ConnectInterceptor.intercept(ConnectInterceptor.kt:32)
11-01 17:31:04.443  2617  2617 W LoginViewModel$invokeSuspend: 	at okhttp3.internal.http.RealInterceptorChain.proceed(RealInterceptorChain.kt:109)
11-01 17:31:04.443  2617  2617 W LoginViewModel$invokeSuspend: 	at okhttp3.internal.cache.CacheInterceptor.intercept(CacheInterceptor.kt:95)
11-01 17:31:04.443  2617  2617 W LoginViewModel$invokeSuspend: 	at okhttp3.internal.http.RealInterceptorChain.proceed(RealInterceptorChain.kt:109)
11-01 17:31:04.443  2617  2617 W LoginViewModel$invokeSuspend: 	at okhttp3.internal.http.BridgeInterceptor.intercept(BridgeInterceptor.kt:83)
11-01 17:31:04.443  2617  2617 W LoginViewModel$invokeSuspend: 	at okhttp3.internal.http.RealInterceptorChain.proceed(RealInterceptorChain.kt:109)
11-01 17:31:04.443  2617  2617 W LoginViewModel$invokeSuspend: 	at okhttp3.internal.http.RetryAndFollowUpInterceptor.intercept(RetryAndFollowUpInterceptor.kt:76)
11-01 17:31:04.443  2617  2617 W LoginViewModel$invokeSuspend: 	at okhttp3.internal.http.RealInterceptorChain.proceed(RealInterceptorChain.kt:109)
11-01 17:31:04.443  2617  2617 W LoginViewModel$invokeSuspend: 	at com.ustadmobile.libcache.okhttp.UstadCacheInterceptor.intercept(UstadCacheInterceptor.kt:407)
11-01 17:31:04.443  2617  2617 W LoginViewModel$invokeSuspend: 	at okhttp3.internal.http.RealInterceptorChain.proceed(RealInterceptorChain.kt:109)
11-01 17:31:04.443  2617  2617 W LoginViewModel$invokeSuspend: 	at okhttp3.internal.connection.RealCall.getResponseWithInterceptorChain$okhttp(RealCall.kt:201)
11-01 17:31:04.443  2617  2617 W LoginViewModel$invokeSuspend: 	at okhttp3.internal.connection.RealCall$AsyncCall.run(RealCall.kt:517)
11-01 17:31:04.443  2617  2617 W LoginViewModel$invokeSuspend: 	at java.util.concurrent.ThreadPoolExecutor.runWorker(ThreadPoolExecutor.java:1137)
11-01 17:31:04.443  2617  2617 W LoginViewModel$invokeSuspend: 	at java.util.concurrent.ThreadPoolExecutor$Worker.run(ThreadPoolExecutor.java:637)
11-01 17:31:04.443  2617  2617 W LoginViewModel$invokeSuspend: 	at java.lang.Thread.run(Thread.java:1012)
11-01 17:31:04.443  2617  2617 W LoginViewModel$invokeSuspend: Caused by: java.net.ConnectException: failed to connect to edubridge-afghanistan.app/65.21.146.62 (port 443) from /10.0.2.16 (port 57502) after 10000ms: isConnected failed: ECONNREFUSED (Connection refused)
11-01 17:31:04.443  2617  2617 W LoginViewModel$invokeSuspend: 	at libcore.io.IoBridge.isConnected(IoBridge.java:347)
11-01 17:31:04.443  2617  2617 W LoginViewModel$invokeSuspend: 	at libcore.io.IoBridge.connectErrno(IoBridge.java:237)
11-01 17:31:04.443  2617  2617 W LoginViewModel$invokeSuspend: 	at libcore.io.IoBridge.connect(IoBridge.java:179)
11-01 17:31:04.443  2617  2617 W LoginViewModel$invokeSuspend: 	at java.net.PlainSocketImpl.socketConnect(PlainSocketImpl.java:142)
11-01 17:31:04.443  2617  2617 W LoginViewModel$invokeSuspend: 	at java.net.AbstractPlainSocketImpl.doConnect(AbstractPlainSocketImpl.java:390)
