11-01 17:30:00.067  2525  2542 D UiDevice: Searching for node with selector: BySelector [TEXT='\QGet Started\E'].
11-01 17:30:00.423   425   459 W TransactionTracing: Could not find layer id -1
11-01 17:30:00.423   425   459 W TransactionTracing: Could not find layer id -1
11-01 17:30:00.423   425   459 W TransactionTracing: Could not find layer id -1
11-01 17:30:00.423   425   459 W TransactionTracing: Could not find layer id -1
11-01 17:30:00.423   425   459 W TransactionTracing: Could not find layer id -1
11-01 17:30:00.710  2525  2542 D UiDevice: Searching for node with selector: BySelector [TEXT='\QGet Started\E'].
11-01 17:30:00.775  2617  2674 D EGL_emulation: app_time_stats: avg=1.26ms min=1.08ms max=2.99ms count=61
11-01 17:30:00.814  2525  2542 D UiDevice: Searching for node with selector: BySelector [TEXT='\QGet Started\E'].
11-01 17:30:00.919  2525  2542 D UiDevice: Searching for node with selector: BySelector [TEXT='\QGet Started\E'].
11-01 17:30:01.023  2525  2542 D UiDevice: Searching for node with selector: BySelector [TEXT='\QGet Started\E'].
11-01 17:30:01.128  2525  2542 D UiDevice: Searching for node with selector: BySelector [TEXT='\QGet Started\E'].
11-01 17:30:01.232  2525  2542 D UiDevice: Searching for node with selector: BySelector [TEXT='\QGet Started\E'].
11-01 17:30:01.336  2525  2542 D UiDevice: Searching for node with selector: BySelector [TEXT='\QGet Started\E'].
11-01 17:30:01.442  2525  2542 D UiDevice: Searching for node with selector: BySelector [TEXT='\QGet Started\E'].
11-01 17:30:01.547  2525  2542 D UiDevice: Searching for node with selector: BySelector [TEXT='\QGet Started\E'].
11-01 17:30:01.651  2525  2542 D UiDevice: Searching for node with selector: BySelector [TEXT='\QGet Started\E'].
11-01 17:30:01.755  2525  2542 D UiDevice: Searching for node with selector: BySelector [TEXT='\QGet Started\E'].
11-01 17:30:01.775  2617  2674 D EGL_emulation: app_time_stats: avg=1.26ms min=1.05ms max=1.89ms count=60
11-01 17:30:01.859  2525  2542 D UiDevice: Searching for node with selector: BySelector [TEXT='\QGet Started\E'].
11-01 17:30:01.963  2525  2542 D UiDevice: Searching for node with selector: BySelector [TEXT='\QGet Started\E'].
11-01 17:30:02.067  2525  2542 D UiDevice: Searching for node with selector: BySelector [TEXT='\QGet Started\E'].
11-01 17:30:02.171  2525  2542 D UiDevice: Searching for node with selector: BySelector [TEXT='\QGet Started\E'].
11-01 17:30:02.276  2525  2542 D UiDevice: Searching for node with selector: BySelector [TEXT='\QGet Started\E'].
11-01 17:30:02.380  2525  2542 D UiDevice: Searching for node with selector: BySelector [TEXT='\QGet Started\E'].
11-01 17:30:02.484  2525  2542 D UiDevice: Searching for node with selector: BySelector [TEXT='\QGet Started\E'].
11-01 17:30:02.587  2525  2542 D UiDevice: Searching for node with selector: BySelector [TEXT='\QGet Started\E'].
11-01 17:30:02.692  2525  2542 D UiDevice: Searching for node with selector: BySelector [TEXT='\QGet Started\E'].
11-01 17:30:02.791  2617  2674 D EGL_emulation: app_time_stats: avg=1.23ms min=1.07ms max=1.57ms count=61
11-01 17:30:02.796  2525  2542 D UiDevice: Searching for node with selector: BySelector [TEXT='\QGet Started\E'].
11-01 17:30:02.899  2525  2542 D UiDevice: Searching for node with selector: BySelector [TEXT='\QGet Started\E'].
11-01 17:30:03.003  2525  2542 D UiDevice: Searching for node with selector: BySelector [TEXT='\QGet Started\E'].
11-01 17:30:03.108  2525  2542 D UiDevice: Searching for node with selector: BySelector [TEXT='\QGet Started\E'].
11-01 17:30:03.212  2525  2542 D UiDevice: Searching for node with selector: BySelector [TEXT='\QGet Started\E'].
11-01 17:30:03.316  2525  2542 D UiDevice: Searching for node with selector: BySelector [TEXT='\QGet Started\E'].
11-01 17:30:03.420  2525  2542 D UiDevice: Searching for node with selector: BySelector [TEXT='\QGet Started\E'].
11-01 17:30:03.525  2525  2542 D UiDevice: Searching for node with selector: BySelector [TEXT='\QGet Started\E'].
11-01 17:30:03.629  2525  2542 D UiDevice: Searching for node with selector: BySelector [TEXT='\QGet Started\E'].
11-01 17:30:03.734  2525  2542 D UiDevice: Searching for node with selector: BySelector [TEXT='\QGet Started\E'].
11-01 17:30:03.774  2617  2726 V UstadCache: OKHttp-CacheInterceptor:  intercept: GET https://edubridge-afghanistan.app/Site/verify
11-01 17:30:03.774  2617  2726 I UstadCache: UstadCache(): Retrieve https://edubridge-afghanistan.app/Site/verify
11-01 17:30:03.774  2617  2726 D UstadCache: UstadCache(): MISS https://edubridge-afghanistan.app/Site/verify
11-01 17:30:03.779  2617  2726 D TrafficStats: tagSocket(99) with statsTag=0xffffffff, statsUid=-1
11-01 17:30:03.808  2617  2674 D EGL_emulation: app_time_stats: avg=1.24ms min=1.09ms max=1.50ms count=61
11-01 17:30:03.808  2617  2617 W LoginViewModel$invokeSuspend: Could not load site object for https://edubridge-afghanistan.app/
11-01 17:30:03.808  2617  2617 W LoginViewModel$invokeSuspend: java.net.ConnectException: Failed to connect to edubridge-afghanistan.app/65.21.146.62:443
11-01 17:30:03.808  2617  2617 W LoginViewModel$invokeSuspend: 	at okhttp3.internal.connection.RealConnection.connectSocket(RealConnection.kt:297)
11-01 17:30:03.808  2617  2617 W LoginViewModel$invokeSuspend: 	at okhttp3.internal.connection.RealConnection.connect(RealConnection.kt:207)
11-01 17:30:03.808  2617  2617 W LoginViewModel$invokeSuspend: 	at okhttp3.internal.connection.ExchangeFinder.findConnection(ExchangeFinder.kt:226)
11-01 17:30:03.808  2617  2617 W LoginViewModel$invokeSuspend: 	at okhttp3.internal.connection.ExchangeFinder.findHealthyConnection(ExchangeFinder.kt:106)
11-01 17:30:03.808  2617  2617 W LoginViewModel$invokeSuspend: 	at okhttp3.internal.connection.ExchangeFinder.find(ExchangeFinder.kt:74)
11-01 17:30:03.808  2617  2617 W LoginViewModel$invokeSuspend: 	at okhttp3.internal.connection.RealCall.initExchange$okhttp(RealCall.kt:255)
11-01 17:30:03.808  2617  2617 W LoginViewModel$invokeSuspend: 	at okhttp3.internal.connection.ConnectInterceptor.intercept(ConnectInterceptor.kt:32)
11-01 17:30:03.808  2617  2617 W LoginViewModel$invokeSuspend: 	at okhttp3.internal.http.RealInterceptorChain.proceed(RealInterceptorChain.kt:109)
11-01 17:30:03.808  2617  2617 W LoginViewModel$invokeSuspend: 	at okhttp3.internal.cache.CacheInterceptor.intercept(CacheInterceptor.kt:95)
11-01 17:30:03.808  2617  2617 W LoginViewModel$invokeSuspend: 	at okhttp3.internal.http.RealInterceptorChain.proceed(RealInterceptorChain.kt:109)
11-01 17:30:03.808  2617  2617 W LoginViewModel$invokeSuspend: 	at okhttp3.internal.http.BridgeInterceptor.intercept(BridgeInterceptor.kt:83)
11-01 17:30:03.808  2617  2617 W LoginViewModel$invokeSuspend: 	at okhttp3.internal.http.RealInterceptorChain.proceed(RealInterceptorChain.kt:109)
11-01 17:30:03.808  2617  2617 W LoginViewModel$invokeSuspend: 	at okhttp3.internal.http.RetryAndFollowUpInterceptor.intercept(RetryAndFollowUpInterceptor.kt:76)
11-01 17:30:03.808  2617  2617 W LoginViewModel$invokeSuspend: 	at okhttp3.internal.http.RealInterceptorChain.proceed(RealInterceptorChain.kt:109)
11-01 17:30:03.808  2617  2617 W LoginViewModel$invokeSuspend: 	at com.ustadmobile.libcache.okhttp.UstadCacheInterceptor.intercept(UstadCacheInterceptor.kt:407)
11-01 17:30:03.808  2617  2617 W LoginViewModel$invokeSuspend: 	at okhttp3.internal.http.RealInterceptorChain.proceed(RealInterceptorChain.kt:109)
11-01 17:30:03.808  2617  2617 W LoginViewModel$invokeSuspend: 	at okhttp3.internal.connection.RealCall.getResponseWithInterceptorChain$okhttp(RealCall.kt:201)
11-01 17:30:03.808  2617  2617 W LoginViewModel$invokeSuspend: 	at okhttp3.internal.connection.RealCall$AsyncCall.run(RealCall.kt:517)
11-01 17:30:03.808  2617  2617 W LoginViewModel$invokeSuspend: 	at java.util.concurrent.ThreadPoolExecutor.runWorker(ThreadPoolExecutor.java:1137)
11-01 17:30:03.808  2617  2617 W LoginViewModel$invokeSuspend: 	at java.util.concurrent.ThreadPoolExecutor$Worker.run(ThreadPoolExecutor.java:637)
11-01 17:30:03.808  2617  2617 W LoginViewModel$invokeSuspend: 	at java.lang.Thread.run(Thread.java:1012)
11-01 17:30:03.808  2617  2617 W LoginViewModel$invokeSuspend: Caused by: java.net.ConnectException: failed to connect to edubridge-afghanistan.app/65.21.146.62 (port 443) from /10.0.2.16 (port 39454) after 10000ms: isConnected failed: ECONNREFUSED (Connection refused)
11-01 17:30:03.808  2617  2617 W LoginViewModel$invokeSuspend: 	at libcore.io.IoBridge.isConnected(IoBridge.java:347)
11-01 17:30:03.808  2617  2617 W LoginViewModel$invokeSuspend: 	at libcore.io.IoBridge.connectErrno(IoBridge.java:237)
11-01 17:30:03.808  2617  2617 W LoginViewModel$invokeSuspend: 	at libcore.io.IoBridge.connect(IoBridge.java:179)
11-01 17:30:03.808  2617  2617 W LoginViewModel$invokeSuspend: 	at java.net.PlainSocketImpl.socketConnect(PlainSocketImpl.java:142)
11-01 17:30:03.808  2617  2617 W LoginViewModel$invokeSuspend: 	at java.net.AbstractPlainSocketImpl.doConnect(AbstractPlainSocketImpl.java:390)
11-01 17:30:03.808  2617  2617 W LoginViewModel$invokeSuspend: 	at java.net.AbstractPlainSocketImpl.connectToAddress(AbstractPlainSocketImpl.java:230)
11-01 17:30:03.808  2617  2617 W LoginViewModel$invokeSuspend: 	at java.net.AbstractPlainSocketImpl.connect(AbstractPlainSocketImpl.java:212)
11-01 17:30:03.808  2617  2617 W LoginViewModel$invokeSuspend: 	at java.net.SocksSocketImpl.connect(SocksSocketImpl.java:436)
11-01 17:30:03.808  2617  2617 W LoginViewModel$invokeSuspend: 	at java.net.Socket.connect(Socket.java:646)
11-01 17:30:03.808  2617  2617 W LoginViewModel$invokeSuspend: 	at okhttp3.internal.platform.Platform.connectSocket(Platform.kt:128)
11-01 17:30:03.808  2617  2617 W LoginViewModel$invokeSuspend: 	at okhttp3.internal.connection.RealConnection.connectSocket(RealConnection.kt:295)
11-01 17:30:03.808  2617  2617 W LoginViewModel$invokeSuspend: 	... 20 more
11-01 17:30:03.808  2617  2617 W LoginViewModel$invokeSuspend: Caused by: android.system.ErrnoException: isConnected failed: ECONNREFUSED (Connection refused)
11-01 17:30:03.808  2617  2617 W LoginViewModel$invokeSuspend: 	at libcore.io.IoBridge.isConnected(IoBridge.java:334)
11-01 17:30:03.808  2617  2617 W LoginViewModel$invokeSuspend: 	... 30 more
11-01 17:30:03.837  2525  2542 D UiDevice: Searching for node with selector: BySelector [TEXT='\QGet Started\E'].
11-01 17:30:04.407   867   995 D EGL_emulation: app_time_stats: avg=4389.64ms min=4389.64ms max=4389.64ms count=1
11-01 17:30:04.808  2617  2674 D EGL_emulation: app_time_stats: avg=1.22ms min=1.05ms max=1.74ms count=60
11-01 17:30:04.843  2525  2542 D UiDevice: Retrieving node with selector: BySelector [TEXT='\QGet Started\E'].
11-01 17:30:04.900  2525  2542 D UiDevice: Node not found with selector: BySelector [TEXT='\QGet Started\E'].
11-01 17:30:05.825  2617  2674 D EGL_emulation: app_time_stats: avg=1.27ms min=1.11ms max=1.58ms count=61
11-01 17:30:06.841  2617  2674 D EGL_emulation: app_time_stats: avg=1.19ms min=1.06ms max=1.43ms count=61
11-01 17:30:07.291  2617  2635 D UstadCache: CacheTrimmer:  Trim cache run: max (evictable) size = 100000000 bytes
11-01 17:30:07.292  2617  2635 V UstadCache: CacheTrimmer:  deleting
11-01 17:30:07.842  2617  2674 D EGL_emulation: app_time_stats: avg=1.23ms min=1.08ms max=1.53ms count=60
11-01 17:30:08.858  2617  2674 D EGL_emulation: app_time_stats: avg=1.20ms min=1.05ms max=1.47ms count=61
11-01 17:30:09.875  2617  2674 D EGL_emulation: app_time_stats: avg=1.22ms min=1.06ms max=1.58ms count=61
11-01 17:30:09.900  2525  2542 D Benchmark: Profile Installer - Save Profile
11-01 17:30:09.929  2617  2617 I Process : Sending signal. PID: 2617 SIG: 10
11-01 17:30:09.929  2617  2617 D ProfileInstaller:
11-01 17:30:09.930  2617  2622 I child.edubridge: Thread[3,tid=2622,WaitingInMainSignalCatcherLoop,Thread*=0x7c11db9e5b20,peer=0x13201810,"Signal Catcher"]: reacting to signal 10
11-01 17:30:09.930  2617  2622 I child.edubridge:
11-01 17:30:09.930  2617  2622 I child.edubridge: SIGUSR1 forcing GC (no HPROF) and profile save
11-01 17:30:09.961  2617  2622 I child.edubridge: Explicit concurrent copying GC freed 125009(4262KB) AllocSpace objects, 1(56KB) LOS objects, 49% free, 7266KB/14MB, paused 14us,10us total 31.226ms
11-01 17:30:10.433  2525  2542 D Benchmark: Killing process org.street_child.edubridge
11-01 17:30:10.433  2525  2542 D UiDevice: Executing shell command: killall org.street_child.edubridge
11-01 17:30:10.460  1510  1761 W MediaProvider: isAppCloneUserPair for user 0: false
11-01 17:30:10.462  1510  1761 V MediaProvider: Inserted id:1000000073 less than next row id backup:1000001000.
11-01 17:30:10.498   575  2327 I PackageDexOptimizer: Running dexopt (dexoptNeeded=-3) on: /data/app/~~BwgQtX5CYUpjiTMOEzzJJw==/org.street_child.edubridge-_HKotTTaiFD4n6vJUuyHvA==/base.apk pkg=org.street_child.edubridge isa=x86_64 dexoptFlags=boot_complete,profile_guided,force,enable_hidden_api_checks targetFilter=speed-profile oatDir=/data/app/~~BwgQtX5CYUpjiTMOEzzJJw==/org.street_child.edubridge-_HKotTTaiFD4n6vJUuyHvA==/oat classLoaderContext=PCL[]{PCL[/system_ext/framework/androidx.window.extensions.jar]#PCL[/system_ext/framework/androidx.window.sidecar.jar]}
11-01 17:30:10.500   496   496 V installd: DexInv: --- BEGIN '/data/app/~~BwgQtX5CYUpjiTMOEzzJJw==/org.street_child.edubridge-_HKotTTaiFD4n6vJUuyHvA==/base.apk' ---
11-01 17:30:10.500   496   496 V installd: Running /apex/com.android.art/bin/dex2oat64 in=base.apk out=/data/app/~~BwgQtX5CYUpjiTMOEzzJJw==/org.street_child.edubridge-_HKotTTaiFD4n6vJUuyHvA==/oat/x86_64/base.odex
11-01 17:30:10.513  3718  3718 W dex2oat64: Unexpected CPU variant for x86: x86_64.
11-01 17:30:10.513  3718  3718 W dex2oat64: Known variants: atom, sandybridge, silvermont, kabylake, default
11-01 17:30:10.514  3718  3718 W dex2oat64: Mismatch between dex2oat instruction set features to use (ISA: X86_64 Feature string: -ssse3,-sse4.1,-sse4.2,-avx,-avx2,-popcnt) and those from CPP defines (ISA: X86_64 Feature string: ssse3,sse4.1,sse4.2,-avx,-avx2,popcnt) for the command line:
11-01 17:30:10.514  3718  3718 W dex2oat64: /apex/com.android.art/bin/dex2oat64 --zip-fd=8 --zip-location=base.apk --oat-fd=9 --oat-location=/data/app/~~BwgQtX5CYUpjiTMOEzzJJw==/org.street_child.edubridge-_HKotTTaiFD4n6vJUuyHvA==/oat/x86_64/base.odex --input-vdex-fd=11 --output-vdex-fd=10 --app-image-fd=14 --image-format=lz4 --profile-file-fd=13 --swap-fd=12 --classpath-dir=/data/app/~~BwgQtX5CYUpjiTMOEzzJJw==/org.street_child.edubridge-_HKotTTaiFD4n6vJUuyHvA== --class-loader-context=PCL[]{PCL[/system_ext/framework/androidx.window.extensions.jar]#PCL[/system_ext/framework/androidx.window.sidecar.jar]} --instruction-set=x86_64 --instruction-set-features=default --instruction-set-variant=x86_64 --compiler-filter=speed-profile --compilation-reason=cmdline --max-image-block-size=524288 --resolve-startup-const-strings=true --generate-mini-debug-info --runtime-arg -Xtarget-sdk-version:34 --runtime-arg -Xhidden-api-policy:enabled --runtime-arg -Xms64m --runtime-arg -Xmx512m
11-01 17:30:10.518  3718  3718 I dex2oat64: /apex/com.android.art/bin/dex2oat64 --input-vdex-fd=11 --output-vdex-fd=10 --profile-file-fd=13 --classpath-dir=/data/app/~~BwgQtX5CYUpjiTMOEzzJJw==/org.street_child.edubridge-_HKotTTaiFD4n6vJUuyHvA== --class-loader-context=PCL[]{PCL[/system_ext/framework/androidx.window.extensions.jar]#PCL[/system_ext/framework/androidx.window.sidecar.jar]} --compiler-filter=speed-profile --compilation-reason=cmdline --max-image-block-size=524288 --resolve-startup-const-strings=true --generate-mini-debug-info
11-01 17:30:10.875  2617  2674 D EGL_emulation: app_time_stats: avg=1.30ms min=1.06ms max=1.58ms count=60
11-01 17:30:11.892  2617  2674 D EGL_emulation: app_time_stats: avg=1.39ms min=1.17ms max=1.62ms count=61
11-01 17:30:12.892  2617  2674 D EGL_emulation: app_time_stats: avg=1.36ms min=1.18ms max=1.60ms count=60
11-01 17:30:13.812  2617  2726 V UstadCache: OKHttp-CacheInterceptor:  intercept: GET https://edubridge-afghanistan.app/Site/verify
11-01 17:30:13.812  2617  2726 I UstadCache: UstadCache(): Retrieve https://edubridge-afghanistan.app/Site/verify
11-01 17:30:13.812  2617  2726 D UstadCache: UstadCache(): MISS https://edubridge-afghanistan.app/Site/verify
11-01 17:30:13.814  2617  2726 D TrafficStats: tagSocket(106) with statsTag=0xffffffff, statsUid=-1
11-01 17:30:13.842  2617  2617 W LoginViewModel$invokeSuspend: Could not load site object for https://edubridge-afghanistan.app/
11-01 17:30:13.842  2617  2617 W LoginViewModel$invokeSuspend: java.net.ConnectException: Failed to connect to edubridge-afghanistan.app/65.21.146.62:443
11-01 17:30:13.842  2617  2617 W LoginViewModel$invokeSuspend: 	at okhttp3.internal.connection.RealConnection.connectSocket(RealConnection.kt:297)
11-01 17:30:13.842  2617  2617 W LoginViewModel$invokeSuspend: 	at okhttp3.internal.connection.RealConnection.connect(RealConnection.kt:207)
11-01 17:30:13.842  2617  2617 W LoginViewModel$invokeSuspend: 	at okhttp3.internal.connection.ExchangeFinder.findConnection(ExchangeFinder.kt:226)
11-01 17:30:13.842  2617  2617 W LoginViewModel$invokeSuspend: 	at okhttp3.internal.connection.ExchangeFinder.findHealthyConnection(ExchangeFinder.kt:106)
11-01 17:30:13.842  2617  2617 W LoginViewModel$invokeSuspend: 	at okhttp3.internal.connection.ExchangeFinder.find(ExchangeFinder.kt:74)
11-01 17:30:13.842  2617  2617 W LoginViewModel$invokeSuspend: 	at okhttp3.internal.connection.RealCall.initExchange$okhttp(RealCall.kt:255)
11-01 17:30:13.842  2617  2617 W LoginViewModel$invokeSuspend: 	at okhttp3.internal.connection.ConnectInterceptor.intercept(ConnectInterceptor.kt:32)
11-01 17:30:13.842  2617  2617 W LoginViewModel$invokeSuspend: 	at okhttp3.internal.http.RealInterceptorChain.proceed(RealInterceptorChain.kt:109)
11-01 17:30:13.842  2617  2617 W LoginViewModel$invokeSuspend: 	at okhttp3.internal.cache.CacheInterceptor.intercept(CacheInterceptor.kt:95)
11-01 17:30:13.842  2617  2617 W LoginViewModel$invokeSuspend: 	at okhttp3.internal.http.RealInterceptorChain.proceed(RealInterceptorChain.kt:109)
11-01 17:30:13.842  2617  2617 W LoginViewModel$invokeSuspend: 	at okhttp3.internal.http.BridgeInterceptor.intercept(BridgeInterceptor.kt:83)
11-01 17:30:13.842  2617  2617 W LoginViewModel$invokeSuspend: 	at okhttp3.internal.http.RealInterceptorChain.proceed(RealInterceptorChain.kt:109)
11-01 17:30:13.842  2617  2617 W LoginViewModel$invokeSuspend: 	at okhttp3.internal.http.RetryAndFollowUpInterceptor.intercept(RetryAndFollowUpInterceptor.kt:76)
11-01 17:30:13.842  2617  2617 W LoginViewModel$invokeSuspend: 	at okhttp3.internal.http.RealInterceptorChain.proceed(RealInterceptorChain.kt:109)
11-01 17:30:13.842  2617  2617 W LoginViewModel$invokeSuspend: 	at com.ustadmobile.libcache.okhttp.UstadCacheInterceptor.intercept(UstadCacheInterceptor.kt:407)
11-01 17:30:13.842  2617  2617 W LoginViewModel$invokeSuspend: 	at okhttp3.internal.http.RealInterceptorChain.proceed(RealInterceptorChain.kt:109)
11-01 17:30:13.842  2617  2617 W LoginViewModel$invokeSuspend: 	at okhttp3.internal.connection.RealCall.getResponseWithInterceptorChain$okhttp(RealCall.kt:201)
11-01 17:30:13.842  2617  2617 W LoginViewModel$invokeSuspend: 	at okhttp3.internal.connection.RealCall$AsyncCall.run(RealCall.kt:517)
11-01 17:30:13.842  2617  2617 W LoginViewModel$invokeSuspend: 	at java.util.concurrent.ThreadPoolExecutor.runWorker(ThreadPoolExecutor.java:1137)
11-01 17:30:13.842  2617  2617 W LoginViewModel$invokeSuspend: 	at java.util.concurrent.ThreadPoolExecutor$Worker.run(ThreadPoolExecutor.java:637)
11-01 17:30:13.842  2617  2617 W LoginViewModel$invokeSuspend: 	at java.lang.Thread.run(Thread.java:1012)
11-01 17:30:13.842  2617  2617 W LoginViewModel$invokeSuspend: Caused by: java.net.ConnectException: failed to connect to edubridge-afghanistan.app/65.21.146.62 (port 443) from /10.0.2.16 (port 60890) after 10000ms: isConnected failed: ECONNREFUSED (Connection refused)
11-01 17:30:13.842  2617  2617 W LoginViewModel$invokeSuspend: 	at libcore.io.IoBridge.isConnected(IoBridge.java:347)
11-01 17:30:13.842  2617  2617 W LoginViewModel$invokeSuspend: 	at libcore.io.IoBridge.connectErrno(IoBridge.java:237)
11-01 17:30:13.842  2617  2617 W LoginViewModel$invokeSuspend: 	at libcore.io.IoBridge.connect(IoBridge.java:179)
11-01 17:30:13.842  2617  2617 W LoginViewModel$invokeSuspend: 	at java.net.PlainSocketImpl.socketConnect(PlainSocketImpl.java:142)
11-01 17:30:13.842  2617  2617 W LoginViewModel$invokeSuspend: 	at java.net.AbstractPlainSocketImpl.doConnect(AbstractPlainSocketImpl.java:390)
11-01 17:30:13.842  2617  2617 W LoginViewModel$invokeSuspend: 	at java.net.AbstractPlainSocketImpl.connectToAddress(AbstractPlainSocketImpl.java:230)
11-01 17:30:13.842  2617  2617 W LoginViewModel$invokeSuspend: 	at java.net.AbstractPlainSocketImpl.connect(AbstractPlainSocketImpl.java:212)
11-01 17:30:13.842  2617  2617 W LoginViewModel$invokeSuspend: 	at java.net.SocksSocketImpl.connect(SocksSocketImpl.java:436)
11-01 17:30:13.842  2617  2617 W LoginViewModel$invokeSuspend: 	at java.net.Socket.connect(Socket.java:646)
11-01 17:30:13.842  2617  2617 W LoginViewModel$invokeSuspend: 	at okhttp3.internal.platform.Platform.connectSocket(Platform.kt:128)
11-01 17:30:13.842  2617  2617 W LoginViewModel$invokeSuspend: 	at okhttp3.internal.connection.RealConnection.connectSocket(RealConnection.kt:295)
11-01 17:30:13.842  2617  2617 W LoginViewModel$invokeSuspend: 	... 20 more
11-01 17:30:13.842  2617  2617 W LoginViewModel$invokeSuspend: Caused by: android.system.ErrnoException: isConnected failed: ECONNREFUSED (Connection refused)
11-01 17:30:13.842  2617  2617 W LoginViewModel$invokeSuspend: 	at libcore.io.IoBridge.isConnected(IoBridge.java:334)
11-01 17:30:13.842  2617  2617 W LoginViewModel$invokeSuspend: 	... 30 more
11-01 17:30:13.892  2617  2674 D EGL_emulation: app_time_stats: avg=1.43ms min=1.12ms max=1.62ms count=60
11-01 17:30:14.703  3718  3723 W dex2oat64: Accessing hidden method Landroid/window/BackEvent;->getProgress()F (blocked, linking, denied)
11-01 17:30:14.703  3718  3723 W dex2oat64: Accessing hidden method Landroid/window/BackEvent;->getSwipeEdge()I (blocked, linking, denied)
11-01 17:30:14.703  3718  3723 W dex2oat64: Accessing hidden method Landroid/window/BackEvent;->getTouchX()F (blocked, linking, denied)
11-01 17:30:14.703  3718  3723 W dex2oat64: Accessing hidden method Landroid/window/BackEvent;->getTouchY()F (blocked, linking, denied)
11-01 17:30:14.908  2617  2674 D EGL_emulation: app_time_stats: avg=1.26ms min=1.04ms max=1.60ms count=61
11-01 17:30:14.951  3718  3724 W dex2oat64: Method java.lang.Object androidx.compose.runtime.snapshots.SnapshotStateMap.mutate(kotlin.jvm.functions.Function1) failed lock verification and will run slower.
11-01 17:30:14.951  3718  3724 W dex2oat64: Common causes for lock verification issues are non-optimized dex code
11-01 17:30:14.951  3718  3724 W dex2oat64: and incorrect proguard optimizations.
11-01 17:30:14.951  3718  3724 W dex2oat64: Method void androidx.compose.runtime.snapshots.SnapshotStateMap.update(kotlin.jvm.functions.Function1) failed lock verification and will run slower.
11-01 17:30:14.951  3718  3724 W dex2oat64: Method boolean androidx.compose.runtime.snapshots.SnapshotStateMap.removeIf$runtime_release(kotlin.jvm.functions.Function1) failed lock verification and will run slower.
11-01 17:30:14.970  3718  3725 W dex2oat64: Method boolean androidx.compose.runtime.snapshots.SnapshotStateList.conditionalUpdate(boolean, kotlin.jvm.functions.Function1) failed lock verification and will run slower.
11-01 17:30:14.970  3718  3725 W dex2oat64: Method boolean androidx.compose.runtime.snapshots.SnapshotStateList.conditionalUpdate$default(androidx.compose.runtime.snapshots.SnapshotStateList, boolean, kotlin.jvm.functions.Function1, int, java.lang.Object) failed lock verification and will run slower.
11-01 17:30:14.971  3718  3725 W dex2oat64: Method java.lang.Object androidx.compose.runtime.snapshots.SnapshotStateList.mutate(kotlin.jvm.functions.Function1) failed lock verification and will run slower.
11-01 17:30:14.971  3718  3725 W dex2oat64: Method void androidx.compose.runtime.snapshots.SnapshotStateList.update(boolean, kotlin.jvm.functions.Function1) failed lock verification and will run slower.
11-01 17:30:14.971  3718  3725 W dex2oat64: Method void androidx.compose.runtime.snapshots.SnapshotStateList.update$default(androidx.compose.runtime.snapshots.SnapshotStateList, boolean, kotlin.jvm.functions.Function1, int, java.lang.Object) failed lock verification and will run slower.
11-01 17:30:15.908  2617  2674 D EGL_emulation: app_time_stats: avg=1.25ms min=1.04ms max=1.53ms count=60
11-01 17:30:16.352  3718  3718 I dex2oat64: Explicit concurrent copying GC freed 197301(32MB) AllocSpace objects, 0(0B) LOS objects, 49% free, 2112KB/4224KB, paused 14us,3us total 7.138ms
11-01 17:30:16.677  3718  3718 I dex2oat64: dex2oat took 6.164s (9.618s cpu) (threads: 4) arena alloc=9546KB (9775784B) java alloc=2112KB (2162944B) native alloc=21MB (22530160B) free=146MB (153246336B)
11-01 17:30:16.707   496   496 V installd: DexInv: --- END '/data/app/~~BwgQtX5CYUpjiTMOEzzJJw==/org.street_child.edubridge-_HKotTTaiFD4n6vJUuyHvA==/base.apk' (success) ---
11-01 17:30:16.757  1510  2837 W MediaProvider: isAppCloneUserPair for user 0: false
11-01 17:30:16.758  1510  2837 V MediaProvider: Inserted id:1000000074 less than next row id backup:1000001000.
11-01 17:30:16.908  2617  2674 D EGL_emulation: app_time_stats: avg=1.35ms min=1.11ms max=1.75ms count=60
11-01 17:30:17.139  3741  3741 W profman : profman took 351.752ms
11-01 17:30:17.160  1510  1859 W MediaProvider: isAppCloneUserPair for user 0: false
11-01 17:30:17.161  1510  1859 V MediaProvider: Inserted id:1000000075 less than next row id backup:1000001000.
11-01 17:30:17.870  1510  1758 I MediaProvider: Deleted 0 0 0 0 0 0 0 items on external_primary due to com.ustadmobile.app_android_baselineprofile
11-01 17:30:17.909  2617  2674 D EGL_emulation: app_time_stats: avg=1.27ms min=1.10ms max=1.80ms count=60
11-01 17:30:18.696  2525  2542 D Benchmark: Unstable profiles during iteration 9
11-01 17:30:18.697  2525  2542 D Benchmark: Killing package org.street_child.edubridge
11-01 17:30:18.697  2525  2542 D Benchmark: Killing process org.street_child.edubridge
11-01 17:30:18.697  2525  2542 D UiDevice: Executing shell command: killall org.street_child.edubridge
11-01 17:30:18.709  2525  2542 D Benchmark: Compile iteration (10) for org.street_child.edubridge
11-01 17:30:18.710  2525  2542 D UiDevice: Pressing home button.
11-01 17:30:18.727   867   867 V ShadeControllerImpl: NotificationShadeWindow: com.android.systemui.shade.NotificationShadeWindowView{f025071 I.E...... ......ID 0,0-320,640} canPanelBeCollapsed(): false
11-01 17:30:18.736  1129  1129 D TaplTarget: Launcher.onNewIntent: Intent { act=android.intent.action.MAIN cat=[android.intent.category.HOME] flg=0x10400100 cmp=com.android.launcher3/.uioverrides.QuickstepLauncher (has extras) }
11-01 17:30:18.737   867   867 V ShadeControllerImpl: NotificationShadeWindow: com.android.systemui.shade.NotificationShadeWindowView{f025071 I.E...... ......ID 0,0-320,640} canPanelBeCollapsed(): false
11-01 17:30:18.756   425   425 I BpBinder: onLastStrongRef automatically unlinking death recipients: <uncached descriptor>
11-01 17:30:18.773  1510  1859 W MediaProvider: isAppCloneUserPair for user 0: false
11-01 17:30:18.774  1510  1859 V MediaProvider: Inserted id:1000000076 less than next row id backup:1000001000.
11-01 17:30:18.781   867   995 D EGL_emulation: app_time_stats: avg=14373.20ms min=14373.20ms max=14373.20ms count=1
11-01 17:30:18.833  2525  2542 I System.out: 0 Flags,FrameTimelineVsyncId,IntendedVsync,Vsync,InputEventId,HandleInputStart,AnimationStart,PerformTraversalsStart,DrawStart,FrameDeadline,FrameInterval,FrameStartTime,SyncQueued,SyncStart,IssueDrawCommandsStart,SwapBuffers,FrameCompleted,DequeueBufferDuration,QueueBufferDuration,GpuCompleted,SwapBuffersCompleted,DisplayPresentTime,CommandSubmissionCompleted,
11-01 17:30:18.833  2525  2542 I System.out: 1 0,113414,491600159451,491600159451,0,491600344735,491600345085,491600533046,491600553006,491633492783,491600343125,16666666,491600647756,491601514876,491601557896,491601973536,491618438921,15590494,158700,491602799516,491618438921,491634312865,491601973536,
11-01 17:30:18.833  2525  2542 I System.out: 2 0,113422,491616826117,491616826117,0,491616978710,491616979390,491617175150,491617195120,491650159449,491616976900,16666666,491617290830,491618468101,491618508521,491618916791,491634476535,14648764,159300,491619782951,491634476535,491651202840,491618916791,
11-01 17:30:18.833  2525  2542 I System.out: 3 0,113430,491633492783,491633492783,0,491633697085,491633697385,491633883945,491633902945,491666826115,491633695145,16666666,491633998435,491634504945,491634545655,491634925035,491651354930,15437225,144730,491635860055,491651354930,491668309944,491634925035,
11-01 17:30:18.833  2525  2542 I System.out: 4 0,113438,491650159449,491650159449,0,491650348649,491650349129,491650546089,491650568029,491683492781,491650346989,16666666,491650664279,491651387760,491651434680,491651887960,491668467994,15632834,160870,491652785080,491668467994,491684432079,491651887960,
11-01 17:30:18.833  2525  2542 I System.out: 5 0,113446,491666826115,491666826115,0,491667020654,491667020964,491667205084,491667223094,491700159447,491667018984,16666666,491667313244,491668499974,491668544104,491668973695,491684696969,14724794,154070,491669924025,491684696969,491701417014,491668973695,
11-01 17:30:18.833  2525  2542 I System.out: 6 0,113454,491683492781,491683492781,0,491683631139,491683631449,491683800039,491683818009,491716826113,491683629229,16666666,491683907159,491684729659,491684775249,491685222869,491701547654,15410285,157820,491686098619,491701547654,491717935658,491685222869,
11-01 17:30:18.833  2525  2542 I System.out: 7 0,113462,491700159447,491700159447,0,491700324663,491700325083,491700520633,491700541223,491733492779,491700322503,16666666,491700634833,491701573544,491701607954,491701951444,491718167158,15308104,122930,491702760044,491718167158,491734515253,491701951444,
11-01 17:30:18.833  2525  2542 I System.out: 8 0,113470,491716826113,491716826113,0,491717052638,491717053168,491717329308,491717353088,491750159445,491717049908,16666666,491717534168,491718198338,491718242388,491718683728,491734719423,15119684,111890,491733570622,491734719423,491751703828,491718683728,
11-01 17:30:18.833  2525  2542 I System.out: 9 0,113478,491733492779,491733492779,0,491733662353,491733662793,491733852073,491733872643,491766826111,491733660543,16666666,491733977883,491734750693,491734796883,491735208313,491751881458,15781365,161340,491736044113,491751881458,491768221082,491735208313,
11-01 17:30:18.833  2525  2542 I System.out: 10 0,113486,491750159445,491750159445,0,491750352867,491750353297,491750568967,491750588927,491783492777,491750350977,16666666,491750692117,491751933528,491751985968,491752435758,491768400692,15092284,135810,491766909462,491768400692,491784600837,491752435758,
11-01 17:30:18.833  2525  2542 I System.out: 11 0,113494,491766826111,491766826111,0,491767007462,491767007822,491767203362,491767220282,491800159443,491767005892,16666666,491767303852,491768425472,491768452402,491768773942,491784651767,14992904,146580,491769618552,491784651767,491802070832,491768773942,
11-01 17:30:18.833  2525  2542 I System.out: 12 0,113502,491783492777,491783492777,0,491783748026,491783748516,491783925876,491783943826,491816826109,491783746766,16666666,491784042607,491784677147,491784708387,491785059227,491802237032,16296815,143480,491785896157,491802237032,491818124126,491785059227,
11-01 17:30:18.833  2525  2542 I System.out: 13 0,113510,491800159443,491800159443,0,491800401271,491800401701,491800585171,491800603061,491833492775,491800399331,16666666,491800683831,491802266592,491802291512,491802606662,491818246826,14826734,144440,491803381192,491818246826,491834390690,491802606662,
11-01 17:30:18.833  2525  2542 I System.out: 14 0,113518,491816826109,491816826109,0,491817005276,491817005666,491817213386,491817229276,491850159441,491817003626,16666666,491817320986,491818272836,491818297236,491818595436,491834613741,15205725,139680,491819362286,491834613741,491851010545,491818595436,
11-01 17:30:18.833  2525  2542 I System.out: 15 0,113526,491833492775,491833492775,0,491833675680,491833676150,491833864440,491833880700,491866826107,491833674200,16666666,491833976810,491834638291,491834670171,491834984211,491851375215,15527444,96030,491850237105,491851375215,491868317320,491834984211,
11-01 17:30:18.833  2525  2542 I System.out: 16 0,113534,491850159441,491850159441,0,491850332045,491850332345,491850496655,491850514655,491883492773,491850330705,16666666,491850598025,491851398435,491851425885,491851755175,491868482570,15950024,93001,491866902890,491868482570,491884290644,491851755175,
11-01 17:30:18.833  2525  2542 I System.out: 17 0,113542,491866826107,491866826107,0,491866997060,491866997450,491867157050,491867174300,491900159439,491866995850,16666666,491867257860,491868504420,491868530190,491868850650,491884469514,14733694,152380,491869689110,491884469514,491901482289,491868850650,
11-01 17:30:18.833  2525  2542 I System.out: 18 0,113550,491883492773,491883492773,0,491883645294,491883645654,491883820274,491883839044,491916826105,491883643784,16666666,491883942054,491884494374,491884529034,491884864295,491901638399,15930244,95330,491900243909,491901638399,491918151074,491884864295,
11-01 17:30:18.833  2525  2542 I System.out: 19 0,113558,491900159439,491900159439,0,491900373689,491900374149,491900607299,491900632339,491933492771,491900371069,16666666,491901273519,491901659769,491901684939,491901996709,491918299534,15455355,138710,491902805739,491918299534,491934637638,491901996709,
11-01 17:30:18.833  2525  2542 I System.out: 20 0,113566,491916826105,491916826105,0,491917052673,491917053703,491917301244,491917329194,491950159437,491917050323,16666666,491917492084,491918321264,491918346684,491918665114,491934813338,15245724,168150,491919525154,491934813338,491950965443,491918665114,
11-01 17:30:18.833  2525  2542 I System.out: 21 0,113574,491933492771,491933492771,0,491933735958,491933737038,491934038468,491934065358,491966826103,491933732778,16666666,491934189988,491934838848,491934871548,491935209918,491951164553,15028704,94360,491950254673,491951164553,491967795548,491935209918,
11-01 17:30:18.833  2525  2542 I System.out: 22 0,113582,491950159437,491950159437,0,491950331383,491950331953,491950522653,491950545933,491983492769,491950328933,16666666,491950643003,491951184743,491951212603,491951511603,491968011448,15608245,113380,491952358883,491968011448,491984803092,491951511603,
11-01 17:30:18.833  2525  2542 I System.out: 23 0,113590,491966826103,491966826103,0,491967028277,491967029007,491967314037,491967337197,492000159435,491967025097,16666666,491967456377,491968047488,491968091838,491968458418,491985001282,15629564,148390,491969328708,491985001282,492001462237,491968458418,
11-01 17:30:18.833  2525  2542 I System.out: 24 0,113598,491983492769,491983492769,0,491983670812,491983671242,491983820952,491983838442,492016826101,491983669442,16666666,491983922852,491985041352,491985076662,491985451412,492001611617,15354114,104760,492000244197,492001611617,492018176472,491985451412,
11-01 17:30:18.833  2525  2542 I System.out: 25 0,113606,492000159435,492000159435,0,492000319767,492000320037,492000431937,492000441587,492033492767,492000318777,16666666,492000493217,492001631957,492001655697,492001930847,492018318622,15578575,102480,492016920991,492018318622,492034381076,492001930847,
11-01 17:30:18.833  2525  2542 I System.out: 26 0,113614,492016826101,492016826101,0,492017005361,492017005711,492017170511,492017180381,492050159433,492017003941,16666666,492017234061,492018342842,492018368992,492018672092,492034616226,15188354,98460,492033594286,492034616226,492051044021,492018672092,
11-01 17:30:18.833  2525  2542 I System.out: 27 0,113622,492033492767,492033492767,0,492033691916,492033692286,492033819556,492033828946,492066826099,492033690936,16666666,492033893986,492034638626,492034667706,492034963396,492051321201,15475125,98670,492050270790,492051321201,492067788405,492034963396,
11-01 17:30:18.833  2525  2542 I System.out: 28 0,113630,492050159433,492050159433,0,492050415770,492050416130,492050613821,492050635081,492083492765,492050413830,16666666,492050759721,492051345351,492051374891,492051767971,492068035555,15416354,151640,492052572841,492068035555,492084737030,492051767971,
11-01 17:30:18.833  2525  2542 I System.out: 29 0,113638,492066826099,492066826099,0,492067000025,492067000345,492067138285,492067150665,492100159431,492066999025,16666666,492067217955,492068060345,492068092515,492068436756,492084916720,15705224,95800,492083582200,492084916720,492100953895,492068436756,
11-01 17:30:18.833  2525  2542 I System.out: 30 0,113646,492083492765,492083492765,0,492083641710,492083641980,492083762430,492083773720,492116826097,492083640000,16666666,492083830960,492084939130,492084964780,492085293030,492101200355,15084995,134270,492086075050,492101200355,492118218329,492085293030,
11-01 17:30:18.833  2525  2542 I System.out: 31 0,113654,492100159431,492100159431,0,492100376624,492100376964,492100550554,492100563874,492133492763,492100375384,16666666,492100638314,492101220115,492101245875,492101538035,492118265199,15918884,116310,492102307315,492118265199,492134424314,492101538035,
11-01 17:30:18.833  2525  2542 I System.out: 32 0,113662,492116826097,492116826097,0,492117024049,492117024349,492117186149,492117197799,492150159429,492117022859,16666666,492117259149,492118288989,492118317659,492118635029,492134693314,15213314,157230,492119440090,492134693314,492151209738,492118635029,
11-01 17:30:18.833  2525  2542 I System.out: 33 0,113670,492133492763,492133492763,0,492133687574,492133687964,492133856264,492133876274,492166826095,492133686154,16666666,492133980564,492134712244,492134737554,492135066934,492151476829,15603645,149930,492135824204,492151476829,492167607293,492135066934,
11-01 17:30:18.833  2525  2542 I System.out: 34 0,113678,492150159429,492150159429,0,492150376898,492150377318,492150577478,492150593868,492183492761,492150375558,16666666,492150688358,492151502499,492151530719,492151855339,492168039023,15326234,165340,492152660439,492168039023,492184400628,492151855339,
11-01 17:30:18.833  2525  2542 I System.out: 35 0,113686,492166826095,492166826095,0,492166990773,492166991133,492167133443,492167146373,492200159427,492166989643,16666666,492167217133,492168067713,492168100433,492168499023,492184996538,15471254,194500,492169476834,492184996538,492201200302,492168499023,
11-01 17:30:18.833  2525  2542 I System.out: 36 0,113694,492183492761,492183492761,0,492183670758,492183671168,492183797618,492183810028,492216826093,492183669738,16666666,492183872498,492185022288,492185063248,492185441238,492201531392,15286094,96580,492200259742,492201531392,492217843067,492185441238,
11-01 17:30:18.833  2525  2542 I System.out: 37 0,113702,492200159427,492200159427,0,492200299162,492200299472,492200416582,492200426352,492233492759,492200298202,16666666,492200480822,492201558852,492201590932,492201948263,492218138507,15362344,167220,492202734443,492218138507,492234360402,492201948263,
11-01 17:30:18.833  2525  2542 I System.out: 38 0,113710,492216826093,492216826093,0,492216997417,492216997777,492217149497,492217159997,492250159425,492216996287,16666666,492217217217,492218161687,492218187577,492218478717,492234688952,15406065,143960,492219235147,492234688952,492251415446,492218478717,
11-01 17:30:18.833  2525  2542 I System.out: 39 0,113718,492233492759,492233492759,0,492233679471,492233679801,492233798951,492233808211,492266826091,492233678521,16666666,492233858461,492234714052,492234746292,492235056622,492251601136,15686104,147590,492235872582,492251601136,492268000911,492235056622,
11-01 17:30:18.833  2525  2542 I System.out: 40 0,113726,492250159425,492250159425,0,492250365056,492250365406,492250529956,492250548586,492283492757,492250363306,16666666,492250641776,492251623196,492251649206,492251963196,492268160101,15394024,143250,492252725037,492268160101,492284237355,492251963196,
11-01 17:30:18.833  2525  2542 I System.out: 41 0,113734,492266826091,492266826091,0,492267055011,492267055471,492267225251,492267238681,492300159423,492267053631,16666666,492267321211,492268182861,492268211351,492268545881,492284464576,15043444,145530,492269348591,492284464576,492301495040,492268545881,
11-01 17:30:18.833  2525  2542 I System.out: 42 0,113742,492283492757,492283492757,0,492283674085,492283674405,492283859015,492283871965,492316826089,492283672695,16666666,492283941195,492284492186,492284527566,492284909886,492301658500,15918574,173960,492285698046,492301658500,492318068205,492284909886,
11-01 17:30:18.833  2525  2542 I System.out: 43 0,113750,492300159423,492300159423,0,492300335030,492300335300,492300467920,492300479180,492333492755,492300333700,16666666,492300537910,492301682430,492301709870,492302030680,492318199595,15290084,154630,492302859941,492318199595,492334261619,492302030680,
11-01 17:30:18.833  2525  2542 I System.out: 44 0,113758,492316826089,492316826089,0,492317004055,492317004385,492317156255,492317168165,492350159421,492317002735,16666666,492317232445,492318222775,492318250185,492318572085,492334735839,15364824,146590,492319331395,492334735839,492351129014,492318572085,
11-01 17:30:18.834  2525  2542 I System.out: 45 0,113766,492333492755,492333492755,0,492333663699,492333664069,492333807679,492333819659,492366826087,492333662609,16666666,492333885199,492334753969,492334778129,492335087350,492351430334,15504564,96940,492350295774,492351430334,492367697349,492335087350,
11-01 17:30:18.834  2525  2542 I System.out: 46 0,113774,492350159421,492350159421,0,492350358844,492350359164,492350491314,492350503404,492383492753,492350357674,16666666,492350566384,492351455924,492351489954,492351848064,492367923889,15245205,146730,492352622344,492367923889,492384432033,492351848064,
11-01 17:30:18.834  2525  2542 I System.out: 47 0,113782,492366826087,492366826087,0,492367021678,492367021978,492367161558,492367172368,492400159419,492367020438,16666666,492367235278,492367952089,492367988519,492368372549,492384650623,15374384,144410,492369225679,492384650623,492401362498,492368372549,
11-01 17:30:18.834  2525  2542 I System.out: 48 0,113790,492383492753,492383492753,0,492383711473,492383711753,492383839453,492383850263,492416826085,492383710163,16666666,492383905993,492384675173,492384706293,492385056913,492401664118,15780634,139770,492385836274,492401664118,492417725803,492385056913,
11-01 17:30:18.834  2525  2542 I System.out: 49 0,113798,492400159419,492400159419,0,492400733758,492400734358,492401001878,492401026058,492433492751,492400730488,16666666,492401175158,492401694678,492401728278,492402078488,492417851933,14840745,170420,492416937642,492417851933,492434507987,492402078488,
11-01 17:30:18.834  2525  2542 I System.out: 50 0,113806,492416826085,492416826085,0,492416999802,492417000092,492417264842,492417283892,492450159417,492416998042,16666666,492417384782,492417872313,492417902573,492418323233,492435028507,15683724,98370,492419301213,492435028507,492450938492,492418323233,
11-01 17:30:18.834  2525  2542 I System.out: 51 0,113814,492433492751,492433492751,0,492433688007,492433688317,492433866297,492433881697,492466826083,492433686617,16666666,492433968637,492435050647,492435079087,492435414127,492451162412,14818354,150010,492436293738,492451162412,492467777986,492435414127,
11-01 17:30:18.834  2525  2542 I System.out: 52 0,113822,492450159417,492450159417,0,492450394222,492450394582,492450552182,492450565112,492483492749,492450392972,16666666,492450635412,492451188322,492451221512,492451581972,492468043226,15558274,138580,492452434042,492468043226,492484413801,492451581972,
11-01 17:30:18.834  2525  2542 I System.out: 53 0,113830,492466826083,492466826083,0,492467018316,492467018716,492467168936,492467179826,492500159415,492467016836,16666666,492467237796,492468068687,492468100867,492468468857,492484634891,15067904,136850,492469387907,492484634891,492501125636,492468468857,
11-01 17:30:18.834  2525  2542 I System.out: 54 0,113838,492483492749,492483492749,0,492483681961,492483682311,492483809171,492483820751,492516826081,492483680761,16666666,492483880131,492484660021,492484694251,492485048121,492501437086,15579355,137490,492485786441,492501437086,492518352470,492485048121,
11-01 17:30:18.834  2525  2542 I System.out: 55 0,113846,492500159415,492500159415,0,492500335575,492500335805,492500446585,492500455766,492533492747,492500334645,16666666,492500502996,492501461396,492501488786,492501808576,492518478961,15874954,141290,492502554796,492518478961,492534799025,492501808576,
11-01 17:30:18.834  2525  2542 I System.out: 56 0,113854,492516826081,492516826081,0,492517015690,492517016040,492517214860,492517227280,492550159413,492517014290,16666666,492517302070,492518501901,492518529711,492518897581,492534987005,15277664,137220,492519664181,492534987005,492551009350,492518897581,
11-01 17:30:18.834  2525  2542 I System.out: 57 0,113862,492533492747,492533492747,0,492533678205,492533678525,492533826525,492533837275,492566826079,492533676855,16666666,492533902805,492535006225,492535031505,492535339315,492551217980,15114415,94730,492550264799,492551217980,492567759224,492535339315,
11-01 17:30:18.834  2525  2542 I System.out: 58 0,113870,492550159413,492550159413,0,492550325919,492550326319,492550482799,492550493529,492583492745,492550324789,16666666,492550548949,492551242060,492551272570,492551627190,492567964414,15573224,93130,492566931624,492567964414,492584677539,492551627190,
11-01 17:30:18.834  2525  2542 I System.out: 59 0,113878,492566826079,492566826079,0,492566992234,492566992634,492567134714,492567144934,492600159411,492566991044,16666666,492567198054,492567988974,492568019874,492568321694,492584921279,15791384,106580,492583627599,492584921279,492601159143,492568321694,
11-01 17:30:18.834  2525  2542 I System.out: 60 0,113886,492583492745,492583492745,0,492583663329,492583663599,492583793779,492583803819,492616826077,492583662139,16666666,492583858079,492584942689,492584972839,492585307779,492601448984,15264555,100600,492600251983,492601448984,492617908958,492585307779,
11-01 17:30:18.834  2525  2542 I System.out: 61 0,113894,492600159411,492600159411,0,492600314113,492600314393,492600445163,492600456733,492633492743,492600312833,16666666,492600513383,492601475224,492601507274,492601835984,492618034738,15263844,98510,492616926018,492618034738,492634508383,492601835984,
11-01 17:30:18.834  2525  2542 I System.out: 62 0,113902,492616826077,492616826077,0,492617051938,492617052548,492617275218,492617297158,492650159409,492617049298,16666666,492618099678,492618117768,492618171548,492618580058,492634862413,15174564,152920,492619526089,492634862413,492651170237,492618580058,
11-01 17:30:18.834  2525  2542 I System.out: 63 0,113910,492633492743,492633492743,0,492633718503,492633719103,492633942803,492633964913,492666826075,492633716283,16666666,492634055013,492634899803,492634957723,492635434113,492651641907,15198474,205000,492650271507,492651641907,492668171022,492635434113,
11-01 17:30:18.834  2525  2542 I System.out: 64 0,113918,492650159409,492650159409,0,492650389067,492650389737,492650622797,492650645707,492683492741,492650385937,16666666,492650760157,492651681398,492651730738,492652226268,492668362862,14918894,262920,492666987782,492668362862,492684545067,492652226268,
11-01 17:30:18.834  2525  2542 I System.out: 65 0,113926,492666826075,492666826075,0,492667068942,492667069442,492667292802,492667314032,492700159407,492667066402,16666666,492667424122,492668399302,492668452542,492668891262,492684707957,14780534,185850,492669871683,492684707957,492701628351,492668891262,
11-01 17:30:18.834  2525  2542 I System.out: 66 0,113934,492683492741,492683492741,0,492683658336,492683658886,492683884706,492683906946,492716826073,492683655796,16666666,492684007686,492684735617,492684771267,492685112137,492701780681,15721514,139530,492686009287,492701780681,492718201756,492685112137,
11-01 17:30:18.834  2525  2542 I System.out: 67 0,113942,492700159407,492700159407,0,492700342741,492700343191,492700537761,492700558341,492733492739,492700341131,16666666,492700663661,492701808771,492701844391,492702221482,492718323666,15191064,93480,492716896726,492718323666,492734362000,492702221482,
11-01 17:30:18.834  2525  2542 I System.out: 68 0,113950,492716826073,492716826073,0,492716976256,492716976546,492717130826,492717146826,492750159405,492716974656,16666666,492717228086,492718352326,492718388276,492718791216,492734663891,14932285,181920,492733566620,492734663891,492751169855,492718791216,
11-01 17:30:18.834  2525  2542 I System.out: 69 0,113958,492733492739,492733492739,0,492733634040,492733634340,492733776070,492733791160,492766826071,492733632930,16666666,492733866420,492734690321,492734727771,492735157431,492751465545,15396264,180640,492750235905,492751465545,492767753680,492735157431,
11-01 17:30:18.834  2525  2542 I System.out: 70 0,113966,492750159405,492750159405,0,492750335495,492750335895,492750535305,492750552455,492783492737,492750334005,16666666,492750637895,492751493325,492751528695,492751897455,492767962150,15179584,170130,492766903260,492767962150,492784614984,492751897455,
11-01 17:30:18.834  2525  2542 I System.out: 71 0,113974,492766826071,492766826071,0,492766956980,492766957220,492767071300,492767082760,492800159403,492766956120,16666666,492767146590,492767990080,492768023650,492768420950,492784609714,15417424,182630,492769139650,492784609714,492801568899,492768420950,
