11-01 17:28:57.966  2617  2617 W LoginViewModel$invokeSuspend: 	... 20 more
11-01 17:28:57.966  2617  2617 W LoginViewModel$invokeSuspend: Caused by: android.system.ErrnoException: isConnected failed: ECONNREFUSED (Connection refused)
11-01 17:28:57.966  2617  2617 W LoginViewModel$invokeSuspend: 	at libcore.io.IoBridge.isConnected(IoBridge.java:334)
11-01 17:28:57.966  2617  2617 W LoginViewModel$invokeSuspend: 	... 30 more
11-01 17:28:58.958  2617  2674 D EGL_emulation: app_time_stats: avg=1.40ms min=1.17ms max=2.37ms count=61
11-01 17:28:59.360  3354  3360 W dex2oat64: Accessing hidden method Landroid/window/BackEvent;->getProgress()F (blocked, linking, denied)
11-01 17:28:59.360  3354  3360 W dex2oat64: Accessing hidden method Landroid/window/BackEvent;->getSwipeEdge()I (blocked, linking, denied)
11-01 17:28:59.360  3354  3360 W dex2oat64: Accessing hidden method Landroid/window/BackEvent;->getTouchX()F (blocked, linking, denied)
11-01 17:28:59.360  3354  3360 W dex2oat64: Accessing hidden method Landroid/window/BackEvent;->getTouchY()F (blocked, linking, denied)
11-01 17:28:59.618  3354  3354 W dex2oat64: Method java.lang.Object androidx.compose.runtime.snapshots.SnapshotStateMap.mutate(kotlin.jvm.functions.Function1) failed lock verification and will run slower.
11-01 17:28:59.618  3354  3354 W dex2oat64: Common causes for lock verification issues are non-optimized dex code
11-01 17:28:59.618  3354  3354 W dex2oat64: and incorrect proguard optimizations.
11-01 17:28:59.618  3354  3354 W dex2oat64: Method void androidx.compose.runtime.snapshots.SnapshotStateMap.update(kotlin.jvm.functions.Function1) failed lock verification and will run slower.
11-01 17:28:59.619  3354  3354 W dex2oat64: Method boolean androidx.compose.runtime.snapshots.SnapshotStateMap.removeIf$runtime_release(kotlin.jvm.functions.Function1) failed lock verification and will run slower.
11-01 17:28:59.637  3354  3360 W dex2oat64: Method boolean androidx.compose.runtime.snapshots.SnapshotStateList.conditionalUpdate(boolean, kotlin.jvm.functions.Function1) failed lock verification and will run slower.
11-01 17:28:59.637  3354  3360 W dex2oat64: Method boolean androidx.compose.runtime.snapshots.SnapshotStateList.conditionalUpdate$default(androidx.compose.runtime.snapshots.SnapshotStateList, boolean, kotlin.jvm.functions.Function1, int, java.lang.Object) failed lock verification and will run slower.
11-01 17:28:59.637  3354  3360 W dex2oat64: Method java.lang.Object androidx.compose.runtime.snapshots.SnapshotStateList.mutate(kotlin.jvm.functions.Function1) failed lock verification and will run slower.
11-01 17:28:59.637  3354  3360 W dex2oat64: Method void androidx.compose.runtime.snapshots.SnapshotStateList.update(boolean, kotlin.jvm.functions.Function1) failed lock verification and will run slower.
11-01 17:28:59.637  3354  3360 W dex2oat64: Method void androidx.compose.runtime.snapshots.SnapshotStateList.update$default(androidx.compose.runtime.snapshots.SnapshotStateList, boolean, kotlin.jvm.functions.Function1, int, java.lang.Object) failed lock verification and will run slower.
11-01 17:28:59.976  2617  2674 D EGL_emulation: app_time_stats: avg=1.30ms min=0.83ms max=4.33ms count=61
11-01 17:29:00.019   867   995 D EGL_emulation: app_time_stats: avg=771.36ms min=12.58ms max=21609.29ms count=29
11-01 17:29:00.991  2617  2674 D EGL_emulation: app_time_stats: avg=1.32ms min=1.03ms max=3.75ms count=61
11-01 17:29:01.014  3354  3354 I dex2oat64: Explicit concurrent copying GC freed 197306(31MB) AllocSpace objects, 0(0B) LOS objects, 49% free, 2112KB/4224KB, paused 15us,3us total 7.663ms
11-01 17:29:01.362  3354  3354 I dex2oat64: dex2oat took 6.631s (10.160s cpu) (threads: 4) arena alloc=9215KB (9436560B) java alloc=2112KB (2162944B) native alloc=21MB (22737520B) free=146MB (153217856B)
11-01 17:29:01.392   496   496 V installd: DexInv: --- END '/data/app/~~BwgQtX5CYUpjiTMOEzzJJw==/org.street_child.edubridge-_HKotTTaiFD4n6vJUuyHvA==/base.apk' (success) ---
11-01 17:29:01.448  1510  1761 W MediaProvider: isAppCloneUserPair for user 0: false
11-01 17:29:01.449  1510  1761 V MediaProvider: Inserted id:1000000056 less than next row id backup:1000001000.
11-01 17:29:01.853  3377  3377 W profman : profman took 371.032ms
11-01 17:29:01.876  1510  2837 W MediaProvider: isAppCloneUserPair for user 0: false
11-01 17:29:01.877  1510  2837 V MediaProvider: Inserted id:1000000057 less than next row id backup:1000001000.
11-01 17:29:02.008  2617  2674 D EGL_emulation: app_time_stats: avg=1.32ms min=0.99ms max=1.74ms count=61
11-01 17:29:02.501  1510  1758 I MediaProvider: Deleted 0 0 0 0 0 0 0 items on external_primary due to com.ustadmobile.app_android_baselineprofile
11-01 17:29:03.008  2617  2674 D EGL_emulation: app_time_stats: avg=1.23ms min=0.97ms max=1.57ms count=60
11-01 17:29:03.337  2525  2542 D Benchmark: Unstable profiles during iteration 6
11-01 17:29:03.337  2525  2542 D Benchmark: Killing package org.street_child.edubridge
11-01 17:29:03.337  2525  2542 D Benchmark: Killing process org.street_child.edubridge
11-01 17:29:03.338  2525  2542 D UiDevice: Executing shell command: killall org.street_child.edubridge
11-01 17:29:03.353  2525  2542 D Benchmark: Compile iteration (7) for org.street_child.edubridge
11-01 17:29:03.353  2525  2542 D UiDevice: Pressing home button.
11-01 17:29:03.366   867   867 V ShadeControllerImpl: NotificationShadeWindow: com.android.systemui.shade.NotificationShadeWindowView{f025071 I.E...... ......ID 0,0-320,640} canPanelBeCollapsed(): false
11-01 17:29:03.368  1129  1129 D TaplTarget: Launcher.onNewIntent: Intent { act=android.intent.action.MAIN cat=[android.intent.category.HOME] flg=0x10400100 cmp=com.android.launcher3/.uioverrides.QuickstepLauncher (has extras) }
11-01 17:29:03.369   867   867 V ShadeControllerImpl: NotificationShadeWindow: com.android.systemui.shade.NotificationShadeWindowView{f025071 I.E...... ......ID 0,0-320,640} canPanelBeCollapsed(): false
11-01 17:29:03.389   425   425 I BpBinder: onLastStrongRef automatically unlinking death recipients: <uncached descriptor>
11-01 17:29:03.398   425   459 W TransactionTracing: Could not find layer handle 0x7b1d62764b90
11-01 17:29:03.399   867   995 D EGL_emulation: app_time_stats: avg=3378.98ms min=3378.98ms max=3378.98ms count=1
11-01 17:29:03.402  1510  1859 W MediaProvider: isAppCloneUserPair for user 0: false
11-01 17:29:03.402  1510  1859 V MediaProvider: Inserted id:1000000058 less than next row id backup:1000001000.
11-01 17:29:03.424   425   459 W TransactionTracing: Could not find layer handle 0x7b1d6275f790
11-01 17:29:03.465  2525  2542 I System.out: 0 Flags,FrameTimelineVsyncId,IntendedVsync,Vsync,InputEventId,HandleInputStart,AnimationStart,PerformTraversalsStart,DrawStart,FrameDeadline,FrameInterval,FrameStartTime,SyncQueued,SyncStart,IssueDrawCommandsStart,SwapBuffers,FrameCompleted,DequeueBufferDuration,QueueBufferDuration,GpuCompleted,SwapBuffersCompleted,DisplayPresentTime,CommandSubmissionCompleted,
11-01 17:29:03.465  2525  2542 I System.out: 1 0,74423,416216829133,416216829133,0,416216944036,416216944276,416217089107,416217114797,416250162465,416216942456,16666666,416217194807,416218111927,416218138447,416218410477,416234652601,15558624,70200,416233588761,416234652601,416251832256,416218410477,
11-01 17:29:03.465  2525  2542 I System.out: 2 0,74431,416233495799,416233495799,0,416233753401,416233753801,416233961281,416233986891,416266829131,416233751421,16666666,416234120651,416234683831,416234722191,416235036681,416252063436,16233884,112520,416250312796,416252063436,416267696271,416235036681,
11-01 17:29:03.465  2525  2542 I System.out: 3 0,74439,416250162465,416250162465,0,416250365556,416250365776,416250507056,416250520886,416283495797,416250363856,16666666,416250594236,416252124586,416252170546,416252549186,416268220451,14708864,175540,416253443807,416268220451,416284414005,416252549186,
11-01 17:29:03.465  2525  2542 I System.out: 4 0,74447,416266829131,416266829131,0,416267027690,416267027980,416267187250,416267202100,416300162463,416267025910,16666666,416267282350,416268256271,416268303491,416268733181,416284738205,14991004,203070,416283581775,416284738205,416300936500,416268733181,
11-01 17:29:03.465  2525  2542 I System.out: 5 0,74455,416283495797,416283495797,0,416283660355,416283660715,416283876395,416283896765,416316829129,416283657755,16666666,416283998085,416284781675,416284829015,416285262565,416301293140,15139904,156690,416286106006,416301293140,416318149575,416285262565,
11-01 17:29:03.465  2525  2542 I System.out: 6 0,74463,416300162463,416300162463,0,416300317680,416300318010,416300523910,416300545010,416333495795,416300316370,16666666,416300653210,416301318560,416301350130,416301729140,416318318465,15718965,100750,416316891754,416318318465,416334837069,416301729140,
11-01 17:29:03.465  2525  2542 I System.out: 7 0,74471,416316829129,416316829129,0,416316988344,416316988704,416317196644,416317216264,416350162461,416316986854,16666666,416317325664,416318343615,416318368765,416318677725,416334998009,15507174,99600,416333579909,416334998009,416350968314,416318677725,
11-01 17:29:03.465  2525  2542 I System.out: 8 0,74479,416333495795,416333495795,0,416333672339,416333672759,416333826469,416333843229,416366829127,416333670879,16666666,416333947389,416335025559,416335054459,416335410689,416351149744,14980814,100570,416350243343,416351149744,416367684138,416335410689,
11-01 17:29:03.465  2525  2542 I System.out: 9 0,74487,416350162461,416350162461,0,416350344344,416350344984,416350552514,416350573684,416383495793,416350341814,16666666,416350691354,416351174444,416351207814,416351570924,416367878318,15417734,151620,416352419074,416367878318,416384305453,416351570924,
11-01 17:29:03.465  2525  2542 I System.out: 10 0,74495,416366829127,416366829127,0,416366991858,416366992338,416367189308,416367212468,416400162459,416366990118,16666666,416367311268,416367904798,416367934318,416368299499,416384622553,15441824,111890,416383568963,416384622553,416401141428,416368299499,
11-01 17:29:03.465  2525  2542 I System.out: 11 0,74503,416383495793,416383495793,0,416383617583,416383617903,416383750013,416383763773,416416829125,416383616563,16666666,416383836583,416384647213,416384671253,416385017193,416401451178,15618535,93610,416400244777,416401451178,416417759302,416385017193,
11-01 17:29:03.465  2525  2542 I System.out: 12 0,74511,416400162459,416400162459,0,416400327817,416400328057,416400524897,416400547527,416433495791,416400325857,16666666,416400657367,416401476268,416401503558,416401857608,416417885052,15127964,150700,416402711668,416417885052,416434555487,416401857608,
11-01 17:29:03.465  2525  2542 I System.out: 13 0,74519,416416829125,416416829125,0,416417059202,416417059832,416417379632,416417452382,416450162457,416417057022,16666666,416417643892,416417912242,416417945662,416418313612,416434789627,15609634,89640,416433571097,416434789627,416450926631,416418313612,
11-01 17:29:03.465  2525  2542 I System.out: 14 0,74527,416433495791,416433495791,0,416433636787,416433637077,416433787187,416433801327,416466829123,416433635467,16666666,416433877027,416434818247,416434850787,416435203237,416451335632,15423115,91280,416450245401,416451335632,416468228116,416435203237,
11-01 17:29:03.465  2525  2542 I System.out: 15 0,74535,416450162457,416450162457,0,416450293941,416450294161,416450421541,416450434541,416483495789,416450292851,16666666,416450503081,416451358792,416451384322,416451686682,416468390596,15908584,144750,416452442692,416468390596,416484250221,416451686682,
11-01 17:29:03.465  2525  2542 I System.out: 16 0,74543,416466829123,416466829123,0,416467011246,416467011676,416467195966,416467209926,416500162455,416467009956,16666666,416467284476,416468414176,416468439546,416468729186,416484672161,15123384,132750,416483563591,416484672161,416501070345,416468729186,
11-01 17:29:03.465  2525  2542 I System.out: 17 0,74551,416483495789,416483495789,0,416483662781,416483663201,416483846581,416483861921,416516829121,416483660991,16666666,416483944691,416484690941,416484711061,416484957401,416501388455,15660554,123730,416485689481,416501388455,416517944650,416484957401,
11-01 17:29:03.465  2525  2542 I System.out: 18 0,74559,416500162455,416500162455,0,416500365865,416500366215,416500526715,416500543545,416533495787,416500364605,16666666,416500624735,416501433055,416501457965,416501752336,416518108550,15567234,123730,416502500586,416518108550,416534687805,416501752336,
11-01 17:29:03.465  2525  2542 I System.out: 19 0,74567,416516829121,416516829121,0,416517001710,416517002120,416517185200,416517202330,416550162453,416517000340,16666666,416517283460,416518131880,416518157090,416518460840,416534839505,15598855,138490,416519205360,416534839505,416551301489,416518460840,
11-01 17:29:03.465  2525  2542 I System.out: 20 0,74575,416533495787,416533495787,0,416533657854,416533658194,416533822924,416533839594,416566829119,416533656474,16666666,416533922065,416534859655,416534881235,416535133615,416551423749,15547384,77170,416550243789,416551423749,416568067854,416535133615,
11-01 17:29:03.465  2525  2542 I System.out: 21 0,74583,416550162453,416550162453,0,416550350699,416550351229,416550583679,416550601579,416583495785,416550348539,16666666,416550703289,416551459089,416551505289,416551947270,416568229384,15345894,191330,416552830960,416568229384,416584406369,416551947270,
11-01 17:29:03.465  2525  2542 I System.out: 22 0,74591,416566829119,416566829119,0,416566988284,416566988574,416567162744,416567180214,416600162451,416566986434,16666666,416567269404,416568257464,416568293884,416568695434,416584699089,15068785,213540,416569567704,416584699089,416601007953,416568695434,
11-01 17:29:03.465  2525  2542 I System.out: 23 0,74599,416583495785,416583495785,0,416583656708,416583657068,416583842878,416583860798,416616829117,416583655048,16666666,416583953408,416584731389,416584773379,416585247659,416601374853,15239624,214350,416586073439,416601374853,416617722758,416585247659,
11-01 17:29:03.465  2525  2542 I System.out: 24 0,74607,416600162451,416600162451,0,416600358323,416600358733,416600582293,416600601433,416633495783,416600356223,16666666,416600708903,416601427883,416601465663,416601857453,416617972268,15244634,181130,416616893598,416617972268,416634487172,416601857453,
11-01 17:29:03.465  2525  2542 I System.out: 25 0,74615,416616829117,416616829117,0,416616978578,416616978868,416617200118,416617218938,416650162449,416616976258,16666666,416617326418,416618006578,416618045088,416618439588,416634780023,15434755,117050,416633586592,416634780023,416651700477,416618439588,
11-01 17:29:03.465  2525  2542 I System.out: 26 0,74623,416633495783,416633495783,0,416633728882,416633729502,416633980262,416634002832,416666829115,416633725682,16666666,416634130412,416634808493,416634835843,416635191413,416651916267,15857574,98520,416650265757,416651916267,416667849982,416635191413,
11-01 17:29:03.465  2525  2542 I System.out: 27 0,74631,416650162449,416650162449,0,416650415797,416650416347,416650728857,416650756757,416683495781,416650412237,16666666,416650894067,416651950747,416651994437,416652439337,416668060402,14702784,113700,416666907831,416668060402,416684857406,416652439337,
11-01 17:29:03.465  2525  2542 I System.out: 28 0,74639,416666829115,416666829115,0,416666989001,416666989241,416667142132,416667160202,416700162447,416666986891,16666666,416667247002,416668097822,416668137222,416668528372,416685036496,15658084,113460,416683592366,416685036496,416700900451,416668528372,
11-01 17:29:03.465  2525  2542 I System.out: 29 0,74647,416683495781,416683495781,0,416683682186,416683682706,416683907486,416683930476,416716829113,416683679436,16666666,416684033016,416685059736,416685082517,416685376677,416701288091,15010934,85520,416686249037,416701288091,416717750446,416685376677,
11-01 17:29:03.465  2525  2542 I System.out: 30 0,74655,416700162447,416700162447,0,416700334821,416700335051,416700500011,416700518821,416733495779,416700333331,16666666,416700609061,416701310361,416701333651,416701576461,416718032866,15719095,112930,416716911665,416718032866,416734419330,416701576461,
11-01 17:29:03.465  2525  2542 I System.out: 31 0,74663,416716829113,416716829113,0,416717026085,416717026525,416717253765,416717275775,416750162445,416717024395,16666666,416717448045,416718055646,416718086586,416718411366,416734748850,15562594,95540,416733577480,416734748850,416751069555,416718411366,
11-01 17:29:03.465  2525  2542 I System.out: 32 0,74671,416733495779,416733495779,0,416733670430,416733670700,416733790160,416733800000,416766829111,416733669360,16666666,416733850320,416734770120,416734797200,416735169880,416751295465,15352784,94880,416750254925,416751295465,416768268980,416735169880,
11-01 17:29:03.465  2525  2542 I System.out: 33 0,74679,416750162445,416750162445,0,416750314675,416750314965,416750472735,416750484445,416783495777,416750313535,16666666,416750546015,416751317865,416751345795,416751720965,416768451500,15935535,153250,416752473525,416768451500,416784471384,416751720965,
11-01 17:29:03.465  2525  2542 I System.out: 34 0,74687,416766829111,416766829111,0,416767031659,416767032089,416767264329,416767277149,416800162443,416767030359,16666666,416767354689,416768472870,416768498840,416768850930,416784656244,15024544,94920,416783620254,416784656244,416801247869,416768850930,
11-01 17:29:03.465  2525  2542 I System.out: 35 0,74695,416783495777,416783495777,0,416783639734,416783640124,416783852304,416783864034,416816829109,416783638414,16666666,416783939724,416784679474,416784710284,416785033884,416801435939,15612685,137230,416785767084,416801435939,416817834223,416785033884,
11-01 17:29:03.465  2525  2542 I System.out: 36 0,74703,416800162443,416800162443,0,416800309429,416800309709,416800473299,416800483289,416833495775,416800308299,16666666,416800538699,416801457209,416801480959,416801771999,416818086683,15455814,95460,416816898943,416818086683,416834415438,416801771999,
11-01 17:29:03.465  2525  2542 I System.out: 37 0,74711,416816829109,416816829109,0,416816942193,416816942423,416817119603,416817129983,416850162441,416816940903,16666666,416817186653,416818108333,416818139573,416818538534,416834665408,15338744,99260,416833599448,416834665408,416851065153,416818538534,
11-01 17:29:03.465  2525  2542 I System.out: 38 0,74719,416833495775,416833495775,0,416833732598,416833732988,416833934178,416833948898,416866829107,416833730818,16666666,416834061058,416834690508,416834722328,416835123258,416851288703,15045675,443290,416836196138,416851288703,416867769487,416835123258,
11-01 17:29:03.465  2525  2542 I System.out: 39 0,74727,416850162441,416850162441,0,416850369362,416850369642,416850544222,416850556932,416883495773,416850367692,16666666,416850630012,416851314973,416851349823,416851740823,416867999357,15444944,143760,416852503853,416867999357,416884312442,416851740823,
11-01 17:29:03.465  2525  2542 I System.out: 40 0,74735,416866829107,416866829107,0,416866978517,416866978807,416867106127,416867117637,416900162439,416866977207,16666666,416867181437,416868024777,416868057777,416868395887,416884548862,15332814,145820,416869159588,416884548862,416900983546,416868395887,
11-01 17:29:03.465  2525  2542 I System.out: 41 0,74743,416883495773,416883495773,0,416883660542,416883660842,416883841872,416883853842,416916829105,416883659282,16666666,416883918002,416884578082,416884612772,416884994032,416901215657,15416345,93700,416900268536,416901215657,416917775521,416884994032,
11-01 17:29:03.465  2525  2542 I System.out: 42 0,74751,416900162439,416900162439,0,416900352066,416900352346,416900511476,416900521756,416933495771,416900350886,16666666,416900581566,416901239757,416901274347,416901622587,416918006861,15596124,92700,416916915651,416918006861,416934335866,416901622587,
11-01 17:29:03.465  2525  2542 I System.out: 43 0,74759,416916829105,416916829105,0,416917009261,416917009541,416917175511,416917186911,416950162437,416917008051,16666666,416917244921,416918030821,416918061421,416918384321,416934625096,15488674,92931,416933570636,416934625096,416950898170,416918384321,
11-01 17:29:03.465  2525  2542 I System.out: 44 0,74767,416933495771,416933495771,0,416933679886,416933680206,416933831066,416933841136,416966829103,416933678676,16666666,416933898266,416934648166,416934675506,416934982406,416951381820,15685234,86900,416950269320,416951381820,416967770505,416934982406,
11-01 17:29:03.465  2525  2542 I System.out: 45 0,74775,416950162437,416950162437,0,416950371090,416950371420,416950547040,416950558720,416983495769,416950369790,16666666,416951266350,416951402580,416951426370,416951737431,416967998535,15488954,95580,416966950995,416967998535,416984391700,416951737431,
11-01 17:29:03.465  2525  2542 I System.out: 46 0,74783,416966829103,416966829103,0,416967006155,416967006515,416967213885,416967226615,417000162435,416967004875,16666666,416967301505,416968022725,416968056925,416968429025,416984666850,15366755,96500,416983606559,416984666850,417001005904,416968429025,
11-01 17:29:03.465  2525  2542 I System.out: 47 0,74791,416983495769,416983495769,0,416983687169,416983687569,416983846559,416983858049,417016829101,416983685259,16666666,416983926110,416984690420,416984716880,416985046220,417001216474,15338294,143900,416985842740,417001216474,417017723839,416985046220,
11-01 17:29:03.465  2525  2542 I System.out: 48 0,74799,417000162435,417000162435,0,417000416544,417000416934,417000576764,417000590144,417033495767,417000414934,16666666,417000666874,417001240744,417001267244,417001592244,417017917839,15564424,73220,417016910719,417017917839,417034932164,417001592244,
11-01 17:29:03.465  2525  2542 I System.out: 49 0,74807,417016829101,417016829101,0,417017026099,417017026589,417017228139,417017239619,417050162433,417017024309,16666666,417017307719,417017942209,417017972139,417018338419,417035116714,15860485,145200,417019203219,417035116714,417051040068,417018338419,
11-01 17:29:03.465  2525  2542 I System.out: 50 0,74815,417033495767,417033495767,0,417033656483,417033656783,417033837133,417033849363,417066829099,417033655243,16666666,417033910913,417035143594,417035179644,417035585724,417051276108,14762354,192530,417050282308,417051276108,417067727743,417035585724,
11-01 17:29:03.465  2525  2542 I System.out: 51 0,74823,417050162433,417050162433,0,417050391078,417050391708,417050631468,417050653228,417083495765,417050388288,16666666,417050776588,417051313238,417051364408,417051871938,417067951443,15146824,192050,417066926213,417067951443,417084494047,417051871938,
11-01 17:29:03.465  2525  2542 I System.out: 52 0,74831,417066829099,417066829099,0,417067027913,417067028223,417067198983,417067212123,417100162431,417067026613,16666666,417067280493,417067977883,417068017663,417068379613,417084742318,15475655,171420,417069208993,417084742318,417101146442,417068379613,
11-01 17:29:03.465  2525  2542 I System.out: 53 0,74839,417083495765,417083495765,0,417083661677,417083661987,417083843667,417083855887,417116829097,417083660477,16666666,417083918977,417084769978,417084803198,417085197688,417101473882,15350844,164010,417100264392,417101473882,417117851947,417085197688,
11-01 17:29:03.465  2525  2542 I System.out: 54 0,74847,417100162431,417100162431,0,417100290562,417100290782,417100439252,417100448102,417133495763,417100289582,16666666,417100497022,417101499972,417101528192,417101872602,417118132947,15471305,151530,417116910016,417118132947,417134332231,417101872602,
11-01 17:29:03.465  2525  2542 I System.out: 55 0,74855,417116829097,417116829097,0,417116964916,417116965246,417117170427,417117181787,417150162429,417116963706,16666666,417117246947,417118150317,417118170037,417118426907,417134561651,15369804,129780,417133592521,417134561651,417151517536,417118426907,
11-01 17:29:03.465  2525  2542 I System.out: 56 0,74863,417133495763,417133495763,0,417133711021,417133711441,417133897931,417133918551,417166829095,417133709321,16666666,417134039221,417134588161,417134616711,417134960731,417151711526,15689824,157410,417150263216,417151711526,417168154401,417134960731,
11-01 17:29:03.465  2525  2542 I System.out: 57 0,74871,417150162429,417150162429,0,417150357616,417150357926,417150484276,417150493636,417183495761,417150356546,16666666,417150549756,417151738396,417151767636,417152131216,417168350151,15333335,159050,417166920990,417168350151,417184431975,417152131216,
11-01 17:29:03.465  2525  2542 I System.out: 58 0,74879,417166829095,417166829095,0,417166971020,417166971340,417167117250,417167126490,417200162427,417166970060,16666666,417167180840,417168375501,417168402381,417168716021,417184660825,15007344,152920,417183586605,417184660825,417201038090,417168716021,
11-01 17:29:03.465  2525  2542 I System.out: 59 0,74887,417183495761,417183495761,0,417183637045,417183637365,417183783655,417183792875,417216829093,417183636085,16666666,417183857725,417184683775,417184709685,417185014465,417201598480,15657464,152680,417200288280,417201598480,417218301995,417185014465,
11-01 17:29:03.465  2525  2542 I System.out: 60 0,74895,417200162427,417200162427,0,417200340640,417200340910,417200509550,417200519380,417233495759,417200339500,16666666,417200579810,417201620830,417201645650,417201949040,417218420285,15685285,151450,417202695560,417218420285,417234426969,417201949040,
11-01 17:29:03.465  2525  2542 I System.out: 61 0,74903,417216829093,417216829093,0,417217011004,417217011494,417217225944,417217242204,417250162425,417217008814,16666666,417217335824,417218442325,417218466165,417218774275,417234738399,15174724,141480,417219525435,417234738399,417251120384,417218774275,
11-01 17:29:03.465  2525  2542 I System.out: 62 0,74911,417233495759,417233495759,0,417233696889,417233697269,417233841079,417233852229,417266829091,417233695579,16666666,417233914309,417234759659,417234783439,417235082989,417251726684,15874635,137190,417235806929,417251726684,417267739318,417235082989,
11-01 17:29:03.465  2525  2542 I System.out: 63 0,74919,417250162425,417250162425,0,417250332754,417250333144,417250524324,417250540884,417283495757,417250331244,16666666,417250627404,417251767974,417251811694,417252185914,417268041308,15017084,136290,417252960494,417268041308,417284437643,417252185914,
11-01 17:29:03.465  2525  2542 I System.out: 64 0,74927,417266829091,417266829091,0,417266984848,417266985058,417267135278,417267146898,417300162423,417266983588,16666666,417267212178,417268087728,417268142098,417268591699,417284928143,15548854,114760,417283596163,417284928143,417301179968,417268591699,
11-01 17:29:03.465  2525  2542 I System.out: 65 0,74935,417283495757,417283495757,0,417283727283,417283727893,417284001243,417284025923,417316829089,417283724253,16666666,417284145533,417284962323,417285005463,417285376203,417301498408,15427195,79320,417300267587,417301498408,417317991122,417285376203,
11-01 17:29:03.465  2525  2542 I System.out: 66 0,74943,417300162423,417300162423,0,417300342147,417300342657,417300600957,417300622587,417333495755,417300338787,16666666,417300728738,417301526558,417301570648,417301920468,417318218612,15576604,70000,417316962362,417318218612,417334583857,417301920468,
11-01 17:29:03.465  2525  2542 I System.out: 67 0,74951,417316829089,417316829089,0,417317037872,417317038392,417317363262,417317387672,417350162421,417317035742,16666666,417317548612,417318251782,417318300182,417318757623,417334830057,15303784,107250,417333601357,417334830057,417351101051,417318757623,
11-01 17:29:03.465  2525  2542 I System.out: 68 0,74959,417333495755,417333495755,0,417333707487,417333729487,417334029117,417334054567,417366829087,417333703877,16666666,417334181127,417334864997,417334911287,417335343167,417351374162,15203515,152110,417350262261,417351374162,417368019976,417335343167,
11-01 17:29:03.465  2525  2542 I System.out: 69 0,74967,417350162421,417350162421,0,417350377911,417350378431,417350642351,417350665961,417383495753,417350374771,16666666,417350777741,417351403042,417351449892,417351810022,417368217326,15691634,77480,417352494872,417368217326,417384305481,417351810022,
11-01 17:29:03.465  2525  2542 I System.out: 70 0,74975,417366829087,417366829087,0,417367005316,417367005546,417367154496,417367169356,417400162419,417367003966,16666666,417367255466,417368272606,417368305636,417368603856,417384646011,15306704,108530,417383586111,417384646011,417401454775,417368603856,
11-01 17:29:03.465  2525  2542 I System.out: 71 0,74983,417383495753,417383495753,0,417383695861,417383696561,417383934011,417383956251,417416829085,417383693151,16666666,417384066751,417384666741,417384693331,417384976121,417401615666,15925575,97210,417400258565,417401615666,417417973750,417384976121,
11-01 17:29:03.465  2525  2542 I System.out: 72 0,74991,417400162419,417400162419,0,417400351735,417400352165,417400506475,417400523035,417433495751,417400350215,16666666,417400601875,417401633706,417401655176,417401921976,417418182020,15572194,66130,417416925270,417418182020,417434611405,417401921976,
11-01 17:29:03.465  2525  2542 I System.out: 73 0,74999,417416829085,417416829085,0,417417024720,417417025160,417417228290,417417242760,417450162417,417417023400,16666666,417417317250,417418209060,417418240210,417418635570,417434607145,15056814,112780,417433594994,417434607145,417451156219,417418635570,
11-01 17:29:03.465  2525  2542 I System.out: 74 0,75007,417433495751,417433495751,0,417433669234,417433669564,417433874364,417433890604,417466829083,417433667524,16666666,417433981225,417434628305,417434656945,417434943345,417451358499,15670084,66720,417450310939,417451358499,417467613324,417434943345,
11-01 17:29:03.465  2525  2542 I System.out: 75 0,75015,417450162417,417450162417,0,417450457009,417450457299,417450658149,417450674259,417483495749,417450455249,16666666,417450769749,417451386529,417451426469,417451840739,417467816734,15119574,108620,417466927534,417467816734,417484271698,417451840739,
11-01 17:29:03.465  2525  2542 I System.out: 76 0,75023,417466829083,417466829083,0,417467038664,417467039024,417467226874,417467245084,417500162415,417467037014,16666666,417467333984,417467846334,417467886374,417468307874,417484726579,15582835,108320,417483601948,417484726579,417501447953,417468307874,
11-01 17:29:03.465  2525  2542 I System.out: 77 0,75031,417483495749,417483495749,0,417483693948,417483694298,417483880478,417483896778,417516829081,417483692368,16666666,417483980578,417484752639,417484788119,417485191069,417501673103,15623804,100390,417500251753,417501673103,417517926308,417485191069,
11-01 17:29:03.465  2525  2542 I System.out: 78 0,75039,417500162415,417500162415,0,417500354473,417500355003,417500552833,417500569443,417533495747,417500353023,16666666,417500661793,417501699783,417501736393,417502130413,417518099798,15158174,104730,417516919898,417518099798,417534420622,417502130413,
11-01 17:29:03.465  2525  2542 I System.out: 79 0,75047,417516829081,417516829081,0,417517012308,417517012928,417517283898,417517305298,417550162413,417517009368,16666666,417517433978,417518129558,417518170618,417518532618,417534539202,15346804,71800,417533598782,417534539202,417551109607,417518532618,
11-01 17:29:03.465  2525  2542 I System.out: 80 0,75055,417533495747,417533495747,0,417533654472,417533654772,417533794432,417533808822,417566829079,417533653272,16666666,417533875402,417534558432,417534586602,417534897183,417551329467,15624264,64510,417550252947,417551329467,417567850922,417534897183,
11-01 17:29:03.465  2525  2542 I System.out: 81 0,75063,417550162413,417550162413,0,417550295107,417550295307,417550458417,417550472567,417583495745,417550293757,16666666,417550546697,417551359327,417551400147,417551820257,417568074372,15409325,98550,417566985031,417568074372,417584213016,417551820257,
11-01 17:29:03.465  2525  2542 I System.out: 82 0,75071,417566829079,417566829079,0,417567131722,417567132032,417567340532,417567358192,417600162411,417567129952,16666666,417567444012,417568103352,417568146592,417568533092,417584689826,15365614,108050,417583598696,417584689826,417601012341,417568533092,
11-01 17:29:03.465  2525  2542 I System.out: 83 0,75079,417583495745,417583495745,0,417583695896,417583696146,417583828046,417583840766,417616829077,417583694756,16666666,417583909896,417584715376,417584747076,417585128467,417601457811,15574464,102590,417600269671,417601457811,417617583006,417585128467,
11-01 17:29:03.465  2525  2542 I System.out: 84 0,75087,417600162411,417600162411,0,417600356081,417600356641,417600607741,417600630791,417633495743,417600353251,16666666,417600731591,417601486541,417601525701,417601901371,417617742726,15089855,99620,417602601041,417617742726,417634540520,417601901371,
11-01 17:29:03.465  2525  2542 I System.out: 85 0,75095,417616829077,417616829077,0,417616958165,417616958705,417617134115,417617150315,417650162409,417616957045,16666666,417617228335,417617772546,417617811506,417618242926,417634710190,15530994,113760,417633612230,417634710190,417651149325,417618242926,
11-01 17:29:03.465  2525  2542 I System.out: 86 0,75103,417633495743,417633495743,0,417633696480,417633696910,417633970230,417633989620,417666829075,417633694570,16666666,417634097530,417634729820,417634763110,417635115890,417651264325,15430164,65420,417650270085,417651264325,417667773509,417635115890,
11-01 17:29:03.465  2525  2542 I System.out: 87 0,75111,417650162409,417650162409,0,417650320015,417650320255,417650456095,417650467955,417683495741,417650318925,16666666,417650531315,417651282815,417651310985,417651586985,417668102380,15841615,61710,417666933159,417668102380,417684398104,417651586985,
11-01 17:29:03.465  2525  2542 I System.out: 88 0,75119,417666829075,417666829075,0,417666974319,417666974699,417667121809,417667133989,417700162407,417666972939,16666666,417667204029,417668121660,417668150180,417668440810,417684605764,15485974,62750,417683616874,417684605764,417700946679,417668440810,
11-01 17:29:03.465  2525  2542 I System.out: 89 0,75127,417683495741,417683495741,0,417683705214,417683706024,417683994904,417684018374,417716829073,417683702144,16666666,417684146994,417684639944,417684686494,417685188514,417701504989,15471654,117061,417700287788,417701504989,417717578733,417685188514,
11-01 17:29:03.466  2525  2542 I System.out: 90 0,75135,417700162407,417700162407,0,417700442029,417700442359,417700618619,417700635489,417733495739,417700440389,16666666,417700732759,417701533879,417701575439,417701965899,417718038183,15253104,101320,417716900463,417718038183,417734307768,417701965899,
11-01 17:29:03.466  2525  2542 I System.out: 91 0,75143,417716829073,417716829073,0,417716987663,417716987883,417717153593,417717166783,417750162405,417716986563,16666666,417717236813,417718064693,417718101293,417718487894,417734504558,15153774,103540,417733599618,417734504558,417751175703,417718487894,
11-01 17:29:03.466  2525  2542 I System.out: 92 0,75151,417733495739,417733495739,0,417733764888,417733765388,417734004628,417734028868,417766829071,417733762828,16666666,417734147868,417734537038,417734582598,417735032198,417751413903,15646855,108420,417750281262,417751413903,417767629547,417735032198,
11-01 17:29:03.466  2525  2542 I System.out: 93 0,75159,417750162405,417750162405,0,417750378802,417750379102,417750531412,417750546242,417783495737,417750377342,16666666,417750626302,417751442423,417751478313,417751847813,417768031687,15438964,109720,417766927847,417768031687,417784439292,417751847813,
11-01 17:29:03.466  2525  2542 I System.out: 94 0,75167,417766829071,417766829071,0,417767032267,417767032847,417767272937,417767292057,417800162403,417767030707,16666666,417767967997,417768060407,417768100017,417768504427,417784653822,15335344,108380,417783607492,417784653822,417801602867,417768504427,
11-01 17:29:03.466  2525  2542 I System.out: 95 0,75175,417783495737,417783495737,0,417783685122,417783685752,417783964282,417783989412,417816829069,417783681792,16666666,417784120362,417784692232,417784744632,417785193782,417801806107,15869855,112910,417800296786,417801806107,417817699991,417785193782,
11-01 17:29:03.466  2525  2542 I System.out: 96 0,75183,417800162403,417800162403,0,417800337086,417800337396,417800532836,417800547126,417833495735,417800335566,16666666,417800625466,417801831787,417801863317,417802244847,417818142431,15063714,102470,417816913311,417818142431,417834442056,417802244847,
11-01 17:29:03.466  2525  2542 I System.out: 97 0,75191,417816829069,417816829069,0,417817012121,417817012471,417817271971,417817288811,417850162401,417817009681,16666666,417817383121,417818174211,417818218021,417818611671,417834676046,15300084,109330,417833600396,417834676046,417851496180,417818611671,
11-01 17:29:03.466  2525  2542 I System.out: 98 0,75199,417833495735,417833495735,0,417833733466,417833734166,417833918076,417833933706,417866829067,417833731806,16666666,417834012176,417834708866,417834751756,417835168466,417851754061,15811475,114130,417850263170,417851754061,417868065975,417835168466,
11-01 17:29:03.466  2525  2542 I System.out: 99 0,75207,417850162401,417850162401,0,417850395440,417850396110,417850644790,417850666780,417883495733,417850392260,16666666,417850789080,417851788491,417851832711,417852316261,417868403165,15088074,121100,417853247071,417868403165,417884520640,417852316261,
11-01 17:29:03.466  2525  2542 I System.out: 100 0,75215,417866829067,417866829067,0,417867058395,417867059455,417867416545,417867446155,417900162399,417867054575,16666666,417867587375,417868436755,417868484105,417868988165,417884835240,14949684,112480,417883599049,417884835240,417901197724,417868988165,
11-01 17:29:03.466  2525  2542 I System.out: 101 0,75223,417883495733,417883495733,0,417883673459,417883673869,417883902829,417883921979,417916829065,417883671939,16666666,417884026470,417884865650,417884909250,417885341870,417901380124,15201184,110960,417900270044,417901380124,417917898759,417885341870,
11-01 17:29:03.466  2525  2542 I System.out: 102 0,75231,417900162399,417900162399,0,417900302084,417900302314,417900489654,417900503124,417933495731,417900301034,16666666,417900580064,417901416164,417901445664,417901759594,417918031699,15513004,68790,417916911549,417918031699,417934247773,417901759594,
11-01 17:29:03.466  2525  2542 I System.out: 103 0,75239,417916829065,417916829065,0,417916974469,417916974689,417917133359,417917146719,417950162397,417916973309,16666666,417917219469,417918051069,417918080059,417918365769,417934473514,15346855,64500,417933596353,417934473514,417951202688,417918365769,
11-01 17:29:03.466  2525  2542 I System.out: 104 0,75247,417933495731,417933495731,0,417933771923,417933772193,417933975583,417933993853,417966829063,417933769953,16666666,417934094063,417934500964,417934539744,417934938604,417951505248,15728754,100830,417950306298,417951505248,417967989893,417934938604,
11-01 17:29:03.466  2525  2542 I System.out: 105 0,75255,417950162397,417950162397,0,417950339068,417950339418,417950531818,417950547248,417983495729,417950337698,16666666,417950629108,417951532538,417951567708,417951944098,417968170503,15418434,102010,417952703619,417968170503,417984783248,417951944098,
11-01 17:29:03.466  2525  2542 I System.out: 106 0,75263,417966829063,417966829063,0,417967036383,417967036653,417967230613,417967247103,418000162395,417967034823,16666666,417967343803,417968199663,417968239363,417968653213,417984945768,15216025,105050,417983604877,417984945768,418000880832,417968653213,
11-01 17:29:03.466  2525  2542 I System.out: 107 0,75271,417983495729,417983495729,0,417983682617,417983683287,417983919747,417983941707,418016829061,417983679767,16666666,417984048397,417984974568,417985013888,417985422658,418001452652,15164424,90810,418000255052,418001452652,418017836387,417985422658,
11-01 17:29:03.466  2525  2542 I System.out: 108 0,75279,418000162395,418000162395,0,418000362492,418000362842,418000538762,418000556432,418033495727,418000360742,16666666,418000653482,418001482862,418001524002,418001897852,418017987177,15204654,110351,418016912966,418017987177,418034406671,418001897852,
11-01 17:29:03.466  2525  2542 I System.out: 109 0,75287,418016829061,418016829061,0,418016954226,418016954476,418017134927,418017148337,418050162393,418016953036,16666666,418017219357,418018006027,418018033517,418018315627,418034668901,15621334,65850,418033602531,418034668901,418050893516,418018315627,
11-01 17:29:03.466  2525  2542 I System.out: 110 0,75295,418033495727,418033495727,0,418033720491,418033721321,418033927081,418033944861,418066829059,418033718501,16666666,418034037101,418034701191,418034738771,418035148682,418051072396,15073324,106430,418050256566,418051072396,418067541821,418035148682,
11-01 17:29:03.466  2525  2542 I System.out: 111 0,75303,418050162393,418050162393,0,418050364306,418050364636,418050528596,418050543746,418083495725,418050362776,16666666,418050628136,418051099656,418051135376,418051548956,418067729941,15388785,104390,418066916060,418067729941,418084826875,418051548956,
11-01 17:29:03.466  2525  2542 I System.out: 112 0,75311,418066829059,418066829059,0,418067016010,418067016340,418067185740,418067200820,418100162391,418067014270,16666666,418067283420,418067757171,418067794671,418068205061,418084940085,15902584,106600,418083620165,418084940085,418101796590,418068205061,
11-01 17:29:03.466  2525  2542 I System.out: 113 0,75319,418083495725,418083495725,0,418083672225,418083672605,418083903995,418083921175,418116829057,418083670065,16666666,418084026735,418084962845,418084997175,418085344515,418101967060,15859874,65820,418100280880,418101967060,418117828294,418085344515,
11-01 17:29:03.466  2525  2542 I System.out: 114 0,75327,418100162391,418100162391,0,418100365170,418100365790,418100637580,418100659730,418133495723,418100361790,16666666,418100770550,418101996140,418102036890,418102397800,418118164695,14974045,77420,418116904294,418118164695,418134668729,418102397800,
11-01 17:29:03.466  2525  2542 I System.out: 115 0,75335,418116829057,418116829057,0,418117008204,418117008524,418117204564,418117226304,418150162389,418117005964,16666666,418117328304,418118188985,418118226065,418118575855,418134653379,15298214,72480,418133601699,418134653379,418150967244,418118575855,
11-01 17:29:03.466  2525  2542 I System.out: 116 0,75343,418133495723,418133495723,0,418133678819,418133679419,418133902919,418133923049,418166829055,418133675909,16666666,418134017699,418134690799,418134740219,418135205699,418151309724,15284884,113221,418135960470,418151309724,418168575469,418135205699,
11-01 17:29:03.466  2525  2542 I System.out: 117 0,75351,418150162389,418150162389,0,418150485184,418150485884,418150814014,418150905874,418183495721,418150481734,16666666,418151049084,418151347864,418151403634,418151993504,418168416369,15389195,116880,418152944144,418168416369,416184858498,418151993504,
11-01 17:29:03.466  2525  2542 I System.out: 118 0,75380,418166829055,418166829055,0,418168319218,418168319598,418168650639,418168666599,418200162387,418168316578,16666666,418168780559,418168802079,418168847239,418169249739,418185430663,14644594,81920,418170270009,418185430663,416201441202,418169249739,
11-01 17:29:03.466  2525  2542 I System.out: 119 0,75409,418183495721,418183495721,0,418184053683,418184053923,418185514413,418185528093,418216829053,418184051213,16666666,418185627603,418185642523,418185682183,418186015213,418202693348,15751604,132750,418200262287,418202693348,416218348427,418186015213,
11-01 17:29:03.466  2525  2542 I System.out: 120 0,75438,418200162387,418200162387,0,418202732968,418202733298,418202963028,418202974838,418216829053,418202730488,16666666,418203074948,418203093848,418203133038,418205149759,416218087577,14083804,134590,416202889383,418220242403,416235274442,418205149759,
11-01 17:29:03.467  2525  2542 D Benchmark: Starting activity with command: am start  -W "intent:#Intent;action=android.intent.action.MAIN;category=android.intent.category.LAUNCHER;launchFlags=0x10008000;package=org.street_child.edubridge;component=org.street_child.edubridge/com.ustadmobile.port.android.view.AppActivity;end"
11-01 17:29:03.468  1510  1761 W MediaProvider: isAppCloneUserPair for user 0: false
11-01 17:29:03.469  1510  1761 V MediaProvider: Inserted id:1000000059 less than next row id backup:1000001000.
11-01 17:29:03.498   867   924 D SplashScreenView: Build android.window.SplashScreenView{5b0d093 V.E...... ......ID 0,0-0,0}
11-01 17:29:03.498   867   924 D SplashScreenView: Icon: view: null drawable: null size: 0
11-01 17:29:03.498   867   924 D SplashScreenView: Branding: view: android.view.View{87c8d0 G.ED..... ......I. 0,0-0,0 #10204db android:id/splashscreen_branding_view} drawable: null size w: 0 h: 0
11-01 17:29:03.517  2617  2617 D AppActivity$onDestroy: AppActivity#onDestroy
11-01 17:29:03.520   867   995 W Parcel  : Expecting binder but got null!
11-01 17:29:03.526   575   962 W InputManager-JNI: Input channel object '1353052 org.street_child.edubridge/com.ustadmobile.port.android.view.AppActivity (client)' was disposed without first being removed with the input manager!
11-01 17:29:03.535  2617  2617 W CustomTabsClient: Unable to find any Custom Tabs packages, you may need to add a <queries> element to your manifest. See the docs for CustomTabsClient#getPackageName.
11-01 17:29:03.535  2617  2617 W AppActivity$bindCustomTabsService: CustomTabs: Service NOT supported
11-01 17:29:03.542  2617  2617 D AutofillManager: Fill dialog is enabled:false, hints=[]
11-01 17:29:03.548  2617  2617 W OnBackInvokedCallback: OnBackInvokedCallback is not enabled for the application.
11-01 17:29:03.548  2617  2617 W OnBackInvokedCallback: Set 'android:enableOnBackInvokedCallback="true"' in the application manifest.
11-01 17:29:03.552   575   962 D ConnectivityService: requestNetwork for uid/pid:10126/2617 activeRequest: null callbackRequest: 58 [NetworkRequest [ REQUEST id=59, [ Capabilities: INTERNET&NOT_RESTRICTED&TRUSTED&NOT_VCN_MANAGED Uid: 10126 RequestorUid: 10126 RequestorPkg: org.street_child.edubridge UnderlyingNetworks: Null] ]] callback flags: 0 order: 2147483647
11-01 17:29:03.553   575   808 D ConnectivityService: NetReassign [59 : null → 100]
11-01 17:29:03.553   575   801 D WifiNetworkFactory: got request NetworkRequest [ REQUEST id=59, [ Capabilities: INTERNET&NOT_RESTRICTED&TRUSTED&NOT_VCN_MANAGED Uid: 10126 RequestorUid: 10126 RequestorPkg: org.street_child.edubridge UnderlyingNetworks: Null] ]
11-01 17:29:03.554   575   801 D UntrustedWifiNetworkFactory: got request NetworkRequest [ REQUEST id=59, [ Capabilities: INTERNET&NOT_RESTRICTED&TRUSTED&NOT_VCN_MANAGED Uid: 10126 RequestorUid: 10126 RequestorPkg: org.street_child.edubridge UnderlyingNetworks: Null] ]
11-01 17:29:03.554   575   801 D OemPaidWifiNetworkFactory: got request NetworkRequest [ REQUEST id=59, [ Capabilities: INTERNET&NOT_RESTRICTED&TRUSTED&NOT_VCN_MANAGED Uid: 10126 RequestorUid: 10126 RequestorPkg: org.street_child.edubridge UnderlyingNetworks: Null] ]
11-01 17:29:03.554   575   801 D MultiInternetWifiNetworkFactory: got request NetworkRequest [ REQUEST id=59, [ Capabilities: INTERNET&NOT_RESTRICTED&TRUSTED&NOT_VCN_MANAGED Uid: 10126 RequestorUid: 10126 RequestorPkg: org.street_child.edubridge UnderlyingNetworks: Null] ]
11-01 17:29:03.562  2617  2674 W Parcel  : Expecting binder but got null!
11-01 17:29:03.565   575   596 I ActivityTaskManager: Displayed org.street_child.edubridge/com.ustadmobile.port.android.view.AppActivity: +70ms
11-01 17:29:03.570  2617  2617 D UstadViewModelFunKt$ustadViewModel$viewModel$invoke: ustadViewModel(): create viewmodel for: com.ustadmobile.core.viewmodel.redirect.RedirectViewModel
11-01 17:29:03.570  2617  2617 I System.out: com.ustadmobile.core.db.UmAppDatabase_DoorWrapper@8bf4c3e
11-01 17:29:03.575   425   459 W TransactionTracing: Could not find layer handle 0x7b1d62764890
11-01 17:29:03.581  2617  2617 D UstadNavControllerPreCompose$onCollectNavCommand: NavCommandEffect: Navigate: Go to Login
11-01 17:29:03.586  2617  2617 D UstadViewModelFunKt$ustadViewModel$viewModel$invoke: ustadViewModel(): create viewmodel for: com.ustadmobile.core.viewmodel.login.LoginViewModel
11-01 17:29:03.587  2525  2542 D Benchmark: Result: Starting: Intent { act=android.intent.action.MAIN cat=[android.intent.category.LAUNCHER] flg=0x10008000 pkg=org.street_child.edubridge cmp=org.street_child.edubridge/com.ustadmobile.port.android.view.AppActivity }
11-01 17:29:03.587  2525  2542 D Benchmark: Status: ok
11-01 17:29:03.587  2525  2542 D Benchmark: LaunchState: WARM
11-01 17:29:03.587  2525  2542 D Benchmark: Activity: org.street_child.edubridge/com.ustadmobile.port.android.view.AppActivity
11-01 17:29:03.587  2525  2542 D Benchmark: TotalTime: 70
11-01 17:29:03.587  2525  2542 D Benchmark: WaitTime: 72
11-01 17:29:03.587  2525  2542 D Benchmark: Complete
11-01 17:29:03.595  2617  2726 V UstadCache: OKHttp-CacheInterceptor:  intercept: GET https://edubridge-afghanistan.app/Site/verify
11-01 17:29:03.595  2617  2726 I UstadCache: UstadCache(): Retrieve https://edubridge-afghanistan.app/Site/verify
11-01 17:29:03.596  2617  2726 D UstadCache: UstadCache(): MISS https://edubridge-afghanistan.app/Site/verify
11-01 17:29:03.604  2617  2726 D TrafficStats: tagSocket(97) with statsTag=0xffffffff, statsUid=-1
11-01 17:29:03.604  1510  1758 W MediaProvider: isAppCloneUserPair for user 0: false
11-01 17:29:03.604  1510  1758 V MediaProvider: Inserted id:1000000060 less than next row id backup:1000001000.
11-01 17:29:03.623   425   459 W TransactionTracing: Could not find layer handle 0x7b1d62764ef0
11-01 17:29:03.664  2617  2617 W LoginViewModel$invokeSuspend: Could not load site object for https://edubridge-afghanistan.app/
11-01 17:29:03.664  2617  2617 W LoginViewModel$invokeSuspend: java.net.ConnectException: Failed to connect to edubridge-afghanistan.app/65.21.146.62:443
11-01 17:29:03.664  2617  2617 W LoginViewModel$invokeSuspend: 	at okhttp3.internal.connection.RealConnection.connectSocket(RealConnection.kt:297)
11-01 17:29:03.664  2617  2617 W LoginViewModel$invokeSuspend: 	at okhttp3.internal.connection.RealConnection.connect(RealConnection.kt:207)
