11-01 17:31:34.911  1129  1129 W FrameTracker: Missing SF jank callback for vsyncId: 154256, CUJ=J<LAUNCHER_APP_CLOSE_TO_HOME>
11-01 17:31:34.911  1129  1826 V PerfettoTrigger: Not triggering com.android.telemetry.interaction-jank-monitor-9 - not enough time since last trigger
11-01 17:31:34.951   867   923 W FrameTracker: Missed SF frame:PREDICTION_ERROR, 154040, 7736391, CUJ=J<SPLASHSCREEN_EXIT_ANIM>
11-01 17:31:34.951   867   923 W FrameTracker: Missed SF frame:PREDICTION_ERROR, 154184, 4469904, CUJ=J<SPLASHSCREEN_EXIT_ANIM>
11-01 17:31:34.951   867   923 W FrameTracker: Missed SF frame:PREDICTION_ERROR, 154220, 4764173, CUJ=J<SPLASHSCREEN_EXIT_ANIM>
11-01 17:31:34.951   867   923 W FrameTracker: Missed SF frame:PREDICTION_ERROR, 154249, 5020912, CUJ=J<SPLASHSCREEN_EXIT_ANIM>
11-01 17:31:34.952   867   911 V PerfettoTrigger: Not triggering com.android.telemetry.interaction-jank-monitor-39 - not enough time since last trigger
11-01 17:31:35.074   425   459 W TransactionTracing: Could not find layer handle 0x7b1d62766ff0
11-01 17:31:35.074   425   459 W TransactionTracing: Could not find layer handle 0x7b1d62760cf0
11-01 17:31:35.074   425   459 W TransactionTracing: Could not find layer handle 0x7b1d62767b30
11-01 17:31:35.074   425   459 W TransactionTracing: Could not find layer handle 0x7b1d62767b30
11-01 17:31:35.074   425   459 W TransactionTracing: Could not find layer handle 0x7b1d62760cf0
11-01 17:31:35.214  2525  2542 D UiDevice: Searching for node with selector: BySelector [TEXT='\QGet Started\E'].
11-01 17:31:35.615  2617  2674 D EGL_emulation: app_time_stats: avg=4.67ms min=1.31ms max=27.22ms count=62
11-01 17:31:35.800  2525  2542 D UiDevice: Searching for node with selector: BySelector [TEXT='\QGet Started\E'].
11-01 17:31:35.905  2525  2542 D UiDevice: Searching for node with selector: BySelector [TEXT='\QGet Started\E'].
11-01 17:31:36.012  2525  2542 D UiDevice: Searching for node with selector: BySelector [TEXT='\QGet Started\E'].
11-01 17:31:36.117  2525  2542 D UiDevice: Searching for node with selector: BySelector [TEXT='\QGet Started\E'].
11-01 17:31:36.221  2525  2542 D UiDevice: Searching for node with selector: BySelector [TEXT='\QGet Started\E'].
11-01 17:31:36.326  2525  2542 D UiDevice: Searching for node with selector: BySelector [TEXT='\QGet Started\E'].
11-01 17:31:36.429  2525  2542 D UiDevice: Searching for node with selector: BySelector [TEXT='\QGet Started\E'].
11-01 17:31:36.533  2525  2542 D UiDevice: Searching for node with selector: BySelector [TEXT='\QGet Started\E'].
11-01 17:31:36.625  2617  2674 D EGL_emulation: app_time_stats: avg=1.41ms min=0.98ms max=3.61ms count=61
11-01 17:31:36.636  2525  2542 D UiDevice: Searching for node with selector: BySelector [TEXT='\QGet Started\E'].
11-01 17:31:36.740  2525  2542 D UiDevice: Searching for node with selector: BySelector [TEXT='\QGet Started\E'].
11-01 17:31:36.844  2525  2542 D UiDevice: Searching for node with selector: BySelector [TEXT='\QGet Started\E'].
11-01 17:31:36.948  2525  2542 D UiDevice: Searching for node with selector: BySelector [TEXT='\QGet Started\E'].
11-01 17:31:37.052  2525  2542 D UiDevice: Searching for node with selector: BySelector [TEXT='\QGet Started\E'].
11-01 17:31:37.156  2525  2542 D UiDevice: Searching for node with selector: BySelector [TEXT='\QGet Started\E'].
11-01 17:31:37.261  2525  2542 D UiDevice: Searching for node with selector: BySelector [TEXT='\QGet Started\E'].
11-01 17:31:37.295  2617  2687 D UstadCache: CacheTrimmer:  Trim cache run: max (evictable) size = 100000000 bytes
11-01 17:31:37.297  2617  2687 V UstadCache: CacheTrimmer:  deleting
11-01 17:31:37.365  2525  2542 D UiDevice: Searching for node with selector: BySelector [TEXT='\QGet Started\E'].
11-01 17:31:37.469  2525  2542 D UiDevice: Searching for node with selector: BySelector [TEXT='\QGet Started\E'].
11-01 17:31:37.572  2525  2542 D UiDevice: Searching for node with selector: BySelector [TEXT='\QGet Started\E'].
11-01 17:31:37.625  2617  2674 D EGL_emulation: app_time_stats: avg=1.26ms min=1.08ms max=1.78ms count=60
11-01 17:31:37.677  2525  2542 D UiDevice: Searching for node with selector: BySelector [TEXT='\QGet Started\E'].
11-01 17:31:37.780  2525  2542 D UiDevice: Searching for node with selector: BySelector [TEXT='\QGet Started\E'].
11-01 17:31:37.884  2525  2542 D UiDevice: Searching for node with selector: BySelector [TEXT='\QGet Started\E'].
11-01 17:31:37.988  2525  2542 D UiDevice: Searching for node with selector: BySelector [TEXT='\QGet Started\E'].
11-01 17:31:38.092  2525  2542 D UiDevice: Searching for node with selector: BySelector [TEXT='\QGet Started\E'].
11-01 17:31:38.195  2525  2542 D UiDevice: Searching for node with selector: BySelector [TEXT='\QGet Started\E'].
11-01 17:31:38.298  2525  2542 D UiDevice: Searching for node with selector: BySelector [TEXT='\QGet Started\E'].
11-01 17:31:38.402  2525  2542 D UiDevice: Searching for node with selector: BySelector [TEXT='\QGet Started\E'].
11-01 17:31:38.505  2525  2542 D UiDevice: Searching for node with selector: BySelector [TEXT='\QGet Started\E'].
11-01 17:31:38.610  2525  2542 D UiDevice: Searching for node with selector: BySelector [TEXT='\QGet Started\E'].
11-01 17:31:38.642  2617  2674 D EGL_emulation: app_time_stats: avg=1.20ms min=1.05ms max=1.50ms count=61
11-01 17:31:38.713  2525  2542 D UiDevice: Searching for node with selector: BySelector [TEXT='\QGet Started\E'].
11-01 17:31:38.816  2525  2542 D UiDevice: Searching for node with selector: BySelector [TEXT='\QGet Started\E'].
11-01 17:31:38.919  2525  2542 D UiDevice: Searching for node with selector: BySelector [TEXT='\QGet Started\E'].
11-01 17:31:39.024  2525  2542 D UiDevice: Searching for node with selector: BySelector [TEXT='\QGet Started\E'].
11-01 17:31:39.128  2525  2542 D UiDevice: Searching for node with selector: BySelector [TEXT='\QGet Started\E'].
11-01 17:31:39.232  2525  2542 D UiDevice: Searching for node with selector: BySelector [TEXT='\QGet Started\E'].
11-01 17:31:39.335  2525  2542 D UiDevice: Searching for node with selector: BySelector [TEXT='\QGet Started\E'].
11-01 17:31:39.438  2525  2542 D UiDevice: Searching for node with selector: BySelector [TEXT='\QGet Started\E'].
11-01 17:31:39.543  2525  2542 D UiDevice: Searching for node with selector: BySelector [TEXT='\QGet Started\E'].
11-01 17:31:39.623   425   459 W TransactionTracing: Could not find layer id -1
11-01 17:31:39.646  2525  2542 D UiDevice: Searching for node with selector: BySelector [TEXT='\QGet Started\E'].
11-01 17:31:39.658  2617  2674 D EGL_emulation: app_time_stats: avg=1.26ms min=1.12ms max=1.58ms count=61
11-01 17:31:39.749  2525  2542 D UiDevice: Searching for node with selector: BySelector [TEXT='\QGet Started\E'].
11-01 17:31:39.853  2525  2542 D UiDevice: Searching for node with selector: BySelector [TEXT='\QGet Started\E'].
11-01 17:31:39.958  2525  2542 D UiDevice: Searching for node with selector: BySelector [TEXT='\QGet Started\E'].
11-01 17:31:40.061  2525  2542 D UiDevice: Searching for node with selector: BySelector [TEXT='\QGet Started\E'].
11-01 17:31:40.164  2525  2542 D UiDevice: Searching for node with selector: BySelector [TEXT='\QGet Started\E'].
11-01 17:31:40.268  2525  2542 D UiDevice: Searching for node with selector: BySelector [TEXT='\QGet Started\E'].
11-01 17:31:40.371  2525  2542 D UiDevice: Searching for node with selector: BySelector [TEXT='\QGet Started\E'].
11-01 17:31:40.476  2525  2542 D UiDevice: Searching for node with selector: BySelector [TEXT='\QGet Started\E'].
11-01 17:31:40.579  2525  2542 D UiDevice: Searching for node with selector: BySelector [TEXT='\QGet Started\E'].
11-01 17:31:40.675  2617  2674 D EGL_emulation: app_time_stats: avg=1.25ms min=1.09ms max=1.56ms count=61
11-01 17:31:40.682  2525  2542 D UiDevice: Searching for node with selector: BySelector [TEXT='\QGet Started\E'].
11-01 17:31:40.786  2525  2542 D UiDevice: Searching for node with selector: BySelector [TEXT='\QGet Started\E'].
11-01 17:31:40.806   425   459 W TransactionTracing: Could not find layer id -1
11-01 17:31:40.806   425   459 W TransactionTracing: Could not find layer id -1
11-01 17:31:40.806   425   459 W TransactionTracing: Could not find layer id -1
11-01 17:31:40.890  2525  2542 D UiDevice: Searching for node with selector: BySelector [TEXT='\QGet Started\E'].
11-01 17:31:40.923   425   459 W TransactionTracing: Could not find layer id -1
11-01 17:31:40.994  2525  2542 D UiDevice: Searching for node with selector: BySelector [TEXT='\QGet Started\E'].
11-01 17:31:41.097  2525  2542 D UiDevice: Searching for node with selector: BySelector [TEXT='\QGet Started\E'].
11-01 17:31:41.139   425   459 W TransactionTracing: Could not find layer id -1
11-01 17:31:41.139   425   459 W TransactionTracing: Could not find layer id -1
11-01 17:31:41.139   425   459 W TransactionTracing: Could not find layer id -1
11-01 17:31:41.139   425   459 W TransactionTracing: Could not find layer id -1
11-01 17:31:41.139   425   459 W TransactionTracing: Could not find layer id -1
11-01 17:31:41.139   425   459 W TransactionTracing: Could not find layer id -1
11-01 17:31:41.139   425   459 W TransactionTracing: Could not find layer id -1
11-01 17:31:41.139   425   459 W TransactionTracing: Could not find layer id -1
11-01 17:31:41.200  2525  2542 D UiDevice: Searching for node with selector: BySelector [TEXT='\QGet Started\E'].
11-01 17:31:41.273   425   459 W TransactionTracing: Could not find layer id -1
11-01 17:31:41.303  2525  2542 D UiDevice: Searching for node with selector: BySelector [TEXT='\QGet Started\E'].
11-01 17:31:41.407  2525  2542 D UiDevice: Searching for node with selector: BySelector [TEXT='\QGet Started\E'].
11-01 17:31:41.511  2525  2542 D UiDevice: Searching for node with selector: BySelector [TEXT='\QGet Started\E'].
11-01 17:31:41.573   425   459 W TransactionTracing: Could not find layer id -1
11-01 17:31:41.614  2525  2542 D UiDevice: Searching for node with selector: BySelector [TEXT='\QGet Started\E'].
11-01 17:31:41.675  2617  2674 D EGL_emulation: app_time_stats: avg=1.25ms min=1.09ms max=1.63ms count=60
11-01 17:31:41.718  2525  2542 D UiDevice: Searching for node with selector: BySelector [TEXT='\QGet Started\E'].
11-01 17:31:41.821  2525  2542 D UiDevice: Searching for node with selector: BySelector [TEXT='\QGet Started\E'].
11-01 17:31:41.839   425   459 W TransactionTracing: Could not find layer id -1
11-01 17:31:41.839   425   459 W TransactionTracing: Could not find layer id -1
11-01 17:31:41.839   425   459 W TransactionTracing: Could not find layer id -1
11-01 17:31:41.926  2525  2542 D UiDevice: Searching for node with selector: BySelector [TEXT='\QGet Started\E'].
11-01 17:31:42.029  2525  2542 D UiDevice: Searching for node with selector: BySelector [TEXT='\QGet Started\E'].
11-01 17:31:42.133  2525  2542 D UiDevice: Searching for node with selector: BySelector [TEXT='\QGet Started\E'].
11-01 17:31:42.237  2525  2542 D UiDevice: Searching for node with selector: BySelector [TEXT='\QGet Started\E'].
11-01 17:31:42.342  2525  2542 D UiDevice: Searching for node with selector: BySelector [TEXT='\QGet Started\E'].
11-01 17:31:42.446  2525  2542 D UiDevice: Searching for node with selector: BySelector [TEXT='\QGet Started\E'].
11-01 17:31:42.549  2525  2542 D UiDevice: Searching for node with selector: BySelector [TEXT='\QGet Started\E'].
11-01 17:31:42.653  2525  2542 D UiDevice: Searching for node with selector: BySelector [TEXT='\QGet Started\E'].
11-01 17:31:42.675  2617  2674 D EGL_emulation: app_time_stats: avg=1.22ms min=1.08ms max=1.59ms count=60
11-01 17:31:42.757  2525  2542 D UiDevice: Searching for node with selector: BySelector [TEXT='\QGet Started\E'].
11-01 17:31:42.861  2525  2542 D UiDevice: Searching for node with selector: BySelector [TEXT='\QGet Started\E'].
11-01 17:31:42.965  2525  2542 D UiDevice: Searching for node with selector: BySelector [TEXT='\QGet Started\E'].
11-01 17:31:43.069  2525  2542 D UiDevice: Searching for node with selector: BySelector [TEXT='\QGet Started\E'].
11-01 17:31:43.172  2525  2542 D UiDevice: Searching for node with selector: BySelector [TEXT='\QGet Started\E'].
11-01 17:31:43.277  2525  2542 D UiDevice: Searching for node with selector: BySelector [TEXT='\QGet Started\E'].
11-01 17:31:43.381  2525  2542 D UiDevice: Searching for node with selector: BySelector [TEXT='\QGet Started\E'].
11-01 17:31:43.485  2525  2542 D UiDevice: Searching for node with selector: BySelector [TEXT='\QGet Started\E'].
11-01 17:31:43.589  2525  2542 D UiDevice: Searching for node with selector: BySelector [TEXT='\QGet Started\E'].
11-01 17:31:43.691  2617  2674 D EGL_emulation: app_time_stats: avg=1.34ms min=1.09ms max=4.40ms count=61
11-01 17:31:43.694  2525  2542 D UiDevice: Searching for node with selector: BySelector [TEXT='\QGet Started\E'].
11-01 17:31:43.797  2525  2542 D UiDevice: Searching for node with selector: BySelector [TEXT='\QGet Started\E'].
11-01 17:31:43.900  2525  2542 D UiDevice: Searching for node with selector: BySelector [TEXT='\QGet Started\E'].
11-01 17:31:44.004  2525  2542 D UiDevice: Searching for node with selector: BySelector [TEXT='\QGet Started\E'].
11-01 17:31:44.108  2525  2542 D UiDevice: Searching for node with selector: BySelector [TEXT='\QGet Started\E'].
11-01 17:31:44.212  2525  2542 D UiDevice: Searching for node with selector: BySelector [TEXT='\QGet Started\E'].
11-01 17:31:44.315  2525  2542 D UiDevice: Searching for node with selector: BySelector [TEXT='\QGet Started\E'].
11-01 17:31:44.419  2525  2542 D UiDevice: Searching for node with selector: BySelector [TEXT='\QGet Started\E'].
11-01 17:31:44.522  2525  2542 D UiDevice: Searching for node with selector: BySelector [TEXT='\QGet Started\E'].
11-01 17:31:44.627  2525  2542 D UiDevice: Searching for node with selector: BySelector [TEXT='\QGet Started\E'].
11-01 17:31:44.656  2617  2726 V UstadCache: OKHttp-CacheInterceptor:  intercept: GET https://edubridge-afghanistan.app/Site/verify
11-01 17:31:44.657  2617  2726 I UstadCache: UstadCache(): Retrieve https://edubridge-afghanistan.app/Site/verify
11-01 17:31:44.657  2617  2726 D UstadCache: UstadCache(): MISS https://edubridge-afghanistan.app/Site/verify
11-01 17:31:44.661  2617  2726 D TrafficStats: tagSocket(105) with statsTag=0xffffffff, statsUid=-1
11-01 17:31:44.689  2617  2617 W LoginViewModel$invokeSuspend: Could not load site object for https://edubridge-afghanistan.app/
11-01 17:31:44.689  2617  2617 W LoginViewModel$invokeSuspend: java.net.ConnectException: Failed to connect to edubridge-afghanistan.app/65.21.146.62:443
11-01 17:31:44.689  2617  2617 W LoginViewModel$invokeSuspend: 	at okhttp3.internal.connection.RealConnection.connectSocket(RealConnection.kt:297)
11-01 17:31:44.689  2617  2617 W LoginViewModel$invokeSuspend: 	at okhttp3.internal.connection.RealConnection.connect(RealConnection.kt:207)
11-01 17:31:44.689  2617  2617 W LoginViewModel$invokeSuspend: 	at okhttp3.internal.connection.ExchangeFinder.findConnection(ExchangeFinder.kt:226)
11-01 17:31:44.689  2617  2617 W LoginViewModel$invokeSuspend: 	at okhttp3.internal.connection.ExchangeFinder.findHealthyConnection(ExchangeFinder.kt:106)
11-01 17:31:44.689  2617  2617 W LoginViewModel$invokeSuspend: 	at okhttp3.internal.connection.ExchangeFinder.find(ExchangeFinder.kt:74)
11-01 17:31:44.689  2617  2617 W LoginViewModel$invokeSuspend: 	at okhttp3.internal.connection.RealCall.initExchange$okhttp(RealCall.kt:255)
11-01 17:31:44.689  2617  2617 W LoginViewModel$invokeSuspend: 	at okhttp3.internal.connection.ConnectInterceptor.intercept(ConnectInterceptor.kt:32)
11-01 17:31:44.689  2617  2617 W LoginViewModel$invokeSuspend: 	at okhttp3.internal.http.RealInterceptorChain.proceed(RealInterceptorChain.kt:109)
11-01 17:31:44.689  2617  2617 W LoginViewModel$invokeSuspend: 	at okhttp3.internal.cache.CacheInterceptor.intercept(CacheInterceptor.kt:95)
11-01 17:31:44.689  2617  2617 W LoginViewModel$invokeSuspend: 	at okhttp3.internal.http.RealInterceptorChain.proceed(RealInterceptorChain.kt:109)
11-01 17:31:44.689  2617  2617 W LoginViewModel$invokeSuspend: 	at okhttp3.internal.http.BridgeInterceptor.intercept(BridgeInterceptor.kt:83)
11-01 17:31:44.689  2617  2617 W LoginViewModel$invokeSuspend: 	at okhttp3.internal.http.RealInterceptorChain.proceed(RealInterceptorChain.kt:109)
11-01 17:31:44.689  2617  2617 W LoginViewModel$invokeSuspend: 	at okhttp3.internal.http.RetryAndFollowUpInterceptor.intercept(RetryAndFollowUpInterceptor.kt:76)
11-01 17:31:44.689  2617  2617 W LoginViewModel$invokeSuspend: 	at okhttp3.internal.http.RealInterceptorChain.proceed(RealInterceptorChain.kt:109)
11-01 17:31:44.689  2617  2617 W LoginViewModel$invokeSuspend: 	at com.ustadmobile.libcache.okhttp.UstadCacheInterceptor.intercept(UstadCacheInterceptor.kt:407)
11-01 17:31:44.689  2617  2617 W LoginViewModel$invokeSuspend: 	at okhttp3.internal.http.RealInterceptorChain.proceed(RealInterceptorChain.kt:109)
11-01 17:31:44.689  2617  2617 W LoginViewModel$invokeSuspend: 	at okhttp3.internal.connection.RealCall.getResponseWithInterceptorChain$okhttp(RealCall.kt:201)
11-01 17:31:44.689  2617  2617 W LoginViewModel$invokeSuspend: 	at okhttp3.internal.connection.RealCall$AsyncCall.run(RealCall.kt:517)
11-01 17:31:44.689  2617  2617 W LoginViewModel$invokeSuspend: 	at java.util.concurrent.ThreadPoolExecutor.runWorker(ThreadPoolExecutor.java:1137)
11-01 17:31:44.689  2617  2617 W LoginViewModel$invokeSuspend: 	at java.util.concurrent.ThreadPoolExecutor$Worker.run(ThreadPoolExecutor.java:637)
11-01 17:31:44.689  2617  2617 W LoginViewModel$invokeSuspend: 	at java.lang.Thread.run(Thread.java:1012)
11-01 17:31:44.689  2617  2617 W LoginViewModel$invokeSuspend: Caused by: java.net.ConnectException: failed to connect to edubridge-afghanistan.app/65.21.146.62 (port 443) from /10.0.2.16 (port 47550) after 10000ms: isConnected failed: ECONNREFUSED (Connection refused)
11-01 17:31:44.689  2617  2617 W LoginViewModel$invokeSuspend: 	at libcore.io.IoBridge.isConnected(IoBridge.java:347)
11-01 17:31:44.689  2617  2617 W LoginViewModel$invokeSuspend: 	at libcore.io.IoBridge.connectErrno(IoBridge.java:237)
11-01 17:31:44.689  2617  2617 W LoginViewModel$invokeSuspend: 	at libcore.io.IoBridge.connect(IoBridge.java:179)
11-01 17:31:44.689  2617  2617 W LoginViewModel$invokeSuspend: 	at java.net.PlainSocketImpl.socketConnect(PlainSocketImpl.java:142)
11-01 17:31:44.689  2617  2617 W LoginViewModel$invokeSuspend: 	at java.net.AbstractPlainSocketImpl.doConnect(AbstractPlainSocketImpl.java:390)
11-01 17:31:44.689  2617  2617 W LoginViewModel$invokeSuspend: 	at java.net.AbstractPlainSocketImpl.connectToAddress(AbstractPlainSocketImpl.java:230)
11-01 17:31:44.689  2617  2617 W LoginViewModel$invokeSuspend: 	at java.net.AbstractPlainSocketImpl.connect(AbstractPlainSocketImpl.java:212)
11-01 17:31:44.689  2617  2617 W LoginViewModel$invokeSuspend: 	at java.net.SocksSocketImpl.connect(SocksSocketImpl.java:436)
11-01 17:31:44.689  2617  2617 W LoginViewModel$invokeSuspend: 	at java.net.Socket.connect(Socket.java:646)
11-01 17:31:44.689  2617  2617 W LoginViewModel$invokeSuspend: 	at okhttp3.internal.platform.Platform.connectSocket(Platform.kt:128)
11-01 17:31:44.689  2617  2617 W LoginViewModel$invokeSuspend: 	at okhttp3.internal.connection.RealConnection.connectSocket(RealConnection.kt:295)
11-01 17:31:44.689  2617  2617 W LoginViewModel$invokeSuspend: 	... 20 more
11-01 17:31:44.689  2617  2617 W LoginViewModel$invokeSuspend: Caused by: android.system.ErrnoException: isConnected failed: ECONNREFUSED (Connection refused)
11-01 17:31:44.689  2617  2617 W LoginViewModel$invokeSuspend: 	at libcore.io.IoBridge.isConnected(IoBridge.java:334)
11-01 17:31:44.689  2617  2617 W LoginViewModel$invokeSuspend: 	... 30 more
11-01 17:31:44.692  2617  2674 D EGL_emulation: app_time_stats: avg=1.26ms min=1.10ms max=1.68ms count=60
11-01 17:31:44.730  2525  2542 D UiDevice: Searching for node with selector: BySelector [TEXT='\QGet Started\E'].
11-01 17:31:45.708  2617  2674 D EGL_emulation: app_time_stats: avg=1.20ms min=1.08ms max=1.39ms count=61
11-01 17:31:45.734  2525  2542 D UiDevice: Retrieving node with selector: BySelector [TEXT='\QGet Started\E'].
11-01 17:31:45.737  2525  2542 D UiDevice: Node not found with selector: BySelector [TEXT='\QGet Started\E'].
11-01 17:31:46.708  2617  2674 D EGL_emulation: app_time_stats: avg=1.20ms min=1.04ms max=1.38ms count=60
11-01 17:31:47.708  2617  2674 D EGL_emulation: app_time_stats: avg=1.22ms min=1.05ms max=1.60ms count=60
11-01 17:31:48.725  2617  2674 D EGL_emulation: app_time_stats: avg=1.22ms min=1.08ms max=1.47ms count=61
11-01 17:31:49.742  2617  2674 D EGL_emulation: app_time_stats: avg=1.24ms min=1.00ms max=3.02ms count=61
11-01 17:31:50.737  2525  2542 D Benchmark: Profile Installer - Save Profile
11-01 17:31:50.758  2617  2674 D EGL_emulation: app_time_stats: avg=1.22ms min=1.08ms max=1.50ms count=61
11-01 17:31:50.763  2617  2617 I Process : Sending signal. PID: 2617 SIG: 10
11-01 17:31:50.764  2617  2617 D ProfileInstaller:
11-01 17:31:50.764  2617  2622 I child.edubridge: Thread[3,tid=2622,WaitingInMainSignalCatcherLoop,Thread*=0x7c11db9e5b20,peer=0x13141a48,"Signal Catcher"]: reacting to signal 10
11-01 17:31:50.764  2617  2622 I child.edubridge:
11-01 17:31:50.764  2617  2622 I child.edubridge: SIGUSR1 forcing GC (no HPROF) and profile save
11-01 17:31:50.793  2617  2622 I child.edubridge: Explicit concurrent copying GC freed 139063(4756KB) AllocSpace objects, 1(56KB) LOS objects, 49% free, 7303KB/14MB, paused 10us,9us total 28.780ms
11-01 17:31:51.269  2525  2542 D Benchmark: Killing process org.street_child.edubridge
11-01 17:31:51.269  2525  2542 D UiDevice: Executing shell command: killall org.street_child.edubridge
11-01 17:31:51.299  1510  1761 W MediaProvider: isAppCloneUserPair for user 0: false
11-01 17:31:51.301  1510  1761 V MediaProvider: Inserted id:1000000097 less than next row id backup:1000001000.
11-01 17:31:51.351   575   591 I PackageDexOptimizer: Running dexopt (dexoptNeeded=-3) on: /data/app/~~BwgQtX5CYUpjiTMOEzzJJw==/org.street_child.edubridge-_HKotTTaiFD4n6vJUuyHvA==/base.apk pkg=org.street_child.edubridge isa=x86_64 dexoptFlags=boot_complete,profile_guided,force,enable_hidden_api_checks targetFilter=speed-profile oatDir=/data/app/~~BwgQtX5CYUpjiTMOEzzJJw==/org.street_child.edubridge-_HKotTTaiFD4n6vJUuyHvA==/oat classLoaderContext=PCL[]{PCL[/system_ext/framework/androidx.window.extensions.jar]#PCL[/system_ext/framework/androidx.window.sidecar.jar]}
11-01 17:31:51.352   496   496 V installd: DexInv: --- BEGIN '/data/app/~~BwgQtX5CYUpjiTMOEzzJJw==/org.street_child.edubridge-_HKotTTaiFD4n6vJUuyHvA==/base.apk' ---
11-01 17:31:51.352   496   496 V installd: Running /apex/com.android.art/bin/dex2oat64 in=base.apk out=/data/app/~~BwgQtX5CYUpjiTMOEzzJJw==/org.street_child.edubridge-_HKotTTaiFD4n6vJUuyHvA==/oat/x86_64/base.odex
11-01 17:31:51.366  4192  4192 W dex2oat64: Unexpected CPU variant for x86: x86_64.
11-01 17:31:51.366  4192  4192 W dex2oat64: Known variants: atom, sandybridge, silvermont, kabylake, default
11-01 17:31:51.367  4192  4192 W dex2oat64: Mismatch between dex2oat instruction set features to use (ISA: X86_64 Feature string: -ssse3,-sse4.1,-sse4.2,-avx,-avx2,-popcnt) and those from CPP defines (ISA: X86_64 Feature string: ssse3,sse4.1,sse4.2,-avx,-avx2,popcnt) for the command line:
11-01 17:31:51.367  4192  4192 W dex2oat64: /apex/com.android.art/bin/dex2oat64 --zip-fd=8 --zip-location=base.apk --oat-fd=9 --oat-location=/data/app/~~BwgQtX5CYUpjiTMOEzzJJw==/org.street_child.edubridge-_HKotTTaiFD4n6vJUuyHvA==/oat/x86_64/base.odex --input-vdex-fd=11 --output-vdex-fd=10 --app-image-fd=14 --image-format=lz4 --profile-file-fd=13 --swap-fd=12 --classpath-dir=/data/app/~~BwgQtX5CYUpjiTMOEzzJJw==/org.street_child.edubridge-_HKotTTaiFD4n6vJUuyHvA== --class-loader-context=PCL[]{PCL[/system_ext/framework/androidx.window.extensions.jar]#PCL[/system_ext/framework/androidx.window.sidecar.jar]} --instruction-set=x86_64 --instruction-set-features=default --instruction-set-variant=x86_64 --compiler-filter=speed-profile --compilation-reason=cmdline --max-image-block-size=524288 --resolve-startup-const-strings=true --generate-mini-debug-info --runtime-arg -Xtarget-sdk-version:34 --runtime-arg -Xhidden-api-policy:enabled --runtime-arg -Xms64m --runtime-arg -Xmx512m
11-01 17:31:51.370  4192  4192 I dex2oat64: /apex/com.android.art/bin/dex2oat64 --input-vdex-fd=11 --output-vdex-fd=10 --profile-file-fd=13 --classpath-dir=/data/app/~~BwgQtX5CYUpjiTMOEzzJJw==/org.street_child.edubridge-_HKotTTaiFD4n6vJUuyHvA== --class-loader-context=PCL[]{PCL[/system_ext/framework/androidx.window.extensions.jar]#PCL[/system_ext/framework/androidx.window.sidecar.jar]} --compiler-filter=speed-profile --compilation-reason=cmdline --max-image-block-size=524288 --resolve-startup-const-strings=true --generate-mini-debug-info
11-01 17:31:51.775  2617  2674 D EGL_emulation: app_time_stats: avg=1.28ms min=1.08ms max=1.57ms count=61
11-01 17:31:52.792  2617  2674 D EGL_emulation: app_time_stats: avg=1.36ms min=1.12ms max=1.64ms count=61
11-01 17:31:53.792  2617  2674 D EGL_emulation: app_time_stats: avg=1.37ms min=1.13ms max=1.73ms count=60
11-01 17:31:54.692  2617  2726 V UstadCache: OKHttp-CacheInterceptor:  intercept: GET https://edubridge-afghanistan.app/Site/verify
11-01 17:31:54.692  2617  2726 I UstadCache: UstadCache(): Retrieve https://edubridge-afghanistan.app/Site/verify
11-01 17:31:54.692  2617  2726 D UstadCache: UstadCache(): MISS https://edubridge-afghanistan.app/Site/verify
11-01 17:31:54.694  2617  2726 D TrafficStats: tagSocket(112) with statsTag=0xffffffff, statsUid=-1
11-01 17:31:54.722  2617  2617 W LoginViewModel$invokeSuspend: Could not load site object for https://edubridge-afghanistan.app/
11-01 17:31:54.722  2617  2617 W LoginViewModel$invokeSuspend: java.net.ConnectException: Failed to connect to edubridge-afghanistan.app/65.21.146.62:443
11-01 17:31:54.722  2617  2617 W LoginViewModel$invokeSuspend: 	at okhttp3.internal.connection.RealConnection.connectSocket(RealConnection.kt:297)
11-01 17:31:54.722  2617  2617 W LoginViewModel$invokeSuspend: 	at okhttp3.internal.connection.RealConnection.connect(RealConnection.kt:207)
11-01 17:31:54.722  2617  2617 W LoginViewModel$invokeSuspend: 	at okhttp3.internal.connection.ExchangeFinder.findConnection(ExchangeFinder.kt:226)
11-01 17:31:54.722  2617  2617 W LoginViewModel$invokeSuspend: 	at okhttp3.internal.connection.ExchangeFinder.findHealthyConnection(ExchangeFinder.kt:106)
11-01 17:31:54.722  2617  2617 W LoginViewModel$invokeSuspend: 	at okhttp3.internal.connection.ExchangeFinder.find(ExchangeFinder.kt:74)
11-01 17:31:54.722  2617  2617 W LoginViewModel$invokeSuspend: 	at okhttp3.internal.connection.RealCall.initExchange$okhttp(RealCall.kt:255)
11-01 17:31:54.722  2617  2617 W LoginViewModel$invokeSuspend: 	at okhttp3.internal.connection.ConnectInterceptor.intercept(ConnectInterceptor.kt:32)
11-01 17:31:54.722  2617  2617 W LoginViewModel$invokeSuspend: 	at okhttp3.internal.http.RealInterceptorChain.proceed(RealInterceptorChain.kt:109)
11-01 17:31:54.722  2617  2617 W LoginViewModel$invokeSuspend: 	at okhttp3.internal.cache.CacheInterceptor.intercept(CacheInterceptor.kt:95)
11-01 17:31:54.722  2617  2617 W LoginViewModel$invokeSuspend: 	at okhttp3.internal.http.RealInterceptorChain.proceed(RealInterceptorChain.kt:109)
11-01 17:31:54.722  2617  2617 W LoginViewModel$invokeSuspend: 	at okhttp3.internal.http.BridgeInterceptor.intercept(BridgeInterceptor.kt:83)
11-01 17:31:54.722  2617  2617 W LoginViewModel$invokeSuspend: 	at okhttp3.internal.http.RealInterceptorChain.proceed(RealInterceptorChain.kt:109)
11-01 17:31:54.722  2617  2617 W LoginViewModel$invokeSuspend: 	at okhttp3.internal.http.RetryAndFollowUpInterceptor.intercept(RetryAndFollowUpInterceptor.kt:76)
11-01 17:31:54.722  2617  2617 W LoginViewModel$invokeSuspend: 	at okhttp3.internal.http.RealInterceptorChain.proceed(RealInterceptorChain.kt:109)
11-01 17:31:54.722  2617  2617 W LoginViewModel$invokeSuspend: 	at com.ustadmobile.libcache.okhttp.UstadCacheInterceptor.intercept(UstadCacheInterceptor.kt:407)
11-01 17:31:54.722  2617  2617 W LoginViewModel$invokeSuspend: 	at okhttp3.internal.http.RealInterceptorChain.proceed(RealInterceptorChain.kt:109)
11-01 17:31:54.722  2617  2617 W LoginViewModel$invokeSuspend: 	at okhttp3.internal.connection.RealCall.getResponseWithInterceptorChain$okhttp(RealCall.kt:201)
11-01 17:31:54.722  2617  2617 W LoginViewModel$invokeSuspend: 	at okhttp3.internal.connection.RealCall$AsyncCall.run(RealCall.kt:517)
11-01 17:31:54.722  2617  2617 W LoginViewModel$invokeSuspend: 	at java.util.concurrent.ThreadPoolExecutor.runWorker(ThreadPoolExecutor.java:1137)
11-01 17:31:54.722  2617  2617 W LoginViewModel$invokeSuspend: 	at java.util.concurrent.ThreadPoolExecutor$Worker.run(ThreadPoolExecutor.java:637)
11-01 17:31:54.722  2617  2617 W LoginViewModel$invokeSuspend: 	at java.lang.Thread.run(Thread.java:1012)
11-01 17:31:54.722  2617  2617 W LoginViewModel$invokeSuspend: Caused by: java.net.ConnectException: failed to connect to edubridge-afghanistan.app/65.21.146.62 (port 443) from /10.0.2.16 (port 60110) after 10000ms: isConnected failed: ECONNREFUSED (Connection refused)
11-01 17:31:54.722  2617  2617 W LoginViewModel$invokeSuspend: 	at libcore.io.IoBridge.isConnected(IoBridge.java:347)
11-01 17:31:54.722  2617  2617 W LoginViewModel$invokeSuspend: 	at libcore.io.IoBridge.connectErrno(IoBridge.java:237)
11-01 17:31:54.722  2617  2617 W LoginViewModel$invokeSuspend: 	at libcore.io.IoBridge.connect(IoBridge.java:179)
11-01 17:31:54.722  2617  2617 W LoginViewModel$invokeSuspend: 	at java.net.PlainSocketImpl.socketConnect(PlainSocketImpl.java:142)
11-01 17:31:54.722  2617  2617 W LoginViewModel$invokeSuspend: 	at java.net.AbstractPlainSocketImpl.doConnect(AbstractPlainSocketImpl.java:390)
11-01 17:31:54.722  2617  2617 W LoginViewModel$invokeSuspend: 	at java.net.AbstractPlainSocketImpl.connectToAddress(AbstractPlainSocketImpl.java:230)
11-01 17:31:54.722  2617  2617 W LoginViewModel$invokeSuspend: 	at java.net.AbstractPlainSocketImpl.connect(AbstractPlainSocketImpl.java:212)
11-01 17:31:54.722  2617  2617 W LoginViewModel$invokeSuspend: 	at java.net.SocksSocketImpl.connect(SocksSocketImpl.java:436)
11-01 17:31:54.722  2617  2617 W LoginViewModel$invokeSuspend: 	at java.net.Socket.connect(Socket.java:646)
11-01 17:31:54.722  2617  2617 W LoginViewModel$invokeSuspend: 	at okhttp3.internal.platform.Platform.connectSocket(Platform.kt:128)
11-01 17:31:54.722  2617  2617 W LoginViewModel$invokeSuspend: 	at okhttp3.internal.connection.RealConnection.connectSocket(RealConnection.kt:295)
11-01 17:31:54.722  2617  2617 W LoginViewModel$invokeSuspend: 	... 20 more
11-01 17:31:54.722  2617  2617 W LoginViewModel$invokeSuspend: Caused by: android.system.ErrnoException: isConnected failed: ECONNREFUSED (Connection refused)
11-01 17:31:54.722  2617  2617 W LoginViewModel$invokeSuspend: 	at libcore.io.IoBridge.isConnected(IoBridge.java:334)
11-01 17:31:54.722  2617  2617 W LoginViewModel$invokeSuspend: 	... 30 more
11-01 17:31:54.792  2617  2674 D EGL_emulation: app_time_stats: avg=1.40ms min=0.99ms max=2.45ms count=60
11-01 17:31:55.537  4192  4199 W dex2oat64: Accessing hidden method Landroid/window/BackEvent;->getProgress()F (blocked, linking, denied)
11-01 17:31:55.537  4192  4199 W dex2oat64: Accessing hidden method Landroid/window/BackEvent;->getSwipeEdge()I (blocked, linking, denied)
11-01 17:31:55.537  4192  4199 W dex2oat64: Accessing hidden method Landroid/window/BackEvent;->getTouchX()F (blocked, linking, denied)
11-01 17:31:55.537  4192  4199 W dex2oat64: Accessing hidden method Landroid/window/BackEvent;->getTouchY()F (blocked, linking, denied)
11-01 17:31:55.808  2617  2674 D EGL_emulation: app_time_stats: avg=1.27ms min=1.03ms max=1.69ms count=61
11-01 17:31:55.814  4192  4199 W dex2oat64: Method java.lang.Object androidx.compose.runtime.snapshots.SnapshotStateMap.mutate(kotlin.jvm.functions.Function1) failed lock verification and will run slower.
11-01 17:31:55.814  4192  4199 W dex2oat64: Common causes for lock verification issues are non-optimized dex code
11-01 17:31:55.814  4192  4199 W dex2oat64: and incorrect proguard optimizations.
11-01 17:31:55.815  4192  4199 W dex2oat64: Method void androidx.compose.runtime.snapshots.SnapshotStateMap.update(kotlin.jvm.functions.Function1) failed lock verification and will run slower.
11-01 17:31:55.815  4192  4199 W dex2oat64: Method boolean androidx.compose.runtime.snapshots.SnapshotStateMap.removeIf$runtime_release(kotlin.jvm.functions.Function1) failed lock verification and will run slower.
11-01 17:31:55.837  4192  4192 W dex2oat64: Method boolean androidx.compose.runtime.snapshots.SnapshotStateList.conditionalUpdate(boolean, kotlin.jvm.functions.Function1) failed lock verification and will run slower.
11-01 17:31:55.837  4192  4192 W dex2oat64: Method boolean androidx.compose.runtime.snapshots.SnapshotStateList.conditionalUpdate$default(androidx.compose.runtime.snapshots.SnapshotStateList, boolean, kotlin.jvm.functions.Function1, int, java.lang.Object) failed lock verification and will run slower.
11-01 17:31:55.837  4192  4192 W dex2oat64: Method java.lang.Object androidx.compose.runtime.snapshots.SnapshotStateList.mutate(kotlin.jvm.functions.Function1) failed lock verification and will run slower.
11-01 17:31:55.837  4192  4192 W dex2oat64: Method void androidx.compose.runtime.snapshots.SnapshotStateList.update(boolean, kotlin.jvm.functions.Function1) failed lock verification and will run slower.
11-01 17:31:55.837  4192  4192 W dex2oat64: Method void androidx.compose.runtime.snapshots.SnapshotStateList.update$default(androidx.compose.runtime.snapshots.SnapshotStateList, boolean, kotlin.jvm.functions.Function1, int, java.lang.Object) failed lock verification and will run slower.
11-01 17:31:56.809  2617  2674 D EGL_emulation: app_time_stats: avg=1.25ms min=1.08ms max=1.62ms count=60
11-01 17:31:57.193  4192  4192 I dex2oat64: Explicit concurrent copying GC freed 197296(32MB) AllocSpace objects, 0(0B) LOS objects, 49% free, 2112KB/4224KB, paused 15us,3us total 7.683ms
11-01 17:31:57.514  4192  4192 I dex2oat64: dex2oat took 6.148s (9.685s cpu) (threads: 4) arena alloc=8427KB (8629640B) java alloc=2112KB (2162944B) native alloc=21MB (22710192B) free=146MB (153217600B)
11-01 17:31:57.545   496   496 V installd: DexInv: --- END '/data/app/~~BwgQtX5CYUpjiTMOEzzJJw==/org.street_child.edubridge-_HKotTTaiFD4n6vJUuyHvA==/base.apk' (success) ---
11-01 17:31:57.594  1510  1859 W MediaProvider: isAppCloneUserPair for user 0: false
11-01 17:31:57.595  1510  1859 V MediaProvider: Inserted id:1000000098 less than next row id backup:1000001000.
11-01 17:31:57.825  2617  2674 D EGL_emulation: app_time_stats: avg=1.30ms min=1.01ms max=1.95ms count=61
11-01 17:31:57.977  4215  4215 W profman : profman took 351.811ms
11-01 17:31:57.998  1510  1761 W MediaProvider: isAppCloneUserPair for user 0: false
11-01 17:31:57.999  1510  1761 V MediaProvider: Inserted id:1000000099 less than next row id backup:1000001000.
11-01 17:31:58.580  1510  4108 I MediaProvider: Deleted 0 0 0 0 0 0 0 items on external_primary due to com.ustadmobile.app_android_baselineprofile
11-01 17:31:58.841  2617  2674 D EGL_emulation: app_time_stats: avg=1.29ms min=1.07ms max=1.69ms count=61
11-01 17:31:59.384  2525  2542 D Benchmark: Unstable profiles during iteration 13
11-01 17:31:59.384  2525  2542 D Benchmark: Killing package org.street_child.edubridge
11-01 17:31:59.384  2525  2542 D Benchmark: Killing process org.street_child.edubridge
11-01 17:31:59.384  2525  2542 D UiDevice: Executing shell command: killall org.street_child.edubridge
11-01 17:31:59.396  2525  2542 D Benchmark: Compile iteration (14) for org.street_child.edubridge
11-01 17:31:59.396  2525  2542 D UiDevice: Pressing home button.
11-01 17:31:59.414   867   867 V ShadeControllerImpl: NotificationShadeWindow: com.android.systemui.shade.NotificationShadeWindowView{f025071 I.E...... ......ID 0,0-320,640} canPanelBeCollapsed(): false
11-01 17:31:59.417  1129  1129 D TaplTarget: Launcher.onNewIntent: Intent { act=android.intent.action.MAIN cat=[android.intent.category.HOME] flg=0x10400100 cmp=com.android.launcher3/.uioverrides.QuickstepLauncher (has extras) }
11-01 17:31:59.419   867   867 V ShadeControllerImpl: NotificationShadeWindow: com.android.systemui.shade.NotificationShadeWindowView{f025071 I.E...... ......ID 0,0-320,640} canPanelBeCollapsed(): false
11-01 17:31:59.439   425   425 I BpBinder: onLastStrongRef automatically unlinking death recipients: <uncached descriptor>
11-01 17:31:59.462  1510  2837 W MediaProvider: isAppCloneUserPair for user 0: false
11-01 17:31:59.463   867   995 D EGL_emulation: app_time_stats: avg=862.08ms min=8.54ms max=24248.25ms count=29
11-01 17:31:59.463  1510  2837 V MediaProvider: Inserted id:1000000100 less than next row id backup:1000001000.
11-01 17:31:59.489   425   459 W TransactionTracing: Could not find layer handle 0x7b1d62768250
11-01 17:31:59.521  2525  2542 I System.out: 0 Flags,FrameTimelineVsyncId,IntendedVsync,Vsync,InputEventId,HandleInputStart,AnimationStart,PerformTraversalsStart,DrawStart,FrameDeadline,FrameInterval,FrameStartTime,SyncQueued,SyncStart,IssueDrawCommandsStart,SwapBuffers,FrameCompleted,DequeueBufferDuration,QueueBufferDuration,GpuCompleted,SwapBuffersCompleted,DisplayPresentTime,CommandSubmissionCompleted,
11-01 17:31:59.521  2525  2542 I System.out: 1 0,165466,592283488757,592283488757,0,592284388312,592284388702,592284556242,592284570442,592316822089,592284386892,16666666,592284640542,592284695722,592284723392,592285101562,592301506667,15469794,161330,592300245017,592301506667,592317858591,592285101562,
11-01 17:31:59.521  2525  2542 I System.out: 2 0,165474,592300155423,592300155423,0,592300353647,592300353957,592300479727,592300490727,592333488755,592300352327,16666666,592300550057,592301531557,592301561447,592301943147,592318024432,15225525,97540,592316930601,592318024432,592334975816,592301943147,
11-01 17:31:59.521  2525  2542 I System.out: 3 0,165482,592316822089,592316822089,0,592317016391,592317016681,592317203321,592317217461,592350155421,592317015161,16666666,592317302761,592318062362,592318101182,592318530912,592335163326,15746614,110640,592333607796,592335163326,592351512321,592318530912,
11-01 17:31:59.521  2525  2542 I System.out: 4 0,165490,592333488755,592333488755,0,592333686066,592333686446,592333886826,592333899746,592366822087,592333684886,16666666,592333976856,592335187426,592335216266,592335596496,592351598741,15216714,97100,592350275180,592351598741,592368327345,592335596496,
11-01 17:31:59.521  2525  2542 I System.out: 5 0,165498,592350155421,592350155421,0,592350381751,592350382451,592350606921,592350630311,592383488753,592350378811,16666666,592350734241,592351637401,592351689391,592352220221,592368456546,15225465,192450,592353188601,592368456546,592384637470,592352220221,
11-01 17:31:59.521  2525  2542 I System.out: 6 0,165506,592366822087,592366822087,0,592367008635,592367009255,592367263375,592367288505,592400155419,592367005675,16666666,592367405285,592368486146,592368521226,592368890126,592384834630,15066454,153270,592369715646,592384834630,592401035995,592368890126,
11-01 17:31:59.521  2525  2542 I System.out: 7 0,165514,592383488753,592383488753,0,592383626420,592383626720,592383786660,592383798900,592416822085,592383625160,16666666,592383866440,592384875130,592384921510,592385356750,592401296055,14934805,116190,592400245044,592401296055,592418419979,592385356750,
11-01 17:31:59.521  2525  2542 I System.out: 8 0,165522,592400155419,592400155419,0,592400336714,592400337424,592400537544,592400556694,592433488751,592400333794,16666666,592400656864,592401343485,592401430425,592401900135,592418578919,15769604,188520,592402756125,592418578919,592434807774,592401900135,
11-01 17:31:59.521  2525  2542 I System.out: 9 0,165530,592416822085,592416822085,0,592417035319,592417035969,592417299459,592417320799,592450155417,592417032489,16666666,592417448039,592418605129,592418641149,592418990220,592434999924,15185584,89950,592433583794,592434999924,592451451799,592418990220,
11-01 17:31:59.521  2525  2542 I System.out: 10 0,165538,592433488751,592433488751,0,592433715884,592433716204,592433870444,592433884304,592466822083,592433714384,16666666,592433949584,592435024424,592435053704,592435383894,592451657229,15512255,94050,592450269848,592451657229,592468000453,592435383894,
11-01 17:31:59.521  2525  2542 I System.out: 11 0,165546,592450155417,592450155417,0,592450392248,592450392578,592450535128,592450546658,592483488749,592450390428,16666666,592450601718,592451679219,592451706849,592452018309,592468160153,15388434,92360,592466919673,592468160153,592484258498,592452018309,
11-01 17:31:59.521  2525  2542 I System.out: 12 0,165554,592466822083,592466822083,0,592467060423,592467060753,592467196513,592467206523,592500155415,592467059303,16666666,592467260213,592468197653,592468239873,592468554993,592484535418,15246754,75110,592483581238,592484535418,592501585083,592468554993,
11-01 17:31:59.521  2525  2542 I System.out: 13 0,165562,592483488749,592483488749,0,592483637918,592483638168,592483792548,592483810768,592516822081,592483636278,16666666,592483897788,592484557158,592484589758,592484919138,592501760023,16168545,74090,592500251842,592501760023,592517961547,592484919138,
11-01 17:31:59.521  2525  2542 I System.out: 14 0,165570,592500155415,592500155415,0,592500399122,592500399602,592500579772,592500601402,592533488747,592500397002,16666666,592500703792,592501785573,592501821633,592502161403,592518194237,15289504,107680,592516902837,592518194237,592534675602,592502161403,
11-01 17:31:59.521  2525  2542 I System.out: 15 0,165578,592516822081,592516822081,0,592517011057,592517011327,592517160177,592517177097,592550155413,592517009827,16666666,592517258827,592518215547,592518246617,592518549227,592534810332,15582335,68930,592533574281,592534810332,592551239556,592518549227,
11-01 17:31:59.521  2525  2542 I System.out: 16 0,165586,592533488747,592533488747,0,592533670091,592533670321,592533791371,592533806721,592566822079,592533668941,16666666,592533878241,592534839092,592534874212,592535257212,592551493096,15498604,105020,592550264826,592551493096,592567790071,592535257212,
11-01 17:31:59.521  2525  2542 I System.out: 17 0,165594,592550155413,592550155413,0,592550383256,592550383516,592550568016,592550590476,592583488745,592550381536,16666666,592550688536,592551527416,592551567506,592551974626,592568093401,15356584,113370,592552701887,592568093401,592584530046,592551974626,
11-01 17:31:59.521  2525  2542 I System.out: 18 0,165602,592566822079,592566822079,0,592567061791,592567062141,592567230181,592567247491,592600155411,592567059901,16666666,592567335791,592568115491,592568146771,592568444171,592584773356,15458105,80720,592583575925,592584773356,592601131850,592568444171,
11-01 17:31:59.521  2525  2542 I System.out: 19 0,165610,592583488745,592583488745,0,592583703195,592583703565,592583864955,592583880695,592616822077,592583700865,16666666,592583963455,592584803176,592584844806,592585282576,592601437770,15235354,105030,592600263690,592601437770,592617716485,592585282576,
11-01 17:31:59.521  2525  2542 I System.out: 20 0,165618,592600155411,592600155411,0,592600423990,592600424440,592600631770,592600652240,592633488743,592600421600,16666666,592600764720,592601470600,592601518310,592601948780,592618077185,15285094,108650,592616903395,592618077185,592634522899,592601948780,
11-01 17:31:59.521  2525  2542 I System.out: 21 0,165626,592616822077,592616822077,0,592616996745,592616997405,592617196415,592617223235,592650155409,592616994995,16666666,592617317485,592618109765,592618151755,592618579695,592634758869,15266424,116480,592633577109,592634758869,592650942344,592618579695,
11-01 17:31:59.521  2525  2542 I System.out: 22 0,165634,592633488743,592633488743,0,592633708579,592633709059,592633886829,592633909479,592666822075,592633706229,16666666,592634006539,592634792540,592634834020,592635257190,592651148364,14993934,109510,592650241324,592651148364,592668023629,592635257190,
11-01 17:31:59.521  2525  2542 I System.out: 23 0,165642,592650155409,592650155409,0,592650359514,592650359994,592650514924,592650533924,592683488741,592650357994,16666666,592650632674,592651178054,592651219654,592651644384,592668234069,15698535,125450,592652495284,592668234069,592684592023,592651644384,
11-01 17:31:59.521  2525  2542 I System.out: 24 0,165650,592666822075,592666822075,0,592667086568,592667087048,592667311929,592667334449,592700155407,592667058148,16666666,592667454089,592668257489,592668292359,592668625339,592684764203,15354714,72120,592683579943,592684764203,592701153888,592668625339,
11-01 17:31:59.521  2525  2542 I System.out: 25 0,165658,592683488741,592683488741,0,592683682313,592683682733,592683847923,592683866953,592716822073,592683680083,16666666,592683958383,592684787753,592684823533,592685186664,592701483758,15483454,75600,592700264638,592701483758,592718351473,592685186664,
11-01 17:31:59.521  2525  2542 I System.out: 26 0,165666,592700155407,592700155407,0,592700326598,592700326998,592700490938,592700507698,592733488739,592700324798,16666666,592700593408,592701524558,592701569998,592701987288,592718500433,15677035,114580,592716931012,592718500433,592734400117,592701987288,
11-01 17:31:59.521  2525  2542 I System.out: 27 0,165674,592716822073,592716822073,0,592717009352,592717009712,592717183262,592717199702,592750155405,592717007252,16666666,592717280112,592718524723,592718555213,592718901283,592734736167,15022314,96660,592733597067,592734736167,592751346852,592718901283,
11-01 17:31:59.521  2525  2542 I System.out: 28 0,165682,592733488739,592733488739,0,592733653877,592733654207,592733802687,592733813377,592766822071,592733652207,16666666,592733869117,592734759817,592734785827,592735119117,592751645812,15714474,94610,592750271622,592751645812,592767936036,592735119117,
11-01 17:31:59.521  2525  2542 I System.out: 29 0,165690,592750155405,592750155405,0,592750349252,592750349602,592750504832,592750515952,592783488737,592750347682,16666666,592750572962,592751669612,592751697532,592752065662,592768436137,15529425,94240,592766972336,592768436137,592784657461,592752065662,
11-01 17:31:59.522  2525  2542 I System.out: 30 0,165698,592766822071,592766822071,0,592767020596,592767020906,592767169816,592767179636,592800155403,592767019276,16666666,592767232656,592768459527,592768487627,592768860597,592785017751,15267854,94850,592783608391,592785017751,592801343156,592768860597,
11-01 17:31:59.522  2525  2542 I System.out: 31 0,165706,592783488737,592783488737,0,592783654381,592783654721,592784202881,592784759191,592816822069,592783653081,16666666,592784880491,592785046681,592785085911,592785571001,592801582936,15080484,193790,592800255515,592801582936,592817825860,592785571001,
11-01 17:31:59.522  2525  2542 I System.out: 32 0,165714,592800155403,592800155403,0,592800370285,592800370905,592800556276,592800573466,592833488735,592800369135,16666666,592800671396,592801624046,592801668416,592802095096,592818079490,14968474,171900,592803014006,592818079490,592834420555,592802095096,
11-01 17:31:59.522  2525  2542 I System.out: 33 0,165722,592816822069,592816822069,0,592816981180,592816981590,592817161580,592817176860,592850155401,592816979740,16666666,592817249150,592818121930,592818166270,592818578791,592834801155,15367674,159570,592819390621,592834801155,592851013360,592818578791,
11-01 17:31:59.522  2525  2542 I System.out: 34 0,165730,592833488735,592833488735,0,592833636605,592833636835,592833746935,592833754885,592866822067,592833635785,16666666,592833797375,592834827055,592834854015,592835170655,592851221140,15204415,136450,592835967155,592851221140,592867736484,592835170655,
11-01 17:31:59.522  2525  2542 I System.out: 35 0,165738,592850155401,592850155401,0,592850390799,592850391159,592850582129,592850603099,592883488733,592850389059,16666666,592850717339,592851246350,592851278880,592851626650,592868036274,15560444,138430,592852426310,592868036274,592884378349,592851626650,
11-01 17:31:59.522  2525  2542 I System.out: 36 0,165746,592866822067,592866822067,0,592866985384,592866985704,592867125904,592867137934,592900155399,592866984244,16666666,592867199074,592868060474,592868090924,592868421204,592884604219,15348294,140440,592869207005,592884604219,592901016633,592868421204,
11-01 17:31:59.522  2525  2542 I System.out: 37 0,165754,592883488733,592883488733,0,592883629999,592883630289,592883784429,592883796269,592916822065,592883628709,16666666,592883856239,592884630479,592884663979,592885043529,592901248584,15375125,140500,592885822159,592901248584,592918360428,592885043529,
11-01 17:31:59.522  2525  2542 I System.out: 38 0,165762,592900155399,592900155399,0,592900338153,592900338553,592900486073,592900498163,592933488731,592900336783,16666666,592900566513,592901275604,592901310764,592901758354,592918489378,15908264,144180,592902536894,592918489378,592934497513,592901758354,
11-01 17:31:59.522  2525  2542 I System.out: 39 0,165770,592916822065,592916822065,0,592917059408,592917059808,592917217628,592917230058,592950155397,592917058038,16666666,592917304338,592918513658,592918541108,592918909258,592934750503,15022654,141480,592919678939,592934750503,592951030067,592918909258,
11-01 17:31:59.522  2525  2542 I System.out: 40 0,165778,592933488731,592933488731,0,592933666373,592933666743,592933855253,592933868683,592966822063,592933665063,16666666,592933943243,592934775963,592934809233,592935127913,592951418227,15481614,142010,592935892883,592951418227,592967759542,592935127913,
