11-01 17:31:04.443  2617  2617 W LoginViewModel$invokeSuspend: 	at java.net.AbstractPlainSocketImpl.connectToAddress(AbstractPlainSocketImpl.java:230)
11-01 17:31:04.443  2617  2617 W LoginViewModel$invokeSuspend: 	at java.net.AbstractPlainSocketImpl.connect(AbstractPlainSocketImpl.java:212)
11-01 17:31:04.443  2617  2617 W LoginViewModel$invokeSuspend: 	at java.net.SocksSocketImpl.connect(SocksSocketImpl.java:436)
11-01 17:31:04.443  2617  2617 W LoginViewModel$invokeSuspend: 	at java.net.Socket.connect(Socket.java:646)
11-01 17:31:04.443  2617  2617 W LoginViewModel$invokeSuspend: 	at okhttp3.internal.platform.Platform.connectSocket(Platform.kt:128)
11-01 17:31:04.443  2617  2617 W LoginViewModel$invokeSuspend: 	at okhttp3.internal.connection.RealConnection.connectSocket(RealConnection.kt:295)
11-01 17:31:04.443  2617  2617 W LoginViewModel$invokeSuspend: 	... 20 more
11-01 17:31:04.443  2617  2617 W LoginViewModel$invokeSuspend: Caused by: android.system.ErrnoException: isConnected failed: ECONNREFUSED (Connection refused)
11-01 17:31:04.443  2617  2617 W LoginViewModel$invokeSuspend: 	at libcore.io.IoBridge.isConnected(IoBridge.java:334)
11-01 17:31:04.443  2617  2617 W LoginViewModel$invokeSuspend: 	... 30 more
11-01 17:31:04.476  2617  2674 D EGL_emulation: app_time_stats: avg=1.55ms min=1.08ms max=5.11ms count=61
11-01 17:31:05.492  2617  2674 D EGL_emulation: app_time_stats: avg=1.35ms min=1.09ms max=1.67ms count=61
11-01 17:31:06.022  3954  3960 W dex2oat64: Accessing hidden method Landroid/window/BackEvent;->getProgress()F (blocked, linking, denied)
11-01 17:31:06.022  3954  3960 W dex2oat64: Accessing hidden method Landroid/window/BackEvent;->getSwipeEdge()I (blocked, linking, denied)
11-01 17:31:06.022  3954  3960 W dex2oat64: Accessing hidden method Landroid/window/BackEvent;->getTouchX()F (blocked, linking, denied)
11-01 17:31:06.022  3954  3960 W dex2oat64: Accessing hidden method Landroid/window/BackEvent;->getTouchY()F (blocked, linking, denied)
11-01 17:31:06.266  3954  3959 W dex2oat64: Method java.lang.Object androidx.compose.runtime.snapshots.SnapshotStateMap.mutate(kotlin.jvm.functions.Function1) failed lock verification and will run slower.
11-01 17:31:06.266  3954  3959 W dex2oat64: Common causes for lock verification issues are non-optimized dex code
11-01 17:31:06.266  3954  3959 W dex2oat64: and incorrect proguard optimizations.
11-01 17:31:06.266  3954  3959 W dex2oat64: Method void androidx.compose.runtime.snapshots.SnapshotStateMap.update(kotlin.jvm.functions.Function1) failed lock verification and will run slower.
11-01 17:31:06.267  3954  3959 W dex2oat64: Method boolean androidx.compose.runtime.snapshots.SnapshotStateMap.removeIf$runtime_release(kotlin.jvm.functions.Function1) failed lock verification and will run slower.
11-01 17:31:06.285  3954  3961 W dex2oat64: Method boolean androidx.compose.runtime.snapshots.SnapshotStateList.conditionalUpdate(boolean, kotlin.jvm.functions.Function1) failed lock verification and will run slower.
11-01 17:31:06.285  3954  3961 W dex2oat64: Method boolean androidx.compose.runtime.snapshots.SnapshotStateList.conditionalUpdate$default(androidx.compose.runtime.snapshots.SnapshotStateList, boolean, kotlin.jvm.functions.Function1, int, java.lang.Object) failed lock verification and will run slower.
11-01 17:31:06.286  3954  3961 W dex2oat64: Method java.lang.Object androidx.compose.runtime.snapshots.SnapshotStateList.mutate(kotlin.jvm.functions.Function1) failed lock verification and will run slower.
11-01 17:31:06.286  3954  3961 W dex2oat64: Method void androidx.compose.runtime.snapshots.SnapshotStateList.update(boolean, kotlin.jvm.functions.Function1) failed lock verification and will run slower.
11-01 17:31:06.286  3954  3961 W dex2oat64: Method void androidx.compose.runtime.snapshots.SnapshotStateList.update$default(androidx.compose.runtime.snapshots.SnapshotStateList, boolean, kotlin.jvm.functions.Function1, int, java.lang.Object) failed lock verification and will run slower.
11-01 17:31:06.508  2617  2674 D EGL_emulation: app_time_stats: avg=1.42ms min=1.05ms max=7.43ms count=61
11-01 17:31:07.294  2617  2687 D UstadCache: CacheTrimmer:  Trim cache run: max (evictable) size = 100000000 bytes
11-01 17:31:07.294  2617  2687 V UstadCache: CacheTrimmer:  deleting
11-01 17:31:07.508  2617  2674 D EGL_emulation: app_time_stats: avg=1.28ms min=1.03ms max=1.63ms count=60
11-01 17:31:07.686  3954  3954 I dex2oat64: Explicit concurrent copying GC freed 197308(31MB) AllocSpace objects, 0(0B) LOS objects, 49% free, 2112KB/4224KB, paused 14us,2us total 7.503ms
11-01 17:31:08.011  3954  3954 I dex2oat64: dex2oat took 6.944s (10.513s cpu) (threads: 4) arena alloc=10MB (11190920B) java alloc=2112KB (2162944B) native alloc=21MB (22680944B) free=145MB (153047872B)
11-01 17:31:08.044   496   496 V installd: DexInv: --- END '/data/app/~~BwgQtX5CYUpjiTMOEzzJJw==/org.street_child.edubridge-_HKotTTaiFD4n6vJUuyHvA==/base.apk' (success) ---
11-01 17:31:08.115  1510  1758 W MediaProvider: isAppCloneUserPair for user 0: false
11-01 17:31:08.117  1510  1758 V MediaProvider: Inserted id:1000000086 less than next row id backup:1000001000.
11-01 17:31:08.525  2617  2674 D EGL_emulation: app_time_stats: avg=1.31ms min=1.00ms max=1.58ms count=61
11-01 17:31:08.529  3977  3977 W profman : profman took 374.714ms
11-01 17:31:08.550  1510  1761 W MediaProvider: isAppCloneUserPair for user 0: false
11-01 17:31:08.551  1510  1761 V MediaProvider: Inserted id:1000000087 less than next row id backup:1000001000.
11-01 17:31:09.054  1510  1859 I MediaProvider: Deleted 0 0 0 0 0 0 0 items on external_primary due to com.ustadmobile.app_android_baselineprofile
11-01 17:31:09.542  2617  2674 D EGL_emulation: app_time_stats: avg=1.30ms min=1.02ms max=1.68ms count=61
11-01 17:31:09.912  2525  2542 D Benchmark: Unstable profiles during iteration 11
11-01 17:31:09.912  2525  2542 D Benchmark: Killing package org.street_child.edubridge
11-01 17:31:09.912  2525  2542 D Benchmark: Killing process org.street_child.edubridge
11-01 17:31:09.912  2525  2542 D UiDevice: Executing shell command: killall org.street_child.edubridge
11-01 17:31:09.927  2525  2542 D Benchmark: Compile iteration (12) for org.street_child.edubridge
11-01 17:31:09.927  2525  2542 D UiDevice: Pressing home button.
11-01 17:31:09.945   867   867 V ShadeControllerImpl: NotificationShadeWindow: com.android.systemui.shade.NotificationShadeWindowView{f025071 I.E...... ......ID 0,0-320,640} canPanelBeCollapsed(): false
11-01 17:31:09.950  1129  1129 D TaplTarget: Launcher.onNewIntent: Intent { act=android.intent.action.MAIN cat=[android.intent.category.HOME] flg=0x10400100 cmp=com.android.launcher3/.uioverrides.QuickstepLauncher (has extras) }
11-01 17:31:09.954   867   867 V ShadeControllerImpl: NotificationShadeWindow: com.android.systemui.shade.NotificationShadeWindowView{f025071 I.E...... ......ID 0,0-320,640} canPanelBeCollapsed(): false
11-01 17:31:09.973   425   459 W TransactionTracing: Could not find layer handle 0x7b1d62765190
11-01 17:31:09.973   425   425 I BpBinder: onLastStrongRef automatically unlinking death recipients: <uncached descriptor>
11-01 17:31:09.983  1510  1758 W MediaProvider: isAppCloneUserPair for user 0: false
11-01 17:31:09.984  1510  1758 V MediaProvider: Inserted id:1000000088 less than next row id backup:1000001000.
11-01 17:31:09.996   867   995 D EGL_emulation: app_time_stats: avg=9980.85ms min=9980.85ms max=9980.85ms count=1
11-01 17:31:10.052  2525  2542 I System.out: 0 Flags,FrameTimelineVsyncId,IntendedVsync,Vsync,InputEventId,HandleInputStart,AnimationStart,PerformTraversalsStart,DrawStart,FrameDeadline,FrameInterval,FrameStartTime,SyncQueued,SyncStart,IssueDrawCommandsStart,SwapBuffers,FrameCompleted,DequeueBufferDuration,QueueBufferDuration,GpuCompleted,SwapBuffersCompleted,DisplayPresentTime,CommandSubmissionCompleted,
11-01 17:31:10.052  2525  2542 I System.out: 1 0,139881,542816824069,542816824069,0,542817020212,542817020522,542817186532,542817203542,542850157401,542817018302,16666666,542817295112,542818286542,542818321492,542818689782,542835085637,15623565,90480,542833696896,542835085637,542851237841,542818689782,
11-01 17:31:10.052  2525  2542 I System.out: 2 0,139889,542833490735,542833490735,0,542833810656,542833811066,542833967996,542833981846,542866824067,542833809396,16666666,542834055487,542835107987,542835134737,542835505697,542851640171,15259584,94650,542850275081,542851640171,542867619806,542835505697,
11-01 17:31:10.052  2525  2542 I System.out: 3 0,139897,542850157401,542850157401,0,542850413291,542850413691,542850632671,542850653521,542883490733,542850410961,16666666,542850790511,542851678341,542851733231,542852290352,542867792276,14586614,133500,542866903506,542867792276,542884412670,542852290352,
11-01 17:31:10.052  2525  2542 I System.out: 4 0,139905,542866824067,542866824067,0,542866994126,542866994436,542867151756,542867170876,542900157399,542866992396,16666666,542867257306,542867811096,542867843366,542868146886,542884635381,15748305,96460,542868833276,542884635381,542901692015,542868146886,
11-01 17:31:10.052  2525  2542 I System.out: 5 0,139913,542883490733,542883490733,0,542883648930,542883649250,542883842930,542883861320,542916824065,542883647640,16666666,542883954380,542884669941,542884716181,542885180971,542901843045,15677054,159170,542886113921,542901843045,542917776570,542885180971,
11-01 17:31:10.052  2525  2542 I System.out: 6 0,139921,542900157399,542900157399,0,542900349975,542900350545,542900560125,542900579245,542933490731,542900347415,16666666,542900663285,542901872745,542901903935,542902283885,542918332010,15142894,173750,542903129896,542918332010,542934835485,542902283885,
11-01 17:31:10.052  2525  2542 I System.out: 7 0,139929,542916824065,542916824065,0,542917072510,542917073230,542917318880,542917340020,542950157397,542917069710,16666666,542917515920,542918366330,542918416490,542918797620,542934726294,15048984,155140,542933578364,542934726294,542951099019,542918797620,
11-01 17:31:10.052  2525  2542 I System.out: 8 0,139937,542933490731,542933490731,0,542933690854,542933691314,542933889854,542933909864,542966824063,542933688874,16666666,542934014474,542934763014,542934820584,542935290605,542951369599,15092364,207050,542950252859,542951369599,542967986164,542935290605,
11-01 17:31:10.052  2525  2542 I System.out: 9 0,139945,542950157397,542950157397,0,542950350819,542950351269,542950573539,542950597429,542983490729,542950348169,16666666,542950705789,542951398509,542951438019,542951807259,542968108214,15258405,160180,542952813549,542968108214,542984503048,542951807259,
11-01 17:31:10.052  2525  2542 I System.out: 10 0,139953,542966824063,542966824063,0,542967028373,542967028773,542967210433,542967235354,543000157395,542967026193,16666666,542967360644,542968144054,542968181514,542968504804,542984740678,15383694,126020,542983599848,542984740678,543001641653,542968504804,
11-01 17:31:10.052  2525  2542 I System.out: 11 0,139961,542983490729,542983490729,0,542983660258,542983660568,542983804028,542983813638,543016824061,542983659358,16666666,542983863228,542984781338,542984822568,542985270989,543001775943,15444314,186600,543000261333,543001775943,543018277108,542985270989,
11-01 17:31:10.052  2525  2542 I System.out: 12 0,139969,543000157395,543000157395,0,543000320973,543000321283,543000464253,543000473463,543033490727,543000319983,16666666,543000522953,543001819673,543001860613,543002318493,543018463248,15111204,188071,543016920537,543018463248,543034536712,543002318493,
11-01 17:31:10.052  2525  2542 I System.out: 13 0,139977,543016824061,543016824061,0,543017055657,543017055937,543017187667,543017197077,543050157393,543017054387,16666666,543017246307,543018502288,543018543238,543018937138,543034895492,15084694,162990,543019763308,543034895492,543051188967,543018937138,
11-01 17:31:10.052  2525  2542 I System.out: 14 0,139985,543033490727,543033490727,0,543033652542,543033652862,543033800682,543033810302,543066824059,543033651572,16666666,543033860872,543034938432,543034980992,543035404472,543051511227,15296254,122440,543050282587,543051511227,543067683361,543035404472,
11-01 17:31:10.052  2525  2542 I System.out: 15 0,139993,543050157393,543050157393,0,543050317837,543050318137,543050466857,543050476887,543083490725,543050316717,16666666,543050527427,543051547797,543051586537,543051974437,543067909751,15029234,177650,543052841807,543067909751,543084583626,543051974437,
11-01 17:31:10.052  2525  2542 I System.out: 16 0,140001,543066824059,543066824059,0,543066999501,543066999811,543067138691,543067148711,543100157391,543066998551,16666666,543067209801,543067949851,543067982791,543068329132,543084820836,15682244,179530,543069092272,543084820836,543101126321,543068329132,
11-01 17:31:10.052  2525  2542 I System.out: 17 0,140009,543083490725,543083490725,0,543083636136,543083636406,543083779396,543083788496,543116824057,543083635116,16666666,543083840896,543084854826,543084889916,543085281356,543101422621,15215424,195061,543086129237,543101422621,543117786425,543085281356,
11-01 17:31:10.052  2525  2542 I System.out: 18 0,140017,543100157391,543100157391,0,543100325190,543100325520,543100472191,543100481651,543133490723,543100324160,16666666,543100532321,543101456091,543101492461,543101864341,543118180645,15549904,107090,543116905405,543118180645,543134493540,543101864341,
11-01 17:31:10.052  2525  2542 I System.out: 19 0,140025,543116824057,543116824057,0,543116965215,543116965535,543117130985,543117140745,543150157389,543116964215,16666666,543117196055,543118210735,543118244435,543118589096,543134800150,15280854,178720,543119468096,543134800150,543151596885,543118589096,
11-01 17:31:10.052  2525  2542 I System.out: 20 0,140033,543133490723,543133490723,0,543133699130,543133699710,543133880060,543133900870,543166824055,543133697110,16666666,543133995140,543134829510,543134870440,543135248550,543151756585,15791655,100840,543150259894,543151756585,543167736409,543135248550,
11-01 17:31:10.052  2525  2542 I System.out: 21 0,140041,543150157389,543150157389,0,543150346544,543150346814,543150505764,543150525924,543183490721,543150344854,16666666,543150617784,543151775985,543151804925,543152088375,543167970769,15184874,65310,543166921159,543167970769,543184914044,543152088375,
11-01 17:31:10.052  2525  2542 I System.out: 22 0,140049,543166824055,543166824055,0,543167024999,543167025589,543167195669,543167215579,543200157387,543167023569,16666666,543167304339,543168001839,543168046929,543168479819,543185136674,15825084,161940,543169260470,543185136674,543201245129,543168479819,
11-01 17:31:10.052  2525  2542 I System.out: 23 0,140057,543183490721,543183490721,0,543183700524,543183700914,543183941164,543183961344,543216824053,543183698614,16666666,543184065264,543185165394,543185202734,543185669724,543201557889,15146365,104020,543200282048,543201557889,543217756543,543185669724,
11-01 17:31:10.052  2525  2542 I System.out: 24 0,140065,543200157387,543200157387,0,543200368738,543200369078,543200600098,543200620738,543233490719,543200366848,16666666,543200724148,543201587719,543201628679,543202012589,543217868103,15040244,159810,543202789059,543217868103,543235068348,543202012589,
11-01 17:31:10.052  2525  2542 I System.out: 25 0,140073,543216824053,543216824053,0,543217071063,543217071603,543217262723,543217281223,543250157385,543217069293,16666666,543217375783,543217890953,543217927133,543218334173,543235247478,16036045,104360,543233592467,543235247478,543251326372,543218334173,
11-01 17:31:10.052  2525  2542 I System.out: 26 0,140081,543233490719,543233490719,0,543233703568,543233704008,543233874548,543233891508,543266824051,543233701908,16666666,543233978198,543235281788,543235321888,543235776838,543251490252,14749674,165590,543236693638,543251490252,543267853777,543235776838,
11-01 17:31:10.052  2525  2542 I System.out: 27 0,140089,543250157385,543250157385,0,543250357922,543250358142,543250522982,543250541802,543283490717,543250356012,16666666,543250629472,543251520742,543251559042,543251990463,543268142807,15229464,164360,543252859593,543268142807,543284481502,543251990463,
11-01 17:31:10.052  2525  2542 I System.out: 28 0,140097,543266824051,543266824051,0,543267006227,543267006547,543267196457,543267214537,543300157383,543267004127,16666666,543267302827,543268173587,543268217647,543268686337,543284678472,15001094,155750,543269635957,543284678472,543300960056,543268686337,
11-01 17:31:10.052  2525  2542 I System.out: 29 0,140105,543283490717,543283490717,0,543283682731,543283683101,543283921261,543283942471,543316824049,543283680631,16666666,543284045862,543284703962,543284741752,543285100782,543301533406,15616974,108610,543285881752,543301533406,543318040741,543285100782,
11-01 17:31:10.052  2525  2542 I System.out: 30 0,140113,543300157383,543300157383,0,543300358336,543300358616,543300514966,543300528766,543333490715,543300357106,16666666,543300602566,543301574046,543301615486,543301947326,543318245801,15497814,82450,543316915261,543318245801,543334338775,543301947326,
11-01 17:31:10.052  2525  2542 I System.out: 31 0,140121,543316824049,543316824049,0,543316970671,543316970891,543317121221,543317128541,543350157381,543316969611,16666666,543317171241,543318292551,543318336531,543318716331,543334873486,15259395,151150,543319499901,543334873486,543350982620,543318716331,
11-01 17:31:10.052  2525  2542 I System.out: 32 0,140129,543333490715,543333490715,0,543333676295,543333676875,543333906445,543333928445,543366824047,543333673535,16666666,543334026615,543334908786,543334958186,543335648366,543351197180,14630434,190750,543336500136,543351197180,543367852025,543335648366,
11-01 17:31:10.052  2525  2542 I System.out: 33 0,140137,543350157381,543350157381,0,543350377270,543350377810,543350590260,543350612120,543383490713,543350374640,16666666,543350712860,543351227830,543351271640,543351772920,543368282565,15663694,99440,543366932125,543368282565,543384534509,543351772920,
11-01 17:31:10.053  2525  2542 I System.out: 34 0,140145,543366824047,543366824047,0,543367063765,543367064605,543367306915,543367331085,543400157379,543367061185,16666666,543367445635,543368312805,543368354285,543368729985,543384757939,15171534,101100,543369536485,543384757939,543401168384,543368729985,
11-01 17:31:10.053  2525  2542 I System.out: 35 0,140153,543383490713,543383490713,0,543383710459,543383710929,543383918249,543383935429,543416824045,543383708679,16666666,543384017279,543384784789,543384817399,543385243810,543401427174,15285174,97200,543386075110,543401427174,543417798709,543385243810,
11-01 17:31:10.053  2525  2542 I System.out: 36 0,140161,543400157379,543400157379,0,543400384864,543400385254,543400531754,543400543504,543433490711,543400383614,16666666,543400605414,543401450744,543401478854,543401835954,543418047639,15418835,84940,543416907508,543418047639,543434540843,543401835954,
11-01 17:31:10.053  2525  2542 I System.out: 37 0,140169,543416824045,543416824045,0,543417006088,543417006328,543417119178,543417128038,543450157377,543417005218,16666666,543417173088,543418072119,543418102499,543418431729,543434890403,15692144,84260,543433595733,543434890403,543451057898,543418431729,
11-01 17:31:10.053  2525  2542 I System.out: 38 0,140177,543433490711,543433490711,0,543433621153,543433621373,543433750483,543433759763,543466824043,543433620233,16666666,543433808523,543434919493,543434955753,543435399384,543451208648,14741474,189770,543450262048,543451208648,543467777063,543435399384,
11-01 17:31:10.053  2525  2542 I System.out: 39 0,140185,543450157377,543450157377,0,543450311698,543450311918,543450448948,543450460118,543483490709,543450310488,16666666,543450515718,543451233138,543451255588,543451639748,543468099403,15680615,84130,543466953372,543468099403,543484381897,543451639748,
11-01 17:31:10.053  2525  2542 I System.out: 40 0,140193,543466824043,543466824043,0,543467058612,543467058982,543467191492,543467204392,543500157375,543467057192,16666666,543467269472,543468124823,543468156983,543468502763,543484567207,15243254,97170,543483590657,543484567207,543501587432,543468502763,
11-01 17:31:10.053  2525  2542 I System.out: 41 0,140201,543483490709,543483490709,0,543483656077,543483656417,543483803567,543483814777,543516824041,543483654717,16666666,543483873557,543484591277,543484622217,543484997187,543501750092,15960014,94211,543500246852,543501750092,543517689356,543484997187,
11-01 17:31:10.053  2525  2542 I System.out: 42 0,140209,543500157375,543500157375,0,543500312822,543500313132,543500456912,543500467922,543533490707,543500311682,16666666,543500525062,543501773152,543501799822,543502121132,543517838336,14962774,94130,543516900466,543517838336,543534449541,543502121132,
11-01 17:31:10.053  2525  2542 I System.out: 43 0,140217,543516824041,543516824041,0,543516993786,543516994096,543517135676,543517147686,543550157373,543516992676,16666666,543517207416,543517862776,543517893466,543518241277,543534751011,15716314,93650,543533609301,543534751011,543551127966,543518241277,
11-01 17:31:10.053  2525  2542 I System.out: 44 0,140225,543533490707,543533490707,0,543533658131,543533658421,543533810491,543533820611,543566824039,543533657061,16666666,543533878731,543534773991,543534800691,543535112791,543551414506,15494895,94040,543550260765,543551414506,543567751940,543535112791,
11-01 17:31:10.053  2525  2542 I System.out: 45 0,140233,543550157373,543550157373,0,543550290615,543550290835,543550437025,543550448205,543583490705,543550289805,16666666,543550507756,543551473386,543551583206,543552064396,543568190720,15209204,136430,543566954520,543568190720,543584775785,543552064396,
11-01 17:31:10.053  2525  2542 I System.out: 46 0,140241,543566824039,543566824039,0,543567067420,543567068110,543567275200,543567295710,543600157371,543567064490,16666666,543567393550,543568217190,543568245700,543568573721,543585048075,15679364,109670,543583628855,543585048075,543601690780,543568573721,
11-01 17:31:10.053  2525  2542 I System.out: 47 0,140249,543583490705,543583490705,0,543583685365,543583685725,543583896495,543583910955,543616824037,543583683705,16666666,543583996295,543585070815,543585097675,543585441975,543601879760,15567865,92740,543600278709,543601879760,543618320794,543585441975,
11-01 17:31:10.053  2525  2542 I System.out: 48 0,140257,543600157371,543600157371,0,543600378649,543600378949,543600578559,543600601139,543633490703,543600376319,16666666,543600716509,543601911450,543601948960,543602369690,543618489494,15334364,110380,543616922534,543618489494,543634469619,543602369690,
11-01 17:31:10.053  2525  2542 I System.out: 49 0,140265,543616824037,543616824037,0,543616959424,543616959674,543617134864,543617146264,543650157369,543616957944,16666666,543617201204,543618513454,543618540884,543618875465,543634811929,15139844,107450,543633617009,543634811929,543651186923,543618875465,
11-01 17:31:10.053  2525  2542 I System.out: 50 0,140273,543633490703,543633490703,0,543633673049,543633673349,543633820409,543633831529,543666824035,543633671759,16666666,543633889109,543634852859,543634901829,543635354879,543651425424,15065575,175750,543650262743,543651425424,543668175318,543635354879,
11-01 17:31:10.053  2525  2542 I System.out: 51 0,140281,543650157369,543650157369,0,543650348813,543650349173,543650510903,543650533123,543683490701,543650347193,16666666,543650634763,543651453044,543651482374,543651852944,543668370768,15712264,100260,543666973628,543668370768,543684369223,543651852944,
11-01 17:31:10.053  2525  2542 I System.out: 52 0,140289,543666824035,543666824035,0,543667071578,543667071958,543667212158,543667223008,543700157367,543667070058,16666666,543667285378,543668394098,543668420928,543668771648,543684792133,15219984,124740,543669521219,543684792133,543701216467,543668771648,
11-01 17:31:10.053  2525  2542 I System.out: 53 0,140297,543683490701,543683490701,0,543683643592,543683643912,543683806293,543683817383,543716824033,543683642222,16666666,543683878373,543684823673,543684860123,543685264703,543701530677,15468894,110200,543700300547,543701530677,543717868182,543685264703,
11-01 17:31:10.053  2525  2542 I System.out: 54 0,140305,543700157367,543700157367,0,543700355587,543700356067,543700551017,543700564977,543733490699,543700353767,16666666,543700638067,543701554687,543701580997,543701912098,543718294902,15593754,96730,543716941682,543718294902,543734628647,543701912098,
11-01 17:31:10.053  2525  2542 I System.out: 55 0,140313,543716824033,543716824033,0,543717026022,543717026392,543717231272,543717243782,543750157365,543717024652,16666666,543717316422,543718316852,543718342112,543718660262,543734913517,15380245,102190,543733650596,543734913517,543751155091,543718660262,
11-01 17:31:10.053  2525  2542 I System.out: 56 0,140321,543733490699,543733490699,0,543733685096,543733685366,543733833116,543733843186,543766824031,543733683876,16666666,543733897906,543734944257,543734979587,543735338707,543751419161,15282374,109900,543750291181,543751419161,543767788736,543735338707,
11-01 17:31:10.053  2525  2542 I System.out: 57 0,140329,543750157365,543750157365,0,543750344671,543750344981,543750528311,543750542281,543783490697,543750343211,16666666,543750616261,543751447581,543751479321,543751834511,543768093466,15412444,102200,543766961946,543768093466,543784484131,543751834511,
11-01 17:31:10.053  2525  2542 I System.out: 58 0,140337,543766824031,543766824031,0,543767011226,543767011496,543767168126,543767180946,543800157363,543767010016,16666666,543767246276,543768116896,543768144736,543768486996,543784749361,15476325,101730,543783611410,543784749361,543801145035,543768486996,
11-01 17:31:10.053  2525  2542 I System.out: 59 0,140345,543783490697,543783490697,0,543783723250,543783723690,543783894180,543783906850,543816824029,543783720990,16666666,543783977700,543784775541,543784812521,543785149421,543801648755,15727544,93990,543800253235,543801648755,543817939210,543785149421,
11-01 17:31:10.053  2525  2542 I System.out: 60 0,140353,543800157363,543800157363,0,543800368095,543800368545,543800594955,543800618155,543833490695,543800365345,16666666,543800728545,543801679015,543801717995,543802092975,543818089820,15177994,100310,543816902160,543818089820,543834706224,543802092975,
11-01 17:31:10.053  2525  2542 I System.out: 61 0,140361,543816824029,543816824029,0,543817002940,543817003390,543817207440,543817227800,543850157361,543817000990,16666666,543817328820,543818130900,543818181940,543818661150,543835221905,15513925,214670,543833605034,543835221905,543851270629,543818661150,
11-01 17:31:10.053  2525  2542 I System.out: 62 0,140369,543833490695,543833490695,0,543833710374,543833710724,543833905934,543833927584,543866824027,543833708444,16666666,543834034504,543835289025,543835346575,543835813645,543851472949,14644834,180850,543850256469,543851472949,543867899814,543835813645,
11-01 17:31:10.053  2525  2542 I System.out: 63 0,140377,543850157361,543850157361,0,543850328739,543850329089,543850500099,543850518629,543883490693,543850326349,16666666,543850606509,543851518419,543851566719,543851993319,543868094694,15257395,119320,543866893003,543868094694,543884446648,543851993319,
11-01 17:31:10.053  2525  2542 I System.out: 64 0,140385,543866824027,543866824027,0,543866957703,543866958153,543867109053,543867127943,543900157359,543866955893,16666666,543867222663,543868124304,543868160644,543868611044,543884630348,15114654,165100,543883564848,543884630348,543901065923,543868611044,
11-01 17:31:10.053  2525  2542 I System.out: 65 0,140393,543883490693,543883490693,0,543883660898,543883661408,543883852468,543883871698,543916824025,543883658348,16666666,543883957968,543884659518,543884698908,543885053438,543901506043,15560044,151900,543900232653,543901506043,543917836618,543885053438,
11-01 17:31:10.053  2525  2542 I System.out: 66 0,140401,543900157359,543900157359,0,543900302373,543900302713,543900433973,543900445633,543933490691,543900300953,16666666,543900504233,543901552263,543901604173,543902003543,543918121258,15226495,127630,543902850333,543918121258,543934908352,543902003543,
11-01 17:31:10.053  2525  2542 I System.out: 67 0,140409,543916824025,543916824025,0,543916940217,543916940377,543917036447,543917043927,543950157357,543916939557,16666666,543917079307,543918161778,543918201118,543918626428,543935059792,15563114,145170,543933556362,543935059792,543951018017,543918626428,
11-01 17:31:10.053  2525  2542 I System.out: 68 0,140417,543933490691,543933490691,0,543933661992,543933662522,543933880102,543933906632,543966824023,543933660352,16666666,543934026802,543935088392,543935122762,543935539342,543951165257,14812124,126610,543950218557,543951165257,543968354282,543935539342,
11-01 17:31:10.053  2525  2542 I System.out: 69 0,140425,543950157357,543950157357,0,543950294337,543950294687,543950443137,543950458817,543983490689,543950292877,16666666,543950544337,543951191407,543951224557,543951577577,543968557712,16138425,125140,543952362737,543968557712,543984363316,543951577577,
11-01 17:31:10.053  2525  2542 I System.out: 70 0,140433,543966824023,543966824023,0,543966993551,543966993961,543967197671,543967215711,544000157355,543966991641,16666666,543967303801,543968590112,543968632272,543969162862,543984619056,14447804,146610,543970119172,543984619056,544001091311,543969162862,
11-01 17:31:10.053  2525  2542 I System.out: 71 0,140441,543983490689,543983490689,0,543983653896,543983654206,543983824356,543983840736,544016824021,543983652056,16666666,543983928796,543984648966,543984687846,543985091276,544001358381,15267515,157860,543986040066,544001358381,544017876805,543985091276,
11-01 17:31:10.053  2525  2542 I System.out: 72 0,140449,544000157355,544000157355,0,544000388750,544000389130,544000563491,544000579801,544033490687,544000387080,16666666,544000676571,544001386191,544001449601,544001854461,544018170195,15389944,160930,544002729271,544018170195,544034400650,544001854461,
11-01 17:31:10.053  2525  2542 I System.out: 73 0,140457,544016824021,544016824021,0,544017000875,544017001425,544017215415,544017236175,544050157353,544016998135,16666666,544017331605,544018203845,544018243255,544018708446,544034587820,14972654,172290,544019575776,544034587820,544051258375,544018708446,
11-01 17:31:10.053  2525  2542 I System.out: 74 0,140465,544033490687,544033490687,0,544033649670,544033649940,544033809430,544033827700,544066824019,544033648040,16666666,544033921990,544034607910,544034636400,544034927480,544051390745,15674755,96780,544035685450,544051390745,544067597279,544034927480,
11-01 17:31:10.053  2525  2542 I System.out: 75 0,140473,544050157353,544050157353,0,544050314334,544050314684,544050474024,544050490674,544083490685,544050313154,16666666,544050571494,544051409395,544051436015,544051729185,544067837589,15279984,104800,544052520635,544067837589,544084439054,544051729185,
11-01 17:31:10.053  2525  2542 I System.out: 76 0,140481,544066824019,544066824019,0,544066999649,544066999949,544067181219,544067197889,544100157351,544066998069,16666666,544067279839,544067858189,544067889309,544068210809,544084635234,15616444,104071,544068967240,544084635234,544100842408,544068210809,
11-01 17:31:10.053  2525  2542 I System.out: 77 0,140489,544083490685,544083490685,0,544083673384,544083673704,544083869694,544083886344,544116824017,544083671794,16666666,544083964744,544084667684,544084717974,544085180194,544101154828,15018604,111990,544100224668,544101154828,544117787673,544085180194,
11-01 17:31:10.053  2525  2542 I System.out: 78 0,140497,544100157351,544100157351,0,544100312888,544100313228,544100472428,544100485568,544133490683,544100311438,16666666,544100556728,544101179758,544101210058,544101527959,544117860773,15438634,101880,544102378269,544117860773,544134914318,544101527959,
11-01 17:31:10.053  2525  2542 I System.out: 79 0,140505,544116824017,544116824017,0,544116949333,544116949613,544117076603,544117086113,544150157349,544116948053,16666666,544117136413,544117894553,544117933023,544118338973,544135034288,15815755,159310,544119174143,544135034288,544151052842,544118338973,
11-01 17:31:10.053  2525  2542 I System.out: 80 0,140513,544133490683,544133490683,0,544133616687,544133616997,544133752638,544133762948,544166824015,544133615407,16666666,544133816708,544135066148,544135097968,544135447148,544151346602,15134764,104030,544150220502,544151346602,544167734757,544135447148,
11-01 17:31:10.053  2525  2542 I System.out: 81 0,140521,544150157349,544150157349,0,544150282172,544150282462,544150392922,544150402452,544183490681,544150280992,16666666,544150452972,544151371152,544151402532,544151748703,544168007827,15372484,99090,544152591363,544168007827,544184326132,544151748703,
11-01 17:31:10.053  2525  2542 I System.out: 82 0,140529,544166824015,544166824015,0,544166983857,544166984377,544167166917,544167187167,544200157347,544166981477,16666666,544167286347,544168037897,544168075857,544168457487,544184515922,15185355,149890,544169278047,544184515922,544201496026,544168457487,
11-01 17:31:10.053  2525  2542 I System.out: 83 0,140537,544183490681,544183490681,0,544183610521,544183610851,544183734081,544183744751,544216824013,544183609391,16666666,544183798321,544184544132,544184575222,544184925092,544201646366,15846104,150080,544185756482,544201646366,544217816911,544184925092,
11-01 17:31:10.053  2525  2542 I System.out: 84 0,140545,544200157347,544200157347,0,544200288216,544200288496,544200399106,544200408536,544233490679,544200287046,16666666,544200457766,544201674166,544201703986,544202035236,544218087691,15221364,153450,544202814577,544218087691,544234160075,544202035236,
11-01 17:31:10.053  2525  2542 I System.out: 85 0,140553,544216824013,544216824013,0,544216968691,544216969001,544217097711,544217106921,544250157345,544216967771,16666666,544217156991,544218115771,544218152841,544218494291,544234317905,15087114,103840,544233546035,544234317905,544250855920,544218494291,
11-01 17:31:10.053  2525  2542 I System.out: 86 0,140561,544233490679,544233490679,0,544233614825,544233615145,544233720135,544233729435,544266824011,544233613775,16666666,544233778135,544234336595,544234362585,544234638426,544251325900,15980074,91610,544235314176,544251325900,544267688105,544234638426,
11-01 17:31:10.053  2525  2542 I System.out: 87 0,140569,544250157345,544250157345,0,544250303370,544250303870,544250499340,544250522650,544283490677,544250301170,16666666,544250642230,544251344920,544251374590,544251677610,544267873425,15497205,99220,544252336830,544267873425,544284205489,544251677610,
11-01 17:31:10.053  2525  2542 I System.out: 88 0,140577,544266824011,544266824011,0,544267020125,544267020615,544267225085,544267245875,544300157343,544267017235,16666666,544267340925,544267901205,544267942425,544268309875,544284377039,15253884,124960,544269088855,544284377039,544300835484,544268309875,
11-01 17:31:10.053  2525  2542 I System.out: 89 0,140585,544283490677,544283490677,0,544283617409,544283617729,544283773659,544283797729,544316824009,544283615769,16666666,544283883749,544284398399,544284429929,544284739479,544301283044,15706624,102560,544285527510,544301283044,544317847249,544284739479,
11-01 17:31:10.053  2525  2542 I System.out: 90 0,140593,544300157343,544300157343,0,544300330724,544300331044,544300468014,544300483364,544333490675,544300329404,16666666,544300558444,544301313524,544301348814,544301855234,544318075909,15209005,159640,544302826934,544318075909,544334923293,544301855234,
11-01 17:31:10.053  2525  2542 I System.out: 91 0,140601,544316824009,544316824009,0,544317028858,544317029358,544317226558,544317244978,544350157341,544317027228,16666666,544317345099,544318096479,544318126369,544318424819,544335142643,15917574,95650,544319173989,544335142643,544351174688,544318424819,
11-01 17:31:10.053  2525  2542 I System.out: 92 0,140609,544333490675,544333490675,0,544333692883,544333693623,544333912073,544333946793,544366824007,544333689863,16666666,544334677313,544335182743,544335229263,544335694384,544351471508,14388624,154480,544350280538,544351471508,544368539053,544335694384,
11-01 17:31:10.054  2525  2542 I System.out: 93 0,140617,544350157341,544350157341,0,544350333458,544350333818,544350513478,544350529918,544383490673,544350331818,16666666,544350613008,544351524758,544351583458,544352091768,544368777663,15671025,142620,544366952912,544368777663,544385228627,544352091768,
11-01 17:31:10.054  2525  2542 I System.out: 94 0,140625,544366824007,544366824007,0,544367050032,544367050672,544367263882,544367283592,544400157339,544367047722,16666666,544367389432,544368829883,544368897423,544369485513,544385490857,15070964,168490,544370359133,544385490857,544401302482,544369485513,
11-01 17:31:10.054  2525  2542 I System.out: 95 0,140633,544383490673,544383490673,0,544383693897,544383694417,544383896197,544383915507,544416824005,544383691417,16666666,544384003637,544385521137,544385560467,544385915408,544401641162,14722374,155170,544386844608,544401641162,544418002996,544385915408,
11-01 17:31:10.054  2525  2542 I System.out: 96 0,140641,544400157339,544400157339,0,544400332642,544400332862,544400445482,544400455742,544433490671,544400331592,16666666,544400506002,544401699472,544401749972,544402215102,544418310637,15164865,222760,544403074482,544418310637,544435026081,544402215102,
11-01 17:31:10.054  2525  2542 I System.out: 97 0,140649,544416824005,544416824005,0,544417052216,544417052806,544417337856,544417362596,544450157337,544417048786,16666666,544417516816,544418345587,544418393417,544418845467,544435202241,15547074,178000,544419604717,544435202241,544451578126,544418845467,
11-01 17:31:10.054  2525  2542 I System.out: 98 0,140657,544433490671,544433490671,0,544433656431,544433656751,544433797451,544433808721,544466824003,544433655021,16666666,544433869161,544435243211,544435286211,544435704331,544451732216,15195544,170590,544436491412,544451732216,544467724570,544435704331,
11-01 17:31:10.054  2525  2542 I System.out: 99 0,140665,544450157337,544450157337,0,544450289955,544450290275,544450401455,544450411395,544483490669,544450288775,16666666,544450462165,544451761086,544451790756,544452136096,544467960830,14913334,110380,544466896960,544467960830,544484412925,544452136096,
11-01 17:31:10.054  2525  2542 I System.out: 100 0,140673,544466824003,544466824003,0,544466947040,544466947360,544467059570,544467068560,544500157335,544466946010,16666666,544467117780,544467993470,544468025920,544468431150,544484639695,15291504,164870,544469300421,544484639695,544501695130,544468431150,
11-01 17:31:10.054  2525  2542 I System.out: 101 0,140681,544483490669,544483490669,0,544483631185,544483631475,544483746945,544483756605,544516824001,544483630195,16666666,544483806765,544484670495,544484702805,544485059245,544501840140,15998755,103060,544500247489,544501840140,544517776974,544485059245,
11-01 17:31:10.054  2525  2542 I System.out: 102 0,140689,544500157335,544500157335,0,544500342519,544500342979,544500534659,544500556479,544533490667,544500340439,16666666,544500657979,544501867630,544501901170,544502260690,544517964954,14834614,159760,544503083540,544517964954,544534297589,544502260690,
11-01 17:31:10.054  2525  2542 I System.out: 103 0,140697,544516824001,544516824001,0,544517008064,544517008514,544517200324,544517219904,544550157333,544517005574,16666666,544517308274,544517993184,544518032734,544518443074,544534584609,15322384,127130,544519228355,544534584609,544550877883,544518443074,
11-01 17:31:10.054  2525  2542 I System.out: 104 0,140705,544533490667,544533490667,0,544533648229,544533648489,544533784219,544533801119,544566823999,544533646769,16666666,544533876799,544534604519,544534636519,544534945579,544551027553,15164194,68130,544550224203,544551027553,544567557568,544534945579,
11-01 17:31:10.054  2525  2542 I System.out: 105 0,140713,544550157333,544550157333,0,544550306843,544550307113,544550464973,544550484023,544583490665,544550305503,16666666,544550566613,544551047943,544551078023,544551410874,544567726008,15572864,96440,544552120374,544567726008,544584173313,544551410874,
11-01 17:31:10.054  2525  2542 I System.out: 106 0,140721,544566823999,544566823999,0,544566963418,544566963738,544567120658,544567138288,544600157331,544566962328,16666666,544567223718,544567744778,544567773198,544568068578,544584348673,15417385,99600,544568880598,544584348673,544601021157,544568068578,
11-01 17:31:10.054  2525  2542 I System.out: 107 0,140729,544583490665,544583490665,0,544583688682,544583689102,544583845533,544583859873,544616823997,544583687182,16666666,544583931363,544584376543,544584414013,544584841013,544601342357,15706344,133550,544585599483,544601342357,544617558012,544584841013,
11-01 17:31:10.054  2525  2542 I System.out: 108 0,140737,544600157331,544600157331,0,544600278347,544600278597,544600382087,544600391657,544633490663,544600277567,16666666,544600449807,544601360837,544601387767,544601694107,544617704742,15334174,68040,544616896712,544617704742,544634389267,544601694107,
11-01 17:31:10.054  2525  2542 I System.out: 109 0,140745,544616823997,544616823997,0,544616993452,544616993962,544617157522,544617174942,544650157329,544616980692,16666666,544617265652,544617723382,544617748222,544618375612,544635080587,15880105,64050,544619168542,544635080587,544651159941,544618375612,
11-01 17:31:10.054  2525  2542 I System.out: 110 0,140753,544633490663,544633490663,0,544633635686,544633635966,544633800026,544633821996,544666823995,544633633926,16666666,544633923106,544635097837,544635123627,544635414937,544651312221,15014504,101010,544636252987,544651312221,544667812566,544635414937,
11-01 17:31:10.054  2525  2542 I System.out: 111 0,140761,544650157329,544650157329,0,544650356021,544650356701,544650610551,544650633301,544683490661,544650352801,16666666,544650743131,544651345481,544651386001,544651764431,544667964566,15332504,160320,544652586752,544667964566,544684881481,544651764431,
11-01 17:31:10.054  2525  2542 I System.out: 112 0,140769,544666823995,544666823995,0,544666938926,544666939256,544667054456,544667064006,544700157327,544666937786,16666666,544667114596,544667994536,544668029926,544668407066,544685012941,15783965,152030,544669174096,544685012941,544700945195,544668407066,
11-01 17:31:10.054  2525  2542 I System.out: 113 0,140777,544683490661,544683490661,0,544683615830,544683616140,544683732200,544683741470,544716823993,544683614780,16666666,544683791710,544685039091,544685068731,544685425641,544701265765,14960614,204270,544686254551,544701265765,544718487630,544685425641,
11-01 17:31:10.054  2525  2542 I System.out: 114 0,140785,544700157327,544700157327,0,544700277765,544700278085,544700392165,544700401615,544733490659,544700276875,16666666,544700458885,544701298105,544701333735,544701718965,544718739470,16169874,159510,544702491995,544718739470,544734558314,544701718965,
11-01 17:31:10.054  2525  2542 I System.out: 115 0,140793,544716823993,544716823993,0,544716981210,544716981520,544717147190,544717158280,544750157325,544716979950,16666666,544717217240,544718772050,544718818640,544719288040,544734856354,14601214,118200,544733600954,544734856354,544752000929,544719288040,
11-01 17:31:10.054  2525  2542 I System.out: 116 0,140801,544733490659,544733490659,0,544733706544,544733706834,544733917274,544733931254,544766823991,544733705244,16666666,544734007094,544734882954,544734924335,544735321525,544752196589,15840354,94600,544750269839,544752196589,544768750644,544735321525,
11-01 17:31:10.054  2525  2542 I System.out: 117 0,140830,544750157325,544750157325,0,544750561129,544750561309,544750761329,544750776429,544783490657,544750559879,16666666,544750876299,544752220409,544752257419,544752576579,544770293554,16950884,72210,544766965983,544770293554,542784956083,544752576579,
11-01 17:31:10.054  2525  2542 I System.out: 118 0,140859,544766823991,544766823991,0,544767478984,544767479464,544770122984,544770141374,544800157323,544767476934,16666666,544770238034,544770319284,544770358574,544770723934,544785389119,12938154,223120,544772384885,544785389119,542801200897,544770723934,
11-01 17:31:10.054  2525  2542 I System.out: 119 0,140888,544783490657,544783490657,0,544784963348,544784963598,544785209028,544785221628,544816823989,544784961498,16666666,544785305769,544785467049,544785507149,544785910929,544807105805,19296206,490590,544800268563,544807105805,542817972592,544785910929,
11-01 17:31:10.054  2525  2542 I System.out: 120 0,140917,544800157323,544800157323,0,544801154223,544801154353,544801347553,544801357613,544816823989,544801152963,16666666,544801481253,544807129335,544807169175,544807530965,542818259192,12488323,91950,542802854238,544820833438,542834658837,544807530965,
11-01 17:31:10.056  2525  2542 D Benchmark: Starting activity with command: am start  -W "intent:#Intent;action=android.intent.action.MAIN;category=android.intent.category.LAUNCHER;launchFlags=0x10008000;package=org.street_child.edubridge;component=org.street_child.edubridge/com.ustadmobile.port.android.view.AppActivity;end"
11-01 17:31:10.062  1510  2837 W MediaProvider: isAppCloneUserPair for user 0: false
11-01 17:31:10.063  1510  2837 V MediaProvider: Inserted id:1000000089 less than next row id backup:1000001000.
11-01 17:31:10.101   867   924 D SplashScreenView: Build android.window.SplashScreenView{b404db4 V.E...... ......ID 0,0-0,0}
11-01 17:31:10.101   867   924 D SplashScreenView: Icon: view: null drawable: null size: 0
11-01 17:31:10.101   867   924 D SplashScreenView: Branding: view: android.view.View{f461ddd G.ED..... ......I. 0,0-0,0 #10204db android:id/splashscreen_branding_view} drawable: null size w: 0 h: 0
11-01 17:31:10.108   575   611 E libprocessgroup: AddTidToCgroup failed to write '867'; fd=539: Invalid argument
11-01 17:31:10.109   575   611 E libprocessgroup: Failed to add task into cgroup
11-01 17:31:10.116   867   995 W Parcel  : Expecting binder but got null!
11-01 17:31:10.117  2617  2617 D AppActivity$onDestroy: AppActivity#onDestroy
11-01 17:31:10.119   575  1241 W InputManager-JNI: Input channel object '4b1654 org.street_child.edubridge/com.ustadmobile.port.android.view.AppActivity (client)' was disposed without first being removed with the input manager!
11-01 17:31:10.128  2617  2617 W CustomTabsClient: Unable to find any Custom Tabs packages, you may need to add a <queries> element to your manifest. See the docs for CustomTabsClient#getPackageName.
11-01 17:31:10.129  2617  2617 W AppActivity$bindCustomTabsService: CustomTabs: Service NOT supported
11-01 17:31:10.134  2617  2617 D AutofillManager: Fill dialog is enabled:false, hints=[]
11-01 17:31:10.138  2617  2617 W OnBackInvokedCallback: OnBackInvokedCallback is not enabled for the application.
11-01 17:31:10.138  2617  2617 W OnBackInvokedCallback: Set 'android:enableOnBackInvokedCallback="true"' in the application manifest.
11-01 17:31:10.144   575  1241 D ConnectivityService: requestNetwork for uid/pid:10126/2617 activeRequest: null callbackRequest: 68 [NetworkRequest [ REQUEST id=69, [ Capabilities: INTERNET&NOT_RESTRICTED&TRUSTED&NOT_VCN_MANAGED Uid: 10126 RequestorUid: 10126 RequestorPkg: org.street_child.edubridge UnderlyingNetworks: Null] ]] callback flags: 0 order: 2147483647
11-01 17:31:10.145   575   808 D ConnectivityService: NetReassign [69 : null → 100]
11-01 17:31:10.146   575   801 D WifiNetworkFactory: got request NetworkRequest [ REQUEST id=69, [ Capabilities: INTERNET&NOT_RESTRICTED&TRUSTED&NOT_VCN_MANAGED Uid: 10126 RequestorUid: 10126 RequestorPkg: org.street_child.edubridge UnderlyingNetworks: Null] ]
11-01 17:31:10.146   575   801 D UntrustedWifiNetworkFactory: got request NetworkRequest [ REQUEST id=69, [ Capabilities: INTERNET&NOT_RESTRICTED&TRUSTED&NOT_VCN_MANAGED Uid: 10126 RequestorUid: 10126 RequestorPkg: org.street_child.edubridge UnderlyingNetworks: Null] ]
11-01 17:31:10.146   575   801 D OemPaidWifiNetworkFactory: got request NetworkRequest [ REQUEST id=69, [ Capabilities: INTERNET&NOT_RESTRICTED&TRUSTED&NOT_VCN_MANAGED Uid: 10126 RequestorUid: 10126 RequestorPkg: org.street_child.edubridge UnderlyingNetworks: Null] ]
11-01 17:31:10.146   575   801 D MultiInternetWifiNetworkFactory: got request NetworkRequest [ REQUEST id=69, [ Capabilities: INTERNET&NOT_RESTRICTED&TRUSTED&NOT_VCN_MANAGED Uid: 10126 RequestorUid: 10126 RequestorPkg: org.street_child.edubridge UnderlyingNetworks: Null] ]
11-01 17:31:10.154  2617  2674 W Parcel  : Expecting binder but got null!
11-01 17:31:10.157   425   459 W TransactionTracing: Could not find layer handle 0x7b1d62761a70
11-01 17:31:10.159   575   596 I ActivityTaskManager: Displayed org.street_child.edubridge/com.ustadmobile.port.android.view.AppActivity: +62ms
11-01 17:31:10.167  2617  2617 D UstadViewModelFunKt$ustadViewModel$viewModel$invoke: ustadViewModel(): create viewmodel for: com.ustadmobile.core.viewmodel.redirect.RedirectViewModel
11-01 17:31:10.167  2617  2617 I System.out: com.ustadmobile.core.db.UmAppDatabase_DoorWrapper@8bf4c3e
11-01 17:31:10.170  2617  2617 D UstadNavControllerPreCompose$onCollectNavCommand: NavCommandEffect: Navigate: Go to Login
11-01 17:31:10.177  2617  2617 D UstadViewModelFunKt$ustadViewModel$viewModel$invoke: ustadViewModel(): create viewmodel for: com.ustadmobile.core.viewmodel.login.LoginViewModel
11-01 17:31:10.181  2617  2726 V UstadCache: OKHttp-CacheInterceptor:  intercept: GET https://edubridge-afghanistan.app/Site/verify
11-01 17:31:10.181  2617  2726 I UstadCache: UstadCache(): Retrieve https://edubridge-afghanistan.app/Site/verify
11-01 17:31:10.181  2617  2726 D UstadCache: UstadCache(): MISS https://edubridge-afghanistan.app/Site/verify
11-01 17:31:10.182  2617  2726 D TrafficStats: tagSocket(102) with statsTag=0xffffffff, statsUid=-1
11-01 17:31:10.184  2525  2542 D Benchmark: Result: Starting: Intent { act=android.intent.action.MAIN cat=[android.intent.category.LAUNCHER] flg=0x10008000 pkg=org.street_child.edubridge cmp=org.street_child.edubridge/com.ustadmobile.port.android.view.AppActivity }
11-01 17:31:10.184  2525  2542 D Benchmark: Status: ok
