11-01 17:27:23.954  2525  2542 D UiDevice: Searching for node with selector: BySelector [TEXT='\QGet Started\E'].
11-01 17:27:24.027  1129  1129 W FrameTracker: Missed SF frame:PREDICTION_ERROR, 23956, 3828600, CUJ=J<LAUNCHER_APP_CLOSE_TO_HOME>
11-01 17:27:24.027  1129  1129 W FrameTracker: Missed SF frame:PREDICTION_ERROR, 24022, 4088186, CUJ=J<LAUNCHER_APP_CLOSE_TO_HOME>
11-01 17:27:24.027  1129  1129 W FrameTracker: Missed SF frame:PREDICTION_ERROR, 24189, 5078049, CUJ=J<LAUNCHER_APP_CLOSE_TO_HOME>
11-01 17:27:24.027  1129  1129 W FrameTracker: Missed SF frame:PREDICTION_ERROR, 24245, 14142661, CUJ=J<LAUNCHER_APP_CLOSE_TO_HOME>
11-01 17:27:24.027  1129  1129 W FrameTracker: Missed SF frame:PREDICTION_ERROR, 24425, 7381432, CUJ=J<LAUNCHER_APP_CLOSE_TO_HOME>
11-01 17:27:24.027  1129  1129 W FrameTracker: Missed SF frame:PREDICTION_ERROR, 24497, 6636009, CUJ=J<LAUNCHER_APP_CLOSE_TO_HOME>
11-01 17:27:24.028  1129  1826 V PerfettoTrigger: Triggering /system/bin/trigger_perfetto com.android.telemetry.interaction-jank-monitor-9
11-01 17:27:24.077   425   459 W TransactionTracing: Could not find layer handle 0x7b1d62766330
11-01 17:27:24.077   425   459 W TransactionTracing: Could not find layer handle 0x7b1d627657f0
11-01 17:27:24.077   425   459 W TransactionTracing: Could not find layer handle 0x7b1d62761d70
11-01 17:27:24.077   425   459 W TransactionTracing: Could not find layer handle 0x7b1d62764890
11-01 17:27:24.077   425   459 W TransactionTracing: Could not find layer handle 0x7b1d62764890
11-01 17:27:24.077   425   459 W TransactionTracing: Could not find layer handle 0x7b1d62766330
11-01 17:27:24.077   425   459 W TransactionTracing: Could not find layer handle 0x7b1d627657f0
11-01 17:27:24.110   575  1132 W InputManager-JNI: Input channel object '1a9d25d Splash Screen org.street_child.edubridge (client)' was disposed without first being removed with the input manager!
11-01 17:27:24.159   867   923 W FrameTracker: Missed SF frame:PREDICTION_ERROR, 24181, 10282211, CUJ=J<SPLASHSCREEN_EXIT_ANIM>
11-01 17:27:24.159   867   923 W FrameTracker: Missed SF frame:PREDICTION_ERROR, 24238, 7924749, CUJ=J<SPLASHSCREEN_EXIT_ANIM>
11-01 17:27:24.159   867   923 W FrameTracker: Missing HWUI jank callback for vsyncId: 24281, CUJ=J<SPLASHSCREEN_EXIT_ANIM>
11-01 17:27:24.159   867   923 W FrameTracker: Missed SF frame:PREDICTION_ERROR, 24418, 5589601, CUJ=J<SPLASHSCREEN_EXIT_ANIM>
11-01 17:27:24.159   867   923 W FrameTracker: Missing HWUI jank callback for vsyncId: 24454, CUJ=J<SPLASHSCREEN_EXIT_ANIM>
11-01 17:27:24.159   867   923 W FrameTracker: Missed SF frame:PREDICTION_ERROR, 24526, 7775658, CUJ=J<SPLASHSCREEN_EXIT_ANIM>
11-01 17:27:24.159   867   923 W FrameTracker: Missed SF frame:PREDICTION_ERROR, 24584, 4637214, CUJ=J<SPLASHSCREEN_EXIT_ANIM>
11-01 17:27:24.160   867   911 V PerfettoTrigger: Triggering /system/bin/trigger_perfetto com.android.telemetry.interaction-jank-monitor-39
11-01 17:27:24.289   425   459 W TransactionTracing: Could not find layer handle 0x7b1d627648f0
11-01 17:27:24.289   425   459 W TransactionTracing: Could not find layer handle 0x7b1d62761ad0
11-01 17:27:24.289   425   459 W TransactionTracing: Could not find layer handle 0x7b1d62761ad0
11-01 17:27:24.417  2525  2542 D UiDevice: Searching for node with selector: BySelector [TEXT='\QGet Started\E'].
11-01 17:27:24.842  2617  2674 D EGL_emulation: app_time_stats: avg=4.18ms min=1.12ms max=50.95ms count=59
11-01 17:27:25.017  2525  2542 D UiDevice: Searching for node with selector: BySelector [TEXT='\QGet Started\E'].
11-01 17:27:25.121  2525  2542 D UiDevice: Searching for node with selector: BySelector [TEXT='\QGet Started\E'].
11-01 17:27:25.227  2525  2542 D UiDevice: Searching for node with selector: BySelector [TEXT='\QGet Started\E'].
11-01 17:27:25.331  2525  2542 D UiDevice: Searching for node with selector: BySelector [TEXT='\QGet Started\E'].
11-01 17:27:25.435  2525  2542 D UiDevice: Searching for node with selector: BySelector [TEXT='\QGet Started\E'].
11-01 17:27:25.539  2525  2542 D UiDevice: Searching for node with selector: BySelector [TEXT='\QGet Started\E'].
11-01 17:27:25.644  2525  2542 D UiDevice: Searching for node with selector: BySelector [TEXT='\QGet Started\E'].
11-01 17:27:25.749  2525  2542 D UiDevice: Searching for node with selector: BySelector [TEXT='\QGet Started\E'].
11-01 17:27:25.853  2525  2542 D UiDevice: Searching for node with selector: BySelector [TEXT='\QGet Started\E'].
11-01 17:27:25.859  2617  2674 D EGL_emulation: app_time_stats: avg=1.32ms min=1.11ms max=3.37ms count=61
11-01 17:27:25.957  2525  2542 D UiDevice: Searching for node with selector: BySelector [TEXT='\QGet Started\E'].
11-01 17:27:26.062  2525  2542 D UiDevice: Searching for node with selector: BySelector [TEXT='\QGet Started\E'].
11-01 17:27:26.165  2525  2542 D UiDevice: Searching for node with selector: BySelector [TEXT='\QGet Started\E'].
11-01 17:27:26.270  2525  2542 D UiDevice: Searching for node with selector: BySelector [TEXT='\QGet Started\E'].
11-01 17:27:26.374  2525  2542 D UiDevice: Searching for node with selector: BySelector [TEXT='\QGet Started\E'].
11-01 17:27:26.478  2525  2542 D UiDevice: Searching for node with selector: BySelector [TEXT='\QGet Started\E'].
11-01 17:27:26.582  2525  2542 D UiDevice: Searching for node with selector: BySelector [TEXT='\QGet Started\E'].
11-01 17:27:26.687  2525  2542 D UiDevice: Searching for node with selector: BySelector [TEXT='\QGet Started\E'].
11-01 17:27:26.791  2525  2542 D UiDevice: Searching for node with selector: BySelector [TEXT='\QGet Started\E'].
11-01 17:27:26.875  2617  2674 D EGL_emulation: app_time_stats: avg=1.24ms min=1.04ms max=1.50ms count=61
11-01 17:27:26.895  2525  2542 D UiDevice: Searching for node with selector: BySelector [TEXT='\QGet Started\E'].
11-01 17:27:26.999  2525  2542 D UiDevice: Searching for node with selector: BySelector [TEXT='\QGet Started\E'].
11-01 17:27:27.103  2525  2542 D UiDevice: Searching for node with selector: BySelector [TEXT='\QGet Started\E'].
11-01 17:27:27.209  2525  2542 D UiDevice: Searching for node with selector: BySelector [TEXT='\QGet Started\E'].
11-01 17:27:27.313  2525  2542 D UiDevice: Searching for node with selector: BySelector [TEXT='\QGet Started\E'].
11-01 17:27:27.417  2525  2542 D UiDevice: Searching for node with selector: BySelector [TEXT='\QGet Started\E'].
11-01 17:27:27.521  2525  2542 D UiDevice: Searching for node with selector: BySelector [TEXT='\QGet Started\E'].
11-01 17:27:27.626  2525  2542 D UiDevice: Searching for node with selector: BySelector [TEXT='\QGet Started\E'].
11-01 17:27:27.730  2525  2542 D UiDevice: Searching for node with selector: BySelector [TEXT='\QGet Started\E'].
11-01 17:27:27.834  2525  2542 D UiDevice: Searching for node with selector: BySelector [TEXT='\QGet Started\E'].
11-01 17:27:27.891  2617  2674 D EGL_emulation: app_time_stats: avg=1.25ms min=1.08ms max=2.02ms count=61
11-01 17:27:27.938  2525  2542 D UiDevice: Searching for node with selector: BySelector [TEXT='\QGet Started\E'].
11-01 17:27:28.043  2525  2542 D UiDevice: Searching for node with selector: BySelector [TEXT='\QGet Started\E'].
11-01 17:27:28.147  2525  2542 D UiDevice: Searching for node with selector: BySelector [TEXT='\QGet Started\E'].
11-01 17:27:28.251  2525  2542 D UiDevice: Searching for node with selector: BySelector [TEXT='\QGet Started\E'].
11-01 17:27:28.355  2525  2542 D UiDevice: Searching for node with selector: BySelector [TEXT='\QGet Started\E'].
11-01 17:27:28.461  2525  2542 D UiDevice: Searching for node with selector: BySelector [TEXT='\QGet Started\E'].
11-01 17:27:28.565  2525  2542 D UiDevice: Searching for node with selector: BySelector [TEXT='\QGet Started\E'].
11-01 17:27:28.669  2525  2542 D UiDevice: Searching for node with selector: BySelector [TEXT='\QGet Started\E'].
11-01 17:27:28.773  2525  2542 D UiDevice: Searching for node with selector: BySelector [TEXT='\QGet Started\E'].
11-01 17:27:28.878  2525  2542 D UiDevice: Searching for node with selector: BySelector [TEXT='\QGet Started\E'].
11-01 17:27:28.908  2617  2674 D EGL_emulation: app_time_stats: avg=1.24ms min=1.00ms max=2.27ms count=61
11-01 17:27:28.982  2525  2542 D UiDevice: Searching for node with selector: BySelector [TEXT='\QGet Started\E'].
11-01 17:27:29.086  2525  2542 D UiDevice: Searching for node with selector: BySelector [TEXT='\QGet Started\E'].
11-01 17:27:29.190  2525  2542 D UiDevice: Searching for node with selector: BySelector [TEXT='\QGet Started\E'].
11-01 17:27:29.294  2525  2542 D UiDevice: Searching for node with selector: BySelector [TEXT='\QGet Started\E'].
11-01 17:27:29.398  2525  2542 D UiDevice: Searching for node with selector: BySelector [TEXT='\QGet Started\E'].
11-01 17:27:29.502  2525  2542 D UiDevice: Searching for node with selector: BySelector [TEXT='\QGet Started\E'].
11-01 17:27:29.606  2525  2542 D UiDevice: Searching for node with selector: BySelector [TEXT='\QGet Started\E'].
11-01 17:27:29.711  2525  2542 D UiDevice: Searching for node with selector: BySelector [TEXT='\QGet Started\E'].
11-01 17:27:29.816  2525  2542 D UiDevice: Searching for node with selector: BySelector [TEXT='\QGet Started\E'].
11-01 17:27:29.908  2617  2674 D EGL_emulation: app_time_stats: avg=1.27ms min=0.98ms max=4.51ms count=60
11-01 17:27:29.920  2525  2542 D UiDevice: Searching for node with selector: BySelector [TEXT='\QGet Started\E'].
11-01 17:27:30.025  2525  2542 D UiDevice: Searching for node with selector: BySelector [TEXT='\QGet Started\E'].
11-01 17:27:30.129  2525  2542 D UiDevice: Searching for node with selector: BySelector [TEXT='\QGet Started\E'].
11-01 17:27:30.233  2525  2542 D UiDevice: Searching for node with selector: BySelector [TEXT='\QGet Started\E'].
11-01 17:27:30.337  2525  2542 D UiDevice: Searching for node with selector: BySelector [TEXT='\QGet Started\E'].
11-01 17:27:30.443  2525  2542 D UiDevice: Searching for node with selector: BySelector [TEXT='\QGet Started\E'].
11-01 17:27:30.547  2525  2542 D UiDevice: Searching for node with selector: BySelector [TEXT='\QGet Started\E'].
11-01 17:27:30.652  2525  2542 D UiDevice: Searching for node with selector: BySelector [TEXT='\QGet Started\E'].
11-01 17:27:30.756  2525  2542 D UiDevice: Searching for node with selector: BySelector [TEXT='\QGet Started\E'].
11-01 17:27:30.861  2525  2542 D UiDevice: Searching for node with selector: BySelector [TEXT='\QGet Started\E'].
11-01 17:27:30.925  2617  2674 D EGL_emulation: app_time_stats: avg=1.24ms min=1.07ms max=1.73ms count=61
11-01 17:27:30.965  2525  2542 D UiDevice: Searching for node with selector: BySelector [TEXT='\QGet Started\E'].
11-01 17:27:31.069  2525  2542 D UiDevice: Searching for node with selector: BySelector [TEXT='\QGet Started\E'].
11-01 17:27:31.175  2525  2542 D UiDevice: Searching for node with selector: BySelector [TEXT='\QGet Started\E'].
11-01 17:27:31.279  2525  2542 D UiDevice: Searching for node with selector: BySelector [TEXT='\QGet Started\E'].
11-01 17:27:31.383  2525  2542 D UiDevice: Searching for node with selector: BySelector [TEXT='\QGet Started\E'].
11-01 17:27:31.487  2525  2542 D UiDevice: Searching for node with selector: BySelector [TEXT='\QGet Started\E'].
11-01 17:27:31.592  2525  2542 D UiDevice: Searching for node with selector: BySelector [TEXT='\QGet Started\E'].
11-01 17:27:31.696  2525  2542 D UiDevice: Searching for node with selector: BySelector [TEXT='\QGet Started\E'].
11-01 17:27:31.800  2525  2542 D UiDevice: Searching for node with selector: BySelector [TEXT='\QGet Started\E'].
11-01 17:27:31.904  2525  2542 D UiDevice: Searching for node with selector: BySelector [TEXT='\QGet Started\E'].
11-01 17:27:31.941  2617  2674 D EGL_emulation: app_time_stats: avg=1.22ms min=1.01ms max=1.63ms count=61
11-01 17:27:32.009  2525  2542 D UiDevice: Searching for node with selector: BySelector [TEXT='\QGet Started\E'].
11-01 17:27:32.113  2525  2542 D UiDevice: Searching for node with selector: BySelector [TEXT='\QGet Started\E'].
11-01 17:27:32.217  2525  2542 D UiDevice: Searching for node with selector: BySelector [TEXT='\QGet Started\E'].
11-01 17:27:32.321  2525  2542 D UiDevice: Searching for node with selector: BySelector [TEXT='\QGet Started\E'].
11-01 17:27:32.427  2525  2542 D UiDevice: Searching for node with selector: BySelector [TEXT='\QGet Started\E'].
11-01 17:27:32.531  2525  2542 D UiDevice: Searching for node with selector: BySelector [TEXT='\QGet Started\E'].
11-01 17:27:32.635  2525  2542 D UiDevice: Searching for node with selector: BySelector [TEXT='\QGet Started\E'].
11-01 17:27:32.739  2525  2542 D UiDevice: Searching for node with selector: BySelector [TEXT='\QGet Started\E'].
11-01 17:27:32.845  2525  2542 D UiDevice: Searching for node with selector: BySelector [TEXT='\QGet Started\E'].
11-01 17:27:32.942  2617  2674 D EGL_emulation: app_time_stats: avg=1.23ms min=1.00ms max=2.73ms count=60
11-01 17:27:32.949  2525  2542 D UiDevice: Searching for node with selector: BySelector [TEXT='\QGet Started\E'].
11-01 17:27:33.052  2525  2542 D UiDevice: Searching for node with selector: BySelector [TEXT='\QGet Started\E'].
11-01 17:27:33.156  2525  2542 D UiDevice: Searching for node with selector: BySelector [TEXT='\QGet Started\E'].
11-01 17:27:33.261  2525  2542 D UiDevice: Searching for node with selector: BySelector [TEXT='\QGet Started\E'].
11-01 17:27:33.364  2525  2542 D UiDevice: Searching for node with selector: BySelector [TEXT='\QGet Started\E'].
11-01 17:27:33.468  2525  2542 D UiDevice: Searching for node with selector: BySelector [TEXT='\QGet Started\E'].
11-01 17:27:33.572  2525  2542 D UiDevice: Searching for node with selector: BySelector [TEXT='\QGet Started\E'].
11-01 17:27:33.678  2525  2542 D UiDevice: Searching for node with selector: BySelector [TEXT='\QGet Started\E'].
11-01 17:27:33.782  2525  2542 D UiDevice: Searching for node with selector: BySelector [TEXT='\QGet Started\E'].
11-01 17:27:33.886  2525  2542 D UiDevice: Searching for node with selector: BySelector [TEXT='\QGet Started\E'].
11-01 17:27:33.932  2617  2726 V UstadCache: OKHttp-CacheInterceptor:  intercept: GET https://edubridge-afghanistan.app/Site/verify
11-01 17:27:33.932  2617  2726 I UstadCache: UstadCache(): Retrieve https://edubridge-afghanistan.app/Site/verify
11-01 17:27:33.933  2617  2726 D UstadCache: UstadCache(): MISS https://edubridge-afghanistan.app/Site/verify
11-01 17:27:33.934  2617  2726 D TrafficStats: tagSocket(102) with statsTag=0xffffffff, statsUid=-1
11-01 17:27:33.958  2617  2674 D EGL_emulation: app_time_stats: avg=1.21ms min=1.01ms max=1.57ms count=61
11-01 17:27:33.962  2617  2617 W LoginViewModel$invokeSuspend: Could not load site object for https://edubridge-afghanistan.app/
11-01 17:27:33.962  2617  2617 W LoginViewModel$invokeSuspend: java.net.ConnectException: Failed to connect to edubridge-afghanistan.app/65.21.146.62:443
11-01 17:27:33.962  2617  2617 W LoginViewModel$invokeSuspend: 	at okhttp3.internal.connection.RealConnection.connectSocket(RealConnection.kt:297)
11-01 17:27:33.962  2617  2617 W LoginViewModel$invokeSuspend: 	at okhttp3.internal.connection.RealConnection.connect(RealConnection.kt:207)
11-01 17:27:33.962  2617  2617 W LoginViewModel$invokeSuspend: 	at okhttp3.internal.connection.ExchangeFinder.findConnection(ExchangeFinder.kt:226)
11-01 17:27:33.962  2617  2617 W LoginViewModel$invokeSuspend: 	at okhttp3.internal.connection.ExchangeFinder.findHealthyConnection(ExchangeFinder.kt:106)
11-01 17:27:33.962  2617  2617 W LoginViewModel$invokeSuspend: 	at okhttp3.internal.connection.ExchangeFinder.find(ExchangeFinder.kt:74)
11-01 17:27:33.962  2617  2617 W LoginViewModel$invokeSuspend: 	at okhttp3.internal.connection.RealCall.initExchange$okhttp(RealCall.kt:255)
11-01 17:27:33.962  2617  2617 W LoginViewModel$invokeSuspend: 	at okhttp3.internal.connection.ConnectInterceptor.intercept(ConnectInterceptor.kt:32)
11-01 17:27:33.962  2617  2617 W LoginViewModel$invokeSuspend: 	at okhttp3.internal.http.RealInterceptorChain.proceed(RealInterceptorChain.kt:109)
11-01 17:27:33.962  2617  2617 W LoginViewModel$invokeSuspend: 	at okhttp3.internal.cache.CacheInterceptor.intercept(CacheInterceptor.kt:95)
11-01 17:27:33.962  2617  2617 W LoginViewModel$invokeSuspend: 	at okhttp3.internal.http.RealInterceptorChain.proceed(RealInterceptorChain.kt:109)
11-01 17:27:33.962  2617  2617 W LoginViewModel$invokeSuspend: 	at okhttp3.internal.http.BridgeInterceptor.intercept(BridgeInterceptor.kt:83)
11-01 17:27:33.962  2617  2617 W LoginViewModel$invokeSuspend: 	at okhttp3.internal.http.RealInterceptorChain.proceed(RealInterceptorChain.kt:109)
11-01 17:27:33.962  2617  2617 W LoginViewModel$invokeSuspend: 	at okhttp3.internal.http.RetryAndFollowUpInterceptor.intercept(RetryAndFollowUpInterceptor.kt:76)
11-01 17:27:33.962  2617  2617 W LoginViewModel$invokeSuspend: 	at okhttp3.internal.http.RealInterceptorChain.proceed(RealInterceptorChain.kt:109)
11-01 17:27:33.962  2617  2617 W LoginViewModel$invokeSuspend: 	at com.ustadmobile.libcache.okhttp.UstadCacheInterceptor.intercept(UstadCacheInterceptor.kt:407)
11-01 17:27:33.962  2617  2617 W LoginViewModel$invokeSuspend: 	at okhttp3.internal.http.RealInterceptorChain.proceed(RealInterceptorChain.kt:109)
11-01 17:27:33.962  2617  2617 W LoginViewModel$invokeSuspend: 	at okhttp3.internal.connection.RealCall.getResponseWithInterceptorChain$okhttp(RealCall.kt:201)
11-01 17:27:33.962  2617  2617 W LoginViewModel$invokeSuspend: 	at okhttp3.internal.connection.RealCall$AsyncCall.run(RealCall.kt:517)
11-01 17:27:33.962  2617  2617 W LoginViewModel$invokeSuspend: 	at java.util.concurrent.ThreadPoolExecutor.runWorker(ThreadPoolExecutor.java:1137)
11-01 17:27:33.962  2617  2617 W LoginViewModel$invokeSuspend: 	at java.util.concurrent.ThreadPoolExecutor$Worker.run(ThreadPoolExecutor.java:637)
11-01 17:27:33.962  2617  2617 W LoginViewModel$invokeSuspend: 	at java.lang.Thread.run(Thread.java:1012)
11-01 17:27:33.962  2617  2617 W LoginViewModel$invokeSuspend: Caused by: java.net.ConnectException: failed to connect to edubridge-afghanistan.app/65.21.146.62 (port 443) from /10.0.2.16 (port 47510) after 10000ms: isConnected failed: ECONNREFUSED (Connection refused)
11-01 17:27:33.962  2617  2617 W LoginViewModel$invokeSuspend: 	at libcore.io.IoBridge.isConnected(IoBridge.java:347)
11-01 17:27:33.962  2617  2617 W LoginViewModel$invokeSuspend: 	at libcore.io.IoBridge.connectErrno(IoBridge.java:237)
11-01 17:27:33.962  2617  2617 W LoginViewModel$invokeSuspend: 	at libcore.io.IoBridge.connect(IoBridge.java:179)
11-01 17:27:33.962  2617  2617 W LoginViewModel$invokeSuspend: 	at java.net.PlainSocketImpl.socketConnect(PlainSocketImpl.java:142)
11-01 17:27:33.962  2617  2617 W LoginViewModel$invokeSuspend: 	at java.net.AbstractPlainSocketImpl.doConnect(AbstractPlainSocketImpl.java:390)
11-01 17:27:33.962  2617  2617 W LoginViewModel$invokeSuspend: 	at java.net.AbstractPlainSocketImpl.connectToAddress(AbstractPlainSocketImpl.java:230)
11-01 17:27:33.962  2617  2617 W LoginViewModel$invokeSuspend: 	at java.net.AbstractPlainSocketImpl.connect(AbstractPlainSocketImpl.java:212)
11-01 17:27:33.962  2617  2617 W LoginViewModel$invokeSuspend: 	at java.net.SocksSocketImpl.connect(SocksSocketImpl.java:436)
11-01 17:27:33.962  2617  2617 W LoginViewModel$invokeSuspend: 	at java.net.Socket.connect(Socket.java:646)
11-01 17:27:33.962  2617  2617 W LoginViewModel$invokeSuspend: 	at okhttp3.internal.platform.Platform.connectSocket(Platform.kt:128)
11-01 17:27:33.962  2617  2617 W LoginViewModel$invokeSuspend: 	at okhttp3.internal.connection.RealConnection.connectSocket(RealConnection.kt:295)
11-01 17:27:33.962  2617  2617 W LoginViewModel$invokeSuspend: 	... 20 more
11-01 17:27:33.962  2617  2617 W LoginViewModel$invokeSuspend: Caused by: android.system.ErrnoException: isConnected failed: ECONNREFUSED (Connection refused)
11-01 17:27:33.962  2617  2617 W LoginViewModel$invokeSuspend: 	at libcore.io.IoBridge.isConnected(IoBridge.java:334)
11-01 17:27:33.962  2617  2617 W LoginViewModel$invokeSuspend: 	... 30 more
11-01 17:27:33.990  2525  2542 D UiDevice: Searching for node with selector: BySelector [TEXT='\QGet Started\E'].
11-01 17:27:34.975  2617  2674 D EGL_emulation: app_time_stats: avg=1.20ms min=1.03ms max=1.65ms count=61
11-01 17:27:34.994  2525  2542 D UiDevice: Retrieving node with selector: BySelector [TEXT='\QGet Started\E'].
11-01 17:27:34.998  2525  2542 D UiDevice: Node not found with selector: BySelector [TEXT='\QGet Started\E'].
11-01 17:27:35.991  2617  2674 D EGL_emulation: app_time_stats: avg=1.18ms min=1.02ms max=1.67ms count=61
11-01 17:27:36.992  2617  2674 D EGL_emulation: app_time_stats: avg=1.28ms min=1.04ms max=3.85ms count=60
11-01 17:27:37.284  2617  2687 D UstadCache: CacheTrimmer:  Trim cache run: max (evictable) size = 100000000 bytes
11-01 17:27:37.285  2617  2687 V UstadCache: CacheTrimmer:  deleting
11-01 17:27:38.008  2617  2674 D EGL_emulation: app_time_stats: avg=1.28ms min=1.13ms max=1.58ms count=61
11-01 17:27:39.025  2617  2674 D EGL_emulation: app_time_stats: avg=1.26ms min=1.11ms max=1.57ms count=61
11-01 17:27:39.998  2525  2542 D Benchmark: Profile Installer - Save Profile
11-01 17:27:40.017  2617  2617 I Process : Sending signal. PID: 2617 SIG: 10
11-01 17:27:40.017  2617  2617 D ProfileInstaller:
11-01 17:27:40.017  2617  2622 I child.edubridge: Thread[3,tid=2622,WaitingInMainSignalCatcherLoop,Thread*=0x7c11db9e5b20,peer=0x134c1800,"Signal Catcher"]: reacting to signal 10
11-01 17:27:40.017  2617  2622 I child.edubridge:
11-01 17:27:40.017  2617  2622 I child.edubridge: SIGUSR1 forcing GC (no HPROF) and profile save
11-01 17:27:40.037  2617  2622 I child.edubridge: Explicit concurrent copying GC freed 100231(3487KB) AllocSpace objects, 2(140KB) LOS objects, 49% free, 7216KB/14MB, paused 14us,8us total 20.530ms
11-01 17:27:40.042  2617  2674 D EGL_emulation: app_time_stats: avg=1.20ms min=1.00ms max=1.46ms count=61
11-01 17:27:40.520  2525  2542 D Benchmark: Killing process org.street_child.edubridge
11-01 17:27:40.520  2525  2542 D UiDevice: Executing shell command: killall org.street_child.edubridge
11-01 17:27:40.535  1510  2837 W MediaProvider: isAppCloneUserPair for user 0: false
11-01 17:27:40.536  1510  2837 V MediaProvider: Inserted id:1000000037 less than next row id backup:1000001000.
11-01 17:27:40.570   575  1132 I PackageDexOptimizer: Running dexopt (dexoptNeeded=-3) on: /data/app/~~BwgQtX5CYUpjiTMOEzzJJw==/org.street_child.edubridge-_HKotTTaiFD4n6vJUuyHvA==/base.apk pkg=org.street_child.edubridge isa=x86_64 dexoptFlags=boot_complete,profile_guided,force,enable_hidden_api_checks targetFilter=speed-profile oatDir=/data/app/~~BwgQtX5CYUpjiTMOEzzJJw==/org.street_child.edubridge-_HKotTTaiFD4n6vJUuyHvA==/oat classLoaderContext=PCL[]{PCL[/system_ext/framework/androidx.window.extensions.jar]#PCL[/system_ext/framework/androidx.window.sidecar.jar]}
11-01 17:27:40.571   496   496 V installd: DexInv: --- BEGIN '/data/app/~~BwgQtX5CYUpjiTMOEzzJJw==/org.street_child.edubridge-_HKotTTaiFD4n6vJUuyHvA==/base.apk' ---
11-01 17:27:40.572   496   496 V installd: Running /apex/com.android.art/bin/dex2oat64 in=base.apk out=/data/app/~~BwgQtX5CYUpjiTMOEzzJJw==/org.street_child.edubridge-_HKotTTaiFD4n6vJUuyHvA==/oat/x86_64/base.odex
11-01 17:27:40.581  2995  2995 W dex2oat64: Unexpected CPU variant for x86: x86_64.
11-01 17:27:40.581  2995  2995 W dex2oat64: Known variants: atom, sandybridge, silvermont, kabylake, default
11-01 17:27:40.582  2995  2995 W dex2oat64: Mismatch between dex2oat instruction set features to use (ISA: X86_64 Feature string: -ssse3,-sse4.1,-sse4.2,-avx,-avx2,-popcnt) and those from CPP defines (ISA: X86_64 Feature string: ssse3,sse4.1,sse4.2,-avx,-avx2,popcnt) for the command line:
11-01 17:27:40.582  2995  2995 W dex2oat64: /apex/com.android.art/bin/dex2oat64 --zip-fd=8 --zip-location=base.apk --oat-fd=9 --oat-location=/data/app/~~BwgQtX5CYUpjiTMOEzzJJw==/org.street_child.edubridge-_HKotTTaiFD4n6vJUuyHvA==/oat/x86_64/base.odex --input-vdex-fd=11 --output-vdex-fd=10 --app-image-fd=14 --image-format=lz4 --profile-file-fd=13 --swap-fd=12 --classpath-dir=/data/app/~~BwgQtX5CYUpjiTMOEzzJJw==/org.street_child.edubridge-_HKotTTaiFD4n6vJUuyHvA== --class-loader-context=PCL[]{PCL[/system_ext/framework/androidx.window.extensions.jar]#PCL[/system_ext/framework/androidx.window.sidecar.jar]} --instruction-set=x86_64 --instruction-set-features=default --instruction-set-variant=x86_64 --compiler-filter=speed-profile --compilation-reason=cmdline --max-image-block-size=524288 --resolve-startup-const-strings=true --generate-mini-debug-info --runtime-arg -Xtarget-sdk-version:34 --runtime-arg -Xhidden-api-policy:enabled --runtime-arg -Xms64m --runtime-arg -Xmx512m
11-01 17:27:40.585  2995  2995 I dex2oat64: /apex/com.android.art/bin/dex2oat64 --input-vdex-fd=11 --output-vdex-fd=10 --profile-file-fd=13 --classpath-dir=/data/app/~~BwgQtX5CYUpjiTMOEzzJJw==/org.street_child.edubridge-_HKotTTaiFD4n6vJUuyHvA== --class-loader-context=PCL[]{PCL[/system_ext/framework/androidx.window.extensions.jar]#PCL[/system_ext/framework/androidx.window.sidecar.jar]} --compiler-filter=speed-profile --compilation-reason=cmdline --max-image-block-size=524288 --resolve-startup-const-strings=true --generate-mini-debug-info
11-01 17:27:41.042  2617  2674 D EGL_emulation: app_time_stats: avg=1.29ms min=1.04ms max=1.63ms count=60
11-01 17:27:42.058  2617  2674 D EGL_emulation: app_time_stats: avg=1.29ms min=1.10ms max=1.60ms count=61
11-01 17:27:43.058  2617  2674 D EGL_emulation: app_time_stats: avg=1.30ms min=1.03ms max=1.66ms count=60
11-01 17:27:43.965  2617  2726 V UstadCache: OKHttp-CacheInterceptor:  intercept: GET https://edubridge-afghanistan.app/Site/verify
11-01 17:27:43.965  2617  2726 I UstadCache: UstadCache(): Retrieve https://edubridge-afghanistan.app/Site/verify
11-01 17:27:43.965  2617  2726 D UstadCache: UstadCache(): MISS https://edubridge-afghanistan.app/Site/verify
11-01 17:27:43.966  2617  2726 D TrafficStats: tagSocket(78) with statsTag=0xffffffff, statsUid=-1
11-01 17:27:43.994  2617  2617 W LoginViewModel$invokeSuspend: Could not load site object for https://edubridge-afghanistan.app/
11-01 17:27:43.994  2617  2617 W LoginViewModel$invokeSuspend: java.net.ConnectException: Failed to connect to edubridge-afghanistan.app/65.21.146.62:443
11-01 17:27:43.994  2617  2617 W LoginViewModel$invokeSuspend: 	at okhttp3.internal.connection.RealConnection.connectSocket(RealConnection.kt:297)
11-01 17:27:43.994  2617  2617 W LoginViewModel$invokeSuspend: 	at okhttp3.internal.connection.RealConnection.connect(RealConnection.kt:207)
11-01 17:27:43.994  2617  2617 W LoginViewModel$invokeSuspend: 	at okhttp3.internal.connection.ExchangeFinder.findConnection(ExchangeFinder.kt:226)
11-01 17:27:43.994  2617  2617 W LoginViewModel$invokeSuspend: 	at okhttp3.internal.connection.ExchangeFinder.findHealthyConnection(ExchangeFinder.kt:106)
11-01 17:27:43.994  2617  2617 W LoginViewModel$invokeSuspend: 	at okhttp3.internal.connection.ExchangeFinder.find(ExchangeFinder.kt:74)
11-01 17:27:43.994  2617  2617 W LoginViewModel$invokeSuspend: 	at okhttp3.internal.connection.RealCall.initExchange$okhttp(RealCall.kt:255)
11-01 17:27:43.994  2617  2617 W LoginViewModel$invokeSuspend: 	at okhttp3.internal.connection.ConnectInterceptor.intercept(ConnectInterceptor.kt:32)
11-01 17:27:43.994  2617  2617 W LoginViewModel$invokeSuspend: 	at okhttp3.internal.http.RealInterceptorChain.proceed(RealInterceptorChain.kt:109)
11-01 17:27:43.994  2617  2617 W LoginViewModel$invokeSuspend: 	at okhttp3.internal.cache.CacheInterceptor.intercept(CacheInterceptor.kt:95)
11-01 17:27:43.994  2617  2617 W LoginViewModel$invokeSuspend: 	at okhttp3.internal.http.RealInterceptorChain.proceed(RealInterceptorChain.kt:109)
11-01 17:27:43.994  2617  2617 W LoginViewModel$invokeSuspend: 	at okhttp3.internal.http.BridgeInterceptor.intercept(BridgeInterceptor.kt:83)
11-01 17:27:43.994  2617  2617 W LoginViewModel$invokeSuspend: 	at okhttp3.internal.http.RealInterceptorChain.proceed(RealInterceptorChain.kt:109)
11-01 17:27:43.994  2617  2617 W LoginViewModel$invokeSuspend: 	at okhttp3.internal.http.RetryAndFollowUpInterceptor.intercept(RetryAndFollowUpInterceptor.kt:76)
11-01 17:27:43.994  2617  2617 W LoginViewModel$invokeSuspend: 	at okhttp3.internal.http.RealInterceptorChain.proceed(RealInterceptorChain.kt:109)
11-01 17:27:43.994  2617  2617 W LoginViewModel$invokeSuspend: 	at com.ustadmobile.libcache.okhttp.UstadCacheInterceptor.intercept(UstadCacheInterceptor.kt:407)
11-01 17:27:43.994  2617  2617 W LoginViewModel$invokeSuspend: 	at okhttp3.internal.http.RealInterceptorChain.proceed(RealInterceptorChain.kt:109)
11-01 17:27:43.994  2617  2617 W LoginViewModel$invokeSuspend: 	at okhttp3.internal.connection.RealCall.getResponseWithInterceptorChain$okhttp(RealCall.kt:201)
11-01 17:27:43.994  2617  2617 W LoginViewModel$invokeSuspend: 	at okhttp3.internal.connection.RealCall$AsyncCall.run(RealCall.kt:517)
11-01 17:27:43.994  2617  2617 W LoginViewModel$invokeSuspend: 	at java.util.concurrent.ThreadPoolExecutor.runWorker(ThreadPoolExecutor.java:1137)
11-01 17:27:43.994  2617  2617 W LoginViewModel$invokeSuspend: 	at java.util.concurrent.ThreadPoolExecutor$Worker.run(ThreadPoolExecutor.java:637)
11-01 17:27:43.994  2617  2617 W LoginViewModel$invokeSuspend: 	at java.lang.Thread.run(Thread.java:1012)
11-01 17:27:43.994  2617  2617 W LoginViewModel$invokeSuspend: Caused by: java.net.ConnectException: failed to connect to edubridge-afghanistan.app/65.21.146.62 (port 443) from /10.0.2.16 (port 44180) after 10000ms: isConnected failed: ECONNREFUSED (Connection refused)
11-01 17:27:43.994  2617  2617 W LoginViewModel$invokeSuspend: 	at libcore.io.IoBridge.isConnected(IoBridge.java:347)
11-01 17:27:43.994  2617  2617 W LoginViewModel$invokeSuspend: 	at libcore.io.IoBridge.connectErrno(IoBridge.java:237)
11-01 17:27:43.994  2617  2617 W LoginViewModel$invokeSuspend: 	at libcore.io.IoBridge.connect(IoBridge.java:179)
11-01 17:27:43.994  2617  2617 W LoginViewModel$invokeSuspend: 	at java.net.PlainSocketImpl.socketConnect(PlainSocketImpl.java:142)
11-01 17:27:43.994  2617  2617 W LoginViewModel$invokeSuspend: 	at java.net.AbstractPlainSocketImpl.doConnect(AbstractPlainSocketImpl.java:390)
11-01 17:27:43.994  2617  2617 W LoginViewModel$invokeSuspend: 	at java.net.AbstractPlainSocketImpl.connectToAddress(AbstractPlainSocketImpl.java:230)
11-01 17:27:43.994  2617  2617 W LoginViewModel$invokeSuspend: 	at java.net.AbstractPlainSocketImpl.connect(AbstractPlainSocketImpl.java:212)
11-01 17:27:43.994  2617  2617 W LoginViewModel$invokeSuspend: 	at java.net.SocksSocketImpl.connect(SocksSocketImpl.java:436)
11-01 17:27:43.994  2617  2617 W LoginViewModel$invokeSuspend: 	at java.net.Socket.connect(Socket.java:646)
11-01 17:27:43.994  2617  2617 W LoginViewModel$invokeSuspend: 	at okhttp3.internal.platform.Platform.connectSocket(Platform.kt:128)
11-01 17:27:43.994  2617  2617 W LoginViewModel$invokeSuspend: 	at okhttp3.internal.connection.RealConnection.connectSocket(RealConnection.kt:295)
11-01 17:27:43.994  2617  2617 W LoginViewModel$invokeSuspend: 	... 20 more
11-01 17:27:43.994  2617  2617 W LoginViewModel$invokeSuspend: Caused by: android.system.ErrnoException: isConnected failed: ECONNREFUSED (Connection refused)
11-01 17:27:43.994  2617  2617 W LoginViewModel$invokeSuspend: 	at libcore.io.IoBridge.isConnected(IoBridge.java:334)
11-01 17:27:43.994  2617  2617 W LoginViewModel$invokeSuspend: 	... 30 more
11-01 17:27:44.075  2617  2674 D EGL_emulation: app_time_stats: avg=1.31ms min=0.99ms max=1.62ms count=61
11-01 17:27:44.407   867   995 D EGL_emulation: app_time_stats: avg=715.34ms min=12.51ms max=19980.07ms count=29
11-01 17:27:44.496  2995  3002 W dex2oat64: Accessing hidden method Landroid/window/BackEvent;->getProgress()F (blocked, linking, denied)
11-01 17:27:44.496  2995  3002 W dex2oat64: Accessing hidden method Landroid/window/BackEvent;->getSwipeEdge()I (blocked, linking, denied)
11-01 17:27:44.496  2995  3002 W dex2oat64: Accessing hidden method Landroid/window/BackEvent;->getTouchX()F (blocked, linking, denied)
11-01 17:27:44.496  2995  3002 W dex2oat64: Accessing hidden method Landroid/window/BackEvent;->getTouchY()F (blocked, linking, denied)
11-01 17:27:44.778  2995  3000 W dex2oat64: Method java.lang.Object androidx.compose.runtime.snapshots.SnapshotStateMap.mutate(kotlin.jvm.functions.Function1) failed lock verification and will run slower.
11-01 17:27:44.778  2995  3000 W dex2oat64: Common causes for lock verification issues are non-optimized dex code
11-01 17:27:44.778  2995  3000 W dex2oat64: and incorrect proguard optimizations.
11-01 17:27:44.779  2995  3000 W dex2oat64: Method void androidx.compose.runtime.snapshots.SnapshotStateMap.update(kotlin.jvm.functions.Function1) failed lock verification and will run slower.
11-01 17:27:44.779  2995  3000 W dex2oat64: Method boolean androidx.compose.runtime.snapshots.SnapshotStateMap.removeIf$runtime_release(kotlin.jvm.functions.Function1) failed lock verification and will run slower.
11-01 17:27:44.800  2995  3001 W dex2oat64: Method boolean androidx.compose.runtime.snapshots.SnapshotStateList.conditionalUpdate(boolean, kotlin.jvm.functions.Function1) failed lock verification and will run slower.
11-01 17:27:44.801  2995  3001 W dex2oat64: Method boolean androidx.compose.runtime.snapshots.SnapshotStateList.conditionalUpdate$default(androidx.compose.runtime.snapshots.SnapshotStateList, boolean, kotlin.jvm.functions.Function1, int, java.lang.Object) failed lock verification and will run slower.
11-01 17:27:44.801  2995  3001 W dex2oat64: Method java.lang.Object androidx.compose.runtime.snapshots.SnapshotStateList.mutate(kotlin.jvm.functions.Function1) failed lock verification and will run slower.
11-01 17:27:44.801  2995  3001 W dex2oat64: Method void androidx.compose.runtime.snapshots.SnapshotStateList.update(boolean, kotlin.jvm.functions.Function1) failed lock verification and will run slower.
11-01 17:27:44.801  2995  3001 W dex2oat64: Method void androidx.compose.runtime.snapshots.SnapshotStateList.update$default(androidx.compose.runtime.snapshots.SnapshotStateList, boolean, kotlin.jvm.functions.Function1, int, java.lang.Object) failed lock verification and will run slower.
11-01 17:27:45.091  2617  2674 D EGL_emulation: app_time_stats: avg=1.26ms min=0.90ms max=1.95ms count=61
11-01 17:27:46.091  2617  2674 D EGL_emulation: app_time_stats: avg=1.29ms min=1.06ms max=1.74ms count=60
11-01 17:27:46.130  2995  2995 I dex2oat64: Explicit concurrent copying GC freed 197305(31MB) AllocSpace objects, 0(0B) LOS objects, 49% free, 2112KB/4224KB, paused 16us,3us total 8.379ms
11-01 17:27:46.466  2995  2995 I dex2oat64: dex2oat took 5.884s (9.375s cpu) (threads: 4) arena alloc=10MB (11346144B) java alloc=2112KB (2162944B) native alloc=21MB (22688144B) free=146MB (153246176B)
11-01 17:27:46.495   496   496 V installd: DexInv: --- END '/data/app/~~BwgQtX5CYUpjiTMOEzzJJw==/org.street_child.edubridge-_HKotTTaiFD4n6vJUuyHvA==/base.apk' (success) ---
11-01 17:27:46.543  1510  2837 W MediaProvider: isAppCloneUserPair for user 0: false
11-01 17:27:46.543  1510  2837 V MediaProvider: Inserted id:1000000038 less than next row id backup:1000001000.
11-01 17:27:46.926  3018  3018 W profman : profman took 350.697ms
11-01 17:27:46.947  1510  1758 W MediaProvider: isAppCloneUserPair for user 0: false
11-01 17:27:46.948  1510  1758 V MediaProvider: Inserted id:1000000039 less than next row id backup:1000001000.
11-01 17:27:47.055  1510  1758 I MediaProvider: Deleted 0 0 0 0 0 0 0 items on external_primary due to com.ustadmobile.app_android_baselineprofile
11-01 17:27:47.092  2617  2674 D EGL_emulation: app_time_stats: avg=1.32ms min=1.12ms max=1.58ms count=60
11-01 17:27:47.867  2525  2542 D Benchmark: Unstable profiles during iteration 3
11-01 17:27:47.867  2525  2542 D Benchmark: Killing package org.street_child.edubridge
11-01 17:27:47.867  2525  2542 D Benchmark: Killing process org.street_child.edubridge
11-01 17:27:47.867  2525  2542 D UiDevice: Executing shell command: killall org.street_child.edubridge
11-01 17:27:47.878  2525  2542 D Benchmark: Compile iteration (4) for org.street_child.edubridge
11-01 17:27:47.878  2525  2542 D UiDevice: Pressing home button.
11-01 17:27:47.895  1129  1129 D TaplTarget: Launcher.onNewIntent: Intent { act=android.intent.action.MAIN cat=[android.intent.category.HOME] flg=0x10400100 cmp=com.android.launcher3/.uioverrides.QuickstepLauncher (has extras) }
11-01 17:27:47.898   867   867 V ShadeControllerImpl: NotificationShadeWindow: com.android.systemui.shade.NotificationShadeWindowView{f025071 I.E...... ......ID 0,0-320,640} canPanelBeCollapsed(): false
11-01 17:27:47.898   867   867 V ShadeControllerImpl: NotificationShadeWindow: com.android.systemui.shade.NotificationShadeWindowView{f025071 I.E...... ......ID 0,0-320,640} canPanelBeCollapsed(): false
11-01 17:27:47.923   425   425 I BpBinder: onLastStrongRef automatically unlinking death recipients: <uncached descriptor>
11-01 17:27:47.926   425   459 W TransactionTracing: Could not find layer handle 0x7b1d627651f0
11-01 17:27:47.930   867   995 D EGL_emulation: app_time_stats: avg=3522.19ms min=3522.19ms max=3522.19ms count=1
11-01 17:27:47.932  1510  2837 W MediaProvider: isAppCloneUserPair for user 0: false
11-01 17:27:47.932  1510  2837 V MediaProvider: Inserted id:1000000040 less than next row id backup:1000001000.
11-01 17:27:47.958   425   459 W TransactionTracing: Could not find layer handle 0x7b1d627637b0
11-01 17:27:47.985  2525  2542 I System.out: 0 Flags,FrameTimelineVsyncId,IntendedVsync,Vsync,InputEventId,HandleInputStart,AnimationStart,PerformTraversalsStart,DrawStart,FrameDeadline,FrameInterval,FrameStartTime,SyncQueued,SyncStart,IssueDrawCommandsStart,SwapBuffers,FrameCompleted,DequeueBufferDuration,QueueBufferDuration,GpuCompleted,SwapBuffersCompleted,DisplayPresentTime,CommandSubmissionCompleted,
11-01 17:27:47.985  2525  2542 I System.out: 1 0,35434,340750165485,340750165485,0,340750419444,340750419914,340750678854,340750703274,340783498817,340750417294,16666666,340750843004,340751443455,340751471015,340751759405,340768205089,15698934,74960,340766934769,340768205089,340784574974,340751759405,
11-01 17:27:47.985  2525  2542 I System.out: 2 0,35442,340766832151,340766832151,0,340767054269,340767054569,340767259169,340767280759,340800165483,340767053049,16666666,340767393869,340768228989,340768255769,340768549309,340784907224,15557874,77660,340783620554,340784907224,340801285938,340768549309,
11-01 17:27:47.985  2525  2542 I System.out: 3 0,35450,340783498817,340783498817,0,340783712574,340783712894,340783925604,340783943274,340816832149,340783710614,16666666,340784045994,340784941384,340784980724,340785439704,340801625879,15340685,114820,340800279688,340801625879,340818000243,340785439704,
11-01 17:27:47.985  2525  2542 I System.out: 4 0,35458,340800165483,340800165483,0,340800371728,340800372008,340800622188,340800645808,340833498815,340800369978,16666666,340800784618,340801650729,340801681849,340802031259,340818207213,15346044,92630,340816921283,340818207213,340834530488,340802031259,
11-01 17:27:47.985  2525  2542 I System.out: 5 0,35466,340816832149,340816832149,0,340817050113,340817050493,340817298143,340817316893,340850165481,340817048413,16666666,340817471783,340818233263,340818267463,340818640243,340834829548,15429374,91981,340833597207,340834829548,340850958872,340818640243,
11-01 17:27:47.985  2525  2542 I System.out: 6 0,35474,340833498815,340833498815,0,340833695247,340833695557,340833911128,340833927268,340866832147,340833693497,16666666,340834040318,340834853078,340834884508,340835213618,340851191612,15265734,86840,340850238472,340851191612,340868214237,340835213618,
11-01 17:27:47.985  2525  2542 I System.out: 7 0,35482,340850165481,340850165481,0,340850355572,340850355922,340850539772,340850558842,340883498813,340850353852,16666666,340850656412,340851217632,340851257382,340851667722,340868441157,15977824,81450,340866921397,340868441157,340884521762,340851667722,
11-01 17:27:47.985  2525  2542 I System.out: 8 0,35490,340866832147,340866832147,0,340867037727,340867038077,340867254677,340867268737,340900165479,340867035637,16666666,340867366647,340868464887,340868491197,340868828487,340884781952,15094835,88040,340883582851,340884781952,340901478676,340868828487,
11-01 17:27:47.985  2525  2542 I System.out: 9 0,35498,340883498813,340883498813,0,340883633671,340883633981,340883808611,340883819581,340916832145,340883632611,16666666,340883891471,340884807152,340884836182,340885183082,340901486866,15434954,87460,340900273166,340901486866,340917706791,340885183082,
11-01 17:27:47.985  2525  2542 I System.out: 10 0,35506,340900165479,340900165479,0,340900315036,340900315306,340900501246,340900512396,340933498811,340900313796,16666666,340900589876,340901509696,340901538936,340901881656,340918049061,15347054,101190,340916923051,340918049061,340934753046,340901881656,
11-01 17:27:47.985  2525  2542 I System.out: 11 0,35514,340916832145,340916832145,0,340917022221,340917022501,340917226031,340917237601,340950165477,340917021001,16666666,340917314031,340918075781,340918108381,340918496981,340935015216,15669895,94980,340933591945,340935015216,340950852560,340918496981,
11-01 17:27:47.985  2525  2542 I System.out: 12 0,35522,340933498811,340933498811,0,340933704465,340933704785,340933893015,340933906995,340966832143,340933703065,16666666,340933996895,340935040436,340935073166,340935481816,340951093160,14794464,100670,340950256020,340951093160,340967670385,340935481816,
11-01 17:27:47.985  2525  2542 I System.out: 13 0,35530,340950165477,340950165477,0,340950432110,340950432650,340950757840,340950860820,340983498809,340950428920,16666666,340951006500,340951120450,340951154970,340951535990,340967916325,15520945,158110,340966935165,340967916325,340984757499,340951535990,
11-01 17:27:47.985  2525  2542 I System.out: 14 0,35538,340966832143,340966832143,0,340967126705,340967127365,340967421335,340967447485,341000165475,340967124805,16666666,340967584005,340967943875,340967976365,340968309685,340984829499,15685944,154820,340983582509,340984829499,341000855434,340968309685,
11-01 17:27:47.986  2525  2542 I System.out: 15 0,35546,340983498809,340983498809,0,340983778609,340983779379,340984129339,340984155309,341016832141,340983776049,16666666,340984295939,340984860659,340984892689,340985264110,341001044884,14944244,160780,341000258724,341001044884,341017648539,340985264110,
11-01 17:27:47.986  2525  2542 I System.out: 16 0,35554,341000165475,341000165475,0,341000359534,341000360044,341000623214,341000646624,341033498807,341000357834,16666666,341000775024,341001075384,341001106764,341001543334,341017950809,15503495,155410,341016912088,341017950809,341034261753,341001543334,
11-01 17:27:47.986  2525  2542 I System.out: 17 0,35562,341016832141,341016832141,0,341017049758,341017050258,341017355329,341017381579,341050165473,341017047158,16666666,341017561159,341017978769,341018011439,341018587399,341034517343,15023604,160900,341019443769,341034517343,341050994538,341018587399,
11-01 17:27:47.986  2525  2542 I System.out: 18 0,35570,341033498807,341033498807,0,341033703723,341033704323,341033973473,341033998323,341066832139,341033701383,16666666,341034123743,341034547443,341034580353,341034942553,341051561628,15627384,162100,341035887374,341051561628,341067670212,341034942553,
11-01 17:27:47.986  2525  2542 I System.out: 19 0,35578,341050165473,341050165473,0,341050388608,341050389438,341050673578,341050700228,341083498805,341050385988,16666666,341050839818,341051586728,341051614368,341051932398,341068087863,15382555,147960,341052661608,341068087863,341084789267,341051932398,
11-01 17:27:47.986  2525  2542 I System.out: 20 0,35586,341066832139,341066832139,0,341067054562,341067055222,341067357132,341067382922,341100165471,341067052232,16666666,341067525772,341068112863,341068138683,341068446453,341085024657,15695654,196220,341069282773,341085024657,341101700802,341068446453,
11-01 17:27:47.986  2525  2542 I System.out: 21 0,35594,341083498805,341083498805,0,341083762627,341083763287,341084064877,341084090477,341116832137,341083759287,16666666,341084233077,341085049837,341085077307,341085441497,341101938542,15700794,157340,341086194398,341101938542,341118121687,341085441497,
11-01 17:27:47.986  2525  2542 I System.out: 22 0,35602,341100165471,341100165471,0,341100353772,341100354302,341100633032,341100656112,341133498803,341100351342,16666666,341100778432,341101963852,341101989202,341102297812,341118362897,15207935,158280,341103107782,341118362897,341134236991,341102297812,
11-01 17:27:47.986  2525  2542 I System.out: 23 0,35610,341116832137,341116832137,0,341117027026,341117027726,341117336836,341117363096,341150165469,341117024596,16666666,341117553736,341118393407,341118425877,341118765307,341134816571,15069604,174040,341119694837,341134816571,341151356846,341118765307,
11-01 17:27:47.986  2525  2542 I System.out: 24 0,35618,341133498803,341133498803,0,341133684521,341133684741,341133882351,341133903351,341166832135,341133682611,16666666,341134001831,341134860991,341134904351,341135370241,341151576256,15176844,200650,341150242015,341151576256,341167533180,341135370241,
11-01 17:27:47.986  2525  2542 I System.out: 25 0,35626,341150165469,341150165469,0,341150377645,341150378095,341150659636,341150681306,341183498801,341150375135,16666666,341150800106,341151606436,341151638776,341151998896,341168237430,15380934,179670,341166899330,341168237430,341184361465,341151998896,
11-01 17:27:47.986  2525  2542 I System.out: 26 0,35634,341166832135,341166832135,0,341167021190,341167021570,341167246300,341167267180,341200165467,341167019360,16666666,341167400120,341168266970,341168299570,341168644391,341184690755,15184254,134930,341169470751,341184690755,341201223320,341168644391,
11-01 17:27:47.986  2525  2542 I System.out: 27 0,35642,341183498801,341183498801,0,341183659575,341183660205,341183921335,341183946485,341216832133,341183656955,16666666,341184080335,341184713585,341184745165,341185056595,341201600980,15615925,101460,341200291159,341201600980,341217778524,341185056595,
11-01 17:27:47.986  2525  2542 I System.out: 28 0,35650,341200165467,341200165467,0,341200421519,341200422019,341200730379,341200755699,341233498799,341200419269,16666666,341200914199,341201627910,341201663830,341202023730,341218251534,15407704,88650,341216922144,341218251534,341234322519,341202023730,
11-01 17:27:47.986  2525  2542 I System.out: 29 0,35658,341216832133,341216832133,0,341217042524,341217043044,341217326414,341217349514,341250165465,341217039974,16666666,341217530824,341218281194,341218315484,341218660864,341235042029,15561534,102520,341233616069,341235042029,341251575214,341218660864,
11-01 17:27:47.986  2525  2542 I System.out: 30 0,35666,341233498799,341233498799,0,341233714839,341233715289,341234008029,341234036119,341266832131,341233711389,16666666,341234175889,341235068869,341235098689,341235415669,341251839454,15643665,97660,341250286913,341251839454,341268368578,341235415669,
11-01 17:27:47.986  2525  2542 I System.out: 31 0,35674,341250165465,341250165465,0,341250364663,341250365113,341250627613,341250647383,341283498797,341250362223,16666666,341250763933,341251862064,341251888154,341252206474,341268658008,15680784,97640,341266924428,341268658008,341284502593,341252206474,
11-01 17:27:47.986  2525  2542 I System.out: 32 0,35682,341266832131,341266832131,0,341267006278,341267006708,341267287928,341267307668,341300165463,341267004658,16666666,341267451168,341268690358,341268735368,341269152838,341284768603,14760454,108120,341283610612,341284768603,341301461117,341269152838,
11-01 17:27:47.986  2525  2542 I System.out: 33 0,35690,341283498797,341283498797,0,341283837573,341283837933,341284022943,341284039433,341316832129,341283836303,16666666,341284147053,341284796353,341284830223,341285250593,341301769518,15677764,98900,341286030213,341301769518,341318143252,341285250593,
11-01 17:27:47.986  2525  2542 I System.out: 34 0,35698,341300165463,341300165463,0,341300426487,341300426977,341300699777,341300720567,341333498795,341300423947,16666666,341300851857,341301803018,341301849438,341302356698,341318324132,15089744,113400,341316902022,341318324132,341334976707,341302356698,
11-01 17:27:47.986  2525  2542 I System.out: 35 0,35706,341316832129,341316832129,0,341316996562,341316997422,341317208982,341317227202,341350165461,341316993902,16666666,341317325432,341318346862,341318378272,341318681512,341335202877,15742615,113410,341333598216,341335202877,341351693721,341318681512,
11-01 17:27:47.986  2525  2542 I System.out: 36 0,35714,341333498795,341333498795,0,341333645496,341333645946,341333876546,341333896336,341366832127,341333643646,16666666,341334024146,341335232937,341335270227,341335699657,341351942771,15234644,130580,341350280411,341351942771,341367885336,341335699657,
11-01 17:27:47.986  2525  2542 I System.out: 37 0,35722,341350165461,341350165461,0,341350367531,341350367911,341350650831,341350673191,341383498793,341350365351,16666666,341350810281,341351983931,341352028411,341352454982,341368251766,15064774,74670,341366921216,341368251766,341384995041,341352454982,
11-01 17:27:47.986  2525  2542 I System.out: 38 0,35730,341366832127,341366832127,0,341367047276,341367048006,341367348836,341367373746,341400165459,341367044496,16666666,341367517286,341368281166,341368321936,341368681916,341385305521,15787325,97300,341369468956,341385305521,341401581695,341368681916,
11-01 17:27:47.986  2525  2542 I System.out: 39 0,35738,341383498793,341383498793,0,341383705100,341383705540,341384008090,341384031050,341416832125,341383702760,16666666,341384188040,341385336451,341385378121,341385874471,341401812935,15076574,112110,341400276135,341401812935,341417833590,341385874471,
