11-01 17:28:37.703  2525  2542 I System.out: 107 0,61966,392233496759,392233496759,0,392233719585,392233720375,392233966635,392233988945,392266830091,392233717025,16666666,392234103625,392234557605,392234594295,392234960935,392251905940,16263205,61300,392250250119,392251905940,392268134254,392234960935,
11-01 17:28:37.703  2525  2542 I System.out: 108 0,61974,392250163425,392250163425,0,392250336509,392250337019,392250572289,392250587979,392283496757,392250334819,16666666,392250690019,392251931850,392251962430,392252362690,392268177724,15003364,103300,392266904914,392268177724,392284409599,392252362690,
11-01 17:28:37.703  2525  2542 I System.out: 109 0,61982,392266830091,392266830091,0,392266987454,392266987854,392267232564,392267248404,392300163423,392266986084,16666666,392267347544,392268206974,392268238504,392268609234,392284719969,15242744,105690,392283575819,392284719969,392301279883,392268609234,
11-01 17:28:37.703  2525  2542 I System.out: 110 0,61990,392283496757,392283496757,0,392283640869,392283641539,392283829709,392283845399,392316830089,392283639669,16666666,392283935049,392284753859,392284800429,392285223309,392301576904,15581075,102500,392300256243,392301576904,392318097618,392285223309,
11-01 17:28:37.703  2525  2542 I System.out: 111 0,61998,392300163423,392300163423,0,392300336863,392300337163,392300517863,392300531003,392333496755,392300335613,16666666,392300602603,392301602704,392301635114,392301986964,392318129788,15407014,97280,392316906038,392318129788,392334532613,392301986964,
11-01 17:28:37.703  2525  2542 I System.out: 112 0,62006,392316830089,392316830089,0,392317028218,392317028618,392317261708,392317279278,392350163421,392317026818,16666666,392317376278,392318154418,392318187298,392318548808,392334909533,15603355,101830,392333593022,392334909533,392351378127,392318548808,
11-01 17:28:37.703  2525  2542 I System.out: 113 0,62014,392333496755,392333496755,0,392333728543,392333729223,392333982533,392334003373,392366830087,392333725433,16666666,392334104153,392334949303,392335004233,392335442353,392351501327,15290214,107810,392350259887,392351501327,392368131272,392335442353,
11-01 17:28:37.703  2525  2542 I System.out: 114 0,62022,392350163421,392350163421,0,392350338007,392350338797,392350584657,392350605707,392383496753,392350334677,16666666,392350699727,392351529567,392351571327,392351927078,392368006302,15288334,74930,392366912742,392368006302,392385189087,392351927078,
11-01 17:28:37.703  2525  2542 I System.out: 115 0,62030,392366830087,392366830087,0,392367002942,392367003692,392367270102,392367292282,392400163419,392367000302,16666666,392367408852,392368035372,392368077652,392368514232,392385489837,16001355,109310,392383597676,392385489837,392402103761,392368514232,
11-01 17:28:37.703  2525  2542 I System.out: 116 0,62038,392383496753,392383496753,0,392383667446,392383667686,392383862566,392383879326,392416830085,392383666326,16666666,392383957356,392385517277,392385557767,392385994457,392402206682,15181275,211100,392400228921,392402206682,392419600626,392385994457,
11-01 17:28:37.703  2525  2542 I System.out: 117 0,62067,392400163419,392400163419,0,392400348161,392400348411,392400586011,392400607281,392433496751,392400346341,16666666,392400727561,392402231672,392402272642,392402575882,392420284967,16978065,55930,392416974506,392420284967,390434717465,392402575882,
11-01 17:28:37.703  2525  2542 I System.out: 118 0,62096,392416830085,392416830085,0,392417223756,392417224006,392417616166,392417637506,392450163417,392417221696,16666666,392417758526,392420319357,392420362197,392421538607,392435650251,13089734,157860,392422505487,392435650251,390452067940,392421538607,
11-01 17:28:37.703  2525  2542 I System.out: 119 0,62125,392433496751,392433496751,0,392433676900,392433677210,392434022730,392434042600,392466830083,392433675210,16666666,392434149620,392435682301,392435735371,392436247081,392456863887,19213926,103410,392450283145,392456863887,390468052484,392436247081,
11-01 17:28:37.703  2525  2542 I System.out: 120 0,62154,392450163417,392450163417,0,392451779525,392451779865,392452055105,392452068505,392466830083,392451777455,16666666,392452169785,392456914427,392456960867,392457787017,390468269674,10247463,528350,390453512010,392469272940,390484344719,392457787017,
11-01 17:28:37.704  2525  2542 D Benchmark: Starting activity with command: am start  -W "intent:#Intent;action=android.intent.action.MAIN;category=android.intent.category.LAUNCHER;launchFlags=0x10008000;package=org.street_child.edubridge;component=org.street_child.edubridge/com.ustadmobile.port.android.view.AppActivity;end"
11-01 17:28:37.710  1510  1859 W MediaProvider: isAppCloneUserPair for user 0: false
11-01 17:28:37.710  1510  1859 V MediaProvider: Inserted id:1000000053 less than next row id backup:1000001000.
11-01 17:28:37.740   867   924 D SplashScreenView: Build android.window.SplashScreenView{838c34 V.E...... ......ID 0,0-0,0}
11-01 17:28:37.740   867   924 D SplashScreenView: Icon: view: null drawable: null size: 0
11-01 17:28:37.740   867   924 D SplashScreenView: Branding: view: android.view.View{f2ba5d G.ED..... ......I. 0,0-0,0 #10204db android:id/splashscreen_branding_view} drawable: null size w: 0 h: 0
11-01 17:28:37.749  2617  2617 D AppActivity$onDestroy: AppActivity#onDestroy
11-01 17:28:37.751   575  1132 W InputManager-JNI: Input channel object '4f71465 org.street_child.edubridge/com.ustadmobile.port.android.view.AppActivity (client)' was disposed without first being removed with the input manager!
11-01 17:28:37.759  2617  2617 W CustomTabsClient: Unable to find any Custom Tabs packages, you may need to add a <queries> element to your manifest. See the docs for CustomTabsClient#getPackageName.
11-01 17:28:37.759  2617  2617 W AppActivity$bindCustomTabsService: CustomTabs: Service NOT supported
11-01 17:28:37.764   867   995 W Parcel  : Expecting binder but got null!
11-01 17:28:37.778  2617  2617 D AutofillManager: Fill dialog is enabled:false, hints=[]
11-01 17:28:37.783  2617  2617 W OnBackInvokedCallback: OnBackInvokedCallback is not enabled for the application.
11-01 17:28:37.783  2617  2617 W OnBackInvokedCallback: Set 'android:enableOnBackInvokedCallback="true"' in the application manifest.
11-01 17:28:37.789   575   962 D ConnectivityService: requestNetwork for uid/pid:10126/2617 activeRequest: null callbackRequest: 56 [NetworkRequest [ REQUEST id=57, [ Capabilities: INTERNET&NOT_RESTRICTED&TRUSTED&NOT_VCN_MANAGED Uid: 10126 RequestorUid: 10126 RequestorPkg: org.street_child.edubridge UnderlyingNetworks: Null] ]] callback flags: 0 order: 2147483647
11-01 17:28:37.790   575   808 D ConnectivityService: NetReassign [57 : null → 100]
11-01 17:28:37.790   575   801 D WifiNetworkFactory: got request NetworkRequest [ REQUEST id=57, [ Capabilities: INTERNET&NOT_RESTRICTED&TRUSTED&NOT_VCN_MANAGED Uid: 10126 RequestorUid: 10126 RequestorPkg: org.street_child.edubridge UnderlyingNetworks: Null] ]
11-01 17:28:37.791   575   801 D UntrustedWifiNetworkFactory: got request NetworkRequest [ REQUEST id=57, [ Capabilities: INTERNET&NOT_RESTRICTED&TRUSTED&NOT_VCN_MANAGED Uid: 10126 RequestorUid: 10126 RequestorPkg: org.street_child.edubridge UnderlyingNetworks: Null] ]
11-01 17:28:37.791   575   801 D OemPaidWifiNetworkFactory: got request NetworkRequest [ REQUEST id=57, [ Capabilities: INTERNET&NOT_RESTRICTED&TRUSTED&NOT_VCN_MANAGED Uid: 10126 RequestorUid: 10126 RequestorPkg: org.street_child.edubridge UnderlyingNetworks: Null] ]
11-01 17:28:37.791   575   801 D MultiInternetWifiNetworkFactory: got request NetworkRequest [ REQUEST id=57, [ Capabilities: INTERNET&NOT_RESTRICTED&TRUSTED&NOT_VCN_MANAGED Uid: 10126 RequestorUid: 10126 RequestorPkg: org.street_child.edubridge UnderlyingNetworks: Null] ]
11-01 17:28:37.797  2617  2674 W Parcel  : Expecting binder but got null!
11-01 17:28:37.800   575   596 I ActivityTaskManager: Displayed org.street_child.edubridge/com.ustadmobile.port.android.view.AppActivity: +61ms
11-01 17:28:37.802  2617  2617 D UstadViewModelFunKt$ustadViewModel$viewModel$invoke: ustadViewModel(): create viewmodel for: com.ustadmobile.core.viewmodel.redirect.RedirectViewModel
11-01 17:28:37.802  2617  2617 I System.out: com.ustadmobile.core.db.UmAppDatabase_DoorWrapper@8bf4c3e
11-01 17:28:37.805  2617  2617 D UstadNavControllerPreCompose$onCollectNavCommand: NavCommandEffect: Navigate: Go to Login
11-01 17:28:37.806   425   459 W TransactionTracing: Could not find layer handle 0x7b1d62767a10
11-01 17:28:37.818  2617  2617 D UstadViewModelFunKt$ustadViewModel$viewModel$invoke: ustadViewModel(): create viewmodel for: com.ustadmobile.core.viewmodel.login.LoginViewModel
11-01 17:28:37.821  2525  2542 D Benchmark: Result: Starting: Intent { act=android.intent.action.MAIN cat=[android.intent.category.LAUNCHER] flg=0x10008000 pkg=org.street_child.edubridge cmp=org.street_child.edubridge/com.ustadmobile.port.android.view.AppActivity }
11-01 17:28:37.821  2525  2542 D Benchmark: Status: ok
11-01 17:28:37.821  2525  2542 D Benchmark: LaunchState: WARM
11-01 17:28:37.821  2525  2542 D Benchmark: Activity: org.street_child.edubridge/com.ustadmobile.port.android.view.AppActivity
11-01 17:28:37.821  2525  2542 D Benchmark: TotalTime: 61
11-01 17:28:37.821  2525  2542 D Benchmark: WaitTime: 62
11-01 17:28:37.821  2525  2542 D Benchmark: Complete
11-01 17:28:37.822  2617  2726 V UstadCache: OKHttp-CacheInterceptor:  intercept: GET https://edubridge-afghanistan.app/Site/verify
11-01 17:28:37.828  2617  2726 I UstadCache: UstadCache(): Retrieve https://edubridge-afghanistan.app/Site/verify
11-01 17:28:37.829  2617  2726 D UstadCache: UstadCache(): MISS https://edubridge-afghanistan.app/Site/verify
11-01 17:28:37.837  2617  2726 D TrafficStats: tagSocket(99) with statsTag=0xffffffff, statsUid=-1
11-01 17:28:37.840  1510  1859 W MediaProvider: isAppCloneUserPair for user 0: false
11-01 17:28:37.840  1510  1859 V MediaProvider: Inserted id:1000000054 less than next row id backup:1000001000.
11-01 17:28:37.894  2617  2617 W LoginViewModel$invokeSuspend: Could not load site object for https://edubridge-afghanistan.app/
11-01 17:28:37.894  2617  2617 W LoginViewModel$invokeSuspend: java.net.ConnectException: Failed to connect to edubridge-afghanistan.app/65.21.146.62:443
11-01 17:28:37.894  2617  2617 W LoginViewModel$invokeSuspend: 	at okhttp3.internal.connection.RealConnection.connectSocket(RealConnection.kt:297)
11-01 17:28:37.894  2617  2617 W LoginViewModel$invokeSuspend: 	at okhttp3.internal.connection.RealConnection.connect(RealConnection.kt:207)
11-01 17:28:37.894  2617  2617 W LoginViewModel$invokeSuspend: 	at okhttp3.internal.connection.ExchangeFinder.findConnection(ExchangeFinder.kt:226)
11-01 17:28:37.894  2617  2617 W LoginViewModel$invokeSuspend: 	at okhttp3.internal.connection.ExchangeFinder.findHealthyConnection(ExchangeFinder.kt:106)
11-01 17:28:37.894  2617  2617 W LoginViewModel$invokeSuspend: 	at okhttp3.internal.connection.ExchangeFinder.find(ExchangeFinder.kt:74)
11-01 17:28:37.894  2617  2617 W LoginViewModel$invokeSuspend: 	at okhttp3.internal.connection.RealCall.initExchange$okhttp(RealCall.kt:255)
11-01 17:28:37.894  2617  2617 W LoginViewModel$invokeSuspend: 	at okhttp3.internal.connection.ConnectInterceptor.intercept(ConnectInterceptor.kt:32)
11-01 17:28:37.894  2617  2617 W LoginViewModel$invokeSuspend: 	at okhttp3.internal.http.RealInterceptorChain.proceed(RealInterceptorChain.kt:109)
11-01 17:28:37.894  2617  2617 W LoginViewModel$invokeSuspend: 	at okhttp3.internal.cache.CacheInterceptor.intercept(CacheInterceptor.kt:95)
11-01 17:28:37.894  2617  2617 W LoginViewModel$invokeSuspend: 	at okhttp3.internal.http.RealInterceptorChain.proceed(RealInterceptorChain.kt:109)
11-01 17:28:37.894  2617  2617 W LoginViewModel$invokeSuspend: 	at okhttp3.internal.http.BridgeInterceptor.intercept(BridgeInterceptor.kt:83)
11-01 17:28:37.894  2617  2617 W LoginViewModel$invokeSuspend: 	at okhttp3.internal.http.RealInterceptorChain.proceed(RealInterceptorChain.kt:109)
11-01 17:28:37.894  2617  2617 W LoginViewModel$invokeSuspend: 	at okhttp3.internal.http.RetryAndFollowUpInterceptor.intercept(RetryAndFollowUpInterceptor.kt:76)
11-01 17:28:37.894  2617  2617 W LoginViewModel$invokeSuspend: 	at okhttp3.internal.http.RealInterceptorChain.proceed(RealInterceptorChain.kt:109)
11-01 17:28:37.894  2617  2617 W LoginViewModel$invokeSuspend: 	at com.ustadmobile.libcache.okhttp.UstadCacheInterceptor.intercept(UstadCacheInterceptor.kt:407)
11-01 17:28:37.894  2617  2617 W LoginViewModel$invokeSuspend: 	at okhttp3.internal.http.RealInterceptorChain.proceed(RealInterceptorChain.kt:109)
11-01 17:28:37.894  2617  2617 W LoginViewModel$invokeSuspend: 	at okhttp3.internal.connection.RealCall.getResponseWithInterceptorChain$okhttp(RealCall.kt:201)
11-01 17:28:37.894  2617  2617 W LoginViewModel$invokeSuspend: 	at okhttp3.internal.connection.RealCall$AsyncCall.run(RealCall.kt:517)
11-01 17:28:37.894  2617  2617 W LoginViewModel$invokeSuspend: 	at java.util.concurrent.ThreadPoolExecutor.runWorker(ThreadPoolExecutor.java:1137)
11-01 17:28:37.894  2617  2617 W LoginViewModel$invokeSuspend: 	at java.util.concurrent.ThreadPoolExecutor$Worker.run(ThreadPoolExecutor.java:637)
11-01 17:28:37.894  2617  2617 W LoginViewModel$invokeSuspend: 	at java.lang.Thread.run(Thread.java:1012)
11-01 17:28:37.894  2617  2617 W LoginViewModel$invokeSuspend: Caused by: java.net.ConnectException: failed to connect to edubridge-afghanistan.app/65.21.146.62 (port 443) from /10.0.2.16 (port 58272) after 10000ms: isConnected failed: ECONNREFUSED (Connection refused)
11-01 17:28:37.894  2617  2617 W LoginViewModel$invokeSuspend: 	at libcore.io.IoBridge.isConnected(IoBridge.java:347)
11-01 17:28:37.894  2617  2617 W LoginViewModel$invokeSuspend: 	at libcore.io.IoBridge.connectErrno(IoBridge.java:237)
11-01 17:28:37.894  2617  2617 W LoginViewModel$invokeSuspend: 	at libcore.io.IoBridge.connect(IoBridge.java:179)
11-01 17:28:37.894  2617  2617 W LoginViewModel$invokeSuspend: 	at java.net.PlainSocketImpl.socketConnect(PlainSocketImpl.java:142)
11-01 17:28:37.894  2617  2617 W LoginViewModel$invokeSuspend: 	at java.net.AbstractPlainSocketImpl.doConnect(AbstractPlainSocketImpl.java:390)
11-01 17:28:37.894  2617  2617 W LoginViewModel$invokeSuspend: 	at java.net.AbstractPlainSocketImpl.connectToAddress(AbstractPlainSocketImpl.java:230)
11-01 17:28:37.894  2617  2617 W LoginViewModel$invokeSuspend: 	at java.net.AbstractPlainSocketImpl.connect(AbstractPlainSocketImpl.java:212)
11-01 17:28:37.894  2617  2617 W LoginViewModel$invokeSuspend: 	at java.net.SocksSocketImpl.connect(SocksSocketImpl.java:436)
11-01 17:28:37.894  2617  2617 W LoginViewModel$invokeSuspend: 	at java.net.Socket.connect(Socket.java:646)
11-01 17:28:37.894  2617  2617 W LoginViewModel$invokeSuspend: 	at okhttp3.internal.platform.Platform.connectSocket(Platform.kt:128)
11-01 17:28:37.894  2617  2617 W LoginViewModel$invokeSuspend: 	at okhttp3.internal.connection.RealConnection.connectSocket(RealConnection.kt:295)
11-01 17:28:37.894  2617  2617 W LoginViewModel$invokeSuspend: 	... 20 more
11-01 17:28:37.894  2617  2617 W LoginViewModel$invokeSuspend: Caused by: android.system.ErrnoException: isConnected failed: ECONNREFUSED (Connection refused)
11-01 17:28:37.894  2617  2617 W LoginViewModel$invokeSuspend: 	at libcore.io.IoBridge.isConnected(IoBridge.java:334)
11-01 17:28:37.894  2617  2617 W LoginViewModel$invokeSuspend: 	... 30 more
11-01 17:28:37.919  2525  2542 I System.out: 0 Flags,FrameTimelineVsyncId,IntendedVsync,Vsync,InputEventId,HandleInputStart,AnimationStart,PerformTraversalsStart,DrawStart,FrameDeadline,FrameInterval,FrameStartTime,SyncQueued,SyncStart,IssueDrawCommandsStart,SwapBuffers,FrameCompleted,DequeueBufferDuration,QueueBufferDuration,GpuCompleted,SwapBuffersCompleted,DisplayPresentTime,CommandSubmissionCompleted,
11-01 17:28:37.919  2525  2542 I System.out: 1 1,62350,392566830079,392566830079,0,392570437758,392570438088,392570438578,392589571124,392583496745,392570435608,16666666,392589914694,392590004044,392590071664,392590158964,392590986354,1540,491910,392590967244,392590986354,342684959452,392590158964,
11-01 17:28:37.919  2525  2542 I System.out: 2 0,62393,392583496745,392583496745,0,392593706005,392593706345,392597882106,392597902196,392616830077,392593704745,16666666,392598332976,392598356556,392598385066,392598474136,392599128276,2420,86220,392599101036,392599128276,342701633386,392598474136,
11-01 17:28:37.919  2525  2542 I System.out: 3 0,62429,392600163411,392600163411,0,392608034169,392608034499,392646866879,392646897399,392633496743,392608031919,16666666,392660194363,392660210443,392660237993,392660275263,392666949395,1770,83970,392666949395,392660664063,342719603651,392660275263,
11-01 17:28:37.919  2525  2542 I System.out: 4 0,62472,392616830077,392650163409,0,392661693534,392661693814,392674528577,392674551387,392633496743,392661692584,16666666,392681383539,392681421389,392681461799,392681677599,342724345683,2290,96620,342703250977,392682266129,342736130426,392681677599,
11-01 17:28:37.919  2525  2542 D UiDevice: Waiting 10000ms for SearchCondition[hasObject=BySelector [TEXT='\QGet Started\E']].
11-01 17:28:37.919  2525  2542 D UiDevice: Searching for node with selector: BySelector [TEXT='\QGet Started\E'].
11-01 17:28:38.006   425   459 W TransactionTracing: Could not find layer handle 0x7b1d62766e10
11-01 17:28:38.006   425   459 W TransactionTracing: Could not find layer handle 0x7b1d6275f790
11-01 17:28:38.006   425   459 W TransactionTracing: Could not find layer handle 0x7b1d62766e10
11-01 17:28:38.044   425   459 W TransactionTracing: Could not find layer handle 0x7b1d62760ff0
11-01 17:28:38.076   425   459 W TransactionTracing: Could not find layer handle 0x7b1d62765370
11-01 17:28:38.093   575   922 W InputManager-JNI: Input channel object 'a5487a1 Splash Screen org.street_child.edubridge (client)' was disposed without first being removed with the input manager!
11-01 17:28:38.110  1129  1129 W FrameTracker: Missed SF frame:PREDICTION_ERROR, 62227, 4765165, CUJ=J<LAUNCHER_APP_CLOSE_TO_HOME>
11-01 17:28:38.110  1129  1129 W FrameTracker: Missed SF frame:PREDICTION_ERROR, 62386, 5223208, CUJ=J<LAUNCHER_APP_CLOSE_TO_HOME>
11-01 17:28:38.110  1129  1129 W FrameTracker: Missed SF frame:PREDICTION_ERROR, 62573, 3771671, CUJ=J<LAUNCHER_APP_CLOSE_TO_HOME>
11-01 17:28:38.110  1129  1129 W FrameTracker: Missed SF frame:PREDICTION_ERROR, 62638, 4896999, CUJ=J<LAUNCHER_APP_CLOSE_TO_HOME>
11-01 17:28:38.110  1129  1129 W FrameTracker: Missed SF frame:PREDICTION_ERROR, 62674, 3657647, CUJ=J<LAUNCHER_APP_CLOSE_TO_HOME>
11-01 17:28:38.111  1129  1129 W FrameTracker: Missed SF frame:SURFACE_FLINGER_SCHEDULING, 62710, 3949276, CUJ=J<LAUNCHER_APP_CLOSE_TO_HOME>
11-01 17:28:38.111  1129  1129 W FrameTracker: Missed SF frame:PREDICTION_ERROR, 62745, 3415674, CUJ=J<LAUNCHER_APP_CLOSE_TO_HOME>
11-01 17:28:38.111  1129  1129 W FrameTracker: Missed SF frame:PREDICTION_ERROR, 62782, 3121603, CUJ=J<LAUNCHER_APP_CLOSE_TO_HOME>
11-01 17:28:38.111  1129  1129 W FrameTracker: Missing SF jank callback for vsyncId: 62818, CUJ=J<LAUNCHER_APP_CLOSE_TO_HOME>
11-01 17:28:38.111  1129  1826 V PerfettoTrigger: Not triggering com.android.telemetry.interaction-jank-monitor-9 - not enough time since last trigger
11-01 17:28:38.143   867   923 W FrameTracker: Missed SF frame:PREDICTION_ERROR, 62458, 6709486, CUJ=J<SPLASHSCREEN_EXIT_ANIM>
11-01 17:28:38.143   867   923 W FrameTracker: Missed SF frame:PREDICTION_ERROR, 62494, 0, CUJ=J<SPLASHSCREEN_EXIT_ANIM>
11-01 17:28:38.143   867   923 W FrameTracker: Missing HWUI jank callback for vsyncId: 62494, CUJ=J<SPLASHSCREEN_EXIT_ANIM>
11-01 17:28:38.143   867   923 W FrameTracker: Missed SF frame:PREDICTION_ERROR, 62537, 5399553, CUJ=J<SPLASHSCREEN_EXIT_ANIM>
11-01 17:28:38.143   867   923 W FrameTracker: Missed SF frame:PREDICTION_ERROR, 62667, 5890978, CUJ=J<SPLASHSCREEN_EXIT_ANIM>
11-01 17:28:38.143   867   923 W FrameTracker: Missed SF frame:PREDICTION_ERROR, 62834, 5666151, CUJ=J<SPLASHSCREEN_EXIT_ANIM>
11-01 17:28:38.143   867   923 W FrameTracker: Missed SF frame:PREDICTION_ERROR, 62869, 5083579, CUJ=J<SPLASHSCREEN_EXIT_ANIM>
11-01 17:28:38.143   867   923 W FrameTracker: Missed SF frame:PREDICTION_ERROR, 62941, 4203186, CUJ=J<SPLASHSCREEN_EXIT_ANIM>
11-01 17:28:38.143   867   923 W FrameTracker: Missed SF frame:PREDICTION_ERROR, 62970, 0, CUJ=J<SPLASHSCREEN_EXIT_ANIM>
11-01 17:28:38.143   867   923 W FrameTracker: Missing HWUI jank callback for vsyncId: 62970, CUJ=J<SPLASHSCREEN_EXIT_ANIM>
11-01 17:28:38.143   867   911 V PerfettoTrigger: Not triggering com.android.telemetry.interaction-jank-monitor-39 - not enough time since last trigger
11-01 17:28:38.274   425   459 W TransactionTracing: Could not find layer handle 0x7b1d62765430
11-01 17:28:38.274   425   459 W TransactionTracing: Could not find layer handle 0x7b1d62767110
11-01 17:28:38.274   425   459 W TransactionTracing: Could not find layer handle 0x7b1d62768790
11-01 17:28:38.274   425   459 W TransactionTracing: Could not find layer handle 0x7b1d62768790
11-01 17:28:38.274   425   459 W TransactionTracing: Could not find layer handle 0x7b1d62767110
11-01 17:28:38.383  2525  2542 D UiDevice: Searching for node with selector: BySelector [TEXT='\QGet Started\E'].
11-01 17:28:38.808  2617  2674 D EGL_emulation: app_time_stats: avg=4.01ms min=1.09ms max=61.54ms count=59
11-01 17:28:38.982  2525  2542 D UiDevice: Searching for node with selector: BySelector [TEXT='\QGet Started\E'].
11-01 17:28:39.086  2525  2542 D UiDevice: Searching for node with selector: BySelector [TEXT='\QGet Started\E'].
11-01 17:28:39.190  2525  2542 D UiDevice: Searching for node with selector: BySelector [TEXT='\QGet Started\E'].
11-01 17:28:39.294  2525  2542 D UiDevice: Searching for node with selector: BySelector [TEXT='\QGet Started\E'].
11-01 17:28:39.398  2525  2542 D UiDevice: Searching for node with selector: BySelector [TEXT='\QGet Started\E'].
11-01 17:28:39.502  2525  2542 D UiDevice: Searching for node with selector: BySelector [TEXT='\QGet Started\E'].
11-01 17:28:39.606  2525  2542 D UiDevice: Searching for node with selector: BySelector [TEXT='\QGet Started\E'].
11-01 17:28:39.711  2525  2542 D UiDevice: Searching for node with selector: BySelector [TEXT='\QGet Started\E'].
11-01 17:28:39.808  2617  2674 D EGL_emulation: app_time_stats: avg=1.22ms min=1.08ms max=1.54ms count=60
11-01 17:28:39.815  2525  2542 D UiDevice: Searching for node with selector: BySelector [TEXT='\QGet Started\E'].
11-01 17:28:39.918  2525  2542 D UiDevice: Searching for node with selector: BySelector [TEXT='\QGet Started\E'].
11-01 17:28:40.022  2525  2542 D UiDevice: Searching for node with selector: BySelector [TEXT='\QGet Started\E'].
11-01 17:28:40.126  2525  2542 D UiDevice: Searching for node with selector: BySelector [TEXT='\QGet Started\E'].
11-01 17:28:40.230  2525  2542 D UiDevice: Searching for node with selector: BySelector [TEXT='\QGet Started\E'].
11-01 17:28:40.333  2525  2542 D UiDevice: Searching for node with selector: BySelector [TEXT='\QGet Started\E'].
11-01 17:28:40.437  2525  2542 D UiDevice: Searching for node with selector: BySelector [TEXT='\QGet Started\E'].
11-01 17:28:40.541  2525  2542 D UiDevice: Searching for node with selector: BySelector [TEXT='\QGet Started\E'].
11-01 17:28:40.645  2525  2542 D UiDevice: Searching for node with selector: BySelector [TEXT='\QGet Started\E'].
11-01 17:28:40.749  2525  2542 D UiDevice: Searching for node with selector: BySelector [TEXT='\QGet Started\E'].
11-01 17:28:40.808  2617  2674 D EGL_emulation: app_time_stats: avg=1.27ms min=1.06ms max=2.43ms count=60
11-01 17:28:40.853  2525  2542 D UiDevice: Searching for node with selector: BySelector [TEXT='\QGet Started\E'].
11-01 17:28:40.958  2525  2542 D UiDevice: Searching for node with selector: BySelector [TEXT='\QGet Started\E'].
11-01 17:28:41.062  2525  2542 D UiDevice: Searching for node with selector: BySelector [TEXT='\QGet Started\E'].
11-01 17:28:41.166  2525  2542 D UiDevice: Searching for node with selector: BySelector [TEXT='\QGet Started\E'].
11-01 17:28:41.270  2525  2542 D UiDevice: Searching for node with selector: BySelector [TEXT='\QGet Started\E'].
11-01 17:28:41.374  2525  2542 D UiDevice: Searching for node with selector: BySelector [TEXT='\QGet Started\E'].
11-01 17:28:41.478  2525  2542 D UiDevice: Searching for node with selector: BySelector [TEXT='\QGet Started\E'].
11-01 17:28:41.581  2525  2542 D UiDevice: Searching for node with selector: BySelector [TEXT='\QGet Started\E'].
11-01 17:28:41.685  2525  2542 D UiDevice: Searching for node with selector: BySelector [TEXT='\QGet Started\E'].
11-01 17:28:41.788  2525  2542 D UiDevice: Searching for node with selector: BySelector [TEXT='\QGet Started\E'].
11-01 17:28:41.808  2617  2674 D EGL_emulation: app_time_stats: avg=1.23ms min=1.07ms max=1.54ms count=60
11-01 17:28:41.894  2525  2542 D UiDevice: Searching for node with selector: BySelector [TEXT='\QGet Started\E'].
11-01 17:28:41.997  2525  2542 D UiDevice: Searching for node with selector: BySelector [TEXT='\QGet Started\E'].
11-01 17:28:42.101  2525  2542 D UiDevice: Searching for node with selector: BySelector [TEXT='\QGet Started\E'].
11-01 17:28:42.205  2525  2542 D UiDevice: Searching for node with selector: BySelector [TEXT='\QGet Started\E'].
11-01 17:28:42.311  2525  2542 D UiDevice: Searching for node with selector: BySelector [TEXT='\QGet Started\E'].
11-01 17:28:42.414  2525  2542 D UiDevice: Searching for node with selector: BySelector [TEXT='\QGet Started\E'].
11-01 17:28:42.518  2525  2542 D UiDevice: Searching for node with selector: BySelector [TEXT='\QGet Started\E'].
11-01 17:28:42.622  2525  2542 D UiDevice: Searching for node with selector: BySelector [TEXT='\QGet Started\E'].
11-01 17:28:42.727  2525  2542 D UiDevice: Searching for node with selector: BySelector [TEXT='\QGet Started\E'].
11-01 17:28:42.825  2617  2674 D EGL_emulation: app_time_stats: avg=1.22ms min=1.09ms max=1.58ms count=61
11-01 17:28:42.831  2525  2542 D UiDevice: Searching for node with selector: BySelector [TEXT='\QGet Started\E'].
11-01 17:28:42.934  2525  2542 D UiDevice: Searching for node with selector: BySelector [TEXT='\QGet Started\E'].
11-01 17:28:43.037  2525  2542 D UiDevice: Searching for node with selector: BySelector [TEXT='\QGet Started\E'].
11-01 17:28:43.142  2525  2542 D UiDevice: Searching for node with selector: BySelector [TEXT='\QGet Started\E'].
11-01 17:28:43.223   425   459 W TransactionTracing: Could not find layer id -1
11-01 17:28:43.246  2525  2542 D UiDevice: Searching for node with selector: BySelector [TEXT='\QGet Started\E'].
11-01 17:28:43.350  2525  2542 D UiDevice: Searching for node with selector: BySelector [TEXT='\QGet Started\E'].
11-01 17:28:43.453  2525  2542 D UiDevice: Searching for node with selector: BySelector [TEXT='\QGet Started\E'].
11-01 17:28:43.557  2525  2542 D UiDevice: Searching for node with selector: BySelector [TEXT='\QGet Started\E'].
11-01 17:28:43.661  2525  2542 D UiDevice: Searching for node with selector: BySelector [TEXT='\QGet Started\E'].
11-01 17:28:43.765  2525  2542 D UiDevice: Searching for node with selector: BySelector [TEXT='\QGet Started\E'].
11-01 17:28:43.825  2617  2674 D EGL_emulation: app_time_stats: avg=1.24ms min=1.04ms max=1.55ms count=60
11-01 17:28:43.869  2525  2542 D UiDevice: Searching for node with selector: BySelector [TEXT='\QGet Started\E'].
11-01 17:28:43.972  2525  2542 D UiDevice: Searching for node with selector: BySelector [TEXT='\QGet Started\E'].
11-01 17:28:44.077  2525  2542 D UiDevice: Searching for node with selector: BySelector [TEXT='\QGet Started\E'].
11-01 17:28:44.181  2525  2542 D UiDevice: Searching for node with selector: BySelector [TEXT='\QGet Started\E'].
11-01 17:28:44.284  2525  2542 D UiDevice: Searching for node with selector: BySelector [TEXT='\QGet Started\E'].
11-01 17:28:44.388  2525  2542 D UiDevice: Searching for node with selector: BySelector [TEXT='\QGet Started\E'].
11-01 17:28:44.493  2525  2542 D UiDevice: Searching for node with selector: BySelector [TEXT='\QGet Started\E'].
11-01 17:28:44.597  2525  2542 D UiDevice: Searching for node with selector: BySelector [TEXT='\QGet Started\E'].
11-01 17:28:44.701  2525  2542 D UiDevice: Searching for node with selector: BySelector [TEXT='\QGet Started\E'].
11-01 17:28:44.804  2525  2542 D UiDevice: Searching for node with selector: BySelector [TEXT='\QGet Started\E'].
11-01 17:28:44.841  2617  2674 D EGL_emulation: app_time_stats: avg=1.20ms min=1.06ms max=1.75ms count=61
11-01 17:28:44.909  2525  2542 D UiDevice: Searching for node with selector: BySelector [TEXT='\QGet Started\E'].
11-01 17:28:45.013  2525  2542 D UiDevice: Searching for node with selector: BySelector [TEXT='\QGet Started\E'].
11-01 17:28:45.116  2525  2542 D UiDevice: Searching for node with selector: BySelector [TEXT='\QGet Started\E'].
11-01 17:28:45.219  2525  2542 D UiDevice: Searching for node with selector: BySelector [TEXT='\QGet Started\E'].
11-01 17:28:45.323  2525  2542 D UiDevice: Searching for node with selector: BySelector [TEXT='\QGet Started\E'].
11-01 17:28:45.427  2525  2542 D UiDevice: Searching for node with selector: BySelector [TEXT='\QGet Started\E'].
11-01 17:28:45.531  2525  2542 D UiDevice: Searching for node with selector: BySelector [TEXT='\QGet Started\E'].
11-01 17:28:45.634  2525  2542 D UiDevice: Searching for node with selector: BySelector [TEXT='\QGet Started\E'].
11-01 17:28:45.738  2525  2542 D UiDevice: Searching for node with selector: BySelector [TEXT='\QGet Started\E'].
11-01 17:28:45.842  2617  2674 D EGL_emulation: app_time_stats: avg=1.24ms min=1.09ms max=1.44ms count=60
11-01 17:28:45.843  2525  2542 D UiDevice: Searching for node with selector: BySelector [TEXT='\QGet Started\E'].
11-01 17:28:45.906   425   459 W TransactionTracing: Could not find layer id -1
11-01 17:28:45.906   425   459 W TransactionTracing: Could not find layer id -1
11-01 17:28:45.906   425   459 W TransactionTracing: Could not find layer id -1
11-01 17:28:45.906   425   459 W TransactionTracing: Could not find layer id -1
11-01 17:28:45.906   425   459 W TransactionTracing: Could not find layer id -1
11-01 17:28:45.906   425   459 W TransactionTracing: Could not find layer id -1
11-01 17:28:45.906   425   459 W TransactionTracing: Could not find layer id -1
11-01 17:28:45.946  2525  2542 D UiDevice: Searching for node with selector: BySelector [TEXT='\QGet Started\E'].
11-01 17:28:46.049  2525  2542 D UiDevice: Searching for node with selector: BySelector [TEXT='\QGet Started\E'].
11-01 17:28:46.153  2525  2542 D UiDevice: Searching for node with selector: BySelector [TEXT='\QGet Started\E'].
11-01 17:28:46.257  2525  2542 D UiDevice: Searching for node with selector: BySelector [TEXT='\QGet Started\E'].
11-01 17:28:46.361  2525  2542 D UiDevice: Searching for node with selector: BySelector [TEXT='\QGet Started\E'].
11-01 17:28:46.465  2525  2542 D UiDevice: Searching for node with selector: BySelector [TEXT='\QGet Started\E'].
11-01 17:28:46.568  2525  2542 D UiDevice: Searching for node with selector: BySelector [TEXT='\QGet Started\E'].
11-01 17:28:46.573   425   459 W TransactionTracing: Could not find layer id -1
11-01 17:28:46.573   425   459 W TransactionTracing: Could not find layer id -1
11-01 17:28:46.573   425   459 W TransactionTracing: Could not find layer id -1
11-01 17:28:46.672  2525  2542 D UiDevice: Searching for node with selector: BySelector [TEXT='\QGet Started\E'].
11-01 17:28:46.777  2525  2542 D UiDevice: Searching for node with selector: BySelector [TEXT='\QGet Started\E'].
11-01 17:28:46.858  2617  2674 D EGL_emulation: app_time_stats: avg=1.24ms min=1.08ms max=1.58ms count=61
11-01 17:28:46.880  2525  2542 D UiDevice: Searching for node with selector: BySelector [TEXT='\QGet Started\E'].
11-01 17:28:46.983  2525  2542 D UiDevice: Searching for node with selector: BySelector [TEXT='\QGet Started\E'].
11-01 17:28:47.087  2525  2542 D UiDevice: Searching for node with selector: BySelector [TEXT='\QGet Started\E'].
11-01 17:28:47.192  2525  2542 D UiDevice: Searching for node with selector: BySelector [TEXT='\QGet Started\E'].
11-01 17:28:47.295  2525  2542 D UiDevice: Searching for node with selector: BySelector [TEXT='\QGet Started\E'].
11-01 17:28:47.399  2525  2542 D UiDevice: Searching for node with selector: BySelector [TEXT='\QGet Started\E'].
11-01 17:28:47.502  2525  2542 D UiDevice: Searching for node with selector: BySelector [TEXT='\QGet Started\E'].
11-01 17:28:47.606  2525  2542 D UiDevice: Searching for node with selector: BySelector [TEXT='\QGet Started\E'].
11-01 17:28:47.710  2525  2542 D UiDevice: Searching for node with selector: BySelector [TEXT='\QGet Started\E'].
11-01 17:28:47.814  2525  2542 D UiDevice: Searching for node with selector: BySelector [TEXT='\QGet Started\E'].
11-01 17:28:47.858  2617  2674 D EGL_emulation: app_time_stats: avg=1.22ms min=1.05ms max=1.50ms count=60
11-01 17:28:47.898  2617  2726 V UstadCache: OKHttp-CacheInterceptor:  intercept: GET https://edubridge-afghanistan.app/Site/verify
11-01 17:28:47.898  2617  2726 I UstadCache: UstadCache(): Retrieve https://edubridge-afghanistan.app/Site/verify
11-01 17:28:47.898  2617  2726 D UstadCache: UstadCache(): MISS https://edubridge-afghanistan.app/Site/verify
11-01 17:28:47.900  2617  2726 D TrafficStats: tagSocket(99) with statsTag=0xffffffff, statsUid=-1
11-01 17:28:47.917  2525  2542 D UiDevice: Searching for node with selector: BySelector [TEXT='\QGet Started\E'].
11-01 17:28:47.928  2617  2617 W LoginViewModel$invokeSuspend: Could not load site object for https://edubridge-afghanistan.app/
11-01 17:28:47.928  2617  2617 W LoginViewModel$invokeSuspend: java.net.ConnectException: Failed to connect to edubridge-afghanistan.app/65.21.146.62:443
11-01 17:28:47.928  2617  2617 W LoginViewModel$invokeSuspend: 	at okhttp3.internal.connection.RealConnection.connectSocket(RealConnection.kt:297)
11-01 17:28:47.928  2617  2617 W LoginViewModel$invokeSuspend: 	at okhttp3.internal.connection.RealConnection.connect(RealConnection.kt:207)
11-01 17:28:47.928  2617  2617 W LoginViewModel$invokeSuspend: 	at okhttp3.internal.connection.ExchangeFinder.findConnection(ExchangeFinder.kt:226)
11-01 17:28:47.928  2617  2617 W LoginViewModel$invokeSuspend: 	at okhttp3.internal.connection.ExchangeFinder.findHealthyConnection(ExchangeFinder.kt:106)
11-01 17:28:47.928  2617  2617 W LoginViewModel$invokeSuspend: 	at okhttp3.internal.connection.ExchangeFinder.find(ExchangeFinder.kt:74)
11-01 17:28:47.928  2617  2617 W LoginViewModel$invokeSuspend: 	at okhttp3.internal.connection.RealCall.initExchange$okhttp(RealCall.kt:255)
11-01 17:28:47.928  2617  2617 W LoginViewModel$invokeSuspend: 	at okhttp3.internal.connection.ConnectInterceptor.intercept(ConnectInterceptor.kt:32)
11-01 17:28:47.928  2617  2617 W LoginViewModel$invokeSuspend: 	at okhttp3.internal.http.RealInterceptorChain.proceed(RealInterceptorChain.kt:109)
11-01 17:28:47.928  2617  2617 W LoginViewModel$invokeSuspend: 	at okhttp3.internal.cache.CacheInterceptor.intercept(CacheInterceptor.kt:95)
11-01 17:28:47.928  2617  2617 W LoginViewModel$invokeSuspend: 	at okhttp3.internal.http.RealInterceptorChain.proceed(RealInterceptorChain.kt:109)
11-01 17:28:47.928  2617  2617 W LoginViewModel$invokeSuspend: 	at okhttp3.internal.http.BridgeInterceptor.intercept(BridgeInterceptor.kt:83)
11-01 17:28:47.928  2617  2617 W LoginViewModel$invokeSuspend: 	at okhttp3.internal.http.RealInterceptorChain.proceed(RealInterceptorChain.kt:109)
11-01 17:28:47.928  2617  2617 W LoginViewModel$invokeSuspend: 	at okhttp3.internal.http.RetryAndFollowUpInterceptor.intercept(RetryAndFollowUpInterceptor.kt:76)
11-01 17:28:47.928  2617  2617 W LoginViewModel$invokeSuspend: 	at okhttp3.internal.http.RealInterceptorChain.proceed(RealInterceptorChain.kt:109)
11-01 17:28:47.928  2617  2617 W LoginViewModel$invokeSuspend: 	at com.ustadmobile.libcache.okhttp.UstadCacheInterceptor.intercept(UstadCacheInterceptor.kt:407)
11-01 17:28:47.928  2617  2617 W LoginViewModel$invokeSuspend: 	at okhttp3.internal.http.RealInterceptorChain.proceed(RealInterceptorChain.kt:109)
11-01 17:28:47.928  2617  2617 W LoginViewModel$invokeSuspend: 	at okhttp3.internal.connection.RealCall.getResponseWithInterceptorChain$okhttp(RealCall.kt:201)
11-01 17:28:47.928  2617  2617 W LoginViewModel$invokeSuspend: 	at okhttp3.internal.connection.RealCall$AsyncCall.run(RealCall.kt:517)
11-01 17:28:47.928  2617  2617 W LoginViewModel$invokeSuspend: 	at java.util.concurrent.ThreadPoolExecutor.runWorker(ThreadPoolExecutor.java:1137)
11-01 17:28:47.928  2617  2617 W LoginViewModel$invokeSuspend: 	at java.util.concurrent.ThreadPoolExecutor$Worker.run(ThreadPoolExecutor.java:637)
11-01 17:28:47.928  2617  2617 W LoginViewModel$invokeSuspend: 	at java.lang.Thread.run(Thread.java:1012)
11-01 17:28:47.928  2617  2617 W LoginViewModel$invokeSuspend: Caused by: java.net.ConnectException: failed to connect to edubridge-afghanistan.app/65.21.146.62 (port 443) from /10.0.2.16 (port 59912) after 10000ms: isConnected failed: ECONNREFUSED (Connection refused)
11-01 17:28:47.928  2617  2617 W LoginViewModel$invokeSuspend: 	at libcore.io.IoBridge.isConnected(IoBridge.java:347)
11-01 17:28:47.928  2617  2617 W LoginViewModel$invokeSuspend: 	at libcore.io.IoBridge.connectErrno(IoBridge.java:237)
11-01 17:28:47.928  2617  2617 W LoginViewModel$invokeSuspend: 	at libcore.io.IoBridge.connect(IoBridge.java:179)
11-01 17:28:47.928  2617  2617 W LoginViewModel$invokeSuspend: 	at java.net.PlainSocketImpl.socketConnect(PlainSocketImpl.java:142)
11-01 17:28:47.928  2617  2617 W LoginViewModel$invokeSuspend: 	at java.net.AbstractPlainSocketImpl.doConnect(AbstractPlainSocketImpl.java:390)
11-01 17:28:47.928  2617  2617 W LoginViewModel$invokeSuspend: 	at java.net.AbstractPlainSocketImpl.connectToAddress(AbstractPlainSocketImpl.java:230)
11-01 17:28:47.928  2617  2617 W LoginViewModel$invokeSuspend: 	at java.net.AbstractPlainSocketImpl.connect(AbstractPlainSocketImpl.java:212)
11-01 17:28:47.928  2617  2617 W LoginViewModel$invokeSuspend: 	at java.net.SocksSocketImpl.connect(SocksSocketImpl.java:436)
11-01 17:28:47.928  2617  2617 W LoginViewModel$invokeSuspend: 	at java.net.Socket.connect(Socket.java:646)
11-01 17:28:47.928  2617  2617 W LoginViewModel$invokeSuspend: 	at okhttp3.internal.platform.Platform.connectSocket(Platform.kt:128)
11-01 17:28:47.928  2617  2617 W LoginViewModel$invokeSuspend: 	at okhttp3.internal.connection.RealConnection.connectSocket(RealConnection.kt:295)
11-01 17:28:47.928  2617  2617 W LoginViewModel$invokeSuspend: 	... 20 more
11-01 17:28:47.928  2617  2617 W LoginViewModel$invokeSuspend: Caused by: android.system.ErrnoException: isConnected failed: ECONNREFUSED (Connection refused)
11-01 17:28:47.928  2617  2617 W LoginViewModel$invokeSuspend: 	at libcore.io.IoBridge.isConnected(IoBridge.java:334)
11-01 17:28:47.928  2617  2617 W LoginViewModel$invokeSuspend: 	... 30 more
11-01 17:28:48.858  2617  2674 D EGL_emulation: app_time_stats: avg=1.22ms min=1.08ms max=1.59ms count=60
11-01 17:28:48.921  2525  2542 D UiDevice: Retrieving node with selector: BySelector [TEXT='\QGet Started\E'].
11-01 17:28:48.925  2525  2542 D UiDevice: Node not found with selector: BySelector [TEXT='\QGet Started\E'].
11-01 17:28:49.875  2617  2674 D EGL_emulation: app_time_stats: avg=1.18ms min=1.02ms max=1.44ms count=61
11-01 17:28:50.875  2617  2674 D EGL_emulation: app_time_stats: avg=1.19ms min=1.07ms max=1.39ms count=60
11-01 17:28:51.875  2617  2674 D EGL_emulation: app_time_stats: avg=1.18ms min=1.07ms max=1.51ms count=60
11-01 17:28:52.891  2617  2674 D EGL_emulation: app_time_stats: avg=1.19ms min=1.08ms max=1.40ms count=61
11-01 17:28:53.908  2617  2674 D EGL_emulation: app_time_stats: avg=1.25ms min=1.08ms max=5.11ms count=61
11-01 17:28:53.925  2525  2542 D Benchmark: Profile Installer - Save Profile
11-01 17:28:53.941  2617  2617 I Process : Sending signal. PID: 2617 SIG: 10
11-01 17:28:53.941  2617  2617 D ProfileInstaller:
11-01 17:28:53.941  2617  2622 I child.edubridge: Thread[3,tid=2622,WaitingInMainSignalCatcherLoop,Thread*=0x7c11db9e5b20,peer=0x13101968,"Signal Catcher"]: reacting to signal 10
11-01 17:28:53.941  2617  2622 I child.edubridge:
11-01 17:28:53.941  2617  2622 I child.edubridge: SIGUSR1 forcing GC (no HPROF) and profile save
11-01 17:28:53.961  2617  2622 I child.edubridge: Explicit concurrent copying GC freed 131077(4480KB) AllocSpace objects, 1(56KB) LOS objects, 49% free, 7271KB/14MB, paused 27us,11us total 19.229ms
11-01 17:28:54.464  2525  2542 D Benchmark: Killing process org.street_child.edubridge
11-01 17:28:54.465  2525  2542 D UiDevice: Executing shell command: killall org.street_child.edubridge
11-01 17:28:54.541  1510  2837 W MediaProvider: isAppCloneUserPair for user 0: false
11-01 17:28:54.543  1510  2837 V MediaProvider: Inserted id:1000000055 less than next row id backup:1000001000.
11-01 17:28:54.685   575   591 I PackageDexOptimizer: Running dexopt (dexoptNeeded=-3) on: /data/app/~~BwgQtX5CYUpjiTMOEzzJJw==/org.street_child.edubridge-_HKotTTaiFD4n6vJUuyHvA==/base.apk pkg=org.street_child.edubridge isa=x86_64 dexoptFlags=boot_complete,profile_guided,force,enable_hidden_api_checks targetFilter=speed-profile oatDir=/data/app/~~BwgQtX5CYUpjiTMOEzzJJw==/org.street_child.edubridge-_HKotTTaiFD4n6vJUuyHvA==/oat classLoaderContext=PCL[]{PCL[/system_ext/framework/androidx.window.extensions.jar]#PCL[/system_ext/framework/androidx.window.sidecar.jar]}
11-01 17:28:54.688   496   496 V installd: DexInv: --- BEGIN '/data/app/~~BwgQtX5CYUpjiTMOEzzJJw==/org.street_child.edubridge-_HKotTTaiFD4n6vJUuyHvA==/base.apk' ---
11-01 17:28:54.688   496   496 V installd: Running /apex/com.android.art/bin/dex2oat64 in=base.apk out=/data/app/~~BwgQtX5CYUpjiTMOEzzJJw==/org.street_child.edubridge-_HKotTTaiFD4n6vJUuyHvA==/oat/x86_64/base.odex
11-01 17:28:54.732  3354  3354 W dex2oat64: Unexpected CPU variant for x86: x86_64.
11-01 17:28:54.732  3354  3354 W dex2oat64: Known variants: atom, sandybridge, silvermont, kabylake, default
11-01 17:28:54.735  3354  3354 W dex2oat64: Mismatch between dex2oat instruction set features to use (ISA: X86_64 Feature string: -ssse3,-sse4.1,-sse4.2,-avx,-avx2,-popcnt) and those from CPP defines (ISA: X86_64 Feature string: ssse3,sse4.1,sse4.2,-avx,-avx2,popcnt) for the command line:
11-01 17:28:54.735  3354  3354 W dex2oat64: /apex/com.android.art/bin/dex2oat64 --zip-fd=8 --zip-location=base.apk --oat-fd=9 --oat-location=/data/app/~~BwgQtX5CYUpjiTMOEzzJJw==/org.street_child.edubridge-_HKotTTaiFD4n6vJUuyHvA==/oat/x86_64/base.odex --input-vdex-fd=11 --output-vdex-fd=10 --app-image-fd=14 --image-format=lz4 --profile-file-fd=13 --swap-fd=12 --classpath-dir=/data/app/~~BwgQtX5CYUpjiTMOEzzJJw==/org.street_child.edubridge-_HKotTTaiFD4n6vJUuyHvA== --class-loader-context=PCL[]{PCL[/system_ext/framework/androidx.window.extensions.jar]#PCL[/system_ext/framework/androidx.window.sidecar.jar]} --instruction-set=x86_64 --instruction-set-features=default --instruction-set-variant=x86_64 --compiler-filter=speed-profile --compilation-reason=cmdline --max-image-block-size=524288 --resolve-startup-const-strings=true --generate-mini-debug-info --runtime-arg -Xtarget-sdk-version:34 --runtime-arg -Xhidden-api-policy:enabled --runtime-arg -Xms64m --runtime-arg -Xmx512m
11-01 17:28:54.744  3354  3354 I dex2oat64: /apex/com.android.art/bin/dex2oat64 --input-vdex-fd=11 --output-vdex-fd=10 --profile-file-fd=13 --classpath-dir=/data/app/~~BwgQtX5CYUpjiTMOEzzJJw==/org.street_child.edubridge-_HKotTTaiFD4n6vJUuyHvA== --class-loader-context=PCL[]{PCL[/system_ext/framework/androidx.window.extensions.jar]#PCL[/system_ext/framework/androidx.window.sidecar.jar]} --compiler-filter=speed-profile --compilation-reason=cmdline --max-image-block-size=524288 --resolve-startup-const-strings=true --generate-mini-debug-info
11-01 17:28:54.912  2617  2674 D EGL_emulation: app_time_stats: avg=3.09ms min=1.06ms max=5.94ms count=60
11-01 17:28:55.925  2617  2674 D EGL_emulation: app_time_stats: avg=1.57ms min=1.09ms max=4.47ms count=61
11-01 17:28:56.942  2617  2674 D EGL_emulation: app_time_stats: avg=1.41ms min=1.15ms max=1.91ms count=61
11-01 17:28:57.933  2617  2726 V UstadCache: OKHttp-CacheInterceptor:  intercept: GET https://edubridge-afghanistan.app/Site/verify
11-01 17:28:57.933  2617  2726 I UstadCache: UstadCache(): Retrieve https://edubridge-afghanistan.app/Site/verify
11-01 17:28:57.934  2617  2726 D UstadCache: UstadCache(): MISS https://edubridge-afghanistan.app/Site/verify
11-01 17:28:57.938  2617  2726 D TrafficStats: tagSocket(78) with statsTag=0xffffffff, statsUid=-1
11-01 17:28:57.942  2617  2674 D EGL_emulation: app_time_stats: avg=1.29ms min=1.10ms max=1.47ms count=60
11-01 17:28:57.966  2617  2617 W LoginViewModel$invokeSuspend: Could not load site object for https://edubridge-afghanistan.app/
11-01 17:28:57.966  2617  2617 W LoginViewModel$invokeSuspend: java.net.ConnectException: Failed to connect to edubridge-afghanistan.app/65.21.146.62:443
11-01 17:28:57.966  2617  2617 W LoginViewModel$invokeSuspend: 	at okhttp3.internal.connection.RealConnection.connectSocket(RealConnection.kt:297)
11-01 17:28:57.966  2617  2617 W LoginViewModel$invokeSuspend: 	at okhttp3.internal.connection.RealConnection.connect(RealConnection.kt:207)
11-01 17:28:57.966  2617  2617 W LoginViewModel$invokeSuspend: 	at okhttp3.internal.connection.ExchangeFinder.findConnection(ExchangeFinder.kt:226)
11-01 17:28:57.966  2617  2617 W LoginViewModel$invokeSuspend: 	at okhttp3.internal.connection.ExchangeFinder.findHealthyConnection(ExchangeFinder.kt:106)
11-01 17:28:57.966  2617  2617 W LoginViewModel$invokeSuspend: 	at okhttp3.internal.connection.ExchangeFinder.find(ExchangeFinder.kt:74)
11-01 17:28:57.966  2617  2617 W LoginViewModel$invokeSuspend: 	at okhttp3.internal.connection.RealCall.initExchange$okhttp(RealCall.kt:255)
11-01 17:28:57.966  2617  2617 W LoginViewModel$invokeSuspend: 	at okhttp3.internal.connection.ConnectInterceptor.intercept(ConnectInterceptor.kt:32)
11-01 17:28:57.966  2617  2617 W LoginViewModel$invokeSuspend: 	at okhttp3.internal.http.RealInterceptorChain.proceed(RealInterceptorChain.kt:109)
11-01 17:28:57.966  2617  2617 W LoginViewModel$invokeSuspend: 	at okhttp3.internal.cache.CacheInterceptor.intercept(CacheInterceptor.kt:95)
11-01 17:28:57.966  2617  2617 W LoginViewModel$invokeSuspend: 	at okhttp3.internal.http.RealInterceptorChain.proceed(RealInterceptorChain.kt:109)
11-01 17:28:57.966  2617  2617 W LoginViewModel$invokeSuspend: 	at okhttp3.internal.http.BridgeInterceptor.intercept(BridgeInterceptor.kt:83)
11-01 17:28:57.966  2617  2617 W LoginViewModel$invokeSuspend: 	at okhttp3.internal.http.RealInterceptorChain.proceed(RealInterceptorChain.kt:109)
11-01 17:28:57.966  2617  2617 W LoginViewModel$invokeSuspend: 	at okhttp3.internal.http.RetryAndFollowUpInterceptor.intercept(RetryAndFollowUpInterceptor.kt:76)
11-01 17:28:57.966  2617  2617 W LoginViewModel$invokeSuspend: 	at okhttp3.internal.http.RealInterceptorChain.proceed(RealInterceptorChain.kt:109)
11-01 17:28:57.966  2617  2617 W LoginViewModel$invokeSuspend: 	at com.ustadmobile.libcache.okhttp.UstadCacheInterceptor.intercept(UstadCacheInterceptor.kt:407)
11-01 17:28:57.966  2617  2617 W LoginViewModel$invokeSuspend: 	at okhttp3.internal.http.RealInterceptorChain.proceed(RealInterceptorChain.kt:109)
11-01 17:28:57.966  2617  2617 W LoginViewModel$invokeSuspend: 	at okhttp3.internal.connection.RealCall.getResponseWithInterceptorChain$okhttp(RealCall.kt:201)
11-01 17:28:57.966  2617  2617 W LoginViewModel$invokeSuspend: 	at okhttp3.internal.connection.RealCall$AsyncCall.run(RealCall.kt:517)
11-01 17:28:57.966  2617  2617 W LoginViewModel$invokeSuspend: 	at java.util.concurrent.ThreadPoolExecutor.runWorker(ThreadPoolExecutor.java:1137)
11-01 17:28:57.966  2617  2617 W LoginViewModel$invokeSuspend: 	at java.util.concurrent.ThreadPoolExecutor$Worker.run(ThreadPoolExecutor.java:637)
11-01 17:28:57.966  2617  2617 W LoginViewModel$invokeSuspend: 	at java.lang.Thread.run(Thread.java:1012)
11-01 17:28:57.966  2617  2617 W LoginViewModel$invokeSuspend: Caused by: java.net.ConnectException: failed to connect to edubridge-afghanistan.app/65.21.146.62 (port 443) from /10.0.2.16 (port 47880) after 10000ms: isConnected failed: ECONNREFUSED (Connection refused)
11-01 17:28:57.966  2617  2617 W LoginViewModel$invokeSuspend: 	at libcore.io.IoBridge.isConnected(IoBridge.java:347)
11-01 17:28:57.966  2617  2617 W LoginViewModel$invokeSuspend: 	at libcore.io.IoBridge.connectErrno(IoBridge.java:237)
11-01 17:28:57.966  2617  2617 W LoginViewModel$invokeSuspend: 	at libcore.io.IoBridge.connect(IoBridge.java:179)
11-01 17:28:57.966  2617  2617 W LoginViewModel$invokeSuspend: 	at java.net.PlainSocketImpl.socketConnect(PlainSocketImpl.java:142)
11-01 17:28:57.966  2617  2617 W LoginViewModel$invokeSuspend: 	at java.net.AbstractPlainSocketImpl.doConnect(AbstractPlainSocketImpl.java:390)
11-01 17:28:57.966  2617  2617 W LoginViewModel$invokeSuspend: 	at java.net.AbstractPlainSocketImpl.connectToAddress(AbstractPlainSocketImpl.java:230)
11-01 17:28:57.966  2617  2617 W LoginViewModel$invokeSuspend: 	at java.net.AbstractPlainSocketImpl.connect(AbstractPlainSocketImpl.java:212)
11-01 17:28:57.966  2617  2617 W LoginViewModel$invokeSuspend: 	at java.net.SocksSocketImpl.connect(SocksSocketImpl.java:436)
11-01 17:28:57.966  2617  2617 W LoginViewModel$invokeSuspend: 	at java.net.Socket.connect(Socket.java:646)
11-01 17:28:57.966  2617  2617 W LoginViewModel$invokeSuspend: 	at okhttp3.internal.platform.Platform.connectSocket(Platform.kt:128)
11-01 17:28:57.966  2617  2617 W LoginViewModel$invokeSuspend: 	at okhttp3.internal.connection.RealConnection.connectSocket(RealConnection.kt:295)
