11-01 17:26:51.939  2617  2617 W LoginViewModel$invokeSuspend: 	at java.net.SocksSocketImpl.connect(SocksSocketImpl.java:436)
11-01 17:26:51.939  2617  2617 W LoginViewModel$invokeSuspend: 	at java.net.Socket.connect(Socket.java:646)
11-01 17:26:51.939  2617  2617 W LoginViewModel$invokeSuspend: 	at okhttp3.internal.platform.Platform.connectSocket(Platform.kt:128)
11-01 17:26:51.939  2617  2617 W LoginViewModel$invokeSuspend: 	at okhttp3.internal.connection.RealConnection.connectSocket(RealConnection.kt:295)
11-01 17:26:51.939  2617  2617 W LoginViewModel$invokeSuspend: 	... 20 more
11-01 17:26:51.939  2617  2617 W LoginViewModel$invokeSuspend: Caused by: android.system.ErrnoException: isConnected failed: ECONNREFUSED (Connection refused)
11-01 17:26:51.939  2617  2617 W LoginViewModel$invokeSuspend: 	at libcore.io.IoBridge.isConnected(IoBridge.java:334)
11-01 17:26:51.939  2617  2617 W LoginViewModel$invokeSuspend: 	... 30 more
11-01 17:26:52.594  2617  2674 D EGL_emulation: app_time_stats: avg=2.30ms min=1.20ms max=13.93ms count=60
11-01 17:26:53.277  2749  2755 W dex2oat64: Accessing hidden method Landroid/window/BackEvent;->getProgress()F (blocked, linking, denied)
11-01 17:26:53.277  2749  2755 W dex2oat64: Accessing hidden method Landroid/window/BackEvent;->getSwipeEdge()I (blocked, linking, denied)
11-01 17:26:53.277  2749  2755 W dex2oat64: Accessing hidden method Landroid/window/BackEvent;->getTouchX()F (blocked, linking, denied)
11-01 17:26:53.277  2749  2755 W dex2oat64: Accessing hidden method Landroid/window/BackEvent;->getTouchY()F (blocked, linking, denied)
11-01 17:26:53.585  2749  2756 W dex2oat64: Method java.lang.Object androidx.compose.runtime.snapshots.SnapshotStateMap.mutate(kotlin.jvm.functions.Function1) failed lock verification and will run slower.
11-01 17:26:53.585  2749  2756 W dex2oat64: Common causes for lock verification issues are non-optimized dex code
11-01 17:26:53.585  2749  2756 W dex2oat64: and incorrect proguard optimizations.
11-01 17:26:53.585  2749  2756 W dex2oat64: Method void androidx.compose.runtime.snapshots.SnapshotStateMap.update(kotlin.jvm.functions.Function1) failed lock verification and will run slower.
11-01 17:26:53.585  2749  2756 W dex2oat64: Method boolean androidx.compose.runtime.snapshots.SnapshotStateMap.removeIf$runtime_release(kotlin.jvm.functions.Function1) failed lock verification and will run slower.
11-01 17:26:53.607  2749  2756 W dex2oat64: Method boolean androidx.compose.runtime.snapshots.SnapshotStateList.conditionalUpdate(boolean, kotlin.jvm.functions.Function1) failed lock verification and will run slower.
11-01 17:26:53.607  2749  2756 W dex2oat64: Method boolean androidx.compose.runtime.snapshots.SnapshotStateList.conditionalUpdate$default(androidx.compose.runtime.snapshots.SnapshotStateList, boolean, kotlin.jvm.functions.Function1, int, java.lang.Object) failed lock verification and will run slower.
11-01 17:26:53.607  2749  2756 W dex2oat64: Method java.lang.Object androidx.compose.runtime.snapshots.SnapshotStateList.mutate(kotlin.jvm.functions.Function1) failed lock verification and will run slower.
11-01 17:26:53.607  2749  2756 W dex2oat64: Method void androidx.compose.runtime.snapshots.SnapshotStateList.update(boolean, kotlin.jvm.functions.Function1) failed lock verification and will run slower.
11-01 17:26:53.607  2749  2756 W dex2oat64: Method void androidx.compose.runtime.snapshots.SnapshotStateList.update$default(androidx.compose.runtime.snapshots.SnapshotStateList, boolean, kotlin.jvm.functions.Function1, int, java.lang.Object) failed lock verification and will run slower.
11-01 17:26:53.609  2617  2674 D EGL_emulation: app_time_stats: avg=1.62ms min=1.12ms max=7.92ms count=61
11-01 17:26:54.609  2617  2674 D EGL_emulation: app_time_stats: avg=3.14ms min=1.07ms max=20.72ms count=58
11-01 17:26:54.815  1405  2091 I Dialer  : OmtpVvmCarrierCfgHlpr - OmtpEvent:CONFIG_STATUS_SMS_TIME_OUT
11-01 17:26:54.820  1405  1405 I Dialer  : RetryPolicy - discarding deferred status: configuration_state=4
11-01 17:26:54.820  1405  1405 I Dialer  : VvmTaskExecutor - no more tasks, stopping service if no task are added in 5000 millis
11-01 17:26:54.822  1405  1405 I Dialer  : VvmTaskReceiver - task received
11-01 17:26:54.822  1405  1405 I Dialer  : VvmTaskReceiver - TaskExecutor already running
11-01 17:26:54.822  1405  1405 I Dialer  : Task.createTask - create task:com.android.voicemail.impl.ActivationTask
11-01 17:26:54.822  1405  1405 I Dialer  : RetryPolicy - retry #4 for com.android.voicemail.impl.ActivationTask@31038c5 queued, executing in 5000
11-01 17:26:54.822  1405  1405 I Dialer  : VvmTaskExecutor - com.android.voicemail.impl.ActivationTask@31038c5 added
11-01 17:26:54.822  1405  1405 I Dialer  : VvmTaskExecutor - minimal wait time:5000
11-01 17:26:54.822  1405  1405 I Dialer  : VvmTaskExecutor - sleep for 5000 millis
11-01 17:26:55.451  2749  2749 I dex2oat64: Explicit concurrent copying GC freed 197305(32MB) AllocSpace objects, 0(0B) LOS objects, 49% free, 2112KB/4224KB, paused 17us,4us total 8.040ms
11-01 17:26:55.609  2617  2674 D EGL_emulation: app_time_stats: avg=1.45ms min=1.21ms max=2.06ms count=60
11-01 17:26:55.872  2749  2749 I dex2oat64: dex2oat took 8.955s (12.386s cpu) (threads: 4) arena alloc=9109KB (9328216B) java alloc=2112KB (2162944B) native alloc=21MB (22555952B) free=146MB (153217952B)
11-01 17:26:55.913   496   496 V installd: DexInv: --- END '/data/app/~~BwgQtX5CYUpjiTMOEzzJJw==/org.street_child.edubridge-_HKotTTaiFD4n6vJUuyHvA==/base.apk' (success) ---
11-01 17:26:55.958  1510  1761 W MediaProvider: isAppCloneUserPair for user 0: false
11-01 17:26:55.959  1510  1761 V MediaProvider: Inserted id:1000000026 less than next row id backup:1000001000.
11-01 17:26:56.373  2772  2772 W profman : profman took 377.563ms
11-01 17:26:56.398  1510  1859 W MediaProvider: isAppCloneUserPair for user 0: false
11-01 17:26:56.399  1510  1859 V MediaProvider: Inserted id:1000000027 less than next row id backup:1000001000.
11-01 17:26:56.514  1510  1758 I MediaProvider: Deleted 0 0 0 0 0 0 0 items on external_primary due to com.ustadmobile.app_android_baselineprofile
11-01 17:26:56.609  2617  2674 D EGL_emulation: app_time_stats: avg=1.56ms min=1.00ms max=2.52ms count=60
11-01 17:26:56.932  2525  2542 D Benchmark: Killing package org.street_child.edubridge
11-01 17:26:56.932  2525  2542 D Benchmark: Killing process org.street_child.edubridge
11-01 17:26:56.932  2525  2542 D UiDevice: Executing shell command: killall org.street_child.edubridge
11-01 17:26:56.951  2525  2542 D Benchmark: Compile iteration (2) for org.street_child.edubridge
11-01 17:26:56.951  2525  2542 D UiDevice: Pressing home button.
11-01 17:26:56.987   867   867 V ShadeControllerImpl: NotificationShadeWindow: com.android.systemui.shade.NotificationShadeWindowView{f025071 I.E...... ......ID 0,0-320,640} canPanelBeCollapsed(): false
11-01 17:26:57.005  1129  1129 D TaplTarget: Launcher.onNewIntent: Intent { act=android.intent.action.MAIN cat=[android.intent.category.HOME] flg=0x10400100 cmp=com.android.launcher3/.uioverrides.QuickstepLauncher (has extras) }
11-01 17:26:57.012   867   867 V ShadeControllerImpl: NotificationShadeWindow: com.android.systemui.shade.NotificationShadeWindowView{f025071 I.E...... ......ID 0,0-320,640} canPanelBeCollapsed(): false
11-01 17:26:57.026   425   425 I BpBinder: onLastStrongRef automatically unlinking death recipients: <uncached descriptor>
11-01 17:26:57.045   425  1244 D PermissionCache: checking android.permission.READ_FRAME_BUFFER for uid=1000 => granted (404 us)
11-01 17:26:57.061  1510  1758 W MediaProvider: isAppCloneUserPair for user 0: false
11-01 17:26:57.062  1510  1758 V MediaProvider: Inserted id:1000000028 less than next row id backup:1000001000.
11-01 17:26:57.079   213   213 I hwservicemanager: getTransport: Cannot find entry android.hardware.graphics.mapper@4.0::IMapper/default in either framework or device VINTF manifest.
11-01 17:26:57.081   575   976 I Gralloc4: mapper 4.x is not supported
11-01 17:26:57.161   575   976 D HostConnection: HostComposition ext ANDROID_EMU_CHECKSUM_HELPER_v1 ANDROID_EMU_native_sync_v2 ANDROID_EMU_dma_v1 ANDROID_EMU_direct_mem ANDROID_EMU_host_composition_v1 ANDROID_EMU_host_composition_v2 ANDROID_EMU_vulkan ANDROID_EMU_deferred_vulkan_commands ANDROID_EMU_vulkan_null_optional_strings ANDROID_EMU_vulkan_create_resources_with_requirements ANDROID_EMU_YUV_Cache ANDROID_EMU_vulkan_ignored_handles ANDROID_EMU_has_shared_slots_host_memory_allocator ANDROID_EMU_vulkan_free_memory_sync ANDROID_EMU_vulkan_shader_float16_int8 ANDROID_EMU_vulkan_async_queue_submit ANDROID_EMU_vulkan_queue_submit_with_commands ANDROID_EMU_vulkan_batched_descriptor_set_update ANDROID_EMU_sync_buffer_data ANDROID_EMU_vulkan_async_qsri ANDROID_EMU_read_color_buffer_dma ANDROID_EMU_hwc_multi_configs GL_OES_EGL_image_external_essl3 GL_OES_vertex_array_object GL_KHR_texture_compression_astc_ldr ANDROID_EMU_host_side_tracing ANDROID_EMU_gles_max_version_3_0
11-01 17:26:57.177   575   590 W system_server: Long monitor contention with owner android.anim (600) at void com.android.server.wm.WindowSurfacePlacer$Traverser.run()(WindowSurfacePlacer.java:58) waiters=0 in void com.android.server.wm.WindowManagerService.reportKeepClearAreasChanged(com.android.server.wm.Session, android.view.IWindow, java.util.List, java.util.List) for 142ms
11-01 17:26:57.179   575  2327 W system_server: Long monitor contention with owner android.anim (600) at void com.android.server.wm.WindowSurfacePlacer$Traverser.run()(WindowSurfacePlacer.java:58) waiters=3 in android.app.ActivityTaskManager$RootTaskInfo com.android.server.wm.ActivityTaskManagerService.getFocusedRootTaskInfo() for 134ms
11-01 17:26:57.183   575   599 W system_server: Long monitor contention with owner android.anim (600) at void com.android.server.wm.WindowSurfacePlacer$Traverser.run()(WindowSurfacePlacer.java:58) waiters=2 in void com.android.server.wm.WindowManagerService$H.handleMessage(android.os.Message) for 151ms
11-01 17:26:57.204   867   995 D EGL_emulation: app_time_stats: avg=2328.64ms min=5.13ms max=18500.78ms count=8
11-01 17:26:57.254  2525  2542 I System.out: 0 Flags,FrameTimelineVsyncId,IntendedVsync,Vsync,InputEventId,HandleInputStart,AnimationStart,PerformTraversalsStart,DrawStart,FrameDeadline,FrameInterval,FrameStartTime,SyncQueued,SyncStart,IssueDrawCommandsStart,SwapBuffers,FrameCompleted,DequeueBufferDuration,QueueBufferDuration,GpuCompleted,SwapBuffersCompleted,DisplayPresentTime,CommandSubmissionCompleted,
11-01 17:26:57.254  2525  2542 I System.out: 1 0,9582,289916834185,289916834185,0,289917120555,289917121355,289917610955,289917636435,289950167517,289917117345,16666666,289917900105,289919051095,289919102985,289919496165,289935448360,15014515,138810,289933620559,289935448360,289951801584,289919496165,
11-01 17:26:57.254  2525  2542 I System.out: 2 0,9590,289933500851,289933500851,0,289933782439,289933783179,289934200349,289934223099,289966834183,289933779209,16666666,289934456889,289935497890,289935544700,289935904810,289952026554,15288664,101100,289950310634,289952026554,289969705459,289935904810,
11-01 17:26:57.254  2525  2542 I System.out: 3 0,9598,289950167517,289950167517,0,289950459214,289950460084,289950877374,289950901034,289983500849,289950456214,16666666,289951668814,289952075534,289952121854,289952510764,289968965029,15580174,111770,289967027748,289968965029,289984769813,289952510764,
11-01 17:26:57.254  2525  2542 I System.out: 4 0,9606,289966834183,289966834183,0,289967232248,289967232848,289967722439,289968398159,290000167515,289967229138,16666666,289968639259,289968998149,289969043889,289969495229,289985285293,14427864,119050,289970763019,289985285293,290001716358,289969495229,
11-01 17:26:57.254  2525  2542 I System.out: 5 0,9614,289983500849,289983500849,0,289983824513,289983825143,289984258863,289984288383,290016834181,289983821523,16666666,289984548313,289985316974,289985364044,289985797174,290001875328,15184584,102330,290000300268,290001875328,290018312043,289985797174,
11-01 17:26:57.254  2525  2542 I System.out: 6 0,9622,290000167515,290000167515,0,290000450488,290000451368,290000822528,290001448958,290033500847,290000447038,16666666,290001654218,290001910658,290001952388,290002378348,290018533733,15136314,123961,290016957392,290018533733,290035337017,290002378348,
11-01 17:26:57.254  2525  2542 I System.out: 7 0,9630,290016834181,290016834181,0,290017131542,290017132412,290018583543,290018608043,290050167513,290017128582,16666666,290018872233,290018925263,290018968813,290019453503,290035651277,15208224,109370,290033645887,290035651277,290051907322,290019453503,
11-01 17:26:57.254  2525  2542 I System.out: 8 0,9638,290033500847,290033500847,0,290033751037,290033751687,290035058877,290035085757,290066834179,290033747897,16666666,290035471037,290035685117,290035729678,290036214058,290052199552,15093244,119570,290050326852,290052199552,290068827257,290036214058,
11-01 17:26:57.254  2525  2542 I System.out: 9 0,9646,290050167513,290050167513,0,290050496182,290050497532,290051726952,290051752992,290083500845,290050493232,16666666,290052105302,290052231892,290052272712,290052704312,290069112737,15414305,110210,290066979416,290069112737,290085153301,290052704312,
11-01 17:26:57.254  2525  2542 I System.out: 10 0,9654,290066834179,290066834179,0,290067151626,290067152356,290067641626,290067667016,290100167511,290067148186,16666666,290068704057,290069147327,290069189067,290069688877,290085346971,14548564,135650,290083649841,290085346971,290101973106,290069688877,
11-01 17:26:57.255  2525  2542 I System.out: 11 0,9662,290083500845,290083500845,0,290083791621,290083792251,290084216941,290084953111,290116834177,290083788401,16666666,290085268601,290085372671,290085425131,290085816981,290102125776,15398064,84060,290100293535,290102125776,290118921121,290085816981,
11-01 17:26:57.255  2525  2542 I System.out: 12 0,9670,290100167511,290100167511,0,290100495805,290100496405,290100957216,290100984386,290133500843,290100492665,16666666,290101286256,290102161126,290102208926,290102705866,290119145481,15450105,114760,290116990390,290119145481,290135175405,290102705866,
11-01 17:26:57.255  2525  2542 I System.out: 13 0,9678,290116834177,290116834177,0,290117165170,290117166250,290117739540,290117766940,290150167509,290117162090,16666666,290118056590,290119180631,290119225321,290119649401,290135415075,14736534,117890,290133631935,290135415075,290152017470,290119649401,
11-01 17:26:57.255  2525  2542 I System.out: 14 0,9686,290133500843,290133500843,0,290133796965,290133797605,290134222055,290134248915,290166834175,290133793955,16666666,290134509035,290135450875,290135492825,290135975625,290152211750,15388124,116470,290150288939,290152211750,290168479834,290135975625,
11-01 17:26:57.255  2525  2542 I System.out: 15 0,9694,290150167509,290150167509,0,290150422739,290150423499,290150880929,290150909799,290183500841,290150396609,16666666,290151950260,290152242220,290152282250,290152662790,290168711324,15198974,144840,290166991134,290168711324,290185487369,290152662790,
11-01 17:26:57.255  2525  2542 I System.out: 16 0,9702,290166834175,290166834175,0,290167124664,290167125294,290167577924,290167604734,290200167507,290167121264,16666666,290168469384,290168748314,290168785554,290169123275,290185595399,15651064,99000,290169874665,290185595399,290201732784,290169123275,
11-01 17:26:57.255  2525  2542 I System.out: 17 0,9710,290183500841,290183500841,0,290183806749,290183807609,290184474069,290184500729,290216834173,290183803199,16666666,290184822819,290185635819,290185687769,290186198109,290202135184,14934784,149410,290200284733,290202135184,290218359138,290186198109,
11-01 17:26:57.255  2525  2542 I System.out: 18 0,9718,290200167507,290200167507,0,290200438903,290200439643,290200848733,290200870933,290233500839,290200435093,16666666,290201129463,290202172524,290202221854,290202685084,290218621048,15015544,126210,290216971798,290218621048,290235018013,290202685084,
11-01 17:26:57.256  2525  2542 I System.out: 19 0,9726,290216834173,290216834173,0,290217109238,290217109898,290217538108,290217562608,290250167505,290217106328,16666666,290217812938,290218651538,290218690468,290219077548,290235240833,15212924,117020,290233620312,290235240833,290252157088,290219077548,
11-01 17:26:57.256  2525  2542 I System.out: 20 0,9734,290233500839,290233500839,0,290233753253,290233753913,290234818953,290234855393,290266834171,290233750033,16666666,290235267893,290235279533,290235326563,290235701663,290252432518,15664595,223840,290250313977,290252432518,290268521572,290235701663,
11-01 17:26:57.256  2525  2542 I System.out: 21 0,9742,290250167505,290250167505,0,290250433967,290250434437,290250827977,290250850747,290283500837,290250431857,16666666,290251106057,290252483388,290252531458,290252924658,290268768302,14596444,231320,290266993732,290268768302,290285074077,290252924658,
11-01 17:26:57.257  2525  2542 I System.out: 22 0,9750,290266834171,290266834171,0,290267146932,290267147702,290267557862,290267602322,290300167503,290267143912,16666666,290267833972,290268821802,290268867632,290269302972,290285313447,15095914,273640,290270174513,290285313447,290301623551,290269302972,
11-01 17:26:57.258  2525  2542 I System.out: 23 0,9758,290283500837,290283500837,0,290283756566,290283757196,290284263467,290284290067,290316834169,290283753276,16666666,290284571827,290285344427,290285385547,290285792987,290301860261,15279564,170470,290286517637,290301860261,290318787336,290285792987,
11-01 17:26:57.258  2525  2542 I System.out: 24 0,9766,290300167503,290300167503,0,290300431071,290300431791,290300848631,290300915371,290333500835,290300428351,16666666,290301219731,290301921181,290301977431,290302466452,290318873046,15304564,303340,290303499752,290318873046,290334776781,290302466452,
11-01 17:26:57.258  2525  2542 I System.out: 25 0,9774,290316834169,290316834169,0,290317122626,290317123286,290317712826,290317738516,290350167501,290317118036,16666666,290318023396,290318926476,290318974946,290319394696,290335273521,14679154,272000,290333652200,290335273521,290351794155,290319394696,
11-01 17:26:57.261  2525  2542 I System.out: 26 0,9782,290333500835,290333500835,0,290333831280,290333832010,290334351450,290334378220,290366834167,290333828480,16666666,290334676511,290335326431,290335376061,290335756441,290352066145,14919484,320330,290337086201,290352066145,290368651380,290335756441,
11-01 17:26:57.261  2525  2542 I System.out: 27 0,9790,290350167501,290350167501,0,290350416775,290350417215,290350697005,290350719285,290383500833,290350415375,16666666,290350936945,290352119415,290352167945,290352556866,290368929870,14782724,275100,290354084576,290368929870,290385094205,290352556866,
11-01 17:26:57.261  2525  2542 I System.out: 28 0,9798,290366834167,290366834167,0,290367089550,290367089910,290367355530,290367373430,290400167499,290367088440,16666666,290368613150,290368975600,290369020050,290369561590,290385631285,15077115,218930,290383630974,290385631285,290402089659,290369561590,
11-01 17:26:57.261  2525  2542 I System.out: 29 0,9806,290383500833,290383500833,0,290383751734,290383752374,290385287905,290385308315,290416834165,290383749194,16666666,290385563315,290385672075,290385717435,290386172365,290402308049,15168534,172640,290400258179,290402308049,290418843544,290386172365,
11-01 17:26:57.261  2525  2542 I System.out: 30 0,9814,290400167499,290400167499,0,290400420049,290400420759,290401744909,290401774389,290433500831,290400417209,16666666,290402006139,290402339039,290402384039,290402831149,290419045664,15148804,111680,290416986253,290419045664,290435257148,290402831149,
11-01 17:26:57.262  2525  2542 I System.out: 31 0,9822,290416834165,290416834165,0,290417106763,290417107913,290417627394,290417661164,290450167497,290417103863,16666666,290417926234,290419079894,290419122054,290419585464,290435433099,14734165,137890,290433610088,290435433099,290452028903,290419585464,
11-01 17:26:57.262  2525  2542 I System.out: 32 0,9830,290433500831,290433500831,0,290433755998,290433756868,290434284868,290434307568,290466834163,290433752488,16666666,290434526718,290435463259,290435510629,290435929149,290452255553,15425014,92190,290450306743,290452255553,290468570028,290435929149,
11-01 17:26:57.262  2525  2542 I System.out: 33 0,9838,290450167497,290450167497,0,290450470983,290450471763,290451012483,290451038123,290483500829,290450467803,16666666,290451401703,290452293353,290452350203,290452783933,290468804458,14996104,95400,290466975727,290468804458,290485480552,290452783933,
11-01 17:26:57.262  2525  2542 I System.out: 34 0,9846,290466834163,290466834163,0,290467119827,290467120607,290467640147,290467677717,290500167495,290467116427,16666666,290467997728,290468844928,290468890118,290469435088,290485481112,15170974,135150,290483596522,290485481112,290501704697,290469435088,
11-01 17:26:57.263  2525  2542 I System.out: 35 0,9854,290483500829,290483500829,0,290483775182,290483775882,290484222302,290484274592,290516834161,290483772272,16666666,290485333772,290485515582,290485768313,290486331813,290505547078,17856125,121220,290487640353,290505547078,290518917962,290486331813,
11-01 17:26:57.263  2525  2542 I System.out: 36 0,9862,290500167495,290500167495,0,290500449677,290500450457,290500839017,290500862107,290533500827,290500446847,16666666,290501086987,290505584198,290505629278,290506055058,290519175032,12226224,100090,290516915251,290519175032,290535289156,290506055058,
11-01 17:26:57.263  2525  2542 I System.out: 37 0,9870,290516834161,290516834161,0,290517097901,290517098271,290517533591,290518638932,290550167493,290517095181,16666666,290518951282,290519212422,290519465142,290519897272,290535478116,14711554,103550,290533597596,290535478116,290551855621,290519897272,
11-01 17:26:57.263  2525  2542 I System.out: 38 0,9878,290533500827,290533500827,0,290533750456,290533751216,290535118496,290535141966,290566834159,290533748066,16666666,290535500616,290535531836,290535571396,290535964116,290552051781,15166694,91430,290536837147,290552051781,290569482496,290535964116,
11-01 17:26:57.263  2525  2542 I System.out: 39 0,9886,290550167493,290550167493,0,290550425220,290550425690,290550775371,290550795711,290583500825,290550422890,16666666,290551786571,290552085341,290552130231,290552547941,290569753516,16070875,96230,290567002035,290569753516,290585199960,290552547941,
11-01 17:26:57.263  2525  2542 I System.out: 40 0,9894,290566834159,290566834159,0,290567126355,290567127185,290567452265,290567473225,290600167491,290567124975,16666666,290567681005,290569787836,290569830006,290570325346,290585319640,13951964,107120,290583634080,290585319640,290601852885,290570325346,
11-01 17:26:57.263  2525  2542 I System.out: 41 0,9902,290583500825,290583500825,0,290583760220,290583760630,290584186640,290584213490,290616834157,290583757520,16666666,290584463760,290585349210,290585425380,290585805370,290601980325,15271574,91090,290600255084,290601980325,290618805919,290585805370,
11-01 17:26:57.263  2525  2542 I System.out: 42 0,9910,290600167491,290600167491,0,290600433434,290600434084,290600857834,290600888334,290633500823,290600430034,16666666,290601180815,290602013205,290602057475,290602533285,290619103680,15663745,100750,290616955439,290619103680,290635735424,290602533285,
11-01 17:26:57.264  2525  2542 I System.out: 43 0,9918,290616834157,290616834157,0,290617117399,290617118099,290617540409,290617563849,290650167489,290617115009,16666666,290617839329,290619136810,290619178980,290619627820,290636046964,15502534,114160,290633640784,290636046964,290651908959,290619627820,
11-01 17:26:57.264  2525  2542 I System.out: 44 0,9926,290633500823,290633500823,0,290633731914,290633732584,290634179074,290634202934,290666834155,290633729614,16666666,290635197224,290636083794,290636131214,290636612454,290652193789,14421224,117710,290650290868,290652193789,290668451903,290636612454,
11-01 17:26:57.264  2525  2542 I System.out: 45 0,9934,290650167489,290650167489,0,290650422038,290650422398,290650724618,290650746918,290683500821,290650420248,16666666,290650989688,290652258989,290652316419,290652779089,290668278613,14485164,147700,290666946773,290668278613,290685021688,290652779089,
11-01 17:26:57.264  2525  2542 I System.out: 46 0,9942,290666834155,290666834155,0,290667135213,290667135843,290667730593,290667757053,290700167487,290667131603,16666666,290668168703,290668321353,290668385563,290668980963,290684804558,14886444,153920,290683605247,290684804558,290701548222,290668980963,
11-01 17:26:57.264  2525  2542 I System.out: 47 0,9950,290683500821,290683500821,0,290683805458,290683806858,290684224548,290684247388,290716834153,290683801738,16666666,290684464868,290684851768,290684912488,290685453838,290702042263,15617655,113110,290700355732,290702042263,290718577227,290685453838,
11-01 17:26:57.264  2525  2542 I System.out: 48 0,9958,290700167487,290700167487,0,290700573972,290700574492,290700997002,290701021702,290733500819,290700571262,16666666,290701449822,290702074393,290702118403,290702609653,290718753627,15292454,106460,290716919167,290718753627,290735482302,290702609653,
11-01 17:26:57.264  2525  2542 I System.out: 49 0,9966,290716834153,290716834153,0,290717105587,290717106067,290717675477,290717699277,290750167485,290717102287,16666666,290717981187,290718780367,290718817617,290719154237,290735771652,15680874,80160,290733646081,290735771652,290752003446,290719154237,
11-01 17:26:57.265  2525  2542 I System.out: 50 0,9974,290733500819,290733500819,0,290733755321,290733756031,290734148112,290734171532,290766834151,290733752351,16666666,290734443922,290735811932,290736005492,290736354762,290752216347,15044295,77950,290750261256,290752216347,290768683111,290736354762,
11-01 17:26:57.265  2525  2542 I System.out: 51 0,9982,290750167485,290750167485,0,290750420106,290750420766,290750787296,290750807306,290783500817,290750417486,16666666,290751944686,290752248257,290752290827,290752783277,290768857611,15100934,104150,290766942721,290768857611,290785441386,290752783277,
11-01 17:26:57.265  2525  2542 I System.out: 52 0,9990,290766834151,290766834151,0,290767088841,290767089811,290767411921,290767437821,290800167483,290767086261,16666666,290768402951,290768885071,290768921161,290769269171,290785682996,15623015,84350,290783618585,290785682996,290801959620,290769269171,
11-01 17:26:57.265  2525  2542 I System.out: 53 0,9998,290783500817,290783500817,0,290783789525,290783790565,290784231795,290784255235,290816834149,290783786605,16666666,290784494175,290785728746,290785775676,290786173076,290802243150,15201254,89330,290800246520,290802243150,290818704285,290786173076,
11-01 17:26:57.265  2525  2542 I System.out: 54 0,10006,290800167483,290800167483,0,290800417300,290800417860,290800852360,290800876680,290833500815,290800414330,16666666,290801128160,290802282130,290802330420,290802802071,290819023655,15152704,134330,290816948785,290819023655,290835365790,290802802071,
11-01 17:26:57.265  2525  2542 I System.out: 55 0,10014,290816834149,290816834149,0,290817081825,290817082445,290817524175,290817549225,290850167481,290817078955,16666666,290817818375,290819063755,290819104365,290819521905,290835658730,15269005,124440,290820313415,290835658730,290852053324,290819521905,
11-01 17:26:57.265  2525  2542 I System.out: 56 0,10022,290833500815,290833500815,0,290833790639,290833791669,290834210219,290834234949,290866834147,290833787709,16666666,290834572119,290835705110,290835749300,290836184320,290852330834,15200934,142160,290850296474,290852330834,290868127659,290836184320,
11-01 17:26:57.265  2525  2542 I System.out: 57 0,10030,290850167481,290850167481,0,290850435464,290850436074,290850827104,290850850414,290883500813,290850432324,16666666,290851117514,290852368704,290852414034,290852874384,290868752379,15010564,143600,290853666825,290868752379,290885460464,290852874384,
11-01 17:26:57.265  2525  2542 I System.out: 58 0,10038,290866834147,290866834147,0,290867132138,290867132778,290867552649,290867582069,290900167479,290867128768,16666666,290867961169,290868792719,290868841209,290869363329,290885757054,15453715,138610,290883634043,290885757054,290901858618,290869363329,
11-01 17:26:57.265  2525  2542 I System.out: 59 0,10046,290883500813,290883500813,0,290883830993,290883831833,290884344363,290884370923,290916834145,290883827563,16666666,290884664733,290885796844,290885841314,290886336504,290902107358,14827134,117240,290900274738,290902107358,290918915073,290886336504,
11-01 17:26:57.265  2525  2542 I System.out: 60 0,10054,290900167479,290900167479,0,290900429648,290900430168,290900806688,290900831778,290933500811,290900426668,16666666,290901022848,290902133548,290902169208,290902504208,290919188973,15912975,77860,290916952732,290919188973,290934520147,290902504208,
11-01 17:26:57.265  2525  2542 I System.out: 61 0,10062,290916834145,290916834145,0,290917117382,290917118022,290918624923,290918666973,290950167477,290917114832,16666666,290919094853,290919241403,290919287403,290919681023,290934660067,13982454,111480,290920638633,290934660067,290951927662,290919681023,
11-01 17:26:57.265  2525  2542 I System.out: 62 0,10070,290933500811,290933500811,0,290933778077,290933778897,290934303657,290934330667,290966834143,290933775057,16666666,290935300067,290935347687,290935390087,290935758838,290952022352,15253294,133680,290936703548,290952022352,290968641087,290935758838,
11-01 17:26:57.265  2525  2542 I System.out: 63 0,10078,290950167477,290950167477,0,290950439872,290950440662,290950870092,290950891952,290983500809,290950436962,16666666,290951108792,290952066092,290952114812,290952551022,290968926317,15276615,163930,290953503032,290968926317,290985152691,290952551022,
11-01 17:26:57.265  2525  2542 I System.out: 64 0,10086,290966834143,290966834143,0,290967089346,290967089856,290967480916,290967503636,291000167475,290967086426,16666666,290967760186,290968958987,290968999357,290969461617,290985480281,15137434,107080,290983602861,290985480281,291001055446,290969461617,
11-01 17:26:57.265  2525  2542 I System.out: 65 0,10094,290983500809,290983500809,0,290983768271,290983768891,290984171811,290984201411,291016834141,290983765791,16666666,290984457231,290985514261,290985557491,290985996601,291002009086,14985284,156530,291000245305,291002009086,291018393050,290985996601,
11-01 17:26:57.265  2525  2542 I System.out: 66 0,10102,291000167475,291000167475,0,291000377405,291000377925,291000724906,291000745666,291033500807,291000375025,16666666,291001901796,291002038946,291002080526,291002503366,291018672151,15151895,183050,291016955610,291018672151,291035196935,291002503366,
11-01 17:26:57.265  2525  2542 I System.out: 67 0,10110,291016834141,291016834141,0,291017099400,291017100190,291018204810,291018238710,291050167473,291017096360,16666666,291018660651,291018705571,291018752321,291019167971,291035455075,15382664,193010,291033629335,291035455075,291051682680,291019167971,
11-01 17:26:57.265  2525  2542 I System.out: 68 0,10118,291033500807,291033500807,0,291033808695,291033809405,291034265915,291034290695,291066834139,291033805615,16666666,291034530605,291035487325,291035530085,291036006985,291051899480,14920634,186360,291050274769,291051899480,291067960794,291036006985,
11-01 17:26:57.265  2525  2542 I System.out: 69 0,10126,291050167473,291050167473,0,291050514259,291050515059,291050960560,291050984510,291083500805,291050511069,16666666,291051246560,291051935360,291051979410,291052461290,291068442014,14966144,222600,291066967744,291068442014,291084465649,291052461290,
11-01 17:26:57.265  2525  2542 I System.out: 70 0,10134,291066834139,291066834139,0,291067115754,291067116474,291067493794,291067517354,291100167471,291067113114,16666666,291067763514,291068470914,291068518064,291068957885,291084839859,14911654,176850,291083630549,291084839859,291101222643,291068957885,
11-01 17:26:57.266  2525  2542 I System.out: 71 0,10142,291083500805,291083500805,0,291083707019,291083707459,291084057799,291084077149,291116834137,291083705149,16666666,291084300009,291084869999,291084913339,291085358709,291101756384,15499585,172830,291086213719,291101756384,291118200548,291085358709,
11-01 17:26:57.266  2525  2542 I System.out: 72 0,10150,291100167471,291100167471,0,291100460803,291100461343,291100885663,291100911503,291133500803,291100458763,16666666,291101177053,291101786454,291101830344,291102217904,291118473488,15337154,139290,291116967818,291118473488,291134495943,291102217904,
11-01 17:26:57.266  2525  2542 I System.out: 73 0,10158,291116834137,291116834137,0,291117082908,291117083288,291117420178,291117441038,291150167469,291117080148,16666666,291117666568,291118505718,291118548428,291118966938,291134967793,14930914,184140,291133615862,291134967793,291151312957,291118966938,
11-01 17:26:57.266  2525  2542 I System.out: 74 0,10166,291133500803,291133500803,0,291133835763,291133836673,291134280463,291134302813,291166834135,291133833143,16666666,291134719193,291134997283,291135043773,291135444373,291151571137,15297594,95380,291150308217,291151571137,291169019342,291135444373,
11-01 17:26:57.266  2525  2542 I System.out: 75 0,10174,291150167469,291150167469,0,291150445537,291150446247,291150965637,291150993907,291183500801,291150442167,16666666,291151275337,291151605327,291151652867,291152158918,291169292032,16263214,107720,291166968922,291169292032,291184815037,291152158918,
11-01 17:26:57.266  2525  2542 I System.out: 76 0,10182,291166834135,291166834135,0,291167178692,291167179532,291167705062,291167734772,291200167467,291167175022,16666666,291168048852,291169334542,291169384362,291169954713,291185108177,14203024,124300,291170842353,291185108177,291201487791,291169954713,
11-01 17:26:57.266  2525  2542 I System.out: 77 0,10190,291183500801,291183500801,0,291183724096,291183724896,291184114866,291184136396,291216834133,291183720906,16666666,291184380677,291185139587,291185178437,291185646587,291201482661,15021724,112520,291200237611,291201482661,291218951846,291185646587,
11-01 17:26:57.266  2525  2542 I System.out: 78 0,10198,291200167467,291200167467,0,291200378471,291200379241,291201330151,291201350201,291233500799,291200374931,16666666,291201559971,291201581161,291201627551,291201980541,291219157856,16367394,152480,291216983296,291219157856,291235810151,291201980541,
11-01 17:26:57.266  2525  2542 I System.out: 79 0,10206,291216834133,291216834133,0,291217233206,291217233856,291217774786,291217799346,291250167465,291217229556,16666666,291218044816,291219193466,291219248036,291220624367,291236124201,14444374,110400,291233654120,291236124201,291252552765,291220624367,
11-01 17:26:57.266  2525  2542 I System.out: 80 0,10214,291233500799,291233500799,0,291233921800,291233922600,291234517960,291234545590,291266834131,291233917840,16666666,291234815931,291236160191,291236208411,291236695611,291252955926,15047395,115430,291237703381,291252955926,291268951780,291236695611,
11-01 17:26:57.266  2525  2542 I System.out: 81 0,10222,291250167465,291250167465,0,291250409205,291250409765,291250820295,291250846575,291283500797,291250406145,16666666,291251079955,291252989126,291253033556,291253563706,291269144680,14645404,101840,291266964730,291269144680,291289496616,291253563706,
11-01 17:26:57.266  2525  2542 I System.out: 82 0,10230,291266834131,291266834131,0,291267654710,291267655420,291268016950,291268039040,291300167463,291267651760,16666666,291268246610,291269178660,291269232170,291269698290,291289881946,18207195,134280,291271578291,291289881946,291303304810,291269698290,
11-01 17:26:57.266  2525  2542 I System.out: 83 0,10238,291283500797,291283500797,0,291283773414,291283774064,291284226164,291284252224,291316834129,291283770444,16666666,291286066265,291289932216,291289983466,291290519366,291303643460,11720434,132160,291300287129,291303643460,291318882514,291290519366,
11-01 17:26:57.266  2525  2542 I System.out: 84 0,10246,291300167463,291300167463,0,291302508329,291302508859,291302922489,291302948879,291333500795,291302504699,16666666,291303189420,291303692790,291303733670,291304127250,291319200484,14105154,108790,291305010270,291319200484,291335100718,291304127250,
11-01 17:26:57.266  2525  2542 I System.out: 85 0,10254,291316834129,291316834129,0,291317085683,291317086513,291317532204,291317555224,291350167461,291317082023,16666666,291318682494,291319254814,291319308494,291319964934,291335274298,13568023,103410,291333632378,291335274298,291351383743,291319964934,
11-01 17:26:57.266  2525  2542 I System.out: 86 0,10262,291333500795,291333500795,0,291333758898,291333759548,291334192658,291334218478,291366834127,291333756138,16666666,291334473488,291335321208,291335365199,291335846509,291351519163,14472044,103970,291350275393,291351519163,291368719918,291335846509,
11-01 17:26:57.266  2525  2542 I System.out: 87 0,10270,291350167461,291350167461,0,291350433053,291350433793,291350870613,291350893093,291383500793,291350429813,16666666,291351111213,291351543733,291351568143,291351801703,291368331838,15787625,66610,291366923287,291368331838,291385731802,291351801703,
11-01 17:26:57.266  2525  2542 I System.out: 88 0,10278,291366834127,291366834127,0,291367128067,291367128697,291368465848,291368488908,291400167459,291367124897,16666666,291368699128,291368729028,291368764188,291369158288,291386054613,15981945,100630,291383615162,291386054613,291401986627,291369158288,
11-01 17:26:57.266  2525  2542 I System.out: 89 0,10286,291383500793,291383500793,0,291383761492,291383762202,291384155852,291384177642,291416834125,291383758612,16666666,291384404812,291386101583,291386155993,291386682683,291402197927,14460404,140370,291400316357,291402197927,291418692272,291386682683,
11-01 17:26:57.266  2525  2542 I System.out: 90 0,10294,291400167459,291400167459,0,291400486347,291400487587,291400987697,291401042107,291433500791,291400482707,16666666,291401280337,291402257537,291402314277,291402822407,291425496444,21599216,187331,291416993561,291425496444,291435185306,291402822407,
11-01 17:26:57.266  2525  2542 I System.out: 91 0,10302,291416834125,291416834125,0,291417109661,291417110471,291417571051,291417596011,291450167457,291417106791,16666666,291417826131,291425549174,291425599164,291426018964,291435841876,8432792,213810,291433675076,291435841876,291451221861,291426018964,
11-01 17:26:57.266  2525  2542 I System.out: 92 0,10310,291433500791,291433500791,0,291433803276,291433803836,291435272196,291435296636,291466834123,291433800216,16666666,291435526096,291435876296,291435942396,291436412337,291451742081,13746064,202960,291450328710,291451742081,291473298807,291436412337,
11-01 17:26:57.266  2525  2542 I System.out: 93 0,10318,291450167457,291450167457,0,291450428610,291450429050,291450828621,291450852281,291483500789,291450426500,16666666,291451141351,291451773241,291451814721,291452204211,291472722427,19622266,165010,291453042981,291472722427,291485498160,291452204211,
11-01 17:26:57.266  2525  2542 I System.out: 94 0,10326,291466834123,291466834123,0,291469882426,291469883146,291470354636,291470378906,291500167455,291469878906,16666666,291470600856,291472766977,291472816277,291473274527,291486267710,11817253,255040,291483698140,291486267710,291504789506,291473274527,
11-01 17:26:57.266  2525  2542 I System.out: 95 0,10334,291483500789,291483500789,0,291483753820,291483754680,291484194850,291484221600,291516834121,291483750550,16666666,291484462760,291486325300,291486376430,291486797691,291505289746,17273845,211410,291500317214,291505289746,291519021990,291486797691,
11-01 17:26:57.266  2525  2542 I System.out: 96 0,10342,291500167455,291500167455,0,291500449284,291500449994,291500859694,291500882044,291533500787,291500446244,16666666,291501112315,291505353266,291505442816,291506125396,291519251040,11070254,272990,291508093726,291519251040,291537329815,291506125396,
11-01 17:26:57.266  2525  2542 I System.out: 97 0,10350,291516834121,291516834121,0,291518830989,291518831679,291519344240,291519369210,291550167453,291518827509,16666666,291519612820,291519650640,291519698230,291520252470,291542673456,20715296,310760,291521836260,291542673456,291552389749,291520252470,
11-01 17:26:57.267  2525  2542 I System.out: 98 0,10358,291533500787,291533500787,0,291537490685,291537491455,291542447666,291542477136,291566834119,291537487335,16666666,291542729836,291542777566,291542830456,291543395666,291553708409,8801202,302920,291544832427,291553708409,291569623654,291543395666,
11-01 17:26:57.267  2525  2542 I System.out: 99 0,10366,291550167453,291550167453,0,291550425498,291550426508,291550891938,291550922008,291583500785,291550422538,16666666,291552141909,291553750339,291553803919,291554246069,291569965584,14602584,230380,291555295060,291569965584,291585985088,291554246069,
11-01 17:26:57.267  2525  2542 I System.out: 100 0,10374,291566834119,291566834119,0,291567105003,291567105803,291567573913,291567597003,291600167451,291567101493,16666666,291567825473,291570014764,291570065464,291570643204,291586423698,14219114,190850,291572118184,291586423698,291602344363,291570643204,
11-01 17:26:57.267  2525  2542 I System.out: 101 0,10382,291583500785,291583500785,0,291583768888,291583769728,291584217548,291584243338,291616834117,291583765437,16666666,291584472178,291586468918,291586521228,291586951108,291602618693,14515494,187370,291600321202,291602618693,291618965687,291586951108,
11-01 17:26:57.267  2525  2542 I System.out: 102 0,10390,291600167451,291600167451,0,291600466722,291600467802,291600920412,291600974672,291633500783,291600463182,16666666,291601998813,291602660873,291602712813,291603210823,291619397587,15128904,217340,291617032457,291619397587,291635604062,291603210823,
11-01 17:26:57.267  2525  2542 I System.out: 103 0,10398,291616834117,291616834117,0,291617112837,291617113707,291617592637,291617624047,291650167449,291617109317,16666666,291618986807,291619446487,291619496477,291620335468,291636327262,11324373,306320,291633689711,291636327262,291652369557,291620335468,
11-01 17:26:57.267  2525  2542 I System.out: 104 0,10406,291633500783,291633500783,0,291633745931,291633746581,291634174072,291634199762,291666834115,291633742971,16666666,291635621542,291636365892,291636415212,291636925642,291653013837,14998074,204191,291650341676,291653013837,291671502282,291636925642,
11-01 17:26:57.267  2525  2542 I System.out: 105 0,10414,291650167449,291650167449,0,291650436546,291650437796,291650865716,291650891376,291683500781,291650433316,16666666,291652463237,291653061667,291653111127,291653692487,291672798812,17088075,256190,291655625927,291672798812,291687168086,291653692487,
11-01 17:26:57.267  2525  2542 I System.out: 106 0,10422,291666834115,291666834115,0,291671631322,291671632092,291672079312,291672104292,291700167447,291671628282,16666666,291672337762,291672832722,291672882582,291674016693,291687284006,11074093,424470,291676129693,291687284006,291703403431,291674016693,
11-01 17:26:57.267  2525  2542 I System.out: 107 0,10430,291683500781,291683500781,0,291685442456,291685443346,291685862276,291685885926,291716834113,291685439006,16666666,291686131726,291687318846,291687365796,291687837196,291703645271,14753554,90010,291700289820,291703645271,291720042485,291687837196,
11-01 17:26:57.267  2525  2542 I System.out: 108 0,10438,291700167447,291700167447,0,291701920340,291701920960,291702354340,291702381290,291733500779,291701916780,16666666,291702618231,291703684761,291703737151,291704241271,291720438465,14396344,294780,291716995395,291720438465,291735991990,291704241271,
11-01 17:26:57.267  2525  2542 I System.out: 109 0,10446,291716834113,291716834113,0,291717512375,291717513185,291717912425,291717935775,291750167445,291717509435,16666666,291718180035,291720492065,291720546855,291721724866,291737583540,13905724,462990,291723617376,291737583540,291755568985,291721724866,
11-01 17:26:57.267  2525  2542 I System.out: 110 0,10454,291733500779,291733500779,0,291733782179,291733783159,291734192579,291734222379,291766834111,291733778679,16666666,291734475929,291737636670,291737685020,291738100490,291756240465,17087654,189980,291753572815,291756240465,291768940669,291738100490,
11-01 17:26:57.267  2525  2542 I System.out: 111 0,10462,291750167445,291750167445,0,291753567325,291753567905,291755071205,291755102815,291783500777,291753563905,16666666,291755606565,291756287415,291756349825,291757223146,291769057619,9766053,355500,291766988288,291769057619,291786314584,291757223146,
11-01 17:26:57.267  2525  2542 I System.out: 112 0,10470,291766834111,291766834111,0,291767172058,291767173138,291767637049,291767662559,291800167443,291767168868,16666666,291768686139,291769094199,291769140199,291769980609,291786497274,14892624,135090,291783606463,291786497274,291806190939,291769980609,
11-01 17:26:57.267  2525  2542 I System.out: 113 0,10478,291783500777,291783500777,0,291784100893,291784101643,291784471753,291784497683,291816834109,291784097713,16666666,291784727643,291786543144,291786829314,291787345504,291806763729,18055815,139380,291788614364,291806763729,291822398974,291787345504,
11-01 17:26:57.267  2525  2542 I System.out: 114 0,10507,291800167443,291800167443,0,291801379918,291801380558,291801813628,291801837258,291833500775,291801376338,16666666,291802084958,291806809099,291806858899,291808113460,291825635425,15999195,219910,291820248293,291825635425,291846159700,291808113460,
11-01 17:26:57.267  2525  2542 I System.out: 115 0,10536,291816834109,291816834109,0,291818857853,291818858463,291820178073,291820199363,291850167441,291818855203,16666666,291820409183,291825679915,291825753265,291826363865,291849312331,941091,132870,291849312331,291846665141,291872162328,291826363865,
11-01 17:26:57.267  2525  2542 I System.out: 116 0,10561,291833500775,291833500775,0,291833854287,291833854917,291834839417,291834863017,291866834107,291833851127,16666666,291835099447,291846721911,291847073511,291848398811,291872487908,23091487,135100,291869859247,291872487908,291931480364,291848398811,
11-01 17:26:57.267  2525  2542 I System.out: 117 0,10587,291850167441,291850167441,0,291850574682,291850575392,291851099452,291851124002,291900167439,291850572342,16666666,291851532352,291872530078,291872574178,291874062108,291933814365,58548187,139130,291927026423,291933814365,289885119686,291874062108,
11-01 17:26:57.267  2525  2542 I System.out: 118 0,10608,291866834107,291866834107,0,291872917078,291872917408,291873178678,291873227838,291950167437,291872915668,16666666,291873476988,291934477565,291943379467,291946243668,291947945889,3380,606101,291947899339,291947945889,289901842840,291946243668,
11-01 17:26:57.267  2525  2542 I System.out: 119 0,10630,291883500773,291933500771,0,291938264496,291938264796,291941102657,291941460947,291966834103,291938261956,16666666,291943354417,291948005869,291948065269,291948479519,291961739492,1516411,5034061,291961739492,291955766851,289918768065,291948479519,
11-01 17:26:57.267  2525  2542 I System.out: 120 0,10667,291950172986,291950172986,0,291955967851,291955968611,291956373751,291956396151,291983500769,291955965001,16666666,291956624151,291957304931,291957353821,291960678012,291973799906,11981584,251790,291969559005,291973799906,289935225940,291960678012,
11-01 17:26:57.269  2525  2542 D Benchmark: Starting activity with command: am start  -W "intent:#Intent;action=android.intent.action.MAIN;category=android.intent.category.LAUNCHER;launchFlags=0x10008000;package=org.street_child.edubridge;component=org.street_child.edubridge/com.ustadmobile.port.android.view.AppActivity;end"
11-01 17:26:57.280  1510  1859 W MediaProvider: isAppCloneUserPair for user 0: false
11-01 17:26:57.282  1510  1859 V MediaProvider: Inserted id:1000000029 less than next row id backup:1000001000.
11-01 17:26:57.343   867   924 D SplashScreenView: Build android.window.SplashScreenView{308a923 V.E...... ......ID 0,0-0,0}
11-01 17:26:57.343   867   924 D SplashScreenView: Icon: view: null drawable: null size: 0
11-01 17:26:57.343   867   924 D SplashScreenView: Branding: view: android.view.View{24ade20 G.ED..... ......I. 0,0-0,0 #10204db android:id/splashscreen_branding_view} drawable: null size w: 0 h: 0
11-01 17:26:57.365  2617  2617 D AppActivity$onDestroy: AppActivity#onDestroy
11-01 17:26:57.368   867   995 W Parcel  : Expecting binder but got null!
11-01 17:26:57.372   575  2327 W InputManager-JNI: Input channel object '98bb1c9 org.street_child.edubridge/com.ustadmobile.port.android.view.AppActivity (client)' was disposed without first being removed with the input manager!
11-01 17:26:57.575   425   459 W TransactionTracing: Could not find layer handle 0x7b1d627620d0
11-01 17:26:57.578   425   459 W TransactionTracing: Could not find layer handle 0x7b1d627640b0
11-01 17:26:57.578   425   459 W TransactionTracing: Could not find layer handle 0x7b1d627650d0
11-01 17:26:57.578   425   459 W TransactionTracing: Could not find layer handle 0x7b1d627620d0
11-01 17:26:57.587  2617  2617 W CustomTabsClient: Unable to find any Custom Tabs packages, you may need to add a <queries> element to your manifest. See the docs for CustomTabsClient#getPackageName.
11-01 17:26:57.587  2617  2617 W AppActivity$bindCustomTabsService: CustomTabs: Service NOT supported
11-01 17:26:57.612  2617  2617 D AutofillManager: Fill dialog is enabled:false, hints=[]
11-01 17:26:57.626  2617  2617 W OnBackInvokedCallback: OnBackInvokedCallback is not enabled for the application.
11-01 17:26:57.626  2617  2617 W OnBackInvokedCallback: Set 'android:enableOnBackInvokedCallback="true"' in the application manifest.
11-01 17:26:57.660   575  2327 D ConnectivityService: requestNetwork for uid/pid:10126/2617 activeRequest: null callbackRequest: 48 [NetworkRequest [ REQUEST id=49, [ Capabilities: INTERNET&NOT_RESTRICTED&TRUSTED&NOT_VCN_MANAGED Uid: 10126 RequestorUid: 10126 RequestorPkg: org.street_child.edubridge UnderlyingNetworks: Null] ]] callback flags: 0 order: 2147483647
11-01 17:26:57.661   575   808 D ConnectivityService: NetReassign [49 : null → 100]
