11-01 17:30:29.102  2525  2542 D UiDevice: Searching for node with selector: BySelector [TEXT='\QGet Started\E'].
11-01 17:30:30.042  2617  2674 D EGL_emulation: app_time_stats: avg=1.31ms min=1.08ms max=3.55ms count=61
11-01 17:30:30.106  2525  2542 D UiDevice: Retrieving node with selector: BySelector [TEXT='\QGet Started\E'].
11-01 17:30:30.110  2525  2542 D UiDevice: Node not found with selector: BySelector [TEXT='\QGet Started\E'].
11-01 17:30:31.046  2617  2674 D EGL_emulation: app_time_stats: avg=2.42ms min=1.06ms max=7.14ms count=60
11-01 17:30:32.058  2617  2674 D EGL_emulation: app_time_stats: avg=1.82ms min=0.96ms max=5.27ms count=61
11-01 17:30:33.058  2617  2674 D EGL_emulation: app_time_stats: avg=1.22ms min=1.08ms max=1.52ms count=60
11-01 17:30:34.075  2617  2674 D EGL_emulation: app_time_stats: avg=1.22ms min=1.07ms max=1.40ms count=61
11-01 17:30:34.368   393   393 E android.hardware.power.stats@1.0-service-mock: Failed to getEnergyData
11-01 17:30:34.479   575   922 D WifiNl80211Manager: Scan result ready event
11-01 17:30:34.480   575   922 D WifiNative: Scan result ready event
11-01 17:30:35.091  2617  2674 D EGL_emulation: app_time_stats: avg=1.23ms min=1.07ms max=1.54ms count=61
11-01 17:30:35.111  2525  2542 D Benchmark: Profile Installer - Save Profile
11-01 17:30:35.146  2617  2617 I Process : Sending signal. PID: 2617 SIG: 10
11-01 17:30:35.146  2617  2617 D ProfileInstaller:
11-01 17:30:35.147  2617  2622 I child.edubridge: Thread[3,tid=2622,WaitingInMainSignalCatcherLoop,Thread*=0x7c11db9e5b20,peer=0x130c1a48,"Signal Catcher"]: reacting to signal 10
11-01 17:30:35.147  2617  2622 I child.edubridge:
11-01 17:30:35.147  2617  2622 I child.edubridge: SIGUSR1 forcing GC (no HPROF) and profile save
11-01 17:30:35.203  2617  2622 I child.edubridge: Explicit concurrent copying GC freed 146104(5016KB) AllocSpace objects, 1(56KB) LOS objects, 49% free, 7298KB/14MB, paused 70us,18us total 56.327ms
11-01 17:30:35.649  2525  2542 D Benchmark: Killing process org.street_child.edubridge
11-01 17:30:35.649  2525  2542 D UiDevice: Executing shell command: killall org.street_child.edubridge
11-01 17:30:35.679  1510  1761 W MediaProvider: isAppCloneUserPair for user 0: false
11-01 17:30:35.681  1510  1761 V MediaProvider: Inserted id:1000000079 less than next row id backup:1000001000.
11-01 17:30:35.735   575   922 I PackageDexOptimizer: Running dexopt (dexoptNeeded=-3) on: /data/app/~~BwgQtX5CYUpjiTMOEzzJJw==/org.street_child.edubridge-_HKotTTaiFD4n6vJUuyHvA==/base.apk pkg=org.street_child.edubridge isa=x86_64 dexoptFlags=boot_complete,profile_guided,force,enable_hidden_api_checks targetFilter=speed-profile oatDir=/data/app/~~BwgQtX5CYUpjiTMOEzzJJw==/org.street_child.edubridge-_HKotTTaiFD4n6vJUuyHvA==/oat classLoaderContext=PCL[]{PCL[/system_ext/framework/androidx.window.extensions.jar]#PCL[/system_ext/framework/androidx.window.sidecar.jar]}
11-01 17:30:35.737   496   496 V installd: DexInv: --- BEGIN '/data/app/~~BwgQtX5CYUpjiTMOEzzJJw==/org.street_child.edubridge-_HKotTTaiFD4n6vJUuyHvA==/base.apk' ---
11-01 17:30:35.737   496   496 V installd: Running /apex/com.android.art/bin/dex2oat64 in=base.apk out=/data/app/~~BwgQtX5CYUpjiTMOEzzJJw==/org.street_child.edubridge-_HKotTTaiFD4n6vJUuyHvA==/oat/x86_64/base.odex
11-01 17:30:35.756  3836  3836 W dex2oat64: Unexpected CPU variant for x86: x86_64.
11-01 17:30:35.756  3836  3836 W dex2oat64: Known variants: atom, sandybridge, silvermont, kabylake, default
11-01 17:30:35.758  3836  3836 W dex2oat64: Mismatch between dex2oat instruction set features to use (ISA: X86_64 Feature string: -ssse3,-sse4.1,-sse4.2,-avx,-avx2,-popcnt) and those from CPP defines (ISA: X86_64 Feature string: ssse3,sse4.1,sse4.2,-avx,-avx2,popcnt) for the command line:
11-01 17:30:35.758  3836  3836 W dex2oat64: /apex/com.android.art/bin/dex2oat64 --zip-fd=8 --zip-location=base.apk --oat-fd=9 --oat-location=/data/app/~~BwgQtX5CYUpjiTMOEzzJJw==/org.street_child.edubridge-_HKotTTaiFD4n6vJUuyHvA==/oat/x86_64/base.odex --input-vdex-fd=11 --output-vdex-fd=10 --app-image-fd=14 --image-format=lz4 --profile-file-fd=13 --swap-fd=12 --classpath-dir=/data/app/~~BwgQtX5CYUpjiTMOEzzJJw==/org.street_child.edubridge-_HKotTTaiFD4n6vJUuyHvA== --class-loader-context=PCL[]{PCL[/system_ext/framework/androidx.window.extensions.jar]#PCL[/system_ext/framework/androidx.window.sidecar.jar]} --instruction-set=x86_64 --instruction-set-features=default --instruction-set-variant=x86_64 --compiler-filter=speed-profile --compilation-reason=cmdline --max-image-block-size=524288 --resolve-startup-const-strings=true --generate-mini-debug-info --runtime-arg -Xtarget-sdk-version:34 --runtime-arg -Xhidden-api-policy:enabled --runtime-arg -Xms64m --runtime-arg -Xmx512m
11-01 17:30:35.763  3836  3836 I dex2oat64: /apex/com.android.art/bin/dex2oat64 --input-vdex-fd=11 --output-vdex-fd=10 --profile-file-fd=13 --classpath-dir=/data/app/~~BwgQtX5CYUpjiTMOEzzJJw==/org.street_child.edubridge-_HKotTTaiFD4n6vJUuyHvA== --class-loader-context=PCL[]{PCL[/system_ext/framework/androidx.window.extensions.jar]#PCL[/system_ext/framework/androidx.window.sidecar.jar]} --compiler-filter=speed-profile --compilation-reason=cmdline --max-image-block-size=524288 --resolve-startup-const-strings=true --generate-mini-debug-info
11-01 17:30:36.092  2617  2674 D EGL_emulation: app_time_stats: avg=1.31ms min=1.03ms max=2.52ms count=60
11-01 17:30:37.108  2617  2674 D EGL_emulation: app_time_stats: avg=1.36ms min=1.07ms max=1.85ms count=61
11-01 17:30:37.292  2617  2635 D UstadCache: CacheTrimmer:  Trim cache run: max (evictable) size = 100000000 bytes
11-01 17:30:37.293  2617  2635 V UstadCache: CacheTrimmer:  deleting
11-01 17:30:38.125  2617  2674 D EGL_emulation: app_time_stats: avg=1.30ms min=1.10ms max=1.56ms count=61
11-01 17:30:39.029  2617  2726 V UstadCache: OKHttp-CacheInterceptor:  intercept: GET https://edubridge-afghanistan.app/Site/verify
11-01 17:30:39.029  2617  2726 I UstadCache: UstadCache(): Retrieve https://edubridge-afghanistan.app/Site/verify
11-01 17:30:39.029  2617  2726 D UstadCache: UstadCache(): MISS https://edubridge-afghanistan.app/Site/verify
11-01 17:30:39.032  2617  2726 D TrafficStats: tagSocket(78) with statsTag=0xffffffff, statsUid=-1
11-01 17:30:39.060  2617  2617 W LoginViewModel$invokeSuspend: Could not load site object for https://edubridge-afghanistan.app/
11-01 17:30:39.060  2617  2617 W LoginViewModel$invokeSuspend: java.net.ConnectException: Failed to connect to edubridge-afghanistan.app/65.21.146.62:443
11-01 17:30:39.060  2617  2617 W LoginViewModel$invokeSuspend: 	at okhttp3.internal.connection.RealConnection.connectSocket(RealConnection.kt:297)
11-01 17:30:39.060  2617  2617 W LoginViewModel$invokeSuspend: 	at okhttp3.internal.connection.RealConnection.connect(RealConnection.kt:207)
11-01 17:30:39.060  2617  2617 W LoginViewModel$invokeSuspend: 	at okhttp3.internal.connection.ExchangeFinder.findConnection(ExchangeFinder.kt:226)
11-01 17:30:39.060  2617  2617 W LoginViewModel$invokeSuspend: 	at okhttp3.internal.connection.ExchangeFinder.findHealthyConnection(ExchangeFinder.kt:106)
11-01 17:30:39.060  2617  2617 W LoginViewModel$invokeSuspend: 	at okhttp3.internal.connection.ExchangeFinder.find(ExchangeFinder.kt:74)
11-01 17:30:39.060  2617  2617 W LoginViewModel$invokeSuspend: 	at okhttp3.internal.connection.RealCall.initExchange$okhttp(RealCall.kt:255)
11-01 17:30:39.060  2617  2617 W LoginViewModel$invokeSuspend: 	at okhttp3.internal.connection.ConnectInterceptor.intercept(ConnectInterceptor.kt:32)
11-01 17:30:39.060  2617  2617 W LoginViewModel$invokeSuspend: 	at okhttp3.internal.http.RealInterceptorChain.proceed(RealInterceptorChain.kt:109)
11-01 17:30:39.060  2617  2617 W LoginViewModel$invokeSuspend: 	at okhttp3.internal.cache.CacheInterceptor.intercept(CacheInterceptor.kt:95)
11-01 17:30:39.060  2617  2617 W LoginViewModel$invokeSuspend: 	at okhttp3.internal.http.RealInterceptorChain.proceed(RealInterceptorChain.kt:109)
11-01 17:30:39.060  2617  2617 W LoginViewModel$invokeSuspend: 	at okhttp3.internal.http.BridgeInterceptor.intercept(BridgeInterceptor.kt:83)
11-01 17:30:39.060  2617  2617 W LoginViewModel$invokeSuspend: 	at okhttp3.internal.http.RealInterceptorChain.proceed(RealInterceptorChain.kt:109)
11-01 17:30:39.060  2617  2617 W LoginViewModel$invokeSuspend: 	at okhttp3.internal.http.RetryAndFollowUpInterceptor.intercept(RetryAndFollowUpInterceptor.kt:76)
11-01 17:30:39.060  2617  2617 W LoginViewModel$invokeSuspend: 	at okhttp3.internal.http.RealInterceptorChain.proceed(RealInterceptorChain.kt:109)
11-01 17:30:39.060  2617  2617 W LoginViewModel$invokeSuspend: 	at com.ustadmobile.libcache.okhttp.UstadCacheInterceptor.intercept(UstadCacheInterceptor.kt:407)
11-01 17:30:39.060  2617  2617 W LoginViewModel$invokeSuspend: 	at okhttp3.internal.http.RealInterceptorChain.proceed(RealInterceptorChain.kt:109)
11-01 17:30:39.060  2617  2617 W LoginViewModel$invokeSuspend: 	at okhttp3.internal.connection.RealCall.getResponseWithInterceptorChain$okhttp(RealCall.kt:201)
11-01 17:30:39.060  2617  2617 W LoginViewModel$invokeSuspend: 	at okhttp3.internal.connection.RealCall$AsyncCall.run(RealCall.kt:517)
11-01 17:30:39.060  2617  2617 W LoginViewModel$invokeSuspend: 	at java.util.concurrent.ThreadPoolExecutor.runWorker(ThreadPoolExecutor.java:1137)
11-01 17:30:39.060  2617  2617 W LoginViewModel$invokeSuspend: 	at java.util.concurrent.ThreadPoolExecutor$Worker.run(ThreadPoolExecutor.java:637)
11-01 17:30:39.060  2617  2617 W LoginViewModel$invokeSuspend: 	at java.lang.Thread.run(Thread.java:1012)
11-01 17:30:39.060  2617  2617 W LoginViewModel$invokeSuspend: Caused by: java.net.ConnectException: failed to connect to edubridge-afghanistan.app/65.21.146.62 (port 443) from /10.0.2.16 (port 50924) after 10000ms: isConnected failed: ECONNREFUSED (Connection refused)
11-01 17:30:39.060  2617  2617 W LoginViewModel$invokeSuspend: 	at libcore.io.IoBridge.isConnected(IoBridge.java:347)
11-01 17:30:39.060  2617  2617 W LoginViewModel$invokeSuspend: 	at libcore.io.IoBridge.connectErrno(IoBridge.java:237)
11-01 17:30:39.060  2617  2617 W LoginViewModel$invokeSuspend: 	at libcore.io.IoBridge.connect(IoBridge.java:179)
11-01 17:30:39.060  2617  2617 W LoginViewModel$invokeSuspend: 	at java.net.PlainSocketImpl.socketConnect(PlainSocketImpl.java:142)
11-01 17:30:39.060  2617  2617 W LoginViewModel$invokeSuspend: 	at java.net.AbstractPlainSocketImpl.doConnect(AbstractPlainSocketImpl.java:390)
11-01 17:30:39.060  2617  2617 W LoginViewModel$invokeSuspend: 	at java.net.AbstractPlainSocketImpl.connectToAddress(AbstractPlainSocketImpl.java:230)
11-01 17:30:39.060  2617  2617 W LoginViewModel$invokeSuspend: 	at java.net.AbstractPlainSocketImpl.connect(AbstractPlainSocketImpl.java:212)
11-01 17:30:39.060  2617  2617 W LoginViewModel$invokeSuspend: 	at java.net.SocksSocketImpl.connect(SocksSocketImpl.java:436)
11-01 17:30:39.060  2617  2617 W LoginViewModel$invokeSuspend: 	at java.net.Socket.connect(Socket.java:646)
11-01 17:30:39.060  2617  2617 W LoginViewModel$invokeSuspend: 	at okhttp3.internal.platform.Platform.connectSocket(Platform.kt:128)
11-01 17:30:39.060  2617  2617 W LoginViewModel$invokeSuspend: 	at okhttp3.internal.connection.RealConnection.connectSocket(RealConnection.kt:295)
11-01 17:30:39.060  2617  2617 W LoginViewModel$invokeSuspend: 	... 20 more
11-01 17:30:39.060  2617  2617 W LoginViewModel$invokeSuspend: Caused by: android.system.ErrnoException: isConnected failed: ECONNREFUSED (Connection refused)
11-01 17:30:39.060  2617  2617 W LoginViewModel$invokeSuspend: 	at libcore.io.IoBridge.isConnected(IoBridge.java:334)
11-01 17:30:39.060  2617  2617 W LoginViewModel$invokeSuspend: 	... 30 more
11-01 17:30:39.142  2617  2674 D EGL_emulation: app_time_stats: avg=1.27ms min=1.10ms max=1.56ms count=61
11-01 17:30:40.063  3836  3841 W dex2oat64: Accessing hidden method Landroid/window/BackEvent;->getProgress()F (blocked, linking, denied)
11-01 17:30:40.063  3836  3841 W dex2oat64: Accessing hidden method Landroid/window/BackEvent;->getSwipeEdge()I (blocked, linking, denied)
11-01 17:30:40.063  3836  3841 W dex2oat64: Accessing hidden method Landroid/window/BackEvent;->getTouchX()F (blocked, linking, denied)
11-01 17:30:40.063  3836  3841 W dex2oat64: Accessing hidden method Landroid/window/BackEvent;->getTouchY()F (blocked, linking, denied)
11-01 17:30:40.158  2617  2674 D EGL_emulation: app_time_stats: avg=1.27ms min=0.93ms max=1.83ms count=61
11-01 17:30:40.316  3836  3842 W dex2oat64: Method java.lang.Object androidx.compose.runtime.snapshots.SnapshotStateMap.mutate(kotlin.jvm.functions.Function1) failed lock verification and will run slower.
11-01 17:30:40.316  3836  3842 W dex2oat64: Common causes for lock verification issues are non-optimized dex code
11-01 17:30:40.316  3836  3842 W dex2oat64: and incorrect proguard optimizations.
11-01 17:30:40.316  3836  3842 W dex2oat64: Method void androidx.compose.runtime.snapshots.SnapshotStateMap.update(kotlin.jvm.functions.Function1) failed lock verification and will run slower.
11-01 17:30:40.316  3836  3842 W dex2oat64: Method boolean androidx.compose.runtime.snapshots.SnapshotStateMap.removeIf$runtime_release(kotlin.jvm.functions.Function1) failed lock verification and will run slower.
11-01 17:30:40.336  3836  3841 W dex2oat64: Method boolean androidx.compose.runtime.snapshots.SnapshotStateList.conditionalUpdate(boolean, kotlin.jvm.functions.Function1) failed lock verification and will run slower.
11-01 17:30:40.336  3836  3841 W dex2oat64: Method boolean androidx.compose.runtime.snapshots.SnapshotStateList.conditionalUpdate$default(androidx.compose.runtime.snapshots.SnapshotStateList, boolean, kotlin.jvm.functions.Function1, int, java.lang.Object) failed lock verification and will run slower.
11-01 17:30:40.336  3836  3841 W dex2oat64: Method java.lang.Object androidx.compose.runtime.snapshots.SnapshotStateList.mutate(kotlin.jvm.functions.Function1) failed lock verification and will run slower.
11-01 17:30:40.336  3836  3841 W dex2oat64: Method void androidx.compose.runtime.snapshots.SnapshotStateList.update(boolean, kotlin.jvm.functions.Function1) failed lock verification and will run slower.
11-01 17:30:40.336  3836  3841 W dex2oat64: Method void androidx.compose.runtime.snapshots.SnapshotStateList.update$default(androidx.compose.runtime.snapshots.SnapshotStateList, boolean, kotlin.jvm.functions.Function1, int, java.lang.Object) failed lock verification and will run slower.
11-01 17:30:41.158  2617  2674 D EGL_emulation: app_time_stats: avg=1.23ms min=0.97ms max=1.58ms count=60
11-01 17:30:41.696  3836  3836 I dex2oat64: Explicit concurrent copying GC freed 197306(32MB) AllocSpace objects, 0(0B) LOS objects, 49% free, 2112KB/4224KB, paused 15us,4us total 7.769ms
11-01 17:30:42.018  3836  3836 I dex2oat64: dex2oat took 6.262s (9.750s cpu) (threads: 4) arena alloc=10MB (10626424B) java alloc=2112KB (2162944B) native alloc=21MB (22676832B) free=145MB (153047616B)
11-01 17:30:42.049   496   496 V installd: DexInv: --- END '/data/app/~~BwgQtX5CYUpjiTMOEzzJJw==/org.street_child.edubridge-_HKotTTaiFD4n6vJUuyHvA==/base.apk' (success) ---
11-01 17:30:42.099  1510  2837 W MediaProvider: isAppCloneUserPair for user 0: false
11-01 17:30:42.100  1510  2837 V MediaProvider: Inserted id:1000000080 less than next row id backup:1000001000.
11-01 17:30:42.159  2617  2674 D EGL_emulation: app_time_stats: avg=1.35ms min=1.12ms max=2.00ms count=60
11-01 17:30:42.491  3859  3859 W profman : profman took 356.772ms
11-01 17:30:42.512  1510  1758 W MediaProvider: isAppCloneUserPair for user 0: false
11-01 17:30:42.512  1510  1758 V MediaProvider: Inserted id:1000000081 less than next row id backup:1000001000.
11-01 17:30:43.175  2617  2674 D EGL_emulation: app_time_stats: avg=1.26ms min=1.05ms max=1.59ms count=61
11-01 17:30:43.255  1510  1859 I MediaProvider: Deleted 0 0 0 0 0 0 0 items on external_primary due to com.ustadmobile.app_android_baselineprofile
11-01 17:30:44.068  2525  2542 D Benchmark: Unstable profiles during iteration 10
11-01 17:30:44.068  2525  2542 D Benchmark: Killing package org.street_child.edubridge
11-01 17:30:44.068  2525  2542 D Benchmark: Killing process org.street_child.edubridge
11-01 17:30:44.068  2525  2542 D UiDevice: Executing shell command: killall org.street_child.edubridge
11-01 17:30:44.080  2525  2542 D Benchmark: Compile iteration (11) for org.street_child.edubridge
11-01 17:30:44.080  2525  2542 D UiDevice: Pressing home button.
11-01 17:30:44.095   867   867 V ShadeControllerImpl: NotificationShadeWindow: com.android.systemui.shade.NotificationShadeWindowView{f025071 I.E...... ......ID 0,0-320,640} canPanelBeCollapsed(): false
11-01 17:30:44.101  1129  1129 D TaplTarget: Launcher.onNewIntent: Intent { act=android.intent.action.MAIN cat=[android.intent.category.HOME] flg=0x10400100 cmp=com.android.launcher3/.uioverrides.QuickstepLauncher (has extras) }
11-01 17:30:44.103   867   867 V ShadeControllerImpl: NotificationShadeWindow: com.android.systemui.shade.NotificationShadeWindowView{f025071 I.E...... ......ID 0,0-320,640} canPanelBeCollapsed(): false
11-01 17:30:44.123   425   425 I BpBinder: onLastStrongRef automatically unlinking death recipients: <uncached descriptor>
11-01 17:30:44.123   425   459 W TransactionTracing: Could not find layer handle 0x7b1d62763630
11-01 17:30:44.133  1510  1761 W MediaProvider: isAppCloneUserPair for user 0: false
11-01 17:30:44.133   867   995 D EGL_emulation: app_time_stats: avg=874.22ms min=12.34ms max=24589.79ms count=29
11-01 17:30:44.134  1510  1761 V MediaProvider: Inserted id:1000000082 less than next row id backup:1000001000.
11-01 17:30:44.182  2617  2674 D EGL_emulation: app_time_stats: avg=1.55ms min=1.08ms max=7.05ms count=60
11-01 17:30:44.204  2525  2542 I System.out: 0 Flags,FrameTimelineVsyncId,IntendedVsync,Vsync,InputEventId,HandleInputStart,AnimationStart,PerformTraversalsStart,DrawStart,FrameDeadline,FrameInterval,FrameStartTime,SyncQueued,SyncStart,IssueDrawCommandsStart,SwapBuffers,FrameCompleted,DequeueBufferDuration,QueueBufferDuration,GpuCompleted,SwapBuffersCompleted,DisplayPresentTime,CommandSubmissionCompleted,
11-01 17:30:44.204  2525  2542 I System.out: 1 0,126535,516966825103,516966825103,0,516967020652,516967020982,516967192742,516967204902,517000158435,516967019562,16666666,516967264072,516968224662,516968270462,516968692742,516985085437,15560685,145940,516983590116,516985085437,517001474731,516968692742,
11-01 17:30:44.204  2525  2542 I System.out: 2 0,126543,516983491769,516983491769,0,516983652936,516983653246,516983807886,516983817986,517016825101,516983651926,16666666,516983871926,516985127167,516985169107,516985681077,517001754181,15264714,158740,516986436387,517001754181,517017948586,516985681077,
11-01 17:30:44.204  2525  2542 I System.out: 3 0,126551,517000158435,517000158435,0,517000496611,517000497311,517000784591,517000815031,517033491767,517000493241,16666666,517000946771,517001787171,517001832061,517002264851,517018188256,15139075,112120,517016918825,517018188256,517034534750,517002264851,
11-01 17:30:44.204  2525  2542 I System.out: 4 0,126559,517016825101,517016825101,0,517017024845,517017025285,517017270245,517017295355,517050158433,517017022995,16666666,517017460306,517018221426,517018271976,517018704426,517034727270,15084144,162410,517019590486,517034727270,517051285095,517018704426,
11-01 17:30:44.204  2525  2542 I System.out: 5 0,126567,517033491767,517033491767,0,517033693500,517033693920,517033942220,517033965440,517066825099,517033691770,16666666,517034073140,517034758320,517034799050,517035315650,517051533935,15260064,110920,517050263765,517051533935,517068275040,517035315650,
11-01 17:30:44.204  2525  2542 I System.out: 6 0,126575,517050158433,517050158433,0,517050417425,517050417755,517050628975,517050649775,517083491765,517050415415,16666666,517050747825,517051564505,517051606715,517052023485,517068483440,15485635,164980,517052945625,517068483440,517084917024,517052023485,
11-01 17:30:44.204  2525  2542 I System.out: 7 0,126583,517066825099,517066825099,0,517066991739,517066992059,517067173979,517067191709,517100158431,517066990329,16666666,517067276569,517068513020,517068551610,517069000450,517085081394,15230764,108240,517083586094,517085081394,517101112169,517069000450,
11-01 17:30:44.204  2525  2542 I System.out: 8 0,126591,517083491765,517083491765,0,517083651094,517083651364,517083853514,517083872334,517116825097,517083649624,16666666,517083967894,517085109344,517085143794,517085542964,517101362349,14929064,132790,517086379395,517101362349,517117870753,517085542964,
11-01 17:30:44.204  2525  2542 I System.out: 9 0,126599,517100158431,517100158431,0,517100378999,517100379399,517100564439,517100584709,517133491763,517100377079,16666666,517100682069,517101423899,517101471579,517101930999,517117988173,15098674,159430,517102847729,517117988173,517135102128,517101930999,
11-01 17:30:44.204  2525  2542 I System.out: 10 0,126607,517116825097,517116825097,0,517117048173,517117048483,517117239423,517117263023,517150158429,517117046453,16666666,517117374133,517118015533,517118050023,517118422054,517135314188,16017394,158760,517119246624,517135314188,517151061953,517118422054,
11-01 17:30:44.204  2525  2542 I System.out: 11 0,126615,517133491763,517133491763,0,517133748748,517133749178,517133957388,517133978898,517166825095,517133746988,16666666,517134076358,517135344538,517135384438,517135795888,517151281023,14629264,174190,517136596389,517151281023,517167705987,517135795888,
11-01 17:30:44.204  2525  2542 I System.out: 12 0,126623,517150158429,517150158429,0,517150403202,517150403582,517150614292,517150635583,517183491761,517150401532,16666666,517150731063,517151311463,517151356313,517151778903,517168125407,15487934,153590,517152591443,517168125407,517184304622,517151778903,
11-01 17:30:44.204  2525  2542 I System.out: 13 0,126631,517166825095,517166825095,0,517167091097,517167091537,517167309217,517167334357,517200158427,517167088897,16666666,517167439087,517168152737,517168195157,517168682308,517184760262,15147144,186790,517169573998,517184760262,517201061947,517168682308,
11-01 17:30:44.204  2525  2542 I System.out: 14 0,126639,517183491761,517183491761,0,517183699752,517183700152,517183857912,517183876912,517216825093,517183698302,16666666,517183963132,517184780952,517184816452,517185135212,517201307037,15391445,71430,517200270206,517201307037,517218057001,517185135212,
11-01 17:30:44.204  2525  2542 I System.out: 15 0,126647,517200158427,517200158427,0,517200379486,517200379846,517200577866,517200598996,517233491759,517200377686,16666666,517200696446,517201341407,517201423777,517201892457,517218269931,15392804,222240,517202817137,517218269931,517234344626,517201892457,
11-01 17:30:44.204  2525  2542 I System.out: 16 0,126655,517216825093,517216825093,0,517217058331,517217058931,517217334361,517217359941,517250158425,517217055941,16666666,517217530481,517218294811,517218332761,517218689961,517234565626,15046124,107270,517219461922,517234565626,517251102570,517218689961,
11-01 17:30:44.204  2525  2542 I System.out: 17 0,126663,517233491759,517233491759,0,517233762296,517233762816,517234018376,517234042606,517266825091,517233760296,16666666,517234148906,517234601126,517234649796,517235106616,517251468921,15420615,163670,517236001636,517251468921,517268332035,517235106616,
11-01 17:30:44.204  2525  2542 I System.out: 18 0,126671,517250158425,517250158425,0,517250386880,517250387380,517250568130,517250587730,517283491757,517250385180,16666666,517250676060,517251494531,517251533411,517251890481,517268543335,15809314,114800,517266931905,517268543335,517284480650,517251890481,
11-01 17:30:44.204  2525  2542 I System.out: 19 0,126679,517266825091,517266825091,0,517267010025,517267010465,517267180145,517267194805,517300158423,517267008605,16666666,517267269575,517268595995,517268645905,517269100485,517284764300,14643344,183840,517270060896,517284764300,517301219304,517269100485,
11-01 17:30:44.204  2525  2542 I System.out: 20 0,126687,517283491757,517283491757,0,517283694839,517283695269,517283871840,517283881480,517316825089,517283693809,16666666,517283932960,517284816450,517284869380,517285354830,517301617864,15262354,143990,517300260234,517301617864,517317823439,517285354830,
11-01 17:30:44.204  2525  2542 I System.out: 21 0,126695,517300158423,517300158423,0,517300328884,517300329344,517300522224,517300535804,517333491755,517300327244,16666666,517300600844,517301659844,517301703584,517302075465,517318014559,15003044,181330,517302961825,517318014559,517334410814,517302075465,
11-01 17:30:44.204  2525  2542 I System.out: 22 0,126703,517316825089,517316825089,0,517317033359,517317033919,517317230239,517317249609,517350158421,517317030999,16666666,517317341259,517318046839,517318088949,517318462339,517334688434,15417025,143590,517319228889,517334688434,517351045218,517318462339,
11-01 17:30:44.204  2525  2542 I System.out: 23 0,126711,517333491755,517333491755,0,517333765283,517333766223,517334014393,517334040783,517366825087,517333762403,16666666,517334165963,517334724764,517334769174,517335112554,517351433478,15553854,101710,517350260088,517351433478,517367552953,517335112554,
11-01 17:30:44.204  2525  2542 I System.out: 24 0,126719,517350158421,517350158421,0,517350374918,517350375328,517350500868,517350511938,517383491753,517350373718,16666666,517350565958,517351458868,517351486348,517351803668,517368024853,15415674,148260,517352575699,517368024853,517384327957,517351803668,
11-01 17:30:44.204  2525  2542 I System.out: 25 0,126727,517366825087,517366825087,0,517366984603,517366984913,517367105813,517367115653,517400158419,517366983553,16666666,517367164933,517368044543,517368065723,517368356943,517384778478,15636315,109880,517383593247,517384778478,517401107722,517368356943,
11-01 17:30:44.204  2525  2542 I System.out: 26 0,126735,517383491753,517383491753,0,517383698997,517383699437,517383896567,517383918837,517416825085,517383697277,16666666,517384025387,517384803818,517384832318,517385198238,517401511042,15371554,150600,517386092338,517401511042,517417857087,517385198238,
11-01 17:30:44.204  2525  2542 I System.out: 27 0,126743,517400158419,517400158419,0,517400352742,517400353042,517400531132,517400543182,517433491751,517400351592,16666666,517400603892,517401534312,517401562202,517401878562,517418028747,15359274,146520,517402620422,517418028747,517434727091,517401878562,
11-01 17:30:44.204  2525  2542 I System.out: 28 0,126751,517416825085,517416825085,0,517416964736,517416964996,517417095297,517417104927,517450158417,517416963976,16666666,517417151787,517418054637,517418087057,517418489147,517434777441,15468654,100360,517433605511,517434777441,517451546516,517418489147,
11-01 17:30:44.204  2525  2542 I System.out: 29 0,126759,517433491751,517433491751,0,517433672901,517433673311,517433874731,517433888871,517466825083,517433671731,16666666,517433963931,517434801211,517434831281,517435202502,517451720976,15722934,143260,517435959822,517451720976,517468154291,517435202502,
11-01 17:30:44.204  2525  2542 I System.out: 30 0,126767,517450158417,517450158417,0,517450302336,517450302656,517450463746,517450474356,517483491749,517450301446,16666666,517450530916,517451743186,517451768116,517452090376,517468336601,15452025,140910,517452842846,517468336601,517484720295,517452090376,
11-01 17:30:44.205  2525  2542 I System.out: 31 0,126775,517466825083,517466825083,0,517466968480,517466968730,517467085840,517467095400,517500158415,517466967650,16666666,517467144780,517468358821,517468384791,517468692761,517484883225,15336954,168980,517469511591,517484883225,517500993940,517468692761,
11-01 17:30:44.205  2525  2542 I System.out: 32 0,126783,517483491749,517483491749,0,517483702015,517483702335,517483874965,517483890715,517516825081,517483700225,16666666,517483973365,517484901405,517484921505,517485203275,517501418470,15456164,92060,517500261400,517501418470,517518214845,517485203275,
11-01 17:30:44.205  2525  2542 I System.out: 33 0,126791,517500158415,517500158415,0,517500340050,517500340540,517500502650,517500514610,517533491747,517500338830,16666666,517500574840,517501440110,517501464560,517501772440,517518350705,15667415,142420,517502644350,517518350705,517534377979,517501772440,
11-01 17:30:44.205  2525  2542 I System.out: 34 0,126799,517516825081,517516825081,0,517516998844,517516999154,517517140694,517517151034,517550158413,517516997764,16666666,517517206684,517518373375,517518398055,517518714025,517534604329,15055004,145300,517519499425,517534604329,517551088654,517518714025,
11-01 17:30:44.205  2525  2542 I System.out: 35 0,126807,517533491747,517533491747,0,517533640879,517533641219,517533770949,517533780609,517566825079,517533639849,16666666,517533830919,517534625109,517534650819,517534960699,517551263484,15478135,145310,517535743649,517551263484,517567667978,517534960699,
11-01 17:30:44.205  2525  2542 I System.out: 36 0,126815,517550158413,517550158413,0,517550327174,517550327414,517550444954,517550453404,517583491745,517550326334,16666666,517550496184,517551286994,517551312944,517551659684,517567968998,15362854,148830,517552553434,517567968998,517584499173,517551659684,
11-01 17:30:44.205  2525  2542 I System.out: 37 0,126823,517566825079,517566825079,0,517567012048,517567012328,517567161388,517567172258,517600158411,517567010898,16666666,517567228968,517567993678,517568022508,517568406789,517584772163,15543894,100160,517583615083,517584772163,517601000468,517568406789,
11-01 17:30:44.205  2525  2542 I System.out: 38 0,126831,517583491745,517583491745,0,517583685823,517583686213,517583896113,517583913253,517616825077,517583684053,16666666,517584004553,517584799543,517584838653,517585225403,517601353088,15332555,99000,517600263837,517601353088,517617723292,517585225403,
11-01 17:30:44.205  2525  2542 I System.out: 39 0,126839,517600158411,517600158411,0,517600355777,517600356267,517600536757,517600552217,517633491743,517600354047,16666666,517600626167,517601378768,517601424738,517601744038,517618061812,15405024,143410,517602611848,517618061812,517634385947,517601744038,
11-01 17:30:44.205  2525  2542 I System.out: 40 0,126847,517616825077,517616825077,0,517617002302,517617002572,517617164142,517617176052,517650158409,517617001342,16666666,517617246492,517618085772,517618111262,517618418832,517634712967,15489844,141660,517619174643,517634712967,517651000971,517618418832,
11-01 17:30:44.205  2525  2542 I System.out: 41 0,126855,517633491743,517633491743,0,517633685807,517633686117,517633831257,517633841287,517666825075,517633684777,16666666,517633905607,517634737317,517634767647,517635087707,517651385922,15442065,144850,517635897627,517651385922,517667753056,517635087707,
11-01 17:30:44.205  2525  2542 I System.out: 42 0,126863,517650158409,517650158409,0,517650319351,517650319601,517650414401,517650421951,517683491741,517650318561,16666666,517650461981,517651407972,517651434842,517651724892,517668042626,15513974,145330,517652479192,517668042626,517684385311,517651724892,
11-01 17:30:44.205  2525  2542 I System.out: 43 0,126871,517666825075,517666825075,0,517666974616,517666974916,517667103236,517667112616,517700158407,517666973496,16666666,517667164246,517668067036,517668097516,517668411916,517684709541,15489274,143731,517669170737,517684709541,517701104235,517668411916,
11-01 17:30:44.205  2525  2542 I System.out: 44 0,126879,517683491741,517683491741,0,517683678631,517683678931,517683797951,517683807171,517716825073,517683677701,16666666,517683857881,517684732271,517684759661,517685090721,517701420755,15568834,81790,517700261175,517701420755,517717786820,517685090721,
11-01 17:30:44.205  2525  2542 I System.out: 45 0,126887,517700158407,517700158407,0,517700326385,517700326725,517700449935,517700459375,517733491739,517700325365,16666666,517700519455,517701443256,517701468556,517701773386,517718049520,15450294,150760,517702551026,517718049520,517734437105,517701773386,
11-01 17:30:44.205  2525  2542 I System.out: 46 0,126895,517716825073,517716825073,0,517716974030,517716974360,517717123070,517717133560,517750158405,517716973020,16666666,517717196600,517718074700,517718105450,517718411810,517734758165,15547345,143210,517719161790,517734758165,517751505079,517718411810,
11-01 17:30:44.205  2525  2542 I System.out: 47 0,126903,517733491739,517733491739,0,517733666104,517733666394,517733786704,517733796304,517766825071,517733665084,16666666,517733846995,517734783745,517734814555,517735128015,517751680909,15759114,92720,517750278929,517751680909,517768173214,517735128015,
11-01 17:30:44.205  2525  2542 I System.out: 48 0,126911,517750158405,517750158405,0,517750345499,517750345799,517750496599,517750507449,517783491737,517750344439,16666666,517750570919,517751703139,517751727829,517752029490,517768333234,15531754,140400,517752764680,517768333234,517784849649,517752029490,
11-01 17:30:44.205  2525  2542 I System.out: 49 0,126919,517766825071,517766825071,0,517766975514,517766975744,517767087104,517767094854,517800158403,517766974634,16666666,517767136584,517768355284,517768379274,517768667044,517785025839,15392455,227120,517769568994,517785025839,517801031613,517768667044,
11-01 17:30:44.205  2525  2542 I System.out: 50 0,126927,517783491737,517783491737,0,517783683498,517783684028,517783909548,517783931238,517816825069,517783680818,16666666,517784021568,517785057359,517785100909,517785550959,517801252353,14886184,122130,517800276483,517801252353,517817796048,517785550959,
11-01 17:30:44.205  2525  2542 I System.out: 51 0,126935,517800158403,517800158403,0,517800329753,517800330073,517800516403,517800527703,517833491735,517800328683,16666666,517800584683,517801276143,517801304153,517801654983,517817981658,15524824,143770,517802413674,517817981658,517834847513,517801654983,
11-01 17:30:44.205  2525  2542 I System.out: 52 0,126943,517816825069,517816825069,0,517817032988,517817033618,517817184948,517817199978,517850158401,517817031388,16666666,517817268798,517818009048,517818046258,517818396478,517835010683,15857995,100590,517833605532,517835010683,517851069497,517818396478,
11-01 17:30:44.205  2525  2542 I System.out: 53 0,126951,517833491735,517833491735,0,517833703702,517833704092,517833841452,517833852882,517866825067,517833702412,16666666,517833907902,517835032553,517835057113,517835354963,517851312857,15223654,94260,517850269297,517851312857,517868223092,517835354963,
11-01 17:30:44.205  2525  2542 I System.out: 54 0,126959,517850158401,517850158401,0,517850335757,517850336127,517850477097,517850487097,517883491733,517850334577,16666666,517850539667,517851336457,517851366587,517851690357,517868383912,15914945,145900,517852424967,517868383912,517884423546,517851690357,
11-01 17:30:44.205  2525  2542 I System.out: 55 0,126967,517866825067,517866825067,0,517866994071,517866994421,517867158162,517867170372,517900158399,517866992771,16666666,517867239482,517868405462,517868431302,517868793902,517884725086,15110964,142630,517869566982,517884725086,517901558621,517868793902,
11-01 17:30:44.205  2525  2542 I System.out: 56 0,126975,517883491733,517883491733,0,517883665376,517883665666,517883802786,517883812416,517916825065,517883664446,16666666,517883869056,517884750056,517884781656,517885131127,517901746991,15824534,107980,517900283301,517901746991,517917702366,517885131127,
11-01 17:30:44.205  2525  2542 I System.out: 57 0,126983,517900158399,517900158399,0,517900338951,517900339301,517900485641,517900495621,517933491731,517900337721,16666666,517900547481,517901770121,517901796921,517902138701,517917886486,14932875,144670,517902908031,517917886486,517934393260,517902138701,
11-01 17:30:44.205  2525  2542 I System.out: 58 0,126991,517916825065,517916825065,0,517917089325,517917089865,517917273845,517917289345,517950158397,517917087405,16666666,517917371715,517917910546,517917949436,517918321156,517934700910,15548104,163320,517919104426,517934700910,517951017825,517918321156,
11-01 17:30:44.205  2525  2542 I System.out: 59 0,126999,517933491731,517933491731,0,517933681070,517933681440,517933852290,517933873910,517966825063,517933679320,16666666,517933965990,517934726290,517934757890,517935087010,517951300395,15392494,143520,517935859791,517951300395,517967642739,517935087010,
11-01 17:30:44.205  2525  2542 I System.out: 60 0,127007,517950158397,517950158397,0,517950312955,517950313275,517950436855,517950446855,517983491729,517950311815,16666666,517950508335,517951324735,517951356915,517951670965,517967943710,15502865,104580,517966903049,517967943710,517984876374,517951670965,
11-01 17:30:44.205  2525  2542 I System.out: 61 0,127015,517966825063,517966825063,0,517966969689,517966970019,517967096379,517967106079,518000158395,517966968709,16666666,517967157529,517967965960,517967991440,517968295180,517985093224,15925004,175900,517969071870,517985093224,518001126709,517968295180,
11-01 17:30:44.207  2525  2542 I System.out: 62 0,127023,517983491729,517983491729,0,517983787974,517983788314,517983918664,517983928984,518016825061,517983786734,16666666,517983986134,517985132164,517985179324,517985645024,518001568979,14887094,204830,518000256479,518001568979,518018406444,517985645024,
11-01 17:30:44.207  2525  2542 I System.out: 63 0,127031,518000158395,518000158395,0,518000426279,518000427029,518000728069,518000759789,518033491727,518000423149,16666666,518000901749,518001604399,518001652559,518002123599,518018550634,15517795,96070,518016908283,518018550634,518034616108,518002123599,
11-01 17:30:44.207  2525  2542 I System.out: 64 0,127039,518016825061,518016825061,0,518016996793,518016997353,518017210533,518017231073,518050158393,518016994753,16666666,518017323683,518018590764,518018637514,518019078224,518034963608,15075324,90890,518033609978,518034963608,518051495373,518019078224,
11-01 17:30:44.207  2525  2542 I System.out: 65 0,127047,518033491727,518033491727,0,518033701958,518033702278,518033836588,518033851278,518066825059,518033700668,16666666,518033920618,518035015478,518035067458,518035563898,518051597003,15102884,124250,518050260442,518051597003,518067757527,518035563898,
11-01 17:30:44.207  2525  2542 I System.out: 66 0,127055,518050158393,518050158393,0,518050333652,518050334282,518050550342,518050569842,518083491725,518050331592,16666666,518050652753,518051625383,518051663603,518051996683,518067886687,15103514,64590,518066906357,518067886687,518084719202,518051996683,
11-01 17:30:44.208  2525  2542 I System.out: 67 0,127063,518066825059,518066825059,0,518066964747,518066965017,518067111517,518067128037,518100158391,518066963477,16666666,518067204027,518067916877,518067964677,518068388227,518084861092,15698444,120980,518083577272,518084861092,518101813277,518068388227,
11-01 17:30:44.208  2525  2542 I System.out: 68 0,127071,518083491725,518083491725,0,518083653592,518083654222,518083879052,518083901442,518116825057,518083650612,16666666,518083999232,518084905002,518084950562,518085430172,518101838307,15476935,139760,518100253746,518101838307,518117720081,518085430172,
11-01 17:30:44.208  2525  2542 I System.out: 69 0,127079,518100158391,518100158391,0,518100353686,518100354286,518100571696,518100594276,518133491723,518100335626,16666666,518100694996,518101877647,518101928327,518102396507,518118029201,14654074,225800,518116916031,518118029201,518134849686,518102396507,
11-01 17:30:44.208  2525  2542 I System.out: 70 0,127087,518116825057,518116825057,0,518117033121,518117033651,518117210281,518117228841,518150158389,518117031481,16666666,518117314681,518118064311,518118109531,518118577791,518135020346,15583614,116760,518133600786,518135020346,518151146990,518118577791,
11-01 17:30:44.208  2525  2542 I System.out: 71 0,127095,518133491723,518133491723,0,518133664006,518133664356,518133883616,518133906836,518166825055,518133661916,16666666,518134021106,518135044476,518135075316,518135435286,518151451420,15222374,87790,518150289650,518151451420,518168327715,518135435286,
11-01 17:30:44.208  2525  2542 I System.out: 72 0,127103,518150158389,518150158389,0,518150317740,518150318060,518150439760,518150450240,518183491721,518150316580,16666666,518150504660,518151485671,518151525821,518151960481,518168495555,15647694,107810,518166921305,518168495555,518184538160,518151960481,
11-01 17:30:44.208  2525  2542 I System.out: 73 0,127111,518166825055,518166825055,0,518166964745,518166965035,518167075835,518167085065,518200158387,518166963675,16666666,518167135235,518168526805,518168560155,518168909165,518184870600,15166764,102910,518183604329,518184870600,518201444634,518168909165,
11-01 17:30:44.208  2525  2542 I System.out: 74 0,127119,518183491721,518183491721,0,518183712139,518183712869,518183987370,518184012790,518216825053,518183708939,16666666,518184125250,518184900970,518184941550,518185348430,518201832124,15602934,173050,518186170390,518201832124,518218554589,518185348430,
11-01 17:30:44.208  2525  2542 I System.out: 75 0,127127,518200158387,518200158387,0,518200392614,518200393054,518200634124,518200659214,518233491719,518200389724,16666666,518200770254,518201869395,518201919255,518202393605,518218691669,15254024,180950,518216928999,518218691669,518234883084,518202393605,
11-01 17:30:44.208  2525  2542 I System.out: 76 0,127135,518216825053,518216825053,0,518217019699,518217020489,518217267059,518217291479,518250158385,518217017569,16666666,518217429209,518218725079,518218770429,518219248229,518235097354,14881494,113380,518233593933,518235097354,518251110618,518219248229,
11-01 17:30:44.208  2525  2542 I System.out: 77 0,127143,518233491719,518233491719,0,518233643863,518233644253,518233831893,518233848803,518266825051,518233642323,16666666,518233929433,518235126734,518235165334,518235608824,518251554948,14908844,127130,518236586654,518251554948,518267736613,518235608824,
11-01 17:30:44.208  2525  2542 I System.out: 78 0,127151,518250158385,518250158385,0,518250299468,518250299848,518250481478,518250497558,518283491717,518250298038,16666666,518250569678,518251589488,518251631208,518252025608,518268100223,15230294,117970,518266918843,518268100223,518284863068,518252025608,
11-01 17:30:44.208  2525  2542 I System.out: 79 0,127159,518266825051,518266825051,0,518266976633,518266976993,518267162813,518267175493,518300158383,518266974883,16666666,518267243803,518268124313,518268151433,518268475473,518285078498,15782475,97340,518283589517,518285078498,518301509592,518268475473,
11-01 17:30:44.208  2525  2542 I System.out: 80 0,127167,518283491717,518283491717,0,518283626397,518283626687,518283782687,518283792727,518316825049,518283625347,16666666,518283846037,518285099218,518285123608,518285479318,518301681492,15306354,96260,518300238902,518301681492,518317861287,518285479318,
11-01 17:30:44.208  2525  2542 I System.out: 81 0,127175,518300158383,518300158383,0,518300288772,518300289092,518300441632,518300451802,518333491715,518300287622,16666666,518300505282,518301702242,518301727142,518302041172,518318058007,15168094,94570,518316908996,518318058007,518334508691,518302041172,
11-01 17:30:44.208  2525  2542 I System.out: 82 0,127183,518316825049,518316825049,0,518316949786,518316950096,518317096717,518317104987,518350158381,518316948906,16666666,518317147817,518318080727,518318106087,518318421367,518334810021,15449554,109690,518333588151,518334810021,518351109166,518318421367,
11-01 17:30:44.208  2525  2542 I System.out: 83 0,127191,518333491715,518333491715,0,518333629111,518333629431,518333763141,518333771411,518366825047,518333628221,16666666,518333815721,518334859991,518334908141,518335360522,518351322416,15162454,114610,518350268046,518351322416,518367552561,518335360522,
11-01 17:30:44.208  2525  2542 I System.out: 84 0,127199,518350158381,518350158381,0,518350398946,518350399516,518350645746,518350670446,518383491713,518350395736,16666666,518350790336,518351358316,518351409006,518351853936,518367966881,15283615,110400,518366899230,518367966881,518384328945,518351853936,
11-01 17:30:44.208  2525  2542 I System.out: 85 0,127207,518366825047,518366825047,0,518366996030,518366996370,518367149520,518367166100,518400158379,518366994810,16666666,518367244340,518367991981,518368025651,518368418741,518385018695,15736204,109720,518383578295,518385018695,518401181830,518368418741,
11-01 17:30:44.208  2525  2542 I System.out: 86 0,127215,518383491713,518383491713,0,518383652885,518383653215,518383840325,518383856935,518416825045,518383651515,16666666,518383937685,518385040135,518385070225,518385384815,518401449490,15251674,69930,518400248740,518401449490,518417567654,518385384815,
11-01 17:30:44.209  2525  2542 I System.out: 87 0,127223,518400158379,518400158379,0,518400285760,518400286010,518400423370,518400436620,518433491711,518400284630,16666666,518400503340,518401479650,518401522680,518401934050,518417726734,14995754,103020,518416906004,518417726734,518434442639,518401934050,
11-01 17:30:44.209  2525  2542 I System.out: 88 0,127231,518416825045,518416825045,0,518416962314,518416962554,518417117274,518417130544,518450158377,518416961074,16666666,518417193164,518417749374,518417779684,518418091855,518434862529,16029774,103430,518433607029,518434862529,518451833764,518418091855,
11-01 17:30:44.209  2525  2542 I System.out: 89 0,127239,518433491711,518433491711,0,518433741009,518433741519,518433979269,518434000939,518466825043,518433738229,16666666,518434107669,518434893779,518434936739,518435371019,518452058234,15763914,120100,518450295314,518452058234,518467798158,518435371019,
11-01 17:30:44.209  2525  2542 I System.out: 90 0,127247,518450158377,518450158377,0,518450362324,518450362884,518450635494,518450660674,518483491709,518450360254,16666666,518450776194,518452087534,518452128634,518452607304,518468029728,14603044,110600,518453368184,518468029728,518484470643,518452607304,
11-01 17:30:44.209  2525  2542 I System.out: 91 0,127255,518466825043,518466825043,0,518466960618,518466960818,518467123218,518467139388,518500158375,518466958868,16666666,518467211308,518468060768,518468101588,518468593429,518484747913,15209264,142450,518483599993,518484747913,518501307038,518468593429,
11-01 17:30:44.209  2525  2542 I System.out: 92 0,127263,518483491709,518483491709,0,518483652383,518483652713,518483909783,518483931033,518516825041,518483650583,16666666,518484032103,518484783573,518484830313,518485260043,518501551088,15516425,110210,518500270297,518501551088,518518146212,518485260043,
11-01 17:30:44.209  2525  2542 I System.out: 93 0,127271,518500158375,518500158375,0,518500333337,518500333847,518500569107,518500588377,518533491707,518500331817,16666666,518500684098,518501580548,518501616378,518502044048,518518263762,15323214,107400,518516910532,518518263762,518534897307,518502044048,
11-01 17:30:44.209  2525  2542 I System.out: 94 0,127279,518516825041,518516825041,0,518516973682,518516974032,518517185262,518517200002,518550158373,518516972282,16666666,518517280862,518518291792,518518327722,518518696523,518535054567,15557174,102050,518533605287,518535054567,518551156452,518518696523,
11-01 17:30:44.209  2525  2542 I System.out: 95 0,127287,518533491707,518533491707,0,518533650067,518533650457,518533897417,518533915107,518566825039,518533648577,16666666,518534009667,518535081027,518535117617,518535531457,518551423932,15075975,104950,518550259761,518551423932,518567602866,518535531457,
11-01 17:30:44.209  2525  2542 I System.out: 96 0,127295,518550158373,518550158373,0,518550285791,518550286071,518550440381,518550454701,518583491705,518550284631,16666666,518550520691,518551454032,518551490992,518551851682,518568067746,15423424,101680,518552596982,518568067746,518584238571,518551851682,
11-01 17:30:44.209  2525  2542 I System.out: 97 0,127303,518566825039,518566825039,0,518566970476,518566970776,518567149536,518567167246,518600158371,518566969176,16666666,518567251376,518568095826,518568132256,518568497626,518584879481,15504304,104280,518569300257,518584879481,518600897735,518568497626,
11-01 17:30:44.209  2525  2542 I System.out: 98 0,127311,518583491705,518583491705,0,518583692891,518583693301,518583869161,518583883931,518616825037,518583691581,16666666,518583960331,518584931721,518584980311,518585446001,518601049605,14743764,131780,518600236455,518601049605,518617870730,518585446001,
11-01 17:30:44.209  2525  2542 I System.out: 99 0,127319,518600158371,518600158371,0,518600342005,518600342565,518600553235,518600572875,518633491703,518600339165,16666666,518600665575,518601068295,518601089465,518601365915,518618078540,12966914,2954590,518605063166,518618078540,518634389655,518601365915,
11-01 17:30:44.209  2525  2542 I System.out: 100 0,127327,518616825037,518616825037,0,518616975960,518616976300,518617175300,518617189060,518650158369,518616974670,16666666,518617263510,518618105010,518618138090,518618493580,518634614585,15309675,106070,518619250440,518634614585,518651054519,518618493580,
11-01 17:30:44.209  2525  2542 I System.out: 101 0,127335,518633491703,518633491703,0,518633613064,518633613274,518633737044,518633745394,518666825035,518633612014,16666666,518633787024,518634640535,518634674875,518635038315,518651309749,15393684,106840,518650267259,518651309749,518668293654,518635038315,
11-01 17:30:44.209  2525  2542 I System.out: 102 0,127343,518650158369,518650158369,0,518650409439,518650410039,518650663709,518650691659,518683491701,518650406659,16666666,518650813569,518651348019,518651404139,518651854419,518668482854,15765544,132970,518666911934,518668482854,518684428199,518651854419,
11-01 17:30:44.209  2525  2542 I System.out: 103 0,127351,518666825035,518666825035,0,518666947064,518666947294,518667073464,518667081284,518700158367,518666945864,16666666,518667121504,518668506004,518668535494,518668882054,518684626619,14925505,111100,518683578298,518684626619,518701044473,518668882054,
11-01 17:30:44.209  2525  2542 I System.out: 104 0,127359,518683491701,518683491701,0,518683602908,518683603168,518683726608,518683734858,518716825033,518683602048,16666666,518683775348,518684645669,518684669189,518684945559,518701576513,15842204,79230,518700247423,518701576513,518717953998,518684945559,
